[INFO] fetching crate phenotype-internal 0.2.0...
[INFO] testing phenotype-internal-0.2.0 against 1.75.0 for beta-1.76-1
[INFO] extracting crate phenotype-internal 0.2.0 into /workspace/builds/worker-7-tc1/source
[INFO] validating manifest of crates.io crate phenotype-internal 0.2.0 on toolchain 1.75.0
[INFO] running `Command { std: CARGO_HOME="/workspace/cargo-home" RUSTUP_HOME="/workspace/rustup-home" "/workspace/cargo-home/bin/cargo" "+1.75.0" "metadata" "--manifest-path" "Cargo.toml" "--no-deps", kill_on_drop: false }`
[INFO] started tweaking crates.io crate phenotype-internal 0.2.0
[INFO] finished tweaking crates.io crate phenotype-internal 0.2.0
[INFO] tweaked toml for crates.io crate phenotype-internal 0.2.0 written to /workspace/builds/worker-7-tc1/source/Cargo.toml
[INFO] running `Command { std: CARGO_HOME="/workspace/cargo-home" RUSTUP_HOME="/workspace/rustup-home" "/workspace/cargo-home/bin/cargo" "+1.75.0" "generate-lockfile" "--manifest-path" "Cargo.toml", kill_on_drop: false }`
[INFO] running `Command { std: CARGO_HOME="/workspace/cargo-home" RUSTUP_HOME="/workspace/rustup-home" "/workspace/cargo-home/bin/cargo" "+1.75.0" "fetch" "--manifest-path" "Cargo.toml", kill_on_drop: false }`
[INFO] running `Command { std: "docker" "create" "-v" "/var/lib/crater-agent-workspace/builds/worker-7-tc1/target:/opt/rustwide/target:rw,Z" "-v" "/var/lib/crater-agent-workspace/builds/worker-7-tc1/source:/opt/rustwide/workdir:ro,Z" "-v" "/var/lib/crater-agent-workspace/cargo-home:/opt/rustwide/cargo-home:ro,Z" "-v" "/var/lib/crater-agent-workspace/rustup-home:/opt/rustwide/rustup-home:ro,Z" "-e" "SOURCE_DIR=/opt/rustwide/workdir" "-e" "CARGO_TARGET_DIR=/opt/rustwide/target" "-e" "CARGO_HOME=/opt/rustwide/cargo-home" "-e" "RUSTUP_HOME=/opt/rustwide/rustup-home" "-w" "/opt/rustwide/workdir" "-m" "1610612736" "--user" "0:0" "--network" "none" "ghcr.io/rust-lang/crates-build-env/linux@sha256:2788e3201cd34a07e3172128adcd8b3090168a8e3bcc40d7c032b9dda1df7d1c" "/opt/rustwide/cargo-home/bin/cargo" "+1.75.0" "metadata" "--no-deps" "--format-version=1", kill_on_drop: false }`
[INFO] [stdout] 5d4a90d919cc0adfbfe5f9bb48a912dbbf81a3afcb03f4ef2bb5f343d46c50c7
[INFO] running `Command { std: "docker" "start" "-a" "5d4a90d919cc0adfbfe5f9bb48a912dbbf81a3afcb03f4ef2bb5f343d46c50c7", kill_on_drop: false }`
[INFO] running `Command { std: "docker" "inspect" "5d4a90d919cc0adfbfe5f9bb48a912dbbf81a3afcb03f4ef2bb5f343d46c50c7", kill_on_drop: false }`
[INFO] running `Command { std: "docker" "rm" "-f" "5d4a90d919cc0adfbfe5f9bb48a912dbbf81a3afcb03f4ef2bb5f343d46c50c7", kill_on_drop: false }`
[INFO] [stdout] 5d4a90d919cc0adfbfe5f9bb48a912dbbf81a3afcb03f4ef2bb5f343d46c50c7
[INFO] running `Command { std: "docker" "create" "-v" "/var/lib/crater-agent-workspace/builds/worker-7-tc1/target:/opt/rustwide/target:rw,Z" "-v" "/var/lib/crater-agent-workspace/builds/worker-7-tc1/source:/opt/rustwide/workdir:ro,Z" "-v" "/var/lib/crater-agent-workspace/cargo-home:/opt/rustwide/cargo-home:ro,Z" "-v" "/var/lib/crater-agent-workspace/rustup-home:/opt/rustwide/rustup-home:ro,Z" "-e" "SOURCE_DIR=/opt/rustwide/workdir" "-e" "CARGO_TARGET_DIR=/opt/rustwide/target" "-e" "CARGO_INCREMENTAL=0" "-e" "RUST_BACKTRACE=full" "-e" "RUSTFLAGS=--cap-lints=warn" "-e" "RUSTDOCFLAGS=--cap-lints=warn" "-e" "CARGO_HOME=/opt/rustwide/cargo-home" "-e" "RUSTUP_HOME=/opt/rustwide/rustup-home" "-w" "/opt/rustwide/workdir" "-m" "1610612736" "--user" "0:0" "--network" "none" "ghcr.io/rust-lang/crates-build-env/linux@sha256:2788e3201cd34a07e3172128adcd8b3090168a8e3bcc40d7c032b9dda1df7d1c" "/opt/rustwide/cargo-home/bin/cargo" "+1.75.0" "build" "--frozen" "--message-format=json", kill_on_drop: false }`
[INFO] [stdout] d0e40c61f873dd3d6aca979e2978def883757a97f83b85abdf0d413dc9acced2
[INFO] running `Command { std: "docker" "start" "-a" "d0e40c61f873dd3d6aca979e2978def883757a97f83b85abdf0d413dc9acced2", kill_on_drop: false }`
[INFO] [stderr]    Compiling phenotype-internal v0.2.0 (/opt/rustwide/workdir)
[INFO] [stderr]     Finished dev [unoptimized + debuginfo] target(s) in 0.05s
[INFO] running `Command { std: "docker" "inspect" "d0e40c61f873dd3d6aca979e2978def883757a97f83b85abdf0d413dc9acced2", kill_on_drop: false }`
[INFO] running `Command { std: "docker" "rm" "-f" "d0e40c61f873dd3d6aca979e2978def883757a97f83b85abdf0d413dc9acced2", kill_on_drop: false }`
[INFO] [stdout] d0e40c61f873dd3d6aca979e2978def883757a97f83b85abdf0d413dc9acced2
[INFO] running `Command { std: "docker" "create" "-v" "/var/lib/crater-agent-workspace/builds/worker-7-tc1/target:/opt/rustwide/target:rw,Z" "-v" "/var/lib/crater-agent-workspace/builds/worker-7-tc1/source:/opt/rustwide/workdir:ro,Z" "-v" "/var/lib/crater-agent-workspace/cargo-home:/opt/rustwide/cargo-home:ro,Z" "-v" "/var/lib/crater-agent-workspace/rustup-home:/opt/rustwide/rustup-home:ro,Z" "-e" "SOURCE_DIR=/opt/rustwide/workdir" "-e" "CARGO_TARGET_DIR=/opt/rustwide/target" "-e" "CARGO_INCREMENTAL=0" "-e" "RUST_BACKTRACE=full" "-e" "RUSTFLAGS=--cap-lints=warn" "-e" "RUSTDOCFLAGS=--cap-lints=warn" "-e" "CARGO_HOME=/opt/rustwide/cargo-home" "-e" "RUSTUP_HOME=/opt/rustwide/rustup-home" "-w" "/opt/rustwide/workdir" "-m" "1610612736" "--user" "0:0" "--network" "none" "ghcr.io/rust-lang/crates-build-env/linux@sha256:2788e3201cd34a07e3172128adcd8b3090168a8e3bcc40d7c032b9dda1df7d1c" "/opt/rustwide/cargo-home/bin/cargo" "+1.75.0" "test" "--frozen" "--no-run" "--message-format=json", kill_on_drop: false }`
[INFO] [stdout] 4ee0ba3b273eb9aca3aa569df4061269d37ca4fed0ff0abe1c8f17197dce7132
[INFO] running `Command { std: "docker" "start" "-a" "4ee0ba3b273eb9aca3aa569df4061269d37ca4fed0ff0abe1c8f17197dce7132", kill_on_drop: false }`
[INFO] [stderr]    Compiling phenotype-internal v0.2.0 (/opt/rustwide/workdir)
[INFO] [stderr]     Finished test [unoptimized + debuginfo] target(s) in 0.34s
[INFO] running `Command { std: "docker" "inspect" "4ee0ba3b273eb9aca3aa569df4061269d37ca4fed0ff0abe1c8f17197dce7132", kill_on_drop: false }`
[INFO] running `Command { std: "docker" "rm" "-f" "4ee0ba3b273eb9aca3aa569df4061269d37ca4fed0ff0abe1c8f17197dce7132", kill_on_drop: false }`
[INFO] [stdout] 4ee0ba3b273eb9aca3aa569df4061269d37ca4fed0ff0abe1c8f17197dce7132
[INFO] running `Command { std: "docker" "create" "-v" "/var/lib/crater-agent-workspace/builds/worker-7-tc1/target:/opt/rustwide/target:rw,Z" "-v" "/var/lib/crater-agent-workspace/builds/worker-7-tc1/source:/opt/rustwide/workdir:ro,Z" "-v" "/var/lib/crater-agent-workspace/cargo-home:/opt/rustwide/cargo-home:ro,Z" "-v" "/var/lib/crater-agent-workspace/rustup-home:/opt/rustwide/rustup-home:ro,Z" "-e" "SOURCE_DIR=/opt/rustwide/workdir" "-e" "CARGO_TARGET_DIR=/opt/rustwide/target" "-e" "CARGO_INCREMENTAL=0" "-e" "RUST_BACKTRACE=full" "-e" "RUSTFLAGS=--cap-lints=warn" "-e" "RUSTDOCFLAGS=--cap-lints=warn" "-e" "CARGO_HOME=/opt/rustwide/cargo-home" "-e" "RUSTUP_HOME=/opt/rustwide/rustup-home" "-w" "/opt/rustwide/workdir" "-m" "1610612736" "--user" "0:0" "--network" "none" "ghcr.io/rust-lang/crates-build-env/linux@sha256:2788e3201cd34a07e3172128adcd8b3090168a8e3bcc40d7c032b9dda1df7d1c" "/opt/rustwide/cargo-home/bin/cargo" "+1.75.0" "test" "--frozen", kill_on_drop: false }`
[INFO] [stdout] 1fdb8cc76b39683d8e2875265140c86858a8dff3c89b5077edda23559d81182e
[INFO] running `Command { std: "docker" "start" "-a" "1fdb8cc76b39683d8e2875265140c86858a8dff3c89b5077edda23559d81182e", kill_on_drop: false }`
[INFO] [stderr]     Finished test [unoptimized + debuginfo] target(s) in 0.01s
[INFO] [stderr]      Running unittests src/lib.rs (/opt/rustwide/target/debug/deps/phenotype_internal-aa55fed4d235e0c2)
[INFO] [stderr]    Doc-tests phenotype-internal
[INFO] [stdout] 
[INFO] [stdout] running 0 tests
[INFO] [stdout] 
[INFO] [stdout] test result: ok. 0 passed; 0 failed; 0 ignored; 0 measured; 0 filtered out; finished in 0.00s
[INFO] [stdout] 
[INFO] [stdout] 
[INFO] [stdout] running 1 test
[INFO] [stderr] error: doctest failed, to rerun pass `--doc`
[INFO] [stdout] test src/lib.rs - Phenotype::reknit (line 56) ... FAILED
[INFO] [stdout] 
[INFO] [stdout] failures:
[INFO] [stdout] 
[INFO] [stdout] ---- src/lib.rs - Phenotype::reknit (line 56) stdout ----
[INFO] [stdout] error: missing parameters for function definition
[INFO] [stdout]   --> src/lib.rs:70:8
[INFO] [stdout]    |
[INFO] [stdout] 15 | fn main {
[INFO] [stdout]    |        ^ help: add a parameter list
[INFO] [stdout] 
[INFO] [stdout] error[E0432]: unresolved import `peapod`
[INFO] [stdout]   --> src/lib.rs:69:5
[INFO] [stdout]    |
[INFO] [stdout] 14 | use peapod::Phenotype;
[INFO] [stdout]    |     ^^^^^^ use of undeclared crate or module `peapod`
[INFO] [stdout] 
[INFO] [stdout] error: cannot determine resolution for the derive macro `Phenotype`
[INFO] [stdout]  --> src/lib.rs:57:10
[INFO] [stdout]   |
[INFO] [stdout] 2 | #[derive(Phenotype)]
[INFO] [stdout]   |          ^^^^^^^^^
[INFO] [stdout]   |
[INFO] [stdout]   = note: import resolution is stuck, try simplifying macro imports
[INFO] [stdout] 
[INFO] [stdout] error[E0599]: no method named `cleave` found for enum `UB` in the current scope
[INFO] [stdout]   --> src/lib.rs:72:24
[INFO] [stdout]    |
[INFO] [stdout] 3  | enum UB {
[INFO] [stdout]    | ------- method `cleave` not found for this enum
[INFO] [stdout] ...
[INFO] [stdout] 17 |     let (_, data) = ub.cleave();
[INFO] [stdout]    |                        ^^^^^^ method not found in `UB`
[INFO] [stdout]    |
[INFO] [stdout]    = help: items from traits can only be used if the trait is implemented and in scope
[INFO] [stdout]    = note: the following trait defines an item `cleave`, perhaps you need to implement it:
[INFO] [stdout]            candidate #1: `phenotype_internal::Phenotype`
[INFO] [stdout] 
[INFO] [stdout] error: aborting due to 4 previous errors
[INFO] [stdout] 
[INFO] [stdout] Some errors have detailed explanations: E0432, E0599.
[INFO] [stdout] For more information about an error, try `rustc --explain E0432`.
[INFO] [stdout] Couldn't compile the test.
[INFO] [stdout] 
[INFO] [stdout] failures:
[INFO] [stdout]     src/lib.rs - Phenotype::reknit (line 56)
[INFO] [stdout] 
[INFO] [stdout] test result: FAILED. 0 passed; 1 failed; 0 ignored; 0 measured; 0 filtered out; finished in 0.08s
[INFO] [stdout] 
[INFO] running `Command { std: "docker" "inspect" "1fdb8cc76b39683d8e2875265140c86858a8dff3c89b5077edda23559d81182e", kill_on_drop: false }`
[INFO] running `Command { std: "docker" "rm" "-f" "1fdb8cc76b39683d8e2875265140c86858a8dff3c89b5077edda23559d81182e", kill_on_drop: false }`
[INFO] [stdout] 1fdb8cc76b39683d8e2875265140c86858a8dff3c89b5077edda23559d81182e
[INFO] testing phenotype-internal-0.2.0 against beta-2023-12-22 for beta-1.76-1
[INFO] extracting crate phenotype-internal 0.2.0 into /workspace/builds/worker-7-tc2/source
[INFO] validating manifest of crates.io crate phenotype-internal 0.2.0 on toolchain beta-2023-12-22
[INFO] running `Command { std: CARGO_HOME="/workspace/cargo-home" RUSTUP_HOME="/workspace/rustup-home" "/workspace/cargo-home/bin/cargo" "+beta-2023-12-22" "metadata" "--manifest-path" "Cargo.toml" "--no-deps", kill_on_drop: false }`
[INFO] started tweaking crates.io crate phenotype-internal 0.2.0
[INFO] finished tweaking crates.io crate phenotype-internal 0.2.0
[INFO] tweaked toml for crates.io crate phenotype-internal 0.2.0 written to /workspace/builds/worker-7-tc2/source/Cargo.toml
[INFO] running `Command { std: CARGO_HOME="/workspace/cargo-home" RUSTUP_HOME="/workspace/rustup-home" "/workspace/cargo-home/bin/cargo" "+beta-2023-12-22" "generate-lockfile" "--manifest-path" "Cargo.toml", kill_on_drop: false }`
[INFO] running `Command { std: CARGO_HOME="/workspace/cargo-home" RUSTUP_HOME="/workspace/rustup-home" "/workspace/cargo-home/bin/cargo" "+beta-2023-12-22" "fetch" "--manifest-path" "Cargo.toml", kill_on_drop: false }`
[INFO] running `Command { std: "docker" "create" "-v" "/var/lib/crater-agent-workspace/builds/worker-7-tc2/target:/opt/rustwide/target:rw,Z" "-v" "/var/lib/crater-agent-workspace/builds/worker-7-tc2/source:/opt/rustwide/workdir:ro,Z" "-v" "/var/lib/crater-agent-workspace/cargo-home:/opt/rustwide/cargo-home:ro,Z" "-v" "/var/lib/crater-agent-workspace/rustup-home:/opt/rustwide/rustup-home:ro,Z" "-e" "SOURCE_DIR=/opt/rustwide/workdir" "-e" "CARGO_TARGET_DIR=/opt/rustwide/target" "-e" "CARGO_HOME=/opt/rustwide/cargo-home" "-e" "RUSTUP_HOME=/opt/rustwide/rustup-home" "-w" "/opt/rustwide/workdir" "-m" "1610612736" "--user" "0:0" "--network" "none" "ghcr.io/rust-lang/crates-build-env/linux@sha256:2788e3201cd34a07e3172128adcd8b3090168a8e3bcc40d7c032b9dda1df7d1c" "/opt/rustwide/cargo-home/bin/cargo" "+beta-2023-12-22" "metadata" "--no-deps" "--format-version=1", kill_on_drop: false }`
[INFO] [stdout] 2953d727591f739148121e323d3d802aa4830e383183360ad2e7794d577c892b
[INFO] running `Command { std: "docker" "start" "-a" "2953d727591f739148121e323d3d802aa4830e383183360ad2e7794d577c892b", kill_on_drop: false }`
[INFO] running `Command { std: "docker" "inspect" "2953d727591f739148121e323d3d802aa4830e383183360ad2e7794d577c892b", kill_on_drop: false }`
[INFO] running `Command { std: "docker" "rm" "-f" "2953d727591f739148121e323d3d802aa4830e383183360ad2e7794d577c892b", kill_on_drop: false }`
[INFO] [stdout] 2953d727591f739148121e323d3d802aa4830e383183360ad2e7794d577c892b
[INFO] running `Command { std: "docker" "create" "-v" "/var/lib/crater-agent-workspace/builds/worker-7-tc2/target:/opt/rustwide/target:rw,Z" "-v" "/var/lib/crater-agent-workspace/builds/worker-7-tc2/source:/opt/rustwide/workdir:ro,Z" "-v" "/var/lib/crater-agent-workspace/cargo-home:/opt/rustwide/cargo-home:ro,Z" "-v" "/var/lib/crater-agent-workspace/rustup-home:/opt/rustwide/rustup-home:ro,Z" "-e" "SOURCE_DIR=/opt/rustwide/workdir" "-e" "CARGO_TARGET_DIR=/opt/rustwide/target" "-e" "CARGO_INCREMENTAL=0" "-e" "RUST_BACKTRACE=full" "-e" "RUSTFLAGS=--cap-lints=warn" "-e" "RUSTDOCFLAGS=--cap-lints=warn" "-e" "CARGO_HOME=/opt/rustwide/cargo-home" "-e" "RUSTUP_HOME=/opt/rustwide/rustup-home" "-w" "/opt/rustwide/workdir" "-m" "1610612736" "--user" "0:0" "--network" "none" "ghcr.io/rust-lang/crates-build-env/linux@sha256:2788e3201cd34a07e3172128adcd8b3090168a8e3bcc40d7c032b9dda1df7d1c" "/opt/rustwide/cargo-home/bin/cargo" "+beta-2023-12-22" "build" "--frozen" "--message-format=json", kill_on_drop: false }`
[INFO] [stdout] c77ca11899cf80a991e775a5851275968cbfc9b866250b7bd41d7c3b042c1fee
[INFO] running `Command { std: "docker" "start" "-a" "c77ca11899cf80a991e775a5851275968cbfc9b866250b7bd41d7c3b042c1fee", kill_on_drop: false }`
[INFO] [stderr]    Compiling phenotype-internal v0.2.0 (/opt/rustwide/workdir)
[INFO] [stderr]     Finished dev [unoptimized + debuginfo] target(s) in 0.05s
[INFO] running `Command { std: "docker" "inspect" "c77ca11899cf80a991e775a5851275968cbfc9b866250b7bd41d7c3b042c1fee", kill_on_drop: false }`
[INFO] running `Command { std: "docker" "rm" "-f" "c77ca11899cf80a991e775a5851275968cbfc9b866250b7bd41d7c3b042c1fee", kill_on_drop: false }`
[INFO] [stdout] c77ca11899cf80a991e775a5851275968cbfc9b866250b7bd41d7c3b042c1fee
[INFO] running `Command { std: "docker" "create" "-v" "/var/lib/crater-agent-workspace/builds/worker-7-tc2/target:/opt/rustwide/target:rw,Z" "-v" "/var/lib/crater-agent-workspace/builds/worker-7-tc2/source:/opt/rustwide/workdir:ro,Z" "-v" "/var/lib/crater-agent-workspace/cargo-home:/opt/rustwide/cargo-home:ro,Z" "-v" "/var/lib/crater-agent-workspace/rustup-home:/opt/rustwide/rustup-home:ro,Z" "-e" "SOURCE_DIR=/opt/rustwide/workdir" "-e" "CARGO_TARGET_DIR=/opt/rustwide/target" "-e" "CARGO_INCREMENTAL=0" "-e" "RUST_BACKTRACE=full" "-e" "RUSTFLAGS=--cap-lints=warn" "-e" "RUSTDOCFLAGS=--cap-lints=warn" "-e" "CARGO_HOME=/opt/rustwide/cargo-home" "-e" "RUSTUP_HOME=/opt/rustwide/rustup-home" "-w" "/opt/rustwide/workdir" "-m" "1610612736" "--user" "0:0" "--network" "none" "ghcr.io/rust-lang/crates-build-env/linux@sha256:2788e3201cd34a07e3172128adcd8b3090168a8e3bcc40d7c032b9dda1df7d1c" "/opt/rustwide/cargo-home/bin/cargo" "+beta-2023-12-22" "test" "--frozen" "--no-run" "--message-format=json", kill_on_drop: false }`
[INFO] [stdout] 2b2e60be22a8db52c740c12b8024a91a37e9da5f6c5df463831be2b5582abc93
[INFO] running `Command { std: "docker" "start" "-a" "2b2e60be22a8db52c740c12b8024a91a37e9da5f6c5df463831be2b5582abc93", kill_on_drop: false }`
[INFO] [stderr]    Compiling phenotype-internal v0.2.0 (/opt/rustwide/workdir)
[INFO] [stderr]     Finished test [unoptimized + debuginfo] target(s) in 0.28s
[INFO] running `Command { std: "docker" "inspect" "2b2e60be22a8db52c740c12b8024a91a37e9da5f6c5df463831be2b5582abc93", kill_on_drop: false }`
[INFO] running `Command { std: "docker" "rm" "-f" "2b2e60be22a8db52c740c12b8024a91a37e9da5f6c5df463831be2b5582abc93", kill_on_drop: false }`
[INFO] [stdout] 2b2e60be22a8db52c740c12b8024a91a37e9da5f6c5df463831be2b5582abc93
[INFO] running `Command { std: "docker" "create" "-v" "/var/lib/crater-agent-workspace/builds/worker-7-tc2/target:/opt/rustwide/target:rw,Z" "-v" "/var/lib/crater-agent-workspace/builds/worker-7-tc2/source:/opt/rustwide/workdir:ro,Z" "-v" "/var/lib/crater-agent-workspace/cargo-home:/opt/rustwide/cargo-home:ro,Z" "-v" "/var/lib/crater-agent-workspace/rustup-home:/opt/rustwide/rustup-home:ro,Z" "-e" "SOURCE_DIR=/opt/rustwide/workdir" "-e" "CARGO_TARGET_DIR=/opt/rustwide/target" "-e" "CARGO_INCREMENTAL=0" "-e" "RUST_BACKTRACE=full" "-e" "RUSTFLAGS=--cap-lints=warn" "-e" "RUSTDOCFLAGS=--cap-lints=warn" "-e" "CARGO_HOME=/opt/rustwide/cargo-home" "-e" "RUSTUP_HOME=/opt/rustwide/rustup-home" "-w" "/opt/rustwide/workdir" "-m" "1610612736" "--user" "0:0" "--network" "none" "ghcr.io/rust-lang/crates-build-env/linux@sha256:2788e3201cd34a07e3172128adcd8b3090168a8e3bcc40d7c032b9dda1df7d1c" "/opt/rustwide/cargo-home/bin/cargo" "+beta-2023-12-22" "test" "--frozen", kill_on_drop: false }`
[INFO] [stdout] 13ea9b8cd471dfda9d9e4f948620b0a149f2f9b53a9629a40df3143b0f771992
[INFO] running `Command { std: "docker" "start" "-a" "13ea9b8cd471dfda9d9e4f948620b0a149f2f9b53a9629a40df3143b0f771992", kill_on_drop: false }`
[INFO] [stderr]     Finished test [unoptimized + debuginfo] target(s) in 0.01s
[INFO] [stderr]      Running unittests src/lib.rs (/opt/rustwide/target/debug/deps/phenotype_internal-9bec9a005b70cfcf)
[INFO] [stdout] 
[INFO] [stdout] running 0 tests
[INFO] [stdout] 
[INFO] [stdout] test result: ok. 0 passed; 0 failed; 0 ignored; 0 measured; 0 filtered out; finished in 0.00s
[INFO] [stdout] 
[INFO] [stderr]    Doc-tests phenotype-internal
[INFO] [stdout] 
[INFO] [stdout] running 1 test
[INFO] [stdout] test src/lib.rs - Phenotype::reknit (line 56) ... FAILED
[INFO] [stdout] 
[INFO] [stdout] failures:
[INFO] [stdout] 
[INFO] [stdout] ---- src/lib.rs - Phenotype::reknit (line 56) stdout ----
[INFO] [stdout] error: missing parameters for function definition
[INFO] [stdout]   --> src/lib.rs:70:8
[INFO] [stdout]    |
[INFO] [stdout] 15 | fn main {
[INFO] [stdout]    |        ^ help: add a parameter list
[INFO] [stdout] 
[INFO] [stdout] error[E0432]: unresolved import `peapod`
[INFO] [stdout]   --> src/lib.rs:69:5
[INFO] [stdout]    |
[INFO] [stdout] 14 | use peapod::Phenotype;
[INFO] [stdout]    |     ^^^^^^ use of undeclared crate or module `peapod`
[INFO] [stdout] 
[INFO] [stdout] error: cannot determine resolution for the derive macro `Phenotype`
[INFO] [stdout]  --> src/lib.rs:57:10
[INFO] [stdout]   |
[INFO] [stdout] 2 | #[derive(Phenotype)]
[INFO] [stdout]   |          ^^^^^^^^^
[INFO] [stdout]   |
[INFO] [stdout]   = note: import resolution is stuck, try simplifying macro imports
[INFO] [stdout] 
[INFO] [stdout] error[E0599]: no method named `cleave` found for enum `UB` in the current scope
[INFO] [stdout]   --> src/lib.rs:72:24
[INFO] [stdout]    |
[INFO] [stdout] 3  | enum UB {
[INFO] [stdout]    | ------- method `cleave` not found for this enum
[INFO] [stdout] ...
[INFO] [stdout] 17 |     let (_, data) = ub.cleave();
[INFO] [stdout]    |                        ^^^^^^ method not found in `UB`
[INFO] [stdout]    |
[INFO] [stdout]    = help: items from traits can only be used if the trait is implemented and in scope
[INFO] [stdout]    = note: the following trait defines an item `cleave`, perhaps you need to implement it:
[INFO] [stdout]            candidate #1: `phenotype_internal::Phenotype`
[INFO] [stdout] 
[INFO] [stdout] error: aborting due to 4 previous errors
[INFO] [stdout] 
[INFO] [stdout] Some errors have detailed explanations: E0432, E0599.
[INFO] [stdout] For more information about an error, try `rustc --explain E0432`.
[INFO] [stdout] Couldn't compile the test.
[INFO] [stdout] 
[INFO] [stdout] failures:
[INFO] [stdout]     src/lib.rs - Phenotype::reknit (line 56)
[INFO] [stdout] 
[INFO] [stdout] test result: FAILED. 0 passed; 1 failed; 0 ignored; 0 measured; 0 filtered out; finished in 0.08s
[INFO] [stdout] 
[INFO] [stderr] error: doctest failed, to rerun pass `--doc`
[INFO] running `Command { std: "docker" "inspect" "13ea9b8cd471dfda9d9e4f948620b0a149f2f9b53a9629a40df3143b0f771992", kill_on_drop: false }`
[INFO] running `Command { std: "docker" "rm" "-f" "13ea9b8cd471dfda9d9e4f948620b0a149f2f9b53a9629a40df3143b0f771992", kill_on_drop: false }`
[INFO] [stdout] 13ea9b8cd471dfda9d9e4f948620b0a149f2f9b53a9629a40df3143b0f771992
