[INFO] fetching crate phaneron-plugin 0.1.2...
[INFO] testing phaneron-plugin-0.1.2 against 1.75.0 for beta-1.76-1
[INFO] extracting crate phaneron-plugin 0.1.2 into /workspace/builds/worker-7-tc1/source
[INFO] validating manifest of crates.io crate phaneron-plugin 0.1.2 on toolchain 1.75.0
[INFO] running `Command { std: CARGO_HOME="/workspace/cargo-home" RUSTUP_HOME="/workspace/rustup-home" "/workspace/cargo-home/bin/cargo" "+1.75.0" "metadata" "--manifest-path" "Cargo.toml" "--no-deps", kill_on_drop: false }`
[INFO] started tweaking crates.io crate phaneron-plugin 0.1.2
[INFO] finished tweaking crates.io crate phaneron-plugin 0.1.2
[INFO] tweaked toml for crates.io crate phaneron-plugin 0.1.2 written to /workspace/builds/worker-7-tc1/source/Cargo.toml
[INFO] running `Command { std: CARGO_HOME="/workspace/cargo-home" RUSTUP_HOME="/workspace/rustup-home" "/workspace/cargo-home/bin/cargo" "+1.75.0" "generate-lockfile" "--manifest-path" "Cargo.toml", kill_on_drop: false }`
[INFO] [stderr]     Updating crates.io index
[INFO] running `Command { std: CARGO_HOME="/workspace/cargo-home" RUSTUP_HOME="/workspace/rustup-home" "/workspace/cargo-home/bin/cargo" "+1.75.0" "fetch" "--manifest-path" "Cargo.toml", kill_on_drop: false }`
[INFO] [stderr]  Downloading crates ...
[INFO] [stderr]   Downloaded abi_stable v0.11.3
[INFO] running `Command { std: "docker" "create" "-v" "/var/lib/crater-agent-workspace/builds/worker-7-tc1/target:/opt/rustwide/target:rw,Z" "-v" "/var/lib/crater-agent-workspace/builds/worker-7-tc1/source:/opt/rustwide/workdir:ro,Z" "-v" "/var/lib/crater-agent-workspace/cargo-home:/opt/rustwide/cargo-home:ro,Z" "-v" "/var/lib/crater-agent-workspace/rustup-home:/opt/rustwide/rustup-home:ro,Z" "-e" "SOURCE_DIR=/opt/rustwide/workdir" "-e" "CARGO_TARGET_DIR=/opt/rustwide/target" "-e" "CARGO_HOME=/opt/rustwide/cargo-home" "-e" "RUSTUP_HOME=/opt/rustwide/rustup-home" "-w" "/opt/rustwide/workdir" "-m" "1610612736" "--user" "0:0" "--network" "none" "ghcr.io/rust-lang/crates-build-env/linux@sha256:2788e3201cd34a07e3172128adcd8b3090168a8e3bcc40d7c032b9dda1df7d1c" "/opt/rustwide/cargo-home/bin/cargo" "+1.75.0" "metadata" "--no-deps" "--format-version=1", kill_on_drop: false }`
[INFO] [stdout] 29acd6a5035cccdefdeae322f10a8478c78ed35d464f1d5472ef5c73006b08ef
[INFO] running `Command { std: "docker" "start" "-a" "29acd6a5035cccdefdeae322f10a8478c78ed35d464f1d5472ef5c73006b08ef", kill_on_drop: false }`
[INFO] running `Command { std: "docker" "inspect" "29acd6a5035cccdefdeae322f10a8478c78ed35d464f1d5472ef5c73006b08ef", kill_on_drop: false }`
[INFO] running `Command { std: "docker" "rm" "-f" "29acd6a5035cccdefdeae322f10a8478c78ed35d464f1d5472ef5c73006b08ef", kill_on_drop: false }`
[INFO] [stdout] 29acd6a5035cccdefdeae322f10a8478c78ed35d464f1d5472ef5c73006b08ef
[INFO] running `Command { std: "docker" "create" "-v" "/var/lib/crater-agent-workspace/builds/worker-7-tc1/target:/opt/rustwide/target:rw,Z" "-v" "/var/lib/crater-agent-workspace/builds/worker-7-tc1/source:/opt/rustwide/workdir:ro,Z" "-v" "/var/lib/crater-agent-workspace/cargo-home:/opt/rustwide/cargo-home:ro,Z" "-v" "/var/lib/crater-agent-workspace/rustup-home:/opt/rustwide/rustup-home:ro,Z" "-e" "SOURCE_DIR=/opt/rustwide/workdir" "-e" "CARGO_TARGET_DIR=/opt/rustwide/target" "-e" "CARGO_INCREMENTAL=0" "-e" "RUST_BACKTRACE=full" "-e" "RUSTFLAGS=--cap-lints=warn" "-e" "RUSTDOCFLAGS=--cap-lints=warn" "-e" "CARGO_HOME=/opt/rustwide/cargo-home" "-e" "RUSTUP_HOME=/opt/rustwide/rustup-home" "-w" "/opt/rustwide/workdir" "-m" "1610612736" "--user" "0:0" "--network" "none" "ghcr.io/rust-lang/crates-build-env/linux@sha256:2788e3201cd34a07e3172128adcd8b3090168a8e3bcc40d7c032b9dda1df7d1c" "/opt/rustwide/cargo-home/bin/cargo" "+1.75.0" "build" "--frozen" "--message-format=json", kill_on_drop: false }`
[INFO] [stdout] 5f6ce37bf1540963e8e3dec5649d2b182687fd4738c8aadb08a3ec0b54bde69f
[INFO] running `Command { std: "docker" "start" "-a" "5f6ce37bf1540963e8e3dec5649d2b182687fd4738c8aadb08a3ec0b54bde69f", kill_on_drop: false }`
[INFO] [stderr]    Compiling proc-macro2 v1.0.75
[INFO] [stderr]    Compiling unicode-ident v1.0.12
[INFO] [stderr]    Compiling libc v0.2.151
[INFO] [stderr]    Compiling core_extensions_proc_macros v1.5.3
[INFO] [stderr]    Compiling syn v1.0.109
[INFO] [stderr]    Compiling serde v1.0.194
[INFO] [stderr]    Compiling lock_api v0.4.11
[INFO] [stderr]    Compiling crossbeam-utils v0.8.18
[INFO] [stderr]    Compiling parking_lot_core v0.9.9
[INFO] [stderr]    Compiling serde_json v1.0.111
[INFO] [stderr]    Compiling paste v1.0.14
[INFO] [stderr]    Compiling scopeguard v1.2.0
[INFO] [stderr]    Compiling tstr_proc_macros v0.2.2
[INFO] [stderr]    Compiling smallvec v1.11.2
[INFO] [stderr]    Compiling ryu v1.0.16
[INFO] [stderr]    Compiling itoa v1.0.10
[INFO] [stderr]    Compiling typed-arena v2.0.2
[INFO] [stderr]    Compiling libloading v0.7.4
[INFO] [stderr]    Compiling generational-arena v0.2.9
[INFO] [stderr]    Compiling quote v1.0.35
[INFO] [stderr]    Compiling crossbeam-channel v0.5.10
[INFO] [stderr]    Compiling syn v2.0.48
[INFO] [stderr]    Compiling tstr v0.2.3
[INFO] [stderr]    Compiling const_panic v0.2.8
[INFO] [stderr]    Compiling core_extensions v1.5.3
[INFO] [stderr]    Compiling once_cell v1.19.0
[INFO] [stderr]    Compiling repr_offset v0.2.2
[INFO] [stderr]    Compiling getrandom v0.2.11
[INFO] [stderr]    Compiling log v0.4.20
[INFO] [stderr]    Compiling abi_stable_shared v0.11.0
[INFO] [stderr]    Compiling parking_lot v0.12.1
[INFO] [stderr]    Compiling serde_derive v1.0.194
[INFO] [stderr]    Compiling as_derive_utils v0.11.0
[INFO] [stderr]    Compiling abi_stable_derive v0.11.3
[INFO] [stderr]    Compiling uuid v1.6.1
[INFO] [stderr]    Compiling abi_stable v0.11.3
[INFO] [stderr]    Compiling phaneron-plugin v0.1.2 (/opt/rustwide/workdir)
[INFO] [stderr]     Finished dev [unoptimized + debuginfo] target(s) in 24.50s
[INFO] running `Command { std: "docker" "inspect" "5f6ce37bf1540963e8e3dec5649d2b182687fd4738c8aadb08a3ec0b54bde69f", kill_on_drop: false }`
[INFO] running `Command { std: "docker" "rm" "-f" "5f6ce37bf1540963e8e3dec5649d2b182687fd4738c8aadb08a3ec0b54bde69f", kill_on_drop: false }`
[INFO] [stdout] 5f6ce37bf1540963e8e3dec5649d2b182687fd4738c8aadb08a3ec0b54bde69f
[INFO] running `Command { std: "docker" "create" "-v" "/var/lib/crater-agent-workspace/builds/worker-7-tc1/target:/opt/rustwide/target:rw,Z" "-v" "/var/lib/crater-agent-workspace/builds/worker-7-tc1/source:/opt/rustwide/workdir:ro,Z" "-v" "/var/lib/crater-agent-workspace/cargo-home:/opt/rustwide/cargo-home:ro,Z" "-v" "/var/lib/crater-agent-workspace/rustup-home:/opt/rustwide/rustup-home:ro,Z" "-e" "SOURCE_DIR=/opt/rustwide/workdir" "-e" "CARGO_TARGET_DIR=/opt/rustwide/target" "-e" "CARGO_INCREMENTAL=0" "-e" "RUST_BACKTRACE=full" "-e" "RUSTFLAGS=--cap-lints=warn" "-e" "RUSTDOCFLAGS=--cap-lints=warn" "-e" "CARGO_HOME=/opt/rustwide/cargo-home" "-e" "RUSTUP_HOME=/opt/rustwide/rustup-home" "-w" "/opt/rustwide/workdir" "-m" "1610612736" "--user" "0:0" "--network" "none" "ghcr.io/rust-lang/crates-build-env/linux@sha256:2788e3201cd34a07e3172128adcd8b3090168a8e3bcc40d7c032b9dda1df7d1c" "/opt/rustwide/cargo-home/bin/cargo" "+1.75.0" "test" "--frozen" "--no-run" "--message-format=json", kill_on_drop: false }`
[INFO] [stdout] f6418b2c0fe47eec2b0a1d9b27e37cff38e401222b60ade7efa9ba81df1ee77b
[INFO] running `Command { std: "docker" "start" "-a" "f6418b2c0fe47eec2b0a1d9b27e37cff38e401222b60ade7efa9ba81df1ee77b", kill_on_drop: false }`
[INFO] [stderr]    Compiling phaneron-plugin v0.1.2 (/opt/rustwide/workdir)
[INFO] [stderr]     Finished test [unoptimized + debuginfo] target(s) in 1.75s
[INFO] running `Command { std: "docker" "inspect" "f6418b2c0fe47eec2b0a1d9b27e37cff38e401222b60ade7efa9ba81df1ee77b", kill_on_drop: false }`
[INFO] running `Command { std: "docker" "rm" "-f" "f6418b2c0fe47eec2b0a1d9b27e37cff38e401222b60ade7efa9ba81df1ee77b", kill_on_drop: false }`
[INFO] [stdout] f6418b2c0fe47eec2b0a1d9b27e37cff38e401222b60ade7efa9ba81df1ee77b
[INFO] running `Command { std: "docker" "create" "-v" "/var/lib/crater-agent-workspace/builds/worker-7-tc1/target:/opt/rustwide/target:rw,Z" "-v" "/var/lib/crater-agent-workspace/builds/worker-7-tc1/source:/opt/rustwide/workdir:ro,Z" "-v" "/var/lib/crater-agent-workspace/cargo-home:/opt/rustwide/cargo-home:ro,Z" "-v" "/var/lib/crater-agent-workspace/rustup-home:/opt/rustwide/rustup-home:ro,Z" "-e" "SOURCE_DIR=/opt/rustwide/workdir" "-e" "CARGO_TARGET_DIR=/opt/rustwide/target" "-e" "CARGO_INCREMENTAL=0" "-e" "RUST_BACKTRACE=full" "-e" "RUSTFLAGS=--cap-lints=warn" "-e" "RUSTDOCFLAGS=--cap-lints=warn" "-e" "CARGO_HOME=/opt/rustwide/cargo-home" "-e" "RUSTUP_HOME=/opt/rustwide/rustup-home" "-w" "/opt/rustwide/workdir" "-m" "1610612736" "--user" "0:0" "--network" "none" "ghcr.io/rust-lang/crates-build-env/linux@sha256:2788e3201cd34a07e3172128adcd8b3090168a8e3bcc40d7c032b9dda1df7d1c" "/opt/rustwide/cargo-home/bin/cargo" "+1.75.0" "test" "--frozen", kill_on_drop: false }`
[INFO] [stdout] 34508d41a0abe047608df59d22b7d4854417fc378447cd884c0acf5074177dfb
[INFO] running `Command { std: "docker" "start" "-a" "34508d41a0abe047608df59d22b7d4854417fc378447cd884c0acf5074177dfb", kill_on_drop: false }`
[INFO] [stderr]     Finished test [unoptimized + debuginfo] target(s) in 0.03s
[INFO] [stderr]      Running unittests src/lib.rs (/opt/rustwide/target/debug/deps/phaneron_plugin-2d7cb9aef380a906)
[INFO] [stdout] 
[INFO] [stdout] running 0 tests
[INFO] [stdout] 
[INFO] [stdout] test result: ok. 0 passed; 0 failed; 0 ignored; 0 measured; 0 filtered out; finished in 0.00s
[INFO] [stdout] 
[INFO] [stderr]    Doc-tests phaneron-plugin
[INFO] [stdout] 
[INFO] [stdout] running 1 test
[INFO] [stdout] test src/lib.rs - (line 13) ... FAILED
[INFO] [stdout] 
[INFO] [stdout] failures:
[INFO] [stdout] 
[INFO] [stdout] ---- src/lib.rs - (line 13) stdout ----
[INFO] [stdout] error[E0432]: unresolved imports `phaneron_plugin::CreateNodeDescription`, `phaneron_plugin::PluginNodeDescription`
[INFO] [stdout]   --> src/lib.rs:28:5
[INFO] [stdout]    |
[INFO] [stdout] 18 |     CreateNodeDescription, PhaneronPluginContext, PhaneronPluginRootModule,
[INFO] [stdout]    |     ^^^^^^^^^^^^^^^^^^^^^ no `CreateNodeDescription` in the root
[INFO] [stdout] 19 |     PhaneronPluginRootModuleRef, PluginNodeDescription,
[INFO] [stdout]    |                                  ^^^^^^^^^^^^^^^^^^^^^ no `PluginNodeDescription` in the root
[INFO] [stdout]    |
[INFO] [stdout]    = help: consider importing this struct instead:
[INFO] [stdout]            phaneron_plugin::traits::CreateNodeDescription
[INFO] [stdout]    = help: consider importing this struct instead:
[INFO] [stdout]            phaneron_plugin::traits::PluginNodeDescription
[INFO] [stdout] 
[INFO] [stdout] error: aborting due to previous error
[INFO] [stdout] 
[INFO] [stdout] For more information about this error, try `rustc --explain E0432`.
[INFO] [stdout] Couldn't compile the test.
[INFO] [stdout] 
[INFO] [stdout] failures:
[INFO] [stdout]     src/lib.rs - (line 13)
[INFO] [stdout] 
[INFO] [stdout] test result: FAILED. 0 passed; 1 failed; 0 ignored; 0 measured; 0 filtered out; finished in 0.09s
[INFO] [stdout] 
[INFO] [stderr] error: doctest failed, to rerun pass `--doc`
[INFO] running `Command { std: "docker" "inspect" "34508d41a0abe047608df59d22b7d4854417fc378447cd884c0acf5074177dfb", kill_on_drop: false }`
[INFO] running `Command { std: "docker" "rm" "-f" "34508d41a0abe047608df59d22b7d4854417fc378447cd884c0acf5074177dfb", kill_on_drop: false }`
[INFO] [stdout] 34508d41a0abe047608df59d22b7d4854417fc378447cd884c0acf5074177dfb
