[INFO] fetching crate peace_code_gen 0.0.11...
[INFO] testing peace_code_gen-0.0.11 against 1.75.0 for beta-1.76-1
[INFO] extracting crate peace_code_gen 0.0.11 into /workspace/builds/worker-4-tc1/source
[INFO] validating manifest of crates.io crate peace_code_gen 0.0.11 on toolchain 1.75.0
[INFO] running `Command { std: CARGO_HOME="/workspace/cargo-home" RUSTUP_HOME="/workspace/rustup-home" "/workspace/cargo-home/bin/cargo" "+1.75.0" "metadata" "--manifest-path" "Cargo.toml" "--no-deps", kill_on_drop: false }`
[INFO] started tweaking crates.io crate peace_code_gen 0.0.11
[INFO] finished tweaking crates.io crate peace_code_gen 0.0.11
[INFO] tweaked toml for crates.io crate peace_code_gen 0.0.11 written to /workspace/builds/worker-4-tc1/source/Cargo.toml
[INFO] running `Command { std: CARGO_HOME="/workspace/cargo-home" RUSTUP_HOME="/workspace/rustup-home" "/workspace/cargo-home/bin/cargo" "+1.75.0" "generate-lockfile" "--manifest-path" "Cargo.toml", kill_on_drop: false }`
[INFO] [stderr]     Updating crates.io index
[INFO] running `Command { std: CARGO_HOME="/workspace/cargo-home" RUSTUP_HOME="/workspace/rustup-home" "/workspace/cargo-home/bin/cargo" "+1.75.0" "fetch" "--manifest-path" "Cargo.toml", kill_on_drop: false }`
[INFO] running `Command { std: "docker" "create" "-v" "/var/lib/crater-agent-workspace/builds/worker-4-tc1/target:/opt/rustwide/target:rw,Z" "-v" "/var/lib/crater-agent-workspace/builds/worker-4-tc1/source:/opt/rustwide/workdir:ro,Z" "-v" "/var/lib/crater-agent-workspace/cargo-home:/opt/rustwide/cargo-home:ro,Z" "-v" "/var/lib/crater-agent-workspace/rustup-home:/opt/rustwide/rustup-home:ro,Z" "-e" "SOURCE_DIR=/opt/rustwide/workdir" "-e" "CARGO_TARGET_DIR=/opt/rustwide/target" "-e" "CARGO_HOME=/opt/rustwide/cargo-home" "-e" "RUSTUP_HOME=/opt/rustwide/rustup-home" "-w" "/opt/rustwide/workdir" "-m" "1610612736" "--user" "0:0" "--network" "none" "ghcr.io/rust-lang/crates-build-env/linux@sha256:2788e3201cd34a07e3172128adcd8b3090168a8e3bcc40d7c032b9dda1df7d1c" "/opt/rustwide/cargo-home/bin/cargo" "+1.75.0" "metadata" "--no-deps" "--format-version=1", kill_on_drop: false }`
[INFO] [stdout] 4cb5f534386f62511b0eebc32f1e95af48284036d803181af6f7905ed038f641
[INFO] running `Command { std: "docker" "start" "-a" "4cb5f534386f62511b0eebc32f1e95af48284036d803181af6f7905ed038f641", kill_on_drop: false }`
[INFO] running `Command { std: "docker" "inspect" "4cb5f534386f62511b0eebc32f1e95af48284036d803181af6f7905ed038f641", kill_on_drop: false }`
[INFO] running `Command { std: "docker" "rm" "-f" "4cb5f534386f62511b0eebc32f1e95af48284036d803181af6f7905ed038f641", kill_on_drop: false }`
[INFO] [stdout] 4cb5f534386f62511b0eebc32f1e95af48284036d803181af6f7905ed038f641
[INFO] running `Command { std: "docker" "create" "-v" "/var/lib/crater-agent-workspace/builds/worker-4-tc1/target:/opt/rustwide/target:rw,Z" "-v" "/var/lib/crater-agent-workspace/builds/worker-4-tc1/source:/opt/rustwide/workdir:ro,Z" "-v" "/var/lib/crater-agent-workspace/cargo-home:/opt/rustwide/cargo-home:ro,Z" "-v" "/var/lib/crater-agent-workspace/rustup-home:/opt/rustwide/rustup-home:ro,Z" "-e" "SOURCE_DIR=/opt/rustwide/workdir" "-e" "CARGO_TARGET_DIR=/opt/rustwide/target" "-e" "CARGO_INCREMENTAL=0" "-e" "RUST_BACKTRACE=full" "-e" "RUSTFLAGS=--cap-lints=warn" "-e" "RUSTDOCFLAGS=--cap-lints=warn" "-e" "CARGO_HOME=/opt/rustwide/cargo-home" "-e" "RUSTUP_HOME=/opt/rustwide/rustup-home" "-w" "/opt/rustwide/workdir" "-m" "1610612736" "--user" "0:0" "--network" "none" "ghcr.io/rust-lang/crates-build-env/linux@sha256:2788e3201cd34a07e3172128adcd8b3090168a8e3bcc40d7c032b9dda1df7d1c" "/opt/rustwide/cargo-home/bin/cargo" "+1.75.0" "build" "--frozen" "--message-format=json", kill_on_drop: false }`
[INFO] [stdout] 365c4e2ed251fa5315d5e888c7607c9ef14d370917a4a97b72270e6f932743bd
[INFO] running `Command { std: "docker" "start" "-a" "365c4e2ed251fa5315d5e888c7607c9ef14d370917a4a97b72270e6f932743bd", kill_on_drop: false }`
[INFO] [stderr]    Compiling syn v2.0.48
[INFO] [stderr]    Compiling peace_code_gen v0.0.11 (/opt/rustwide/workdir)
[INFO] [stderr]     Finished dev [unoptimized + debuginfo] target(s) in 5.03s
[INFO] running `Command { std: "docker" "inspect" "365c4e2ed251fa5315d5e888c7607c9ef14d370917a4a97b72270e6f932743bd", kill_on_drop: false }`
[INFO] running `Command { std: "docker" "rm" "-f" "365c4e2ed251fa5315d5e888c7607c9ef14d370917a4a97b72270e6f932743bd", kill_on_drop: false }`
[INFO] [stdout] 365c4e2ed251fa5315d5e888c7607c9ef14d370917a4a97b72270e6f932743bd
[INFO] running `Command { std: "docker" "create" "-v" "/var/lib/crater-agent-workspace/builds/worker-4-tc1/target:/opt/rustwide/target:rw,Z" "-v" "/var/lib/crater-agent-workspace/builds/worker-4-tc1/source:/opt/rustwide/workdir:ro,Z" "-v" "/var/lib/crater-agent-workspace/cargo-home:/opt/rustwide/cargo-home:ro,Z" "-v" "/var/lib/crater-agent-workspace/rustup-home:/opt/rustwide/rustup-home:ro,Z" "-e" "SOURCE_DIR=/opt/rustwide/workdir" "-e" "CARGO_TARGET_DIR=/opt/rustwide/target" "-e" "CARGO_INCREMENTAL=0" "-e" "RUST_BACKTRACE=full" "-e" "RUSTFLAGS=--cap-lints=warn" "-e" "RUSTDOCFLAGS=--cap-lints=warn" "-e" "CARGO_HOME=/opt/rustwide/cargo-home" "-e" "RUSTUP_HOME=/opt/rustwide/rustup-home" "-w" "/opt/rustwide/workdir" "-m" "1610612736" "--user" "0:0" "--network" "none" "ghcr.io/rust-lang/crates-build-env/linux@sha256:2788e3201cd34a07e3172128adcd8b3090168a8e3bcc40d7c032b9dda1df7d1c" "/opt/rustwide/cargo-home/bin/cargo" "+1.75.0" "test" "--frozen" "--no-run" "--message-format=json", kill_on_drop: false }`
[INFO] [stdout] bedd2bed0ff58fce71f28f335a5e286a7c4285f7df8f1cc9c2fae0cb18508b0f
[INFO] running `Command { std: "docker" "start" "-a" "bedd2bed0ff58fce71f28f335a5e286a7c4285f7df8f1cc9c2fae0cb18508b0f", kill_on_drop: false }`
[INFO] [stderr]    Compiling peace_code_gen v0.0.11 (/opt/rustwide/workdir)
[INFO] [stderr]     Finished test [unoptimized + debuginfo] target(s) in 1.42s
[INFO] running `Command { std: "docker" "inspect" "bedd2bed0ff58fce71f28f335a5e286a7c4285f7df8f1cc9c2fae0cb18508b0f", kill_on_drop: false }`
[INFO] running `Command { std: "docker" "rm" "-f" "bedd2bed0ff58fce71f28f335a5e286a7c4285f7df8f1cc9c2fae0cb18508b0f", kill_on_drop: false }`
[INFO] [stdout] bedd2bed0ff58fce71f28f335a5e286a7c4285f7df8f1cc9c2fae0cb18508b0f
[INFO] running `Command { std: "docker" "create" "-v" "/var/lib/crater-agent-workspace/builds/worker-4-tc1/target:/opt/rustwide/target:rw,Z" "-v" "/var/lib/crater-agent-workspace/builds/worker-4-tc1/source:/opt/rustwide/workdir:ro,Z" "-v" "/var/lib/crater-agent-workspace/cargo-home:/opt/rustwide/cargo-home:ro,Z" "-v" "/var/lib/crater-agent-workspace/rustup-home:/opt/rustwide/rustup-home:ro,Z" "-e" "SOURCE_DIR=/opt/rustwide/workdir" "-e" "CARGO_TARGET_DIR=/opt/rustwide/target" "-e" "CARGO_INCREMENTAL=0" "-e" "RUST_BACKTRACE=full" "-e" "RUSTFLAGS=--cap-lints=warn" "-e" "RUSTDOCFLAGS=--cap-lints=warn" "-e" "CARGO_HOME=/opt/rustwide/cargo-home" "-e" "RUSTUP_HOME=/opt/rustwide/rustup-home" "-w" "/opt/rustwide/workdir" "-m" "1610612736" "--user" "0:0" "--network" "none" "ghcr.io/rust-lang/crates-build-env/linux@sha256:2788e3201cd34a07e3172128adcd8b3090168a8e3bcc40d7c032b9dda1df7d1c" "/opt/rustwide/cargo-home/bin/cargo" "+1.75.0" "test" "--frozen", kill_on_drop: false }`
[INFO] [stdout] 2a3ef522548a2609a70572b37e544d74961f2fbcbcf2214d024a553c801dfd4a
[INFO] running `Command { std: "docker" "start" "-a" "2a3ef522548a2609a70572b37e544d74961f2fbcbcf2214d024a553c801dfd4a", kill_on_drop: false }`
[INFO] [stderr]     Finished test [unoptimized + debuginfo] target(s) in 0.00s
[INFO] [stderr]    Doc-tests peace_code_gen
[INFO] [stdout] 
[INFO] [stdout] running 5 tests
[INFO] [stdout] test src/cmd/impl_build.rs - cmd::impl_build::cmd_dirs (line 1255) ... ignored
[INFO] [stdout] test src/cmd/impl_build.rs - cmd::impl_build::cmd_dirs (line 1264) ... ignored
[INFO] [stdout] test src/cmd/impl_build.rs - cmd::impl_build::cmd_dirs (line 1271) ... ignored
[INFO] [stdout] test src/cmd/struct_definition.rs - cmd::struct_definition::struct_definition (line 17) ... ignored
[INFO] [stdout] test src/lib.rs - cmd_ctx_builder_impl (line 9) ... FAILED
[INFO] [stdout] 
[INFO] [stdout] failures:
[INFO] [stdout] 
[INFO] [stdout] ---- src/lib.rs - cmd_ctx_builder_impl (line 9) stdout ----
[INFO] [stdout] error: cannot find macro `cmd_ctx_builder_impl` in this scope
[INFO] [stdout]  --> src/lib.rs:13:1
[INFO] [stdout]   |
[INFO] [stdout] 7 | cmd_ctx_builder_impl!(SingleProfileSingleFlow);
[INFO] [stdout]   | ^^^^^^^^^^^^^^^^^^^^
[INFO] [stdout]   |
[INFO] [stdout] note: `cmd_ctx_builder_impl` is imported here, but it is an attribute: `#[cmd_ctx_builder_impl]`
[INFO] [stdout]  --> src/lib.rs:11:5
[INFO] [stdout]   |
[INFO] [stdout] 5 | use peace_code_gen::cmd_ctx_builder_impl;
[INFO] [stdout]   |     ^^^^^^^^^^^^^^^^^^^^^^^^^^^^^^^^^^^^
[INFO] [stdout] 
[INFO] [stdout] error: aborting due to previous error
[INFO] [stdout] 
[INFO] [stdout] Couldn't compile the test.
[INFO] [stdout] 
[INFO] [stdout] failures:
[INFO] [stdout]     src/lib.rs - cmd_ctx_builder_impl (line 9)
[INFO] [stdout] 
[INFO] [stdout] test result: FAILED. 0 passed; 1 failed; 4 ignored; 0 measured; 0 filtered out; finished in 0.06s
[INFO] [stdout] 
[INFO] [stderr] error: doctest failed, to rerun pass `--doc`
[INFO] running `Command { std: "docker" "inspect" "2a3ef522548a2609a70572b37e544d74961f2fbcbcf2214d024a553c801dfd4a", kill_on_drop: false }`
[INFO] running `Command { std: "docker" "rm" "-f" "2a3ef522548a2609a70572b37e544d74961f2fbcbcf2214d024a553c801dfd4a", kill_on_drop: false }`
[INFO] [stdout] 2a3ef522548a2609a70572b37e544d74961f2fbcbcf2214d024a553c801dfd4a
[INFO] testing peace_code_gen-0.0.11 against beta-2023-12-22 for beta-1.76-1
[INFO] extracting crate peace_code_gen 0.0.11 into /workspace/builds/worker-4-tc2/source
[INFO] validating manifest of crates.io crate peace_code_gen 0.0.11 on toolchain beta-2023-12-22
[INFO] running `Command { std: CARGO_HOME="/workspace/cargo-home" RUSTUP_HOME="/workspace/rustup-home" "/workspace/cargo-home/bin/cargo" "+beta-2023-12-22" "metadata" "--manifest-path" "Cargo.toml" "--no-deps", kill_on_drop: false }`
[INFO] started tweaking crates.io crate peace_code_gen 0.0.11
[INFO] finished tweaking crates.io crate peace_code_gen 0.0.11
[INFO] tweaked toml for crates.io crate peace_code_gen 0.0.11 written to /workspace/builds/worker-4-tc2/source/Cargo.toml
[INFO] running `Command { std: CARGO_HOME="/workspace/cargo-home" RUSTUP_HOME="/workspace/rustup-home" "/workspace/cargo-home/bin/cargo" "+beta-2023-12-22" "generate-lockfile" "--manifest-path" "Cargo.toml", kill_on_drop: false }`
[INFO] [stderr]     Updating crates.io index
[INFO] running `Command { std: CARGO_HOME="/workspace/cargo-home" RUSTUP_HOME="/workspace/rustup-home" "/workspace/cargo-home/bin/cargo" "+beta-2023-12-22" "fetch" "--manifest-path" "Cargo.toml", kill_on_drop: false }`
[INFO] running `Command { std: "docker" "create" "-v" "/var/lib/crater-agent-workspace/builds/worker-4-tc2/target:/opt/rustwide/target:rw,Z" "-v" "/var/lib/crater-agent-workspace/builds/worker-4-tc2/source:/opt/rustwide/workdir:ro,Z" "-v" "/var/lib/crater-agent-workspace/cargo-home:/opt/rustwide/cargo-home:ro,Z" "-v" "/var/lib/crater-agent-workspace/rustup-home:/opt/rustwide/rustup-home:ro,Z" "-e" "SOURCE_DIR=/opt/rustwide/workdir" "-e" "CARGO_TARGET_DIR=/opt/rustwide/target" "-e" "CARGO_HOME=/opt/rustwide/cargo-home" "-e" "RUSTUP_HOME=/opt/rustwide/rustup-home" "-w" "/opt/rustwide/workdir" "-m" "1610612736" "--user" "0:0" "--network" "none" "ghcr.io/rust-lang/crates-build-env/linux@sha256:2788e3201cd34a07e3172128adcd8b3090168a8e3bcc40d7c032b9dda1df7d1c" "/opt/rustwide/cargo-home/bin/cargo" "+beta-2023-12-22" "metadata" "--no-deps" "--format-version=1", kill_on_drop: false }`
[INFO] [stdout] f8f9d61afd0e1b1274a3bf931fc17803bdfbe97852bb1bfd8ab75f58b668060a
[INFO] running `Command { std: "docker" "start" "-a" "f8f9d61afd0e1b1274a3bf931fc17803bdfbe97852bb1bfd8ab75f58b668060a", kill_on_drop: false }`
[INFO] running `Command { std: "docker" "inspect" "f8f9d61afd0e1b1274a3bf931fc17803bdfbe97852bb1bfd8ab75f58b668060a", kill_on_drop: false }`
[INFO] running `Command { std: "docker" "rm" "-f" "f8f9d61afd0e1b1274a3bf931fc17803bdfbe97852bb1bfd8ab75f58b668060a", kill_on_drop: false }`
[INFO] [stdout] f8f9d61afd0e1b1274a3bf931fc17803bdfbe97852bb1bfd8ab75f58b668060a
[INFO] running `Command { std: "docker" "create" "-v" "/var/lib/crater-agent-workspace/builds/worker-4-tc2/target:/opt/rustwide/target:rw,Z" "-v" "/var/lib/crater-agent-workspace/builds/worker-4-tc2/source:/opt/rustwide/workdir:ro,Z" "-v" "/var/lib/crater-agent-workspace/cargo-home:/opt/rustwide/cargo-home:ro,Z" "-v" "/var/lib/crater-agent-workspace/rustup-home:/opt/rustwide/rustup-home:ro,Z" "-e" "SOURCE_DIR=/opt/rustwide/workdir" "-e" "CARGO_TARGET_DIR=/opt/rustwide/target" "-e" "CARGO_INCREMENTAL=0" "-e" "RUST_BACKTRACE=full" "-e" "RUSTFLAGS=--cap-lints=warn" "-e" "RUSTDOCFLAGS=--cap-lints=warn" "-e" "CARGO_HOME=/opt/rustwide/cargo-home" "-e" "RUSTUP_HOME=/opt/rustwide/rustup-home" "-w" "/opt/rustwide/workdir" "-m" "1610612736" "--user" "0:0" "--network" "none" "ghcr.io/rust-lang/crates-build-env/linux@sha256:2788e3201cd34a07e3172128adcd8b3090168a8e3bcc40d7c032b9dda1df7d1c" "/opt/rustwide/cargo-home/bin/cargo" "+beta-2023-12-22" "build" "--frozen" "--message-format=json", kill_on_drop: false }`
[INFO] [stdout] c774cb65245cd4fed73ad0451e1f15f33dc913b2393e8a31ac2af44f66dc1036
[INFO] running `Command { std: "docker" "start" "-a" "c774cb65245cd4fed73ad0451e1f15f33dc913b2393e8a31ac2af44f66dc1036", kill_on_drop: false }`
[INFO] [stderr]    Compiling syn v2.0.48
[INFO] [stderr]    Compiling peace_code_gen v0.0.11 (/opt/rustwide/workdir)
[INFO] [stderr]     Finished dev [unoptimized + debuginfo] target(s) in 4.54s
[INFO] running `Command { std: "docker" "inspect" "c774cb65245cd4fed73ad0451e1f15f33dc913b2393e8a31ac2af44f66dc1036", kill_on_drop: false }`
[INFO] running `Command { std: "docker" "rm" "-f" "c774cb65245cd4fed73ad0451e1f15f33dc913b2393e8a31ac2af44f66dc1036", kill_on_drop: false }`
[INFO] [stdout] c774cb65245cd4fed73ad0451e1f15f33dc913b2393e8a31ac2af44f66dc1036
[INFO] running `Command { std: "docker" "create" "-v" "/var/lib/crater-agent-workspace/builds/worker-4-tc2/target:/opt/rustwide/target:rw,Z" "-v" "/var/lib/crater-agent-workspace/builds/worker-4-tc2/source:/opt/rustwide/workdir:ro,Z" "-v" "/var/lib/crater-agent-workspace/cargo-home:/opt/rustwide/cargo-home:ro,Z" "-v" "/var/lib/crater-agent-workspace/rustup-home:/opt/rustwide/rustup-home:ro,Z" "-e" "SOURCE_DIR=/opt/rustwide/workdir" "-e" "CARGO_TARGET_DIR=/opt/rustwide/target" "-e" "CARGO_INCREMENTAL=0" "-e" "RUST_BACKTRACE=full" "-e" "RUSTFLAGS=--cap-lints=warn" "-e" "RUSTDOCFLAGS=--cap-lints=warn" "-e" "CARGO_HOME=/opt/rustwide/cargo-home" "-e" "RUSTUP_HOME=/opt/rustwide/rustup-home" "-w" "/opt/rustwide/workdir" "-m" "1610612736" "--user" "0:0" "--network" "none" "ghcr.io/rust-lang/crates-build-env/linux@sha256:2788e3201cd34a07e3172128adcd8b3090168a8e3bcc40d7c032b9dda1df7d1c" "/opt/rustwide/cargo-home/bin/cargo" "+beta-2023-12-22" "test" "--frozen" "--no-run" "--message-format=json", kill_on_drop: false }`
[INFO] [stdout] 1b14c751fabfa119bab6307cfff118be6a7adc3a78d160deda18d785e3847ff7
[INFO] running `Command { std: "docker" "start" "-a" "1b14c751fabfa119bab6307cfff118be6a7adc3a78d160deda18d785e3847ff7", kill_on_drop: false }`
[INFO] [stderr]    Compiling peace_code_gen v0.0.11 (/opt/rustwide/workdir)
[INFO] [stderr]     Finished test [unoptimized + debuginfo] target(s) in 1.04s
[INFO] running `Command { std: "docker" "inspect" "1b14c751fabfa119bab6307cfff118be6a7adc3a78d160deda18d785e3847ff7", kill_on_drop: false }`
[INFO] running `Command { std: "docker" "rm" "-f" "1b14c751fabfa119bab6307cfff118be6a7adc3a78d160deda18d785e3847ff7", kill_on_drop: false }`
[INFO] [stdout] 1b14c751fabfa119bab6307cfff118be6a7adc3a78d160deda18d785e3847ff7
[INFO] running `Command { std: "docker" "create" "-v" "/var/lib/crater-agent-workspace/builds/worker-4-tc2/target:/opt/rustwide/target:rw,Z" "-v" "/var/lib/crater-agent-workspace/builds/worker-4-tc2/source:/opt/rustwide/workdir:ro,Z" "-v" "/var/lib/crater-agent-workspace/cargo-home:/opt/rustwide/cargo-home:ro,Z" "-v" "/var/lib/crater-agent-workspace/rustup-home:/opt/rustwide/rustup-home:ro,Z" "-e" "SOURCE_DIR=/opt/rustwide/workdir" "-e" "CARGO_TARGET_DIR=/opt/rustwide/target" "-e" "CARGO_INCREMENTAL=0" "-e" "RUST_BACKTRACE=full" "-e" "RUSTFLAGS=--cap-lints=warn" "-e" "RUSTDOCFLAGS=--cap-lints=warn" "-e" "CARGO_HOME=/opt/rustwide/cargo-home" "-e" "RUSTUP_HOME=/opt/rustwide/rustup-home" "-w" "/opt/rustwide/workdir" "-m" "1610612736" "--user" "0:0" "--network" "none" "ghcr.io/rust-lang/crates-build-env/linux@sha256:2788e3201cd34a07e3172128adcd8b3090168a8e3bcc40d7c032b9dda1df7d1c" "/opt/rustwide/cargo-home/bin/cargo" "+beta-2023-12-22" "test" "--frozen", kill_on_drop: false }`
[INFO] [stdout] ae82cd934d68399a7a00a85fe84b3e17072c2717cb00e3ad77cfbcf1fbb3db67
[INFO] running `Command { std: "docker" "start" "-a" "ae82cd934d68399a7a00a85fe84b3e17072c2717cb00e3ad77cfbcf1fbb3db67", kill_on_drop: false }`
[INFO] [stderr]     Finished test [unoptimized + debuginfo] target(s) in 0.01s
[INFO] [stderr]    Doc-tests peace_code_gen
[INFO] [stdout] 
[INFO] [stdout] running 5 tests
[INFO] [stdout] test src/cmd/impl_build.rs - cmd::impl_build::cmd_dirs (line 1255) ... ignored
[INFO] [stdout] test src/cmd/impl_build.rs - cmd::impl_build::cmd_dirs (line 1264) ... ignored
[INFO] [stdout] test src/cmd/impl_build.rs - cmd::impl_build::cmd_dirs (line 1271) ... ignored
[INFO] [stdout] test src/cmd/struct_definition.rs - cmd::struct_definition::struct_definition (line 17) ... ignored
[INFO] [stdout] test src/lib.rs - cmd_ctx_builder_impl (line 9) ... FAILED
[INFO] [stdout] 
[INFO] [stdout] failures:
[INFO] [stdout] 
[INFO] [stdout] ---- src/lib.rs - cmd_ctx_builder_impl (line 9) stdout ----
[INFO] [stdout] error: cannot find macro `cmd_ctx_builder_impl` in this scope
[INFO] [stdout]  --> src/lib.rs:13:1
[INFO] [stdout]   |
[INFO] [stdout] 7 | cmd_ctx_builder_impl!(SingleProfileSingleFlow);
[INFO] [stdout]   | ^^^^^^^^^^^^^^^^^^^^
[INFO] [stdout]   |
[INFO] [stdout] note: `cmd_ctx_builder_impl` is imported here, but it is an attribute: `#[cmd_ctx_builder_impl]`
[INFO] [stdout]  --> src/lib.rs:11:5
[INFO] [stdout]   |
[INFO] [stdout] 5 | use peace_code_gen::cmd_ctx_builder_impl;
[INFO] [stdout]   |     ^^^^^^^^^^^^^^^^^^^^^^^^^^^^^^^^^^^^
[INFO] [stdout] 
[INFO] [stdout] error: aborting due to 1 previous error
[INFO] [stdout] 
[INFO] [stdout] Couldn't compile the test.
[INFO] [stdout] 
[INFO] [stdout] failures:
[INFO] [stdout]     src/lib.rs - cmd_ctx_builder_impl (line 9)
[INFO] [stdout] 
[INFO] [stdout] test result: FAILED. 0 passed; 1 failed; 4 ignored; 0 measured; 0 filtered out; finished in 0.06s
[INFO] [stdout] 
[INFO] [stderr] error: doctest failed, to rerun pass `--doc`
[INFO] running `Command { std: "docker" "inspect" "ae82cd934d68399a7a00a85fe84b3e17072c2717cb00e3ad77cfbcf1fbb3db67", kill_on_drop: false }`
[INFO] running `Command { std: "docker" "rm" "-f" "ae82cd934d68399a7a00a85fe84b3e17072c2717cb00e3ad77cfbcf1fbb3db67", kill_on_drop: false }`
[INFO] [stdout] ae82cd934d68399a7a00a85fe84b3e17072c2717cb00e3ad77cfbcf1fbb3db67
