[INFO] fetching crate pcast 0.3.0...
[INFO] testing pcast-0.3.0 against 1.75.0 for beta-1.76-1
[INFO] extracting crate pcast 0.3.0 into /workspace/builds/worker-7-tc1/source
[INFO] validating manifest of crates.io crate pcast 0.3.0 on toolchain 1.75.0
[INFO] running `Command { std: CARGO_HOME="/workspace/cargo-home" RUSTUP_HOME="/workspace/rustup-home" "/workspace/cargo-home/bin/cargo" "+1.75.0" "metadata" "--manifest-path" "Cargo.toml" "--no-deps", kill_on_drop: false }`
[INFO] started tweaking crates.io crate pcast 0.3.0
[INFO] finished tweaking crates.io crate pcast 0.3.0
[INFO] tweaked toml for crates.io crate pcast 0.3.0 written to /workspace/builds/worker-7-tc1/source/Cargo.toml
[INFO] running `Command { std: CARGO_HOME="/workspace/cargo-home" RUSTUP_HOME="/workspace/rustup-home" "/workspace/cargo-home/bin/cargo" "+1.75.0" "generate-lockfile" "--manifest-path" "Cargo.toml", kill_on_drop: false }`
[INFO] [stderr]     Updating crates.io index
[INFO] running `Command { std: CARGO_HOME="/workspace/cargo-home" RUSTUP_HOME="/workspace/rustup-home" "/workspace/cargo-home/bin/cargo" "+1.75.0" "fetch" "--manifest-path" "Cargo.toml", kill_on_drop: false }`
[INFO] [stderr]  Downloading crates ...
[INFO] [stderr]   Downloaded try_from v0.2.2
[INFO] running `Command { std: "docker" "create" "-v" "/var/lib/crater-agent-workspace/builds/worker-7-tc1/target:/opt/rustwide/target:rw,Z" "-v" "/var/lib/crater-agent-workspace/builds/worker-7-tc1/source:/opt/rustwide/workdir:ro,Z" "-v" "/var/lib/crater-agent-workspace/cargo-home:/opt/rustwide/cargo-home:ro,Z" "-v" "/var/lib/crater-agent-workspace/rustup-home:/opt/rustwide/rustup-home:ro,Z" "-e" "SOURCE_DIR=/opt/rustwide/workdir" "-e" "CARGO_TARGET_DIR=/opt/rustwide/target" "-e" "CARGO_HOME=/opt/rustwide/cargo-home" "-e" "RUSTUP_HOME=/opt/rustwide/rustup-home" "-w" "/opt/rustwide/workdir" "-m" "1610612736" "--user" "0:0" "--network" "none" "ghcr.io/rust-lang/crates-build-env/linux@sha256:2788e3201cd34a07e3172128adcd8b3090168a8e3bcc40d7c032b9dda1df7d1c" "/opt/rustwide/cargo-home/bin/cargo" "+1.75.0" "metadata" "--no-deps" "--format-version=1", kill_on_drop: false }`
[INFO] [stdout] 48c251f57338151cd114e1f78d7e443a1a56a44a02b18cccd06fd8e5c90fd224
[INFO] running `Command { std: "docker" "start" "-a" "48c251f57338151cd114e1f78d7e443a1a56a44a02b18cccd06fd8e5c90fd224", kill_on_drop: false }`
[INFO] running `Command { std: "docker" "inspect" "48c251f57338151cd114e1f78d7e443a1a56a44a02b18cccd06fd8e5c90fd224", kill_on_drop: false }`
[INFO] running `Command { std: "docker" "rm" "-f" "48c251f57338151cd114e1f78d7e443a1a56a44a02b18cccd06fd8e5c90fd224", kill_on_drop: false }`
[INFO] [stdout] 48c251f57338151cd114e1f78d7e443a1a56a44a02b18cccd06fd8e5c90fd224
[INFO] running `Command { std: "docker" "create" "-v" "/var/lib/crater-agent-workspace/builds/worker-7-tc1/target:/opt/rustwide/target:rw,Z" "-v" "/var/lib/crater-agent-workspace/builds/worker-7-tc1/source:/opt/rustwide/workdir:ro,Z" "-v" "/var/lib/crater-agent-workspace/cargo-home:/opt/rustwide/cargo-home:ro,Z" "-v" "/var/lib/crater-agent-workspace/rustup-home:/opt/rustwide/rustup-home:ro,Z" "-e" "SOURCE_DIR=/opt/rustwide/workdir" "-e" "CARGO_TARGET_DIR=/opt/rustwide/target" "-e" "CARGO_INCREMENTAL=0" "-e" "RUST_BACKTRACE=full" "-e" "RUSTFLAGS=--cap-lints=warn" "-e" "RUSTDOCFLAGS=--cap-lints=warn" "-e" "CARGO_HOME=/opt/rustwide/cargo-home" "-e" "RUSTUP_HOME=/opt/rustwide/rustup-home" "-w" "/opt/rustwide/workdir" "-m" "1610612736" "--user" "0:0" "--network" "none" "ghcr.io/rust-lang/crates-build-env/linux@sha256:2788e3201cd34a07e3172128adcd8b3090168a8e3bcc40d7c032b9dda1df7d1c" "/opt/rustwide/cargo-home/bin/cargo" "+1.75.0" "build" "--frozen" "--message-format=json", kill_on_drop: false }`
[INFO] [stdout] 806802ad41057d2e3516892d4c9d6e345ef493aa65584fb1a7e66f709742ffde
[INFO] running `Command { std: "docker" "start" "-a" "806802ad41057d2e3516892d4c9d6e345ef493aa65584fb1a7e66f709742ffde", kill_on_drop: false }`
[INFO] [stderr]    Compiling try_from v0.2.2
[INFO] [stderr]    Compiling pcast v0.3.0 (/opt/rustwide/workdir)
[INFO] [stderr]     Finished dev [unoptimized + debuginfo] target(s) in 0.11s
[INFO] running `Command { std: "docker" "inspect" "806802ad41057d2e3516892d4c9d6e345ef493aa65584fb1a7e66f709742ffde", kill_on_drop: false }`
[INFO] running `Command { std: "docker" "rm" "-f" "806802ad41057d2e3516892d4c9d6e345ef493aa65584fb1a7e66f709742ffde", kill_on_drop: false }`
[INFO] [stdout] 806802ad41057d2e3516892d4c9d6e345ef493aa65584fb1a7e66f709742ffde
[INFO] running `Command { std: "docker" "create" "-v" "/var/lib/crater-agent-workspace/builds/worker-7-tc1/target:/opt/rustwide/target:rw,Z" "-v" "/var/lib/crater-agent-workspace/builds/worker-7-tc1/source:/opt/rustwide/workdir:ro,Z" "-v" "/var/lib/crater-agent-workspace/cargo-home:/opt/rustwide/cargo-home:ro,Z" "-v" "/var/lib/crater-agent-workspace/rustup-home:/opt/rustwide/rustup-home:ro,Z" "-e" "SOURCE_DIR=/opt/rustwide/workdir" "-e" "CARGO_TARGET_DIR=/opt/rustwide/target" "-e" "CARGO_INCREMENTAL=0" "-e" "RUST_BACKTRACE=full" "-e" "RUSTFLAGS=--cap-lints=warn" "-e" "RUSTDOCFLAGS=--cap-lints=warn" "-e" "CARGO_HOME=/opt/rustwide/cargo-home" "-e" "RUSTUP_HOME=/opt/rustwide/rustup-home" "-w" "/opt/rustwide/workdir" "-m" "1610612736" "--user" "0:0" "--network" "none" "ghcr.io/rust-lang/crates-build-env/linux@sha256:2788e3201cd34a07e3172128adcd8b3090168a8e3bcc40d7c032b9dda1df7d1c" "/opt/rustwide/cargo-home/bin/cargo" "+1.75.0" "test" "--frozen" "--no-run" "--message-format=json", kill_on_drop: false }`
[INFO] [stdout] cedd5adbf26157c9da486b0959205a2bf39e4085e8423ca1ff9cf3ebcb0babf3
[INFO] running `Command { std: "docker" "start" "-a" "cedd5adbf26157c9da486b0959205a2bf39e4085e8423ca1ff9cf3ebcb0babf3", kill_on_drop: false }`
[INFO] [stderr]    Compiling pcast v0.3.0 (/opt/rustwide/workdir)
[INFO] [stdout] warning: use of deprecated macro `try`: use the `?` operator instead
[INFO] [stdout]    --> src/lib.rs:106:17
[INFO] [stdout]     |
[INFO] [stdout] 106 |                   try!($crate::SubtypeCheck::<$base, $sub, $cerr>::check_is_valid_subtype(&base));
[INFO] [stdout]     |                   ^^^
[INFO] [stdout] ...
[INFO] [stdout] 175 | /     subtype_of!(Packet => PingPacket | ConversionError {
[INFO] [stdout] 176 | |         Ok(())
[INFO] [stdout] 177 | |     });
[INFO] [stdout]     | |______- in this macro invocation
[INFO] [stdout]     |
[INFO] [stdout]     = note: `#[warn(deprecated)]` on by default
[INFO] [stdout]     = note: this warning originates in the macro `subtype_of` (in Nightly builds, run with -Z macro-backtrace for more info)
[INFO] [stdout] 
[INFO] [stdout] 
[INFO] [stdout] warning: use of deprecated macro `try`: use the `?` operator instead
[INFO] [stdout]    --> src/lib.rs:116:17
[INFO] [stdout]     |
[INFO] [stdout] 116 |                   try!($crate::SubtypeCheck::<$base, $sub, $cerr>::check_is_valid_subtype(base_ref));
[INFO] [stdout]     |                   ^^^
[INFO] [stdout] ...
[INFO] [stdout] 175 | /     subtype_of!(Packet => PingPacket | ConversionError {
[INFO] [stdout] 176 | |         Ok(())
[INFO] [stdout] 177 | |     });
[INFO] [stdout]     | |______- in this macro invocation
[INFO] [stdout]     |
[INFO] [stdout]     = note: this warning originates in the macro `subtype_of` (in Nightly builds, run with -Z macro-backtrace for more info)
[INFO] [stdout] 
[INFO] [stdout] 
[INFO] [stdout] warning: use of deprecated macro `try`: use the `?` operator instead
[INFO] [stdout]    --> src/lib.rs:126:17
[INFO] [stdout]     |
[INFO] [stdout] 126 |                   try!($crate::SubtypeCheck::<$base, $sub, $cerr>::check_is_valid_subtype(base_ref));
[INFO] [stdout]     |                   ^^^
[INFO] [stdout] ...
[INFO] [stdout] 175 | /     subtype_of!(Packet => PingPacket | ConversionError {
[INFO] [stdout] 176 | |         Ok(())
[INFO] [stdout] 177 | |     });
[INFO] [stdout]     | |______- in this macro invocation
[INFO] [stdout]     |
[INFO] [stdout]     = note: this warning originates in the macro `subtype_of` (in Nightly builds, run with -Z macro-backtrace for more info)
[INFO] [stdout] 
[INFO] [stdout] 
[INFO] [stdout] warning: use of deprecated macro `try`: use the `?` operator instead
[INFO] [stdout]    --> src/lib.rs:106:17
[INFO] [stdout]     |
[INFO] [stdout] 106 |                   try!($crate::SubtypeCheck::<$base, $sub, $cerr>::check_is_valid_subtype(&base));
[INFO] [stdout]     |                   ^^^
[INFO] [stdout] ...
[INFO] [stdout] 178 | /     subtype_of!(Packet => PongPacket | PongConvError {
[INFO] [stdout] 179 | |         Err(PongConvError {})
[INFO] [stdout] 180 | |     });
[INFO] [stdout]     | |______- in this macro invocation
[INFO] [stdout]     |
[INFO] [stdout]     = note: this warning originates in the macro `subtype_of` (in Nightly builds, run with -Z macro-backtrace for more info)
[INFO] [stdout] 
[INFO] [stdout] 
[INFO] [stdout] warning: use of deprecated macro `try`: use the `?` operator instead
[INFO] [stdout]    --> src/lib.rs:116:17
[INFO] [stdout]     |
[INFO] [stdout] 116 |                   try!($crate::SubtypeCheck::<$base, $sub, $cerr>::check_is_valid_subtype(base_ref));
[INFO] [stdout]     |                   ^^^
[INFO] [stdout] ...
[INFO] [stdout] 178 | /     subtype_of!(Packet => PongPacket | PongConvError {
[INFO] [stdout] 179 | |         Err(PongConvError {})
[INFO] [stdout] 180 | |     });
[INFO] [stdout]     | |______- in this macro invocation
[INFO] [stdout]     |
[INFO] [stdout]     = note: this warning originates in the macro `subtype_of` (in Nightly builds, run with -Z macro-backtrace for more info)
[INFO] [stdout] 
[INFO] [stdout] 
[INFO] [stdout] warning: use of deprecated macro `try`: use the `?` operator instead
[INFO] [stdout]    --> src/lib.rs:126:17
[INFO] [stdout]     |
[INFO] [stdout] 126 |                   try!($crate::SubtypeCheck::<$base, $sub, $cerr>::check_is_valid_subtype(base_ref));
[INFO] [stdout]     |                   ^^^
[INFO] [stdout] ...
[INFO] [stdout] 178 | /     subtype_of!(Packet => PongPacket | PongConvError {
[INFO] [stdout] 179 | |         Err(PongConvError {})
[INFO] [stdout] 180 | |     });
[INFO] [stdout]     | |______- in this macro invocation
[INFO] [stdout]     |
[INFO] [stdout]     = note: this warning originates in the macro `subtype_of` (in Nightly builds, run with -Z macro-backtrace for more info)
[INFO] [stdout] 
[INFO] [stdout] 
[INFO] [stdout] warning: use of deprecated macro `try`: use the `?` operator instead
[INFO] [stdout]    --> src/lib.rs:106:17
[INFO] [stdout]     |
[INFO] [stdout] 106 |                   try!($crate::SubtypeCheck::<$base, $sub, $cerr>::check_is_valid_subtype(&base));
[INFO] [stdout]     |                   ^^^
[INFO] [stdout] ...
[INFO] [stdout] 181 | /     subtype_of!(Packet => StatusPacket | () {
[INFO] [stdout] 182 | |         Ok(())
[INFO] [stdout] 183 | |     });
[INFO] [stdout]     | |______- in this macro invocation
[INFO] [stdout]     |
[INFO] [stdout]     = note: this warning originates in the macro `subtype_of` (in Nightly builds, run with -Z macro-backtrace for more info)
[INFO] [stdout] 
[INFO] [stdout] 
[INFO] [stdout] warning: use of deprecated macro `try`: use the `?` operator instead
[INFO] [stdout]    --> src/lib.rs:116:17
[INFO] [stdout]     |
[INFO] [stdout] 116 |                   try!($crate::SubtypeCheck::<$base, $sub, $cerr>::check_is_valid_subtype(base_ref));
[INFO] [stdout]     |                   ^^^
[INFO] [stdout] ...
[INFO] [stdout] 181 | /     subtype_of!(Packet => StatusPacket | () {
[INFO] [stdout] 182 | |         Ok(())
[INFO] [stdout] 183 | |     });
[INFO] [stdout]     | |______- in this macro invocation
[INFO] [stdout]     |
[INFO] [stdout]     = note: this warning originates in the macro `subtype_of` (in Nightly builds, run with -Z macro-backtrace for more info)
[INFO] [stdout] 
[INFO] [stdout] 
[INFO] [stdout] warning: use of deprecated macro `try`: use the `?` operator instead
[INFO] [stdout]    --> src/lib.rs:126:17
[INFO] [stdout]     |
[INFO] [stdout] 126 |                   try!($crate::SubtypeCheck::<$base, $sub, $cerr>::check_is_valid_subtype(base_ref));
[INFO] [stdout]     |                   ^^^
[INFO] [stdout] ...
[INFO] [stdout] 181 | /     subtype_of!(Packet => StatusPacket | () {
[INFO] [stdout] 182 | |         Ok(())
[INFO] [stdout] 183 | |     });
[INFO] [stdout]     | |______- in this macro invocation
[INFO] [stdout]     |
[INFO] [stdout]     = note: this warning originates in the macro `subtype_of` (in Nightly builds, run with -Z macro-backtrace for more info)
[INFO] [stdout] 
[INFO] [stdout] 
[INFO] [stdout] warning: variable does not need to be mutable
[INFO] [stdout]    --> src/lib.rs:235:13
[INFO] [stdout]     |
[INFO] [stdout] 235 |         let mut status_mut_ref: &mut StatusPacket = (&mut owned).try_into().unwrap();
[INFO] [stdout]     |             ----^^^^^^^^^^^^^^
[INFO] [stdout]     |             |
[INFO] [stdout]     |             help: remove this `mut`
[INFO] [stdout]     |
[INFO] [stdout]     = note: `#[warn(unused_mut)]` on by default
[INFO] [stdout] 
[INFO] [stdout] 
[INFO] [stdout] warning: variable does not need to be mutable
[INFO] [stdout]    --> src/lib.rs:258:13
[INFO] [stdout]     |
[INFO] [stdout] 258 |         let mut status_mut_view: &mut StatusPacket = pref.try_into().unwrap();
[INFO] [stdout]     |             ----^^^^^^^^^^^^^^^
[INFO] [stdout]     |             |
[INFO] [stdout]     |             help: remove this `mut`
[INFO] [stdout] 
[INFO] [stdout] 
[INFO] [stdout] warning: variable does not need to be mutable
[INFO] [stdout]    --> src/lib.rs:275:13
[INFO] [stdout]     |
[INFO] [stdout] 275 |         let mut status_mut_view: &mut StatusPacket = (&mut owned).try_into().unwrap();
[INFO] [stdout]     |             ----^^^^^^^^^^^^^^^
[INFO] [stdout]     |             |
[INFO] [stdout]     |             help: remove this `mut`
[INFO] [stdout] 
[INFO] [stdout] 
[INFO] [stdout] warning: 12 warnings emitted
[INFO] [stdout] 
[INFO] [stdout] 
[INFO] [stderr]     Finished test [unoptimized + debuginfo] target(s) in 0.27s
[INFO] running `Command { std: "docker" "inspect" "cedd5adbf26157c9da486b0959205a2bf39e4085e8423ca1ff9cf3ebcb0babf3", kill_on_drop: false }`
[INFO] running `Command { std: "docker" "rm" "-f" "cedd5adbf26157c9da486b0959205a2bf39e4085e8423ca1ff9cf3ebcb0babf3", kill_on_drop: false }`
[INFO] [stdout] cedd5adbf26157c9da486b0959205a2bf39e4085e8423ca1ff9cf3ebcb0babf3
[INFO] running `Command { std: "docker" "create" "-v" "/var/lib/crater-agent-workspace/builds/worker-7-tc1/target:/opt/rustwide/target:rw,Z" "-v" "/var/lib/crater-agent-workspace/builds/worker-7-tc1/source:/opt/rustwide/workdir:ro,Z" "-v" "/var/lib/crater-agent-workspace/cargo-home:/opt/rustwide/cargo-home:ro,Z" "-v" "/var/lib/crater-agent-workspace/rustup-home:/opt/rustwide/rustup-home:ro,Z" "-e" "SOURCE_DIR=/opt/rustwide/workdir" "-e" "CARGO_TARGET_DIR=/opt/rustwide/target" "-e" "CARGO_INCREMENTAL=0" "-e" "RUST_BACKTRACE=full" "-e" "RUSTFLAGS=--cap-lints=warn" "-e" "RUSTDOCFLAGS=--cap-lints=warn" "-e" "CARGO_HOME=/opt/rustwide/cargo-home" "-e" "RUSTUP_HOME=/opt/rustwide/rustup-home" "-w" "/opt/rustwide/workdir" "-m" "1610612736" "--user" "0:0" "--network" "none" "ghcr.io/rust-lang/crates-build-env/linux@sha256:2788e3201cd34a07e3172128adcd8b3090168a8e3bcc40d7c032b9dda1df7d1c" "/opt/rustwide/cargo-home/bin/cargo" "+1.75.0" "test" "--frozen", kill_on_drop: false }`
[INFO] [stdout] 035d65be9e7ba2c340f165c4acb8ee98bc60755ddcd0b8c4267ec369900dfcc5
[INFO] running `Command { std: "docker" "start" "-a" "035d65be9e7ba2c340f165c4acb8ee98bc60755ddcd0b8c4267ec369900dfcc5", kill_on_drop: false }`
[INFO] [stderr] warning: use of deprecated macro `try`: use the `?` operator instead
[INFO] [stderr]    --> src/lib.rs:106:17
[INFO] [stderr]     |
[INFO] [stderr] 106 |                   try!($crate::SubtypeCheck::<$base, $sub, $cerr>::check_is_valid_subtype(&base));
[INFO] [stderr]     |                   ^^^
[INFO] [stderr] ...
[INFO] [stderr] 175 | /     subtype_of!(Packet => PingPacket | ConversionError {
[INFO] [stderr] 176 | |         Ok(())
[INFO] [stderr] 177 | |     });
[INFO] [stderr]     | |______- in this macro invocation
[INFO] [stderr]     |
[INFO] [stderr]     = note: `#[warn(deprecated)]` on by default
[INFO] [stderr]     = note: this warning originates in the macro `subtype_of` (in Nightly builds, run with -Z macro-backtrace for more info)
[INFO] [stderr] 
[INFO] [stderr] warning: use of deprecated macro `try`: use the `?` operator instead
[INFO] [stderr]    --> src/lib.rs:116:17
[INFO] [stderr]     |
[INFO] [stderr] 116 |                   try!($crate::SubtypeCheck::<$base, $sub, $cerr>::check_is_valid_subtype(base_ref));
[INFO] [stderr]     |                   ^^^
[INFO] [stderr] ...
[INFO] [stderr] 175 | /     subtype_of!(Packet => PingPacket | ConversionError {
[INFO] [stderr] 176 | |         Ok(())
[INFO] [stderr] 177 | |     });
[INFO] [stderr]     | |______- in this macro invocation
[INFO] [stderr]     |
[INFO] [stderr]     = note: this warning originates in the macro `subtype_of` (in Nightly builds, run with -Z macro-backtrace for more info)
[INFO] [stderr] 
[INFO] [stderr] warning: use of deprecated macro `try`: use the `?` operator instead
[INFO] [stderr]    --> src/lib.rs:126:17
[INFO] [stderr]     |
[INFO] [stderr] 126 |                   try!($crate::SubtypeCheck::<$base, $sub, $cerr>::check_is_valid_subtype(base_ref));
[INFO] [stderr]     |                   ^^^
[INFO] [stderr] ...
[INFO] [stderr] 175 | /     subtype_of!(Packet => PingPacket | ConversionError {
[INFO] [stderr] 176 | |         Ok(())
[INFO] [stderr] 177 | |     });
[INFO] [stderr]     | |______- in this macro invocation
[INFO] [stderr]     |
[INFO] [stderr]     = note: this warning originates in the macro `subtype_of` (in Nightly builds, run with -Z macro-backtrace for more info)
[INFO] [stderr] 
[INFO] [stderr] warning: use of deprecated macro `try`: use the `?` operator instead
[INFO] [stderr]    --> src/lib.rs:106:17
[INFO] [stderr]     |
[INFO] [stderr] 106 |                   try!($crate::SubtypeCheck::<$base, $sub, $cerr>::check_is_valid_subtype(&base));
[INFO] [stderr]     |                   ^^^
[INFO] [stderr] ...
[INFO] [stderr] 178 | /     subtype_of!(Packet => PongPacket | PongConvError {
[INFO] [stderr] 179 | |         Err(PongConvError {})
[INFO] [stderr] 180 | |     });
[INFO] [stderr]     | |______- in this macro invocation
[INFO] [stderr]     |
[INFO] [stderr]     = note: this warning originates in the macro `subtype_of` (in Nightly builds, run with -Z macro-backtrace for more info)
[INFO] [stderr] 
[INFO] [stderr] warning: use of deprecated macro `try`: use the `?` operator instead
[INFO] [stderr]    --> src/lib.rs:116:17
[INFO] [stderr]     |
[INFO] [stderr] 116 |                   try!($crate::SubtypeCheck::<$base, $sub, $cerr>::check_is_valid_subtype(base_ref));
[INFO] [stderr]     |                   ^^^
[INFO] [stderr] ...
[INFO] [stderr] 178 | /     subtype_of!(Packet => PongPacket | PongConvError {
[INFO] [stderr] 179 | |         Err(PongConvError {})
[INFO] [stderr] 180 | |     });
[INFO] [stderr]     | |______- in this macro invocation
[INFO] [stderr]     |
[INFO] [stderr]     = note: this warning originates in the macro `subtype_of` (in Nightly builds, run with -Z macro-backtrace for more info)
[INFO] [stderr] 
[INFO] [stderr] warning: use of deprecated macro `try`: use the `?` operator instead
[INFO] [stderr]    --> src/lib.rs:126:17
[INFO] [stderr]     |
[INFO] [stderr] 126 |                   try!($crate::SubtypeCheck::<$base, $sub, $cerr>::check_is_valid_subtype(base_ref));
[INFO] [stderr]     |                   ^^^
[INFO] [stderr] ...
[INFO] [stderr] 178 | /     subtype_of!(Packet => PongPacket | PongConvError {
[INFO] [stderr] 179 | |         Err(PongConvError {})
[INFO] [stderr] 180 | |     });
[INFO] [stderr]     | |______- in this macro invocation
[INFO] [stderr]     |
[INFO] [stderr]     = note: this warning originates in the macro `subtype_of` (in Nightly builds, run with -Z macro-backtrace for more info)
[INFO] [stderr] 
[INFO] [stderr] warning: use of deprecated macro `try`: use the `?` operator instead
[INFO] [stderr]    --> src/lib.rs:106:17
[INFO] [stderr]     |
[INFO] [stderr] 106 |                   try!($crate::SubtypeCheck::<$base, $sub, $cerr>::check_is_valid_subtype(&base));
[INFO] [stderr]     |                   ^^^
[INFO] [stderr] ...
[INFO] [stderr] 181 | /     subtype_of!(Packet => StatusPacket | () {
[INFO] [stderr] 182 | |         Ok(())
[INFO] [stderr] 183 | |     });
[INFO] [stderr]     | |______- in this macro invocation
[INFO] [stderr]     |
[INFO] [stderr]     = note: this warning originates in the macro `subtype_of` (in Nightly builds, run with -Z macro-backtrace for more info)
[INFO] [stderr] 
[INFO] [stderr] warning: use of deprecated macro `try`: use the `?` operator instead
[INFO] [stderr]    --> src/lib.rs:116:17
[INFO] [stderr]     |
[INFO] [stderr] 116 |                   try!($crate::SubtypeCheck::<$base, $sub, $cerr>::check_is_valid_subtype(base_ref));
[INFO] [stderr]     |                   ^^^
[INFO] [stderr] ...
[INFO] [stderr] 181 | /     subtype_of!(Packet => StatusPacket | () {
[INFO] [stderr] 182 | |         Ok(())
[INFO] [stderr] 183 | |     });
[INFO] [stderr]     | |______- in this macro invocation
[INFO] [stderr]     |
[INFO] [stderr]     = note: this warning originates in the macro `subtype_of` (in Nightly builds, run with -Z macro-backtrace for more info)
[INFO] [stderr] 
[INFO] [stderr] warning: use of deprecated macro `try`: use the `?` operator instead
[INFO] [stderr]    --> src/lib.rs:126:17
[INFO] [stderr]     |
[INFO] [stderr] 126 |                   try!($crate::SubtypeCheck::<$base, $sub, $cerr>::check_is_valid_subtype(base_ref));
[INFO] [stderr]     |                   ^^^
[INFO] [stderr] ...
[INFO] [stderr] 181 | /     subtype_of!(Packet => StatusPacket | () {
[INFO] [stderr] 182 | |         Ok(())
[INFO] [stderr] 183 | |     });
[INFO] [stderr]     | |______- in this macro invocation
[INFO] [stderr]     |
[INFO] [stderr]     = note: this warning originates in the macro `subtype_of` (in Nightly builds, run with -Z macro-backtrace for more info)
[INFO] [stderr] 
[INFO] [stderr] warning: variable does not need to be mutable
[INFO] [stderr]    --> src/lib.rs:235:13
[INFO] [stderr]     |
[INFO] [stderr] 235 |         let mut status_mut_ref: &mut StatusPacket = (&mut owned).try_into().unwrap();
[INFO] [stderr]     |             ----^^^^^^^^^^^^^^
[INFO] [stderr]     |             |
[INFO] [stderr]     |             help: remove this `mut`
[INFO] [stderr]     |
[INFO] [stderr]     = note: `#[warn(unused_mut)]` on by default
[INFO] [stderr] 
[INFO] [stderr] warning: variable does not need to be mutable
[INFO] [stderr]    --> src/lib.rs:258:13
[INFO] [stderr]     |
[INFO] [stderr] 258 |         let mut status_mut_view: &mut StatusPacket = pref.try_into().unwrap();
[INFO] [stderr]     |             ----^^^^^^^^^^^^^^^
[INFO] [stderr]     |             |
[INFO] [stderr]     |             help: remove this `mut`
[INFO] [stderr] 
[INFO] [stderr] warning: variable does not need to be mutable
[INFO] [stderr]    --> src/lib.rs:275:13
[INFO] [stderr]     |
[INFO] [stderr] 275 |         let mut status_mut_view: &mut StatusPacket = (&mut owned).try_into().unwrap();
[INFO] [stderr]     |             ----^^^^^^^^^^^^^^^
[INFO] [stderr]     |             |
[INFO] [stderr]     |             help: remove this `mut`
[INFO] [stderr] 
[INFO] [stderr] warning: `pcast` (lib test) generated 12 warnings (run `cargo fix --lib -p pcast --tests` to apply 3 suggestions)
[INFO] [stderr]     Finished test [unoptimized + debuginfo] target(s) in 0.00s
[INFO] [stderr]      Running unittests src/lib.rs (/opt/rustwide/target/debug/deps/pcast-6c562dd8419ec3f6)
[INFO] [stdout] 
[INFO] [stdout] running 5 tests
[INFO] [stdout] test test::call_base_and_sub_methods ... ok
[INFO] [stdout] test test::send_from_ref ... ok
[INFO] [stdout] test test::test_send ... ok
[INFO] [stdout] test test::create_from_immutable_ref ... ok
[INFO] [stdout] test test::use_owned_status ... ok
[INFO] [stdout] 
[INFO] [stdout] test result: ok. 5 passed; 0 failed; 0 ignored; 0 measured; 0 filtered out; finished in 0.00s
[INFO] [stdout] 
[INFO] [stderr]    Doc-tests pcast
[INFO] [stdout] 
[INFO] [stdout] running 2 tests
[INFO] [stdout] test src/lib.rs - subtype_of (line 72) - compile ... FAILED
[INFO] [stdout] test src/lib.rs - (line 8) ... ok
[INFO] [stdout] 
[INFO] [stdout] failures:
[INFO] [stdout] 
[INFO] [stdout] ---- src/lib.rs - subtype_of (line 72) stdout ----
[INFO] [stdout] error: cannot find macro `subtype_of` in this scope
[INFO] [stdout]  --> src/lib.rs:73:1
[INFO] [stdout]   |
[INFO] [stdout] 3 | subtype_of!(Base => Sub | Error { ... })
[INFO] [stdout]   | ^^^^^^^^^^
[INFO] [stdout] 
[INFO] [stdout] error: aborting due to previous error
[INFO] [stdout] 
[INFO] [stdout] Couldn't compile the test.
[INFO] [stdout] 
[INFO] [stdout] failures:
[INFO] [stdout]     src/lib.rs - subtype_of (line 72)
[INFO] [stdout] 
[INFO] [stdout] test result: FAILED. 1 passed; 1 failed; 0 ignored; 0 measured; 0 filtered out; finished in 0.16s
[INFO] [stdout] 
[INFO] [stderr] error: doctest failed, to rerun pass `--doc`
[INFO] running `Command { std: "docker" "inspect" "035d65be9e7ba2c340f165c4acb8ee98bc60755ddcd0b8c4267ec369900dfcc5", kill_on_drop: false }`
[INFO] running `Command { std: "docker" "rm" "-f" "035d65be9e7ba2c340f165c4acb8ee98bc60755ddcd0b8c4267ec369900dfcc5", kill_on_drop: false }`
[INFO] [stdout] 035d65be9e7ba2c340f165c4acb8ee98bc60755ddcd0b8c4267ec369900dfcc5
[INFO] testing pcast-0.3.0 against beta-2023-12-22 for beta-1.76-1
[INFO] extracting crate pcast 0.3.0 into /workspace/builds/worker-7-tc2/source
[INFO] validating manifest of crates.io crate pcast 0.3.0 on toolchain beta-2023-12-22
[INFO] running `Command { std: CARGO_HOME="/workspace/cargo-home" RUSTUP_HOME="/workspace/rustup-home" "/workspace/cargo-home/bin/cargo" "+beta-2023-12-22" "metadata" "--manifest-path" "Cargo.toml" "--no-deps", kill_on_drop: false }`
[INFO] started tweaking crates.io crate pcast 0.3.0
[INFO] finished tweaking crates.io crate pcast 0.3.0
[INFO] tweaked toml for crates.io crate pcast 0.3.0 written to /workspace/builds/worker-7-tc2/source/Cargo.toml
[INFO] running `Command { std: CARGO_HOME="/workspace/cargo-home" RUSTUP_HOME="/workspace/rustup-home" "/workspace/cargo-home/bin/cargo" "+beta-2023-12-22" "generate-lockfile" "--manifest-path" "Cargo.toml", kill_on_drop: false }`
[INFO] [stderr]     Updating crates.io index
[INFO] running `Command { std: CARGO_HOME="/workspace/cargo-home" RUSTUP_HOME="/workspace/rustup-home" "/workspace/cargo-home/bin/cargo" "+beta-2023-12-22" "fetch" "--manifest-path" "Cargo.toml", kill_on_drop: false }`
[INFO] running `Command { std: "docker" "create" "-v" "/var/lib/crater-agent-workspace/builds/worker-7-tc2/target:/opt/rustwide/target:rw,Z" "-v" "/var/lib/crater-agent-workspace/builds/worker-7-tc2/source:/opt/rustwide/workdir:ro,Z" "-v" "/var/lib/crater-agent-workspace/cargo-home:/opt/rustwide/cargo-home:ro,Z" "-v" "/var/lib/crater-agent-workspace/rustup-home:/opt/rustwide/rustup-home:ro,Z" "-e" "SOURCE_DIR=/opt/rustwide/workdir" "-e" "CARGO_TARGET_DIR=/opt/rustwide/target" "-e" "CARGO_HOME=/opt/rustwide/cargo-home" "-e" "RUSTUP_HOME=/opt/rustwide/rustup-home" "-w" "/opt/rustwide/workdir" "-m" "1610612736" "--user" "0:0" "--network" "none" "ghcr.io/rust-lang/crates-build-env/linux@sha256:2788e3201cd34a07e3172128adcd8b3090168a8e3bcc40d7c032b9dda1df7d1c" "/opt/rustwide/cargo-home/bin/cargo" "+beta-2023-12-22" "metadata" "--no-deps" "--format-version=1", kill_on_drop: false }`
[INFO] [stdout] 711b2abeb63b841cb2fa03c9c809408689a85136641dceef0a4e2440cc9f9c7e
[INFO] running `Command { std: "docker" "start" "-a" "711b2abeb63b841cb2fa03c9c809408689a85136641dceef0a4e2440cc9f9c7e", kill_on_drop: false }`
[INFO] running `Command { std: "docker" "inspect" "711b2abeb63b841cb2fa03c9c809408689a85136641dceef0a4e2440cc9f9c7e", kill_on_drop: false }`
[INFO] running `Command { std: "docker" "rm" "-f" "711b2abeb63b841cb2fa03c9c809408689a85136641dceef0a4e2440cc9f9c7e", kill_on_drop: false }`
[INFO] [stdout] 711b2abeb63b841cb2fa03c9c809408689a85136641dceef0a4e2440cc9f9c7e
[INFO] running `Command { std: "docker" "create" "-v" "/var/lib/crater-agent-workspace/builds/worker-7-tc2/target:/opt/rustwide/target:rw,Z" "-v" "/var/lib/crater-agent-workspace/builds/worker-7-tc2/source:/opt/rustwide/workdir:ro,Z" "-v" "/var/lib/crater-agent-workspace/cargo-home:/opt/rustwide/cargo-home:ro,Z" "-v" "/var/lib/crater-agent-workspace/rustup-home:/opt/rustwide/rustup-home:ro,Z" "-e" "SOURCE_DIR=/opt/rustwide/workdir" "-e" "CARGO_TARGET_DIR=/opt/rustwide/target" "-e" "CARGO_INCREMENTAL=0" "-e" "RUST_BACKTRACE=full" "-e" "RUSTFLAGS=--cap-lints=warn" "-e" "RUSTDOCFLAGS=--cap-lints=warn" "-e" "CARGO_HOME=/opt/rustwide/cargo-home" "-e" "RUSTUP_HOME=/opt/rustwide/rustup-home" "-w" "/opt/rustwide/workdir" "-m" "1610612736" "--user" "0:0" "--network" "none" "ghcr.io/rust-lang/crates-build-env/linux@sha256:2788e3201cd34a07e3172128adcd8b3090168a8e3bcc40d7c032b9dda1df7d1c" "/opt/rustwide/cargo-home/bin/cargo" "+beta-2023-12-22" "build" "--frozen" "--message-format=json", kill_on_drop: false }`
[INFO] [stdout] 6d6361fec01621717ad31808bb500c6fb226ab47f1d8e542c195c73363e29146
[INFO] running `Command { std: "docker" "start" "-a" "6d6361fec01621717ad31808bb500c6fb226ab47f1d8e542c195c73363e29146", kill_on_drop: false }`
[INFO] [stderr]    Compiling try_from v0.2.2
[INFO] [stderr]    Compiling pcast v0.3.0 (/opt/rustwide/workdir)
[INFO] [stderr]     Finished dev [unoptimized + debuginfo] target(s) in 0.11s
[INFO] running `Command { std: "docker" "inspect" "6d6361fec01621717ad31808bb500c6fb226ab47f1d8e542c195c73363e29146", kill_on_drop: false }`
[INFO] running `Command { std: "docker" "rm" "-f" "6d6361fec01621717ad31808bb500c6fb226ab47f1d8e542c195c73363e29146", kill_on_drop: false }`
[INFO] [stdout] 6d6361fec01621717ad31808bb500c6fb226ab47f1d8e542c195c73363e29146
[INFO] running `Command { std: "docker" "create" "-v" "/var/lib/crater-agent-workspace/builds/worker-7-tc2/target:/opt/rustwide/target:rw,Z" "-v" "/var/lib/crater-agent-workspace/builds/worker-7-tc2/source:/opt/rustwide/workdir:ro,Z" "-v" "/var/lib/crater-agent-workspace/cargo-home:/opt/rustwide/cargo-home:ro,Z" "-v" "/var/lib/crater-agent-workspace/rustup-home:/opt/rustwide/rustup-home:ro,Z" "-e" "SOURCE_DIR=/opt/rustwide/workdir" "-e" "CARGO_TARGET_DIR=/opt/rustwide/target" "-e" "CARGO_INCREMENTAL=0" "-e" "RUST_BACKTRACE=full" "-e" "RUSTFLAGS=--cap-lints=warn" "-e" "RUSTDOCFLAGS=--cap-lints=warn" "-e" "CARGO_HOME=/opt/rustwide/cargo-home" "-e" "RUSTUP_HOME=/opt/rustwide/rustup-home" "-w" "/opt/rustwide/workdir" "-m" "1610612736" "--user" "0:0" "--network" "none" "ghcr.io/rust-lang/crates-build-env/linux@sha256:2788e3201cd34a07e3172128adcd8b3090168a8e3bcc40d7c032b9dda1df7d1c" "/opt/rustwide/cargo-home/bin/cargo" "+beta-2023-12-22" "test" "--frozen" "--no-run" "--message-format=json", kill_on_drop: false }`
[INFO] [stdout] 546493b095f410bf674bb4da476af7ce08faf52b77d9d1735ed4437e76125ec8
[INFO] running `Command { std: "docker" "start" "-a" "546493b095f410bf674bb4da476af7ce08faf52b77d9d1735ed4437e76125ec8", kill_on_drop: false }`
[INFO] [stderr]    Compiling pcast v0.3.0 (/opt/rustwide/workdir)
[INFO] [stdout] warning: use of deprecated macro `try`: use the `?` operator instead
[INFO] [stdout]    --> src/lib.rs:106:17
[INFO] [stdout]     |
[INFO] [stdout] 106 |                   try!($crate::SubtypeCheck::<$base, $sub, $cerr>::check_is_valid_subtype(&base));
[INFO] [stdout]     |                   ^^^
[INFO] [stdout] ...
[INFO] [stdout] 175 | /     subtype_of!(Packet => PingPacket | ConversionError {
[INFO] [stdout] 176 | |         Ok(())
[INFO] [stdout] 177 | |     });
[INFO] [stdout]     | |______- in this macro invocation
[INFO] [stdout]     |
[INFO] [stdout]     = note: `#[warn(deprecated)]` on by default
[INFO] [stdout]     = note: this warning originates in the macro `subtype_of` (in Nightly builds, run with -Z macro-backtrace for more info)
[INFO] [stdout] 
[INFO] [stdout] 
[INFO] [stdout] warning: use of deprecated macro `try`: use the `?` operator instead
[INFO] [stdout]    --> src/lib.rs:116:17
[INFO] [stdout]     |
[INFO] [stdout] 116 |                   try!($crate::SubtypeCheck::<$base, $sub, $cerr>::check_is_valid_subtype(base_ref));
[INFO] [stdout]     |                   ^^^
[INFO] [stdout] ...
[INFO] [stdout] 175 | /     subtype_of!(Packet => PingPacket | ConversionError {
[INFO] [stdout] 176 | |         Ok(())
[INFO] [stdout] 177 | |     });
[INFO] [stdout]     | |______- in this macro invocation
[INFO] [stdout]     |
[INFO] [stdout]     = note: this warning originates in the macro `subtype_of` (in Nightly builds, run with -Z macro-backtrace for more info)
[INFO] [stdout] 
[INFO] [stdout] 
[INFO] [stdout] warning: use of deprecated macro `try`: use the `?` operator instead
[INFO] [stdout]    --> src/lib.rs:126:17
[INFO] [stdout]     |
[INFO] [stdout] 126 |                   try!($crate::SubtypeCheck::<$base, $sub, $cerr>::check_is_valid_subtype(base_ref));
[INFO] [stdout]     |                   ^^^
[INFO] [stdout] ...
[INFO] [stdout] 175 | /     subtype_of!(Packet => PingPacket | ConversionError {
[INFO] [stdout] 176 | |         Ok(())
[INFO] [stdout] 177 | |     });
[INFO] [stdout]     | |______- in this macro invocation
[INFO] [stdout]     |
[INFO] [stdout]     = note: this warning originates in the macro `subtype_of` (in Nightly builds, run with -Z macro-backtrace for more info)
[INFO] [stdout] 
[INFO] [stdout] 
[INFO] [stdout] warning: use of deprecated macro `try`: use the `?` operator instead
[INFO] [stdout]    --> src/lib.rs:106:17
[INFO] [stdout]     |
[INFO] [stdout] 106 |                   try!($crate::SubtypeCheck::<$base, $sub, $cerr>::check_is_valid_subtype(&base));
[INFO] [stdout]     |                   ^^^
[INFO] [stdout] ...
[INFO] [stdout] 178 | /     subtype_of!(Packet => PongPacket | PongConvError {
[INFO] [stdout] 179 | |         Err(PongConvError {})
[INFO] [stdout] 180 | |     });
[INFO] [stdout]     | |______- in this macro invocation
[INFO] [stdout]     |
[INFO] [stdout]     = note: this warning originates in the macro `subtype_of` (in Nightly builds, run with -Z macro-backtrace for more info)
[INFO] [stdout] 
[INFO] [stdout] 
[INFO] [stdout] warning: use of deprecated macro `try`: use the `?` operator instead
[INFO] [stdout]    --> src/lib.rs:116:17
[INFO] [stdout]     |
[INFO] [stdout] 116 |                   try!($crate::SubtypeCheck::<$base, $sub, $cerr>::check_is_valid_subtype(base_ref));
[INFO] [stdout]     |                   ^^^
[INFO] [stdout] ...
[INFO] [stdout] 178 | /     subtype_of!(Packet => PongPacket | PongConvError {
[INFO] [stdout] 179 | |         Err(PongConvError {})
[INFO] [stdout] 180 | |     });
[INFO] [stdout]     | |______- in this macro invocation
[INFO] [stdout]     |
[INFO] [stdout]     = note: this warning originates in the macro `subtype_of` (in Nightly builds, run with -Z macro-backtrace for more info)
[INFO] [stdout] 
[INFO] [stdout] 
[INFO] [stdout] warning: use of deprecated macro `try`: use the `?` operator instead
[INFO] [stdout]    --> src/lib.rs:126:17
[INFO] [stdout]     |
[INFO] [stdout] 126 |                   try!($crate::SubtypeCheck::<$base, $sub, $cerr>::check_is_valid_subtype(base_ref));
[INFO] [stdout]     |                   ^^^
[INFO] [stdout] ...
[INFO] [stdout] 178 | /     subtype_of!(Packet => PongPacket | PongConvError {
[INFO] [stdout] 179 | |         Err(PongConvError {})
[INFO] [stdout] 180 | |     });
[INFO] [stdout]     | |______- in this macro invocation
[INFO] [stdout]     |
[INFO] [stdout]     = note: this warning originates in the macro `subtype_of` (in Nightly builds, run with -Z macro-backtrace for more info)
[INFO] [stdout] 
[INFO] [stdout] 
[INFO] [stdout] warning: use of deprecated macro `try`: use the `?` operator instead
[INFO] [stdout]    --> src/lib.rs:106:17
[INFO] [stdout]     |
[INFO] [stdout] 106 |                   try!($crate::SubtypeCheck::<$base, $sub, $cerr>::check_is_valid_subtype(&base));
[INFO] [stdout]     |                   ^^^
[INFO] [stdout] ...
[INFO] [stdout] 181 | /     subtype_of!(Packet => StatusPacket | () {
[INFO] [stdout] 182 | |         Ok(())
[INFO] [stdout] 183 | |     });
[INFO] [stdout]     | |______- in this macro invocation
[INFO] [stdout]     |
[INFO] [stdout]     = note: this warning originates in the macro `subtype_of` (in Nightly builds, run with -Z macro-backtrace for more info)
[INFO] [stdout] 
[INFO] [stdout] 
[INFO] [stdout] warning: use of deprecated macro `try`: use the `?` operator instead
[INFO] [stdout]    --> src/lib.rs:116:17
[INFO] [stdout]     |
[INFO] [stdout] 116 |                   try!($crate::SubtypeCheck::<$base, $sub, $cerr>::check_is_valid_subtype(base_ref));
[INFO] [stdout]     |                   ^^^
[INFO] [stdout] ...
[INFO] [stdout] 181 | /     subtype_of!(Packet => StatusPacket | () {
[INFO] [stdout] 182 | |         Ok(())
[INFO] [stdout] 183 | |     });
[INFO] [stdout]     | |______- in this macro invocation
[INFO] [stdout]     |
[INFO] [stdout]     = note: this warning originates in the macro `subtype_of` (in Nightly builds, run with -Z macro-backtrace for more info)
[INFO] [stdout] 
[INFO] [stdout] 
[INFO] [stdout] warning: use of deprecated macro `try`: use the `?` operator instead
[INFO] [stdout]    --> src/lib.rs:126:17
[INFO] [stdout]     |
[INFO] [stdout] 126 |                   try!($crate::SubtypeCheck::<$base, $sub, $cerr>::check_is_valid_subtype(base_ref));
[INFO] [stdout]     |                   ^^^
[INFO] [stdout] ...
[INFO] [stdout] 181 | /     subtype_of!(Packet => StatusPacket | () {
[INFO] [stdout] 182 | |         Ok(())
[INFO] [stdout] 183 | |     });
[INFO] [stdout]     | |______- in this macro invocation
[INFO] [stdout]     |
[INFO] [stdout]     = note: this warning originates in the macro `subtype_of` (in Nightly builds, run with -Z macro-backtrace for more info)
[INFO] [stdout] 
[INFO] [stdout] 
[INFO] [stdout] warning: variable does not need to be mutable
[INFO] [stdout]    --> src/lib.rs:235:13
[INFO] [stdout]     |
[INFO] [stdout] 235 |         let mut status_mut_ref: &mut StatusPacket = (&mut owned).try_into().unwrap();
[INFO] [stdout]     |             ----^^^^^^^^^^^^^^
[INFO] [stdout]     |             |
[INFO] [stdout]     |             help: remove this `mut`
[INFO] [stdout]     |
[INFO] [stdout]     = note: `#[warn(unused_mut)]` on by default
[INFO] [stdout] 
[INFO] [stdout] 
[INFO] [stdout] warning: variable does not need to be mutable
[INFO] [stdout]    --> src/lib.rs:258:13
[INFO] [stdout]     |
[INFO] [stdout] 258 |         let mut status_mut_view: &mut StatusPacket = pref.try_into().unwrap();
[INFO] [stdout]     |             ----^^^^^^^^^^^^^^^
[INFO] [stdout]     |             |
[INFO] [stdout]     |             help: remove this `mut`
[INFO] [stdout] 
[INFO] [stdout] 
[INFO] [stdout] warning: variable does not need to be mutable
[INFO] [stdout]    --> src/lib.rs:275:13
[INFO] [stdout]     |
[INFO] [stdout] 275 |         let mut status_mut_view: &mut StatusPacket = (&mut owned).try_into().unwrap();
[INFO] [stdout]     |             ----^^^^^^^^^^^^^^^
[INFO] [stdout]     |             |
[INFO] [stdout]     |             help: remove this `mut`
[INFO] [stdout] 
[INFO] [stdout] 
[INFO] [stdout] warning: 12 warnings emitted
[INFO] [stdout] 
[INFO] [stdout] 
[INFO] [stderr]     Finished test [unoptimized + debuginfo] target(s) in 0.26s
[INFO] running `Command { std: "docker" "inspect" "546493b095f410bf674bb4da476af7ce08faf52b77d9d1735ed4437e76125ec8", kill_on_drop: false }`
[INFO] running `Command { std: "docker" "rm" "-f" "546493b095f410bf674bb4da476af7ce08faf52b77d9d1735ed4437e76125ec8", kill_on_drop: false }`
[INFO] [stdout] 546493b095f410bf674bb4da476af7ce08faf52b77d9d1735ed4437e76125ec8
[INFO] running `Command { std: "docker" "create" "-v" "/var/lib/crater-agent-workspace/builds/worker-7-tc2/target:/opt/rustwide/target:rw,Z" "-v" "/var/lib/crater-agent-workspace/builds/worker-7-tc2/source:/opt/rustwide/workdir:ro,Z" "-v" "/var/lib/crater-agent-workspace/cargo-home:/opt/rustwide/cargo-home:ro,Z" "-v" "/var/lib/crater-agent-workspace/rustup-home:/opt/rustwide/rustup-home:ro,Z" "-e" "SOURCE_DIR=/opt/rustwide/workdir" "-e" "CARGO_TARGET_DIR=/opt/rustwide/target" "-e" "CARGO_INCREMENTAL=0" "-e" "RUST_BACKTRACE=full" "-e" "RUSTFLAGS=--cap-lints=warn" "-e" "RUSTDOCFLAGS=--cap-lints=warn" "-e" "CARGO_HOME=/opt/rustwide/cargo-home" "-e" "RUSTUP_HOME=/opt/rustwide/rustup-home" "-w" "/opt/rustwide/workdir" "-m" "1610612736" "--user" "0:0" "--network" "none" "ghcr.io/rust-lang/crates-build-env/linux@sha256:2788e3201cd34a07e3172128adcd8b3090168a8e3bcc40d7c032b9dda1df7d1c" "/opt/rustwide/cargo-home/bin/cargo" "+beta-2023-12-22" "test" "--frozen", kill_on_drop: false }`
[INFO] [stdout] ed90dd1b9edded02b146292b0189bff35937640bb7090cf0a857c5ded73f4939
[INFO] running `Command { std: "docker" "start" "-a" "ed90dd1b9edded02b146292b0189bff35937640bb7090cf0a857c5ded73f4939", kill_on_drop: false }`
[INFO] [stderr] warning: use of deprecated macro `try`: use the `?` operator instead
[INFO] [stderr]    --> src/lib.rs:106:17
[INFO] [stderr]     |
[INFO] [stderr] 106 |                   try!($crate::SubtypeCheck::<$base, $sub, $cerr>::check_is_valid_subtype(&base));
[INFO] [stderr]     |                   ^^^
[INFO] [stderr] ...
[INFO] [stderr] 175 | /     subtype_of!(Packet => PingPacket | ConversionError {
[INFO] [stderr] 176 | |         Ok(())
[INFO] [stderr] 177 | |     });
[INFO] [stderr]     | |______- in this macro invocation
[INFO] [stderr]     |
[INFO] [stderr]     = note: `#[warn(deprecated)]` on by default
[INFO] [stderr]     = note: this warning originates in the macro `subtype_of` (in Nightly builds, run with -Z macro-backtrace for more info)
[INFO] [stderr] 
[INFO] [stderr] warning: use of deprecated macro `try`: use the `?` operator instead
[INFO] [stderr]    --> src/lib.rs:116:17
[INFO] [stderr]     |
[INFO] [stderr] 116 |                   try!($crate::SubtypeCheck::<$base, $sub, $cerr>::check_is_valid_subtype(base_ref));
[INFO] [stderr]     |                   ^^^
[INFO] [stderr] ...
[INFO] [stderr] 175 | /     subtype_of!(Packet => PingPacket | ConversionError {
[INFO] [stderr] 176 | |         Ok(())
[INFO] [stderr] 177 | |     });
[INFO] [stderr]     | |______- in this macro invocation
[INFO] [stderr]     |
[INFO] [stderr]     = note: this warning originates in the macro `subtype_of` (in Nightly builds, run with -Z macro-backtrace for more info)
[INFO] [stderr] 
[INFO] [stderr] warning: use of deprecated macro `try`: use the `?` operator instead
[INFO] [stderr]    --> src/lib.rs:126:17
[INFO] [stderr]     |
[INFO] [stderr] 126 |                   try!($crate::SubtypeCheck::<$base, $sub, $cerr>::check_is_valid_subtype(base_ref));
[INFO] [stderr]     |                   ^^^
[INFO] [stderr] ...
[INFO] [stderr] 175 | /     subtype_of!(Packet => PingPacket | ConversionError {
[INFO] [stderr] 176 | |         Ok(())
[INFO] [stderr] 177 | |     });
[INFO] [stderr]     | |______- in this macro invocation
[INFO] [stderr]     |
[INFO] [stderr]     = note: this warning originates in the macro `subtype_of` (in Nightly builds, run with -Z macro-backtrace for more info)
[INFO] [stderr] 
[INFO] [stderr] warning: use of deprecated macro `try`: use the `?` operator instead
[INFO] [stderr]    --> src/lib.rs:106:17
[INFO] [stderr]     |
[INFO] [stderr] 106 |                   try!($crate::SubtypeCheck::<$base, $sub, $cerr>::check_is_valid_subtype(&base));
[INFO] [stderr]     |                   ^^^
[INFO] [stderr] ...
[INFO] [stderr] 178 | /     subtype_of!(Packet => PongPacket | PongConvError {
[INFO] [stderr] 179 | |         Err(PongConvError {})
[INFO] [stderr] 180 | |     });
[INFO] [stderr]     | |______- in this macro invocation
[INFO] [stderr]     |
[INFO] [stderr]     = note: this warning originates in the macro `subtype_of` (in Nightly builds, run with -Z macro-backtrace for more info)
[INFO] [stderr] 
[INFO] [stderr] warning: use of deprecated macro `try`: use the `?` operator instead
[INFO] [stderr]    --> src/lib.rs:116:17
[INFO] [stderr]     |
[INFO] [stderr] 116 |                   try!($crate::SubtypeCheck::<$base, $sub, $cerr>::check_is_valid_subtype(base_ref));
[INFO] [stderr]     |                   ^^^
[INFO] [stderr] ...
[INFO] [stderr] 178 | /     subtype_of!(Packet => PongPacket | PongConvError {
[INFO] [stderr] 179 | |         Err(PongConvError {})
[INFO] [stderr] 180 | |     });
[INFO] [stderr]     | |______- in this macro invocation
[INFO] [stderr]     |
[INFO] [stderr]     = note: this warning originates in the macro `subtype_of` (in Nightly builds, run with -Z macro-backtrace for more info)
[INFO] [stderr] 
[INFO] [stderr] warning: use of deprecated macro `try`: use the `?` operator instead
[INFO] [stderr]    --> src/lib.rs:126:17
[INFO] [stderr]     |
[INFO] [stderr] 126 |                   try!($crate::SubtypeCheck::<$base, $sub, $cerr>::check_is_valid_subtype(base_ref));
[INFO] [stderr]     |                   ^^^
[INFO] [stderr] ...
[INFO] [stderr] 178 | /     subtype_of!(Packet => PongPacket | PongConvError {
[INFO] [stderr] 179 | |         Err(PongConvError {})
[INFO] [stderr] 180 | |     });
[INFO] [stderr]     | |______- in this macro invocation
[INFO] [stderr]     |
[INFO] [stderr]     = note: this warning originates in the macro `subtype_of` (in Nightly builds, run with -Z macro-backtrace for more info)
[INFO] [stderr] 
[INFO] [stderr] warning: use of deprecated macro `try`: use the `?` operator instead
[INFO] [stderr]    --> src/lib.rs:106:17
[INFO] [stderr]     |
[INFO] [stderr] 106 |                   try!($crate::SubtypeCheck::<$base, $sub, $cerr>::check_is_valid_subtype(&base));
[INFO] [stderr]     |                   ^^^
[INFO] [stderr] ...
[INFO] [stderr] 181 | /     subtype_of!(Packet => StatusPacket | () {
[INFO] [stderr] 182 | |         Ok(())
[INFO] [stderr] 183 | |     });
[INFO] [stderr]     | |______- in this macro invocation
[INFO] [stderr]     |
[INFO] [stderr]     = note: this warning originates in the macro `subtype_of` (in Nightly builds, run with -Z macro-backtrace for more info)
[INFO] [stderr] 
[INFO] [stderr] warning: use of deprecated macro `try`: use the `?` operator instead
[INFO] [stderr]    --> src/lib.rs:116:17
[INFO] [stderr]     |
[INFO] [stderr] 116 |                   try!($crate::SubtypeCheck::<$base, $sub, $cerr>::check_is_valid_subtype(base_ref));
[INFO] [stderr]     |                   ^^^
[INFO] [stderr] ...
[INFO] [stderr] 181 | /     subtype_of!(Packet => StatusPacket | () {
[INFO] [stderr] 182 | |         Ok(())
[INFO] [stderr] 183 | |     });
[INFO] [stderr]     | |______- in this macro invocation
[INFO] [stderr]     |
[INFO] [stderr]     = note: this warning originates in the macro `subtype_of` (in Nightly builds, run with -Z macro-backtrace for more info)
[INFO] [stderr] 
[INFO] [stderr] warning: use of deprecated macro `try`: use the `?` operator instead
[INFO] [stderr]    --> src/lib.rs:126:17
[INFO] [stderr]     |
[INFO] [stderr] 126 |                   try!($crate::SubtypeCheck::<$base, $sub, $cerr>::check_is_valid_subtype(base_ref));
[INFO] [stderr]     |                   ^^^
[INFO] [stderr] ...
[INFO] [stderr] 181 | /     subtype_of!(Packet => StatusPacket | () {
[INFO] [stderr] 182 | |         Ok(())
[INFO] [stderr] 183 | |     });
[INFO] [stderr]     | |______- in this macro invocation
[INFO] [stderr]     |
[INFO] [stderr]     = note: this warning originates in the macro `subtype_of` (in Nightly builds, run with -Z macro-backtrace for more info)
[INFO] [stderr] 
[INFO] [stderr] warning: variable does not need to be mutable
[INFO] [stderr]    --> src/lib.rs:235:13
[INFO] [stderr]     |
[INFO] [stderr] 235 |         let mut status_mut_ref: &mut StatusPacket = (&mut owned).try_into().unwrap();
[INFO] [stderr]     |             ----^^^^^^^^^^^^^^
[INFO] [stderr]     |             |
[INFO] [stderr]     |             help: remove this `mut`
[INFO] [stderr]     |
[INFO] [stderr]     = note: `#[warn(unused_mut)]` on by default
[INFO] [stderr] 
[INFO] [stderr] warning: variable does not need to be mutable
[INFO] [stderr]    --> src/lib.rs:258:13
[INFO] [stderr]     |
[INFO] [stderr] 258 |         let mut status_mut_view: &mut StatusPacket = pref.try_into().unwrap();
[INFO] [stderr]     |             ----^^^^^^^^^^^^^^^
[INFO] [stderr]     |             |
[INFO] [stderr]     |             help: remove this `mut`
[INFO] [stderr] 
[INFO] [stderr] warning: variable does not need to be mutable
[INFO] [stderr]    --> src/lib.rs:275:13
[INFO] [stderr]     |
[INFO] [stderr] 275 |         let mut status_mut_view: &mut StatusPacket = (&mut owned).try_into().unwrap();
[INFO] [stderr]     |             ----^^^^^^^^^^^^^^^
[INFO] [stderr]     |             |
[INFO] [stderr]     |             help: remove this `mut`
[INFO] [stderr] 
[INFO] [stderr] warning: `pcast` (lib test) generated 12 warnings (run `cargo fix --lib -p pcast --tests` to apply 3 suggestions)
[INFO] [stderr]     Finished test [unoptimized + debuginfo] target(s) in 0.01s
[INFO] [stderr]      Running unittests src/lib.rs (/opt/rustwide/target/debug/deps/pcast-dea639107a38ea6b)
[INFO] [stdout] 
[INFO] [stdout] running 5 tests
[INFO] [stdout] test test::call_base_and_sub_methods ... ok
[INFO] [stdout] test test::create_from_immutable_ref ... ok
[INFO] [stdout] test test::send_from_ref ... ok
[INFO] [stdout] test test::test_send ... ok
[INFO] [stdout] test test::use_owned_status ... ok
[INFO] [stdout] 
[INFO] [stdout] test result: ok. 5 passed; 0 failed; 0 ignored; 0 measured; 0 filtered out; finished in 0.00s
[INFO] [stdout] 
[INFO] [stderr]    Doc-tests pcast
[INFO] [stdout] 
[INFO] [stdout] running 2 tests
[INFO] [stdout] test src/lib.rs - subtype_of (line 72) - compile ... FAILED
[INFO] [stdout] test src/lib.rs - (line 8) ... ok
[INFO] [stdout] 
[INFO] [stdout] failures:
[INFO] [stdout] 
[INFO] [stdout] ---- src/lib.rs - subtype_of (line 72) stdout ----
[INFO] [stdout] error: cannot find macro `subtype_of` in this scope
[INFO] [stdout]  --> src/lib.rs:73:1
[INFO] [stdout]   |
[INFO] [stdout] 3 | subtype_of!(Base => Sub | Error { ... })
[INFO] [stdout]   | ^^^^^^^^^^
[INFO] [stdout] 
[INFO] [stdout] error: aborting due to 1 previous error
[INFO] [stdout] 
[INFO] [stdout] Couldn't compile the test.
[INFO] [stdout] 
[INFO] [stdout] failures:
[INFO] [stdout]     src/lib.rs - subtype_of (line 72)
[INFO] [stdout] 
[INFO] [stdout] test result: FAILED. 1 passed; 1 failed; 0 ignored; 0 measured; 0 filtered out; finished in 0.15s
[INFO] [stdout] 
[INFO] [stderr] error: doctest failed, to rerun pass `--doc`
[INFO] running `Command { std: "docker" "inspect" "ed90dd1b9edded02b146292b0189bff35937640bb7090cf0a857c5ded73f4939", kill_on_drop: false }`
[INFO] running `Command { std: "docker" "rm" "-f" "ed90dd1b9edded02b146292b0189bff35937640bb7090cf0a857c5ded73f4939", kill_on_drop: false }`
[INFO] [stdout] ed90dd1b9edded02b146292b0189bff35937640bb7090cf0a857c5ded73f4939
