[INFO] fetching crate parse-wiki-text-2 0.1.6-alpha.0...
[INFO] testing parse-wiki-text-2-0.1.6-alpha.0 against 1.75.0 for beta-1.76-1
[INFO] extracting crate parse-wiki-text-2 0.1.6-alpha.0 into /workspace/builds/worker-2-tc1/source
[INFO] validating manifest of crates.io crate parse-wiki-text-2 0.1.6-alpha.0 on toolchain 1.75.0
[INFO] running `Command { std: CARGO_HOME="/workspace/cargo-home" RUSTUP_HOME="/workspace/rustup-home" "/workspace/cargo-home/bin/cargo" "+1.75.0" "metadata" "--manifest-path" "Cargo.toml" "--no-deps", kill_on_drop: false }`
[INFO] started tweaking crates.io crate parse-wiki-text-2 0.1.6-alpha.0
[INFO] finished tweaking crates.io crate parse-wiki-text-2 0.1.6-alpha.0
[INFO] tweaked toml for crates.io crate parse-wiki-text-2 0.1.6-alpha.0 written to /workspace/builds/worker-2-tc1/source/Cargo.toml
[INFO] crate crates.io crate parse-wiki-text-2 0.1.6-alpha.0 already has a lockfile, it will not be regenerated
[INFO] running `Command { std: CARGO_HOME="/workspace/cargo-home" RUSTUP_HOME="/workspace/rustup-home" "/workspace/cargo-home/bin/cargo" "+1.75.0" "fetch" "--manifest-path" "Cargo.toml", kill_on_drop: false }`
[INFO] running `Command { std: "docker" "create" "-v" "/var/lib/crater-agent-workspace/builds/worker-2-tc1/target:/opt/rustwide/target:rw,Z" "-v" "/var/lib/crater-agent-workspace/builds/worker-2-tc1/source:/opt/rustwide/workdir:ro,Z" "-v" "/var/lib/crater-agent-workspace/cargo-home:/opt/rustwide/cargo-home:ro,Z" "-v" "/var/lib/crater-agent-workspace/rustup-home:/opt/rustwide/rustup-home:ro,Z" "-e" "SOURCE_DIR=/opt/rustwide/workdir" "-e" "CARGO_TARGET_DIR=/opt/rustwide/target" "-e" "CARGO_HOME=/opt/rustwide/cargo-home" "-e" "RUSTUP_HOME=/opt/rustwide/rustup-home" "-w" "/opt/rustwide/workdir" "-m" "1610612736" "--user" "0:0" "--network" "none" "ghcr.io/rust-lang/crates-build-env/linux@sha256:2788e3201cd34a07e3172128adcd8b3090168a8e3bcc40d7c032b9dda1df7d1c" "/opt/rustwide/cargo-home/bin/cargo" "+1.75.0" "metadata" "--no-deps" "--format-version=1", kill_on_drop: false }`
[INFO] [stdout] 377741c40d346094f39a807538ad2d602d531d0daeab64dcdd8ddeb82c2b0533
[INFO] running `Command { std: "docker" "start" "-a" "377741c40d346094f39a807538ad2d602d531d0daeab64dcdd8ddeb82c2b0533", kill_on_drop: false }`
[INFO] running `Command { std: "docker" "inspect" "377741c40d346094f39a807538ad2d602d531d0daeab64dcdd8ddeb82c2b0533", kill_on_drop: false }`
[INFO] running `Command { std: "docker" "rm" "-f" "377741c40d346094f39a807538ad2d602d531d0daeab64dcdd8ddeb82c2b0533", kill_on_drop: false }`
[INFO] [stdout] 377741c40d346094f39a807538ad2d602d531d0daeab64dcdd8ddeb82c2b0533
[INFO] running `Command { std: "docker" "create" "-v" "/var/lib/crater-agent-workspace/builds/worker-2-tc1/target:/opt/rustwide/target:rw,Z" "-v" "/var/lib/crater-agent-workspace/builds/worker-2-tc1/source:/opt/rustwide/workdir:ro,Z" "-v" "/var/lib/crater-agent-workspace/cargo-home:/opt/rustwide/cargo-home:ro,Z" "-v" "/var/lib/crater-agent-workspace/rustup-home:/opt/rustwide/rustup-home:ro,Z" "-e" "SOURCE_DIR=/opt/rustwide/workdir" "-e" "CARGO_TARGET_DIR=/opt/rustwide/target" "-e" "CARGO_INCREMENTAL=0" "-e" "RUST_BACKTRACE=full" "-e" "RUSTFLAGS=--cap-lints=warn" "-e" "RUSTDOCFLAGS=--cap-lints=warn" "-e" "CARGO_HOME=/opt/rustwide/cargo-home" "-e" "RUSTUP_HOME=/opt/rustwide/rustup-home" "-w" "/opt/rustwide/workdir" "-m" "1610612736" "--user" "0:0" "--network" "none" "ghcr.io/rust-lang/crates-build-env/linux@sha256:2788e3201cd34a07e3172128adcd8b3090168a8e3bcc40d7c032b9dda1df7d1c" "/opt/rustwide/cargo-home/bin/cargo" "+1.75.0" "build" "--frozen" "--message-format=json", kill_on_drop: false }`
[INFO] [stdout] 84a084e9babd3aec309c03fdd91b81988e185755397998118cac094fa26738aa
[INFO] running `Command { std: "docker" "start" "-a" "84a084e9babd3aec309c03fdd91b81988e185755397998118cac094fa26738aa", kill_on_drop: false }`
[INFO] [stderr]    Compiling parse-wiki-text-2 v0.1.6-alpha.0 (/opt/rustwide/workdir)
[INFO] [stderr]     Finished dev [unoptimized + debuginfo] target(s) in 0.49s
[INFO] running `Command { std: "docker" "inspect" "84a084e9babd3aec309c03fdd91b81988e185755397998118cac094fa26738aa", kill_on_drop: false }`
[INFO] running `Command { std: "docker" "rm" "-f" "84a084e9babd3aec309c03fdd91b81988e185755397998118cac094fa26738aa", kill_on_drop: false }`
[INFO] [stdout] 84a084e9babd3aec309c03fdd91b81988e185755397998118cac094fa26738aa
[INFO] running `Command { std: "docker" "create" "-v" "/var/lib/crater-agent-workspace/builds/worker-2-tc1/target:/opt/rustwide/target:rw,Z" "-v" "/var/lib/crater-agent-workspace/builds/worker-2-tc1/source:/opt/rustwide/workdir:ro,Z" "-v" "/var/lib/crater-agent-workspace/cargo-home:/opt/rustwide/cargo-home:ro,Z" "-v" "/var/lib/crater-agent-workspace/rustup-home:/opt/rustwide/rustup-home:ro,Z" "-e" "SOURCE_DIR=/opt/rustwide/workdir" "-e" "CARGO_TARGET_DIR=/opt/rustwide/target" "-e" "CARGO_INCREMENTAL=0" "-e" "RUST_BACKTRACE=full" "-e" "RUSTFLAGS=--cap-lints=warn" "-e" "RUSTDOCFLAGS=--cap-lints=warn" "-e" "CARGO_HOME=/opt/rustwide/cargo-home" "-e" "RUSTUP_HOME=/opt/rustwide/rustup-home" "-w" "/opt/rustwide/workdir" "-m" "1610612736" "--user" "0:0" "--network" "none" "ghcr.io/rust-lang/crates-build-env/linux@sha256:2788e3201cd34a07e3172128adcd8b3090168a8e3bcc40d7c032b9dda1df7d1c" "/opt/rustwide/cargo-home/bin/cargo" "+1.75.0" "test" "--frozen" "--no-run" "--message-format=json", kill_on_drop: false }`
[INFO] [stdout] bf755dc75115e0e6827e41f0b1bf6ad1585e0519f7e266eec1543a4942397ad1
[INFO] running `Command { std: "docker" "start" "-a" "bf755dc75115e0e6827e41f0b1bf6ad1585e0519f7e266eec1543a4942397ad1", kill_on_drop: false }`
[INFO] [stderr]    Compiling rustix v0.38.1
[INFO] [stderr]    Compiling proc-macro2 v1.0.63
[INFO] [stderr]    Compiling linux-raw-sys v0.4.3
[INFO] [stderr]    Compiling unicode-ident v1.0.9
[INFO] [stderr]    Compiling quote v1.0.29
[INFO] [stderr]    Compiling bitflags v2.3.3
[INFO] [stderr]    Compiling anstyle v1.0.1
[INFO] [stderr]    Compiling colorchoice v1.0.0
[INFO] [stderr]    Compiling anstyle-query v1.0.0
[INFO] [stderr]    Compiling clap_lex v0.5.0
[INFO] [stderr]    Compiling once_cell v1.18.0
[INFO] [stderr]    Compiling anstyle-parse v0.2.1
[INFO] [stderr]    Compiling syn v2.0.22
[INFO] [stderr]    Compiling is-terminal v0.4.8
[INFO] [stderr]    Compiling anstream v0.3.2
[INFO] [stderr]    Compiling clap_builder v4.3.10
[INFO] [stderr]    Compiling clap_derive v4.3.2
[INFO] [stderr]    Compiling clap v4.3.10
[INFO] [stderr]    Compiling parse-wiki-text-2 v0.1.6-alpha.0 (/opt/rustwide/workdir)
[INFO] [stdout] warning: unused import: `WarningMessage`
[INFO] [stdout]  --> tests/to_test_str.rs:2:47
[INFO] [stdout]   |
[INFO] [stdout] 2 |     DefinitionListItem, ListItem, Node, Warning, WarningMessage,
[INFO] [stdout]   |                                                  ^^^^^^^^^^^^^^
[INFO] [stdout]   |
[INFO] [stdout]   = note: `#[warn(unused_imports)]` on by default
[INFO] [stdout] 
[INFO] [stdout] 
[INFO] [stdout] warning: unused import: `WarningMessage`
[INFO] [stdout]  --> tests/to_test_str.rs:2:47
[INFO] [stdout]   |
[INFO] [stdout] 2 |     DefinitionListItem, ListItem, Node, Warning, WarningMessage,
[INFO] [stdout]   |                                                  ^^^^^^^^^^^^^^
[INFO] [stdout]   |
[INFO] [stdout]   = note: `#[warn(unused_imports)]` on by default
[INFO] [stdout] 
[INFO] [stdout] 
[INFO] [stdout] warning: unused imports: `Node::*`, `WarningMessage::*`, `Warning`
[INFO] [stdout]  --> tests/test_cases.rs:9:40
[INFO] [stdout]   |
[INFO] [stdout] 9 | use parse_wiki_text_2::{Configuration, Node::*, Warning, WarningMessage::*};
[INFO] [stdout]   |                                        ^^^^^^^  ^^^^^^^  ^^^^^^^^^^^^^^^^^
[INFO] [stdout] 
[INFO] [stdout] 
[INFO] [stdout] warning: 1 warning emitted
[INFO] [stdout] 
[INFO] [stdout] 
[INFO] [stdout] warning: constant `TEST_CASES` is never used
[INFO] [stdout]    --> tests/test_cases.rs:840:7
[INFO] [stdout]     |
[INFO] [stdout] 840 | const TEST_CASES: &[(&str, &[&str])] = &[
[INFO] [stdout]     |       ^^^^^^^^^^
[INFO] [stdout]     |
[INFO] [stdout]     = note: `#[warn(dead_code)]` on by default
[INFO] [stdout] 
[INFO] [stdout] 
[INFO] [stdout] warning: 3 warnings emitted
[INFO] [stdout] 
[INFO] [stdout] 
[INFO] [stderr]     Finished test [unoptimized + debuginfo] target(s) in 4.96s
[INFO] running `Command { std: "docker" "inspect" "bf755dc75115e0e6827e41f0b1bf6ad1585e0519f7e266eec1543a4942397ad1", kill_on_drop: false }`
[INFO] running `Command { std: "docker" "rm" "-f" "bf755dc75115e0e6827e41f0b1bf6ad1585e0519f7e266eec1543a4942397ad1", kill_on_drop: false }`
[INFO] [stdout] bf755dc75115e0e6827e41f0b1bf6ad1585e0519f7e266eec1543a4942397ad1
[INFO] running `Command { std: "docker" "create" "-v" "/var/lib/crater-agent-workspace/builds/worker-2-tc1/target:/opt/rustwide/target:rw,Z" "-v" "/var/lib/crater-agent-workspace/builds/worker-2-tc1/source:/opt/rustwide/workdir:ro,Z" "-v" "/var/lib/crater-agent-workspace/cargo-home:/opt/rustwide/cargo-home:ro,Z" "-v" "/var/lib/crater-agent-workspace/rustup-home:/opt/rustwide/rustup-home:ro,Z" "-e" "SOURCE_DIR=/opt/rustwide/workdir" "-e" "CARGO_TARGET_DIR=/opt/rustwide/target" "-e" "CARGO_INCREMENTAL=0" "-e" "RUST_BACKTRACE=full" "-e" "RUSTFLAGS=--cap-lints=warn" "-e" "RUSTDOCFLAGS=--cap-lints=warn" "-e" "CARGO_HOME=/opt/rustwide/cargo-home" "-e" "RUSTUP_HOME=/opt/rustwide/rustup-home" "-w" "/opt/rustwide/workdir" "-m" "1610612736" "--user" "0:0" "--network" "none" "ghcr.io/rust-lang/crates-build-env/linux@sha256:2788e3201cd34a07e3172128adcd8b3090168a8e3bcc40d7c032b9dda1df7d1c" "/opt/rustwide/cargo-home/bin/cargo" "+1.75.0" "test" "--frozen", kill_on_drop: false }`
[INFO] [stdout] 6244d4b9577a16756a04ed832e38372f09a582c7b49002236114064be82c042d
[INFO] running `Command { std: "docker" "start" "-a" "6244d4b9577a16756a04ed832e38372f09a582c7b49002236114064be82c042d", kill_on_drop: false }`
[INFO] [stderr] warning: unused import: `WarningMessage`
[INFO] [stderr]  --> tests/to_test_str.rs:2:47
[INFO] [stderr]   |
[INFO] [stderr] 2 |     DefinitionListItem, ListItem, Node, Warning, WarningMessage,
[INFO] [stderr]   |                                                  ^^^^^^^^^^^^^^
[INFO] [stderr]   |
[INFO] [stderr]   = note: `#[warn(unused_imports)]` on by default
[INFO] [stderr] 
[INFO] [stderr] warning: unused imports: `Node::*`, `WarningMessage::*`, `Warning`
[INFO] [stderr]  --> tests/test_cases.rs:9:40
[INFO] [stderr]   |
[INFO] [stderr] 9 | use parse_wiki_text_2::{Configuration, Node::*, Warning, WarningMessage::*};
[INFO] [stderr]   |                                        ^^^^^^^  ^^^^^^^  ^^^^^^^^^^^^^^^^^
[INFO] [stderr] 
[INFO] [stderr] warning: constant `TEST_CASES` is never used
[INFO] [stderr]    --> tests/test_cases.rs:840:7
[INFO] [stderr]     |
[INFO] [stderr] 840 | const TEST_CASES: &[(&str, &[&str])] = &[
[INFO] [stderr]     |       ^^^^^^^^^^
[INFO] [stderr]     |
[INFO] [stderr]     = note: `#[warn(dead_code)]` on by default
[INFO] [stderr] 
[INFO] [stderr] warning: `parse-wiki-text-2` (test "test_cases") generated 3 warnings (run `cargo fix --test "test_cases"` to apply 2 suggestions)
[INFO] [stderr] warning: `parse-wiki-text-2` (test "to_test_str") generated 1 warning (1 duplicate)
[INFO] [stderr]     Finished test [unoptimized + debuginfo] target(s) in 0.02s
[INFO] [stderr]      Running unittests src/lib.rs (/opt/rustwide/target/debug/deps/parse_wiki_text_2-ae0504904ebb7857)
[INFO] [stdout] 
[INFO] [stdout] running 0 tests
[INFO] [stdout] 
[INFO] [stdout] test result: ok. 0 passed; 0 failed; 0 ignored; 0 measured; 0 filtered out; finished in 0.00s
[INFO] [stdout] 
[INFO] [stderr]      Running tests/test_cases.rs (/opt/rustwide/target/debug/deps/test_cases-65c8bf63472ea2c9)
[INFO] [stdout] 
[INFO] [stdout] running 12 tests
[INFO] [stdout] test test_cases ... ok
[INFO] [stdout] test bold_italic ... ok
[INFO] [stdout] test character_entity ... ok
[INFO] [stdout] test basic ... ok
[INFO] [stdout] test external_links ... ok
[INFO] [stdout] test comment ... ok
[INFO] [stdout] test heading ... ok
[INFO] [stdout] test horizontal_divider ... ok
[INFO] [stdout] test link ... ok
[INFO] [stdout] test invalid_characters ... ok
[INFO] [stdout] test test_list_part1 ... ok
[INFO] [stdout] test test_list_part2 ... FAILED
[INFO] [stdout] 
[INFO] [stdout] failures:
[INFO] [stdout] 
[INFO] [stdout] ---- test_list_part2 stdout ----
[INFO] [stdout] 
[INFO] [stdout] ":alpha\nbeta" : nodes:
[INFO] [stdout] [DefinitionList([DefinitionListItem(Details, [Text(alpha)])]), Text(beta)]
[INFO] [stdout] warnings:
[INFO] [stdout] []
[INFO] [stdout] 
[INFO] [stdout] ";" : nodes:
[INFO] [stdout] [DefinitionList([DefinitionListItem(Term, [])])]
[INFO] [stdout] warnings:
[INFO] [stdout] []
[INFO] [stdout] 
[INFO] [stdout] ";\n\nalpha" : nodes:
[INFO] [stdout] [DefinitionList([DefinitionListItem(Term, [])]), Text(alpha)]
[INFO] [stdout] warnings:
[INFO] [stdout] []
[INFO] [stdout] 
[INFO] [stdout] ";\n#" : nodes:
[INFO] [stdout] [DefinitionList([DefinitionListItem(Term, [])]), OrderedList([ListItem([])])]
[INFO] [stdout] warnings:
[INFO] [stdout] []
[INFO] [stdout] 
[INFO] [stdout] ";\n*" : nodes:
[INFO] [stdout] [DefinitionList([DefinitionListItem(Term, [])]), UnorderedList([ListItem([])])]
[INFO] [stdout] warnings:
[INFO] [stdout] []
[INFO] [stdout] 
[INFO] [stdout] ";\n:" : nodes:
[INFO] [stdout] [DefinitionList([DefinitionListItem(Term, []), DefinitionListItem(Details, [])])]
[INFO] [stdout] warnings:
[INFO] [stdout] []
[INFO] [stdout] 
[INFO] [stdout] ";\n;;" : nodes:
[INFO] [stdout] [DefinitionList([DefinitionListItem(Term, [])]), DefinitionList([DefinitionListItem(Term, [DefinitionList([DefinitionListItem(Term, [])])])])]
[INFO] [stdout] warnings:
[INFO] [stdout] [Warning(DefinitionTermContinuation)]
[INFO] [stdout] 
[INFO] [stdout] ";\n;;\n;" : nodes:
[INFO] [stdout] [DefinitionList([DefinitionListItem(Term, [])]), DefinitionList([DefinitionListItem(Term, [DefinitionList([DefinitionListItem(Term, [])])])]), DefinitionList([DefinitionListItem(Term, [])])]
[INFO] [stdout] warnings:
[INFO] [stdout] [Warning(DefinitionTermContinuation), Warning(DefinitionTermContinuation)]
[INFO] [stdout] 
[INFO] [stdout] ";\nalpha" : nodes:
[INFO] [stdout] [DefinitionList([DefinitionListItem(Term, [])]), Text(alpha)]
[INFO] [stdout] warnings:
[INFO] [stdout] []
[INFO] [stdout] 
[INFO] [stdout] "; alpha" : nodes:
[INFO] [stdout] [DefinitionList([DefinitionListItem(Term, [Text(alpha)])])]
[INFO] [stdout] warnings:
[INFO] [stdout] []
[INFO] [stdout] 
[INFO] [stdout] ";;" : nodes:
[INFO] [stdout] [DefinitionList([DefinitionListItem(Term, [DefinitionList([DefinitionListItem(Term, [])])])])]
[INFO] [stdout] warnings:
[INFO] [stdout] []
[INFO] [stdout] 
[INFO] [stdout] ";;\n;" : nodes:
[INFO] [stdout] [DefinitionList([DefinitionListItem(Term, [DefinitionList([DefinitionListItem(Term, [])])])]), DefinitionList([DefinitionListItem(Term, [])])]
[INFO] [stdout] warnings:
[INFO] [stdout] [Warning(DefinitionTermContinuation)]
[INFO] [stdout] 
[INFO] [stdout] ";;\n;\n;;" : nodes:
[INFO] [stdout] [DefinitionList([DefinitionListItem(Term, [DefinitionList([DefinitionListItem(Term, [])])])]), DefinitionList([DefinitionListItem(Term, [])]), DefinitionList([DefinitionListItem(Term, [DefinitionList([DefinitionListItem(Term, [])])])])]
[INFO] [stdout] warnings:
[INFO] [stdout] [Warning(DefinitionTermContinuation), Warning(DefinitionTermContinuation)]
[INFO] [stdout] 
[INFO] [stdout] ";;\n;;" : nodes:
[INFO] [stdout] [DefinitionList([DefinitionListItem(Term, [DefinitionList([DefinitionListItem(Term, []), DefinitionListItem(Term, [])])])])]
[INFO] [stdout] warnings:
[INFO] [stdout] []
[INFO] [stdout] 
[INFO] [stdout] ";=alpha=" : nodes:
[INFO] [stdout] [DefinitionList([DefinitionListItem(Term, [Text(=alpha=)])])]
[INFO] [stdout] warnings:
[INFO] [stdout] []
[INFO] [stdout] 
[INFO] [stdout] ";alpha" : nodes:
[INFO] [stdout] [DefinitionList([DefinitionListItem(Term, [Text(alpha)])])]
[INFO] [stdout] warnings:
[INFO] [stdout] []
[INFO] [stdout] 
[INFO] [stdout] ";alpha\nbeta" : nodes:
[INFO] [stdout] [DefinitionList([DefinitionListItem(Term, [Text(alpha)])]), Text(beta)]
[INFO] [stdout] warnings:
[INFO] [stdout] []
[INFO] [stdout] 
[INFO] [stdout] "alpha\t\n#" : nodes:
[INFO] [stdout] [Text(alpha), OrderedList([ListItem([])])]
[INFO] [stdout] warnings:
[INFO] [stdout] []
[INFO] [stdout] 
[INFO] [stdout] "alpha\n#" : nodes:
[INFO] [stdout] [Text(alpha), OrderedList([ListItem([])])]
[INFO] [stdout] warnings:
[INFO] [stdout] []
[INFO] [stdout] 
[INFO] [stdout] "alpha\n#\nbeta" : nodes:
[INFO] [stdout] [Text(alpha), OrderedList([ListItem([])]), Text(beta)]
[INFO] [stdout] warnings:
[INFO] [stdout] []
[INFO] [stdout] 
[INFO] [stdout] "alpha\n*" : nodes:
[INFO] [stdout] [Text(alpha), UnorderedList([ListItem([])])]
[INFO] [stdout] warnings:
[INFO] [stdout] []
[INFO] [stdout] 
[INFO] [stdout] "alpha\n*\nbeta" : nodes:
[INFO] [stdout] [Text(alpha), UnorderedList([ListItem([])]), Text(beta)]
[INFO] [stdout] warnings:
[INFO] [stdout] []
[INFO] [stdout] 
[INFO] [stdout] "alpha\n:" : nodes:
[INFO] [stdout] [Text(alpha), DefinitionList([DefinitionListItem(Details, [])])]
[INFO] [stdout] warnings:
[INFO] [stdout] []
[INFO] [stdout] 
[INFO] [stdout] "alpha\n:\nbeta" : nodes:
[INFO] [stdout] [Text(alpha), DefinitionList([DefinitionListItem(Details, [])]), Text(beta)]
[INFO] [stdout] warnings:
[INFO] [stdout] []
[INFO] [stdout] 
[INFO] [stdout] "alpha\n;" : nodes:
[INFO] [stdout] [Text(alpha), DefinitionList([DefinitionListItem(Term, [])])]
[INFO] [stdout] warnings:
[INFO] [stdout] []
[INFO] [stdout] 
[INFO] [stdout] "alpha\n;\nbeta" : nodes:
[INFO] [stdout] [Text(alpha), DefinitionList([DefinitionListItem(Term, [])]), Text(beta)]
[INFO] [stdout] warnings:
[INFO] [stdout] []
[INFO] [stdout] 
[INFO] [stdout] "alpha \n#" : nodes:
[INFO] [stdout] [Text(alpha), OrderedList([ListItem([])])]
[INFO] [stdout] warnings:
[INFO] [stdout] []
[INFO] [stdout] thread 'test_list_part2' panicked at tests/test_cases.rs:837:5:
[INFO] [stdout] assertion failed: false
[INFO] [stdout] stack backtrace:
[INFO] [stdout]    0:     0x55fe6f91313c - std::backtrace_rs::backtrace::libunwind::trace::ha637c64ce894333a
[INFO] [stdout]                                at /rustc/82e1608dfa6e0b5569232559e3d385fea5a93112/library/std/src/../../backtrace/src/backtrace/libunwind.rs:104:5
[INFO] [stdout]    1:     0x55fe6f91313c - std::backtrace_rs::backtrace::trace_unsynchronized::h47f62dea28e0c88d
[INFO] [stdout]                                at /rustc/82e1608dfa6e0b5569232559e3d385fea5a93112/library/std/src/../../backtrace/src/backtrace/mod.rs:66:5
[INFO] [stdout]    2:     0x55fe6f91313c - std::sys_common::backtrace::_print_fmt::h9eef0abe20ede486
[INFO] [stdout]                                at /rustc/82e1608dfa6e0b5569232559e3d385fea5a93112/library/std/src/sys_common/backtrace.rs:67:5
[INFO] [stdout]    3:     0x55fe6f91313c - <std::sys_common::backtrace::_print::DisplayBacktrace as core::fmt::Display>::fmt::hed7f999df88cc644
[INFO] [stdout]                                at /rustc/82e1608dfa6e0b5569232559e3d385fea5a93112/library/std/src/sys_common/backtrace.rs:44:22
[INFO] [stdout]    4:     0x55fe6f93cc80 - core::fmt::rt::Argument::fmt::h1539a9308b8d058d
[INFO] [stdout]                                at /rustc/82e1608dfa6e0b5569232559e3d385fea5a93112/library/core/src/fmt/rt.rs:142:9
[INFO] [stdout]    5:     0x55fe6f93cc80 - core::fmt::write::h3a39390d8560d9c9
[INFO] [stdout]                                at /rustc/82e1608dfa6e0b5569232559e3d385fea5a93112/library/core/src/fmt/mod.rs:1120:17
[INFO] [stdout]    6:     0x55fe6f910aef - std::io::Write::write_fmt::h040b369f3a0f9cbc
[INFO] [stdout]                                at /rustc/82e1608dfa6e0b5569232559e3d385fea5a93112/library/std/src/io/mod.rs:1762:15
[INFO] [stdout]    7:     0x55fe6f912f24 - std::sys_common::backtrace::_print::h894006fb5c6f3d45
[INFO] [stdout]                                at /rustc/82e1608dfa6e0b5569232559e3d385fea5a93112/library/std/src/sys_common/backtrace.rs:47:5
[INFO] [stdout]    8:     0x55fe6f912f24 - std::sys_common::backtrace::print::h23a2d212c6fff936
[INFO] [stdout]                                at /rustc/82e1608dfa6e0b5569232559e3d385fea5a93112/library/std/src/sys_common/backtrace.rs:34:9
[INFO] [stdout]    9:     0x55fe6f914be7 - std::panicking::default_hook::{{closure}}::h8a1d2ee00185001a
[INFO] [stdout]   10:     0x55fe6f9148d3 - std::panicking::default_hook::h6038f2eba384e475
[INFO] [stdout]                                at /rustc/82e1608dfa6e0b5569232559e3d385fea5a93112/library/std/src/panicking.rs:289:9
[INFO] [stdout]   11:     0x55fe6f8b0db7 - <alloc::boxed::Box<F,A> as core::ops::function::Fn<Args>>::call::h0ad024c9bdc6d768
[INFO] [stdout]                                at /rustc/82e1608dfa6e0b5569232559e3d385fea5a93112/library/alloc/src/boxed.rs:2021:9
[INFO] [stdout]   12:     0x55fe6f8b0db7 - test::test_main::{{closure}}::h7500b54257359db6
[INFO] [stdout]                                at /rustc/82e1608dfa6e0b5569232559e3d385fea5a93112/library/test/src/lib.rs:138:21
[INFO] [stdout]   13:     0x55fe6f9151f8 - <alloc::boxed::Box<F,A> as core::ops::function::Fn<Args>>::call::h1f8f335eaa9cfaee
[INFO] [stdout]                                at /rustc/82e1608dfa6e0b5569232559e3d385fea5a93112/library/alloc/src/boxed.rs:2021:9
[INFO] [stdout]   14:     0x55fe6f9151f8 - std::panicking::rust_panic_with_hook::h2b5517d590cab22e
[INFO] [stdout]                                at /rustc/82e1608dfa6e0b5569232559e3d385fea5a93112/library/std/src/panicking.rs:783:13
[INFO] [stdout]   15:     0x55fe6f914f19 - std::panicking::begin_panic_handler::{{closure}}::h233112c06e0ef43e
[INFO] [stdout]                                at /rustc/82e1608dfa6e0b5569232559e3d385fea5a93112/library/std/src/panicking.rs:649:13
[INFO] [stdout]   16:     0x55fe6f913606 - std::sys_common::backtrace::__rust_end_short_backtrace::h6e893f24d7ebbff8
[INFO] [stdout]                                at /rustc/82e1608dfa6e0b5569232559e3d385fea5a93112/library/std/src/sys_common/backtrace.rs:170:18
[INFO] [stdout]   17:     0x55fe6f914cb2 - rust_begin_unwind
[INFO] [stdout]                                at /rustc/82e1608dfa6e0b5569232559e3d385fea5a93112/library/std/src/panicking.rs:645:5
[INFO] [stdout]   18:     0x55fe6f83dd75 - core::panicking::panic_fmt::hbf0e066aabfa482c
[INFO] [stdout]                                at /rustc/82e1608dfa6e0b5569232559e3d385fea5a93112/library/core/src/panicking.rs:72:14
[INFO] [stdout]   19:     0x55fe6f83de13 - core::panicking::panic::h195fc2a96298d4c3
[INFO] [stdout]                                at /rustc/82e1608dfa6e0b5569232559e3d385fea5a93112/library/core/src/panicking.rs:127:5
[INFO] [stdout]   20:     0x55fe6f878a6e - test_cases::test_list_part2::h448d3d32e2bf0589
[INFO] [stdout]                                at /opt/rustwide/workdir/tests/test_cases.rs:837:2
[INFO] [stdout]   21:     0x55fe6f870ab7 - test_cases::test_list_part2::{{closure}}::h61dcb162ea9bdd57
[INFO] [stdout]                                at /opt/rustwide/workdir/tests/test_cases.rs:785:21
[INFO] [stdout]   22:     0x55fe6f879416 - core::ops::function::FnOnce::call_once::h0c22ae8ff2f0d1bb
[INFO] [stdout]                                at /rustc/82e1608dfa6e0b5569232559e3d385fea5a93112/library/core/src/ops/function.rs:250:5
[INFO] [stdout]   23:     0x55fe6f8b640f - core::ops::function::FnOnce::call_once::h2b5d431d5046312d
[INFO] [stdout]                                at /rustc/82e1608dfa6e0b5569232559e3d385fea5a93112/library/core/src/ops/function.rs:250:5
[INFO] [stdout]   24:     0x55fe6f8b640f - test::__rust_begin_short_backtrace::h7714669af176e207
[INFO] [stdout]                                at /rustc/82e1608dfa6e0b5569232559e3d385fea5a93112/library/test/src/lib.rs:628:18
[INFO] [stdout]   25:     0x55fe6f8b5425 - test::run_test_in_process::{{closure}}::h85218797dcbcec12
[INFO] [stdout]                                at /rustc/82e1608dfa6e0b5569232559e3d385fea5a93112/library/test/src/lib.rs:651:60
[INFO] [stdout]   26:     0x55fe6f8b5425 - <core::panic::unwind_safe::AssertUnwindSafe<F> as core::ops::function::FnOnce<()>>::call_once::h76c106ea31c14d7b
[INFO] [stdout]                                at /rustc/82e1608dfa6e0b5569232559e3d385fea5a93112/library/core/src/panic/unwind_safe.rs:272:9
[INFO] [stdout]   27:     0x55fe6f8b5425 - std::panicking::try::do_call::h3bd5d0f6620ee946
[INFO] [stdout]                                at /rustc/82e1608dfa6e0b5569232559e3d385fea5a93112/library/std/src/panicking.rs:552:40
[INFO] [stdout]   28:     0x55fe6f8b5425 - std::panicking::try::h232e535e4744fe31
[INFO] [stdout]                                at /rustc/82e1608dfa6e0b5569232559e3d385fea5a93112/library/std/src/panicking.rs:516:19
[INFO] [stdout]   29:     0x55fe6f8b5425 - std::panic::catch_unwind::h3ce3bd6ca8dbac68
[INFO] [stdout]                                at /rustc/82e1608dfa6e0b5569232559e3d385fea5a93112/library/std/src/panic.rs:142:14
[INFO] [stdout]   30:     0x55fe6f8b5425 - test::run_test_in_process::hc97b257c9621286a
[INFO] [stdout]                                at /rustc/82e1608dfa6e0b5569232559e3d385fea5a93112/library/test/src/lib.rs:651:27
[INFO] [stdout]   31:     0x55fe6f8b5425 - test::run_test::{{closure}}::h2aa798823a438d38
[INFO] [stdout]                                at /rustc/82e1608dfa6e0b5569232559e3d385fea5a93112/library/test/src/lib.rs:574:43
[INFO] [stdout]   32:     0x55fe6f87d6e6 - test::run_test::{{closure}}::h87d231c78fb59832
[INFO] [stdout]                                at /rustc/82e1608dfa6e0b5569232559e3d385fea5a93112/library/test/src/lib.rs:602:41
[INFO] [stdout]   33:     0x55fe6f87d6e6 - std::sys_common::backtrace::__rust_begin_short_backtrace::he6df152596625789
[INFO] [stdout]                                at /rustc/82e1608dfa6e0b5569232559e3d385fea5a93112/library/std/src/sys_common/backtrace.rs:154:18
[INFO] [stdout]   34:     0x55fe6f882797 - std::thread::Builder::spawn_unchecked_::{{closure}}::{{closure}}::ha94be15d1e0acf36
[INFO] [stdout]                                at /rustc/82e1608dfa6e0b5569232559e3d385fea5a93112/library/std/src/thread/mod.rs:529:17
[INFO] [stdout]   35:     0x55fe6f882797 - <core::panic::unwind_safe::AssertUnwindSafe<F> as core::ops::function::FnOnce<()>>::call_once::h9dc6bd6372f16606
[INFO] [stdout]                                at /rustc/82e1608dfa6e0b5569232559e3d385fea5a93112/library/core/src/panic/unwind_safe.rs:272:9
[INFO] [stdout]   36:     0x55fe6f882797 - std::panicking::try::do_call::h9057517f80303cd4
[INFO] [stdout]                                at /rustc/82e1608dfa6e0b5569232559e3d385fea5a93112/library/std/src/panicking.rs:552:40
[INFO] [stdout]   37:     0x55fe6f882797 - std::panicking::try::he3a30b11ee45340c
[INFO] [stdout]                                at /rustc/82e1608dfa6e0b5569232559e3d385fea5a93112/library/std/src/panicking.rs:516:19
[INFO] [stdout]   38:     0x55fe6f882797 - std::panic::catch_unwind::h410458cfd3528b8b
[INFO] [stdout]                                at /rustc/82e1608dfa6e0b5569232559e3d385fea5a93112/library/std/src/panic.rs:142:14
[INFO] [stdout]   39:     0x55fe6f882797 - std::thread::Builder::spawn_unchecked_::{{closure}}::h72ac3bdb567b737b
[INFO] [stdout]                                at /rustc/82e1608dfa6e0b5569232559e3d385fea5a93112/library/std/src/thread/mod.rs:528:30
[INFO] [stdout]   40:     0x55fe6f882797 - core::ops::function::FnOnce::call_once{{vtable.shim}}::h38f34da3654a8344
[INFO] [stdout]                                at /rustc/82e1608dfa6e0b5569232559e3d385fea5a93112/library/core/src/ops/function.rs:250:5
[INFO] [stdout]   41:     0x55fe6f919c85 - <alloc::boxed::Box<F,A> as core::ops::function::FnOnce<Args>>::call_once::hc7eafaff61e32df9
[INFO] [stdout]                                at /rustc/82e1608dfa6e0b5569232559e3d385fea5a93112/library/alloc/src/boxed.rs:2007:9
[INFO] [stdout]   42:     0x55fe6f919c85 - <alloc::boxed::Box<F,A> as core::ops::function::FnOnce<Args>>::call_once::h6ba4a5de48dd2304
[INFO] [stdout]                                at /rustc/82e1608dfa6e0b5569232559e3d385fea5a93112/library/alloc/src/boxed.rs:2007:9
[INFO] [stdout]   43:     0x55fe6f919c85 - std::sys::unix::thread::Thread::new::thread_start::he469335aef763e45
[INFO] [stdout]                                at /rustc/82e1608dfa6e0b5569232559e3d385fea5a93112/library/std/src/sys/unix/thread.rs:108:17
[INFO] [stdout]   44:     0x7fee3a9b5ac3 - <unknown>
[INFO] [stdout]   45:     0x7fee3aa46bf4 - __clone
[INFO] [stdout]   46:                0x0 - <unknown>
[INFO] [stdout] 
[INFO] [stdout] 
[INFO] [stdout] failures:
[INFO] [stdout]     test_list_part2
[INFO] [stdout] 
[INFO] [stdout] test result: FAILED. 11 passed; 1 failed; 0 ignored; 0 measured; 0 filtered out; finished in 0.02s
[INFO] [stdout] 
[INFO] [stderr] error: test failed, to rerun pass `--test test_cases`
[INFO] running `Command { std: "docker" "inspect" "6244d4b9577a16756a04ed832e38372f09a582c7b49002236114064be82c042d", kill_on_drop: false }`
[INFO] running `Command { std: "docker" "rm" "-f" "6244d4b9577a16756a04ed832e38372f09a582c7b49002236114064be82c042d", kill_on_drop: false }`
[INFO] [stdout] 6244d4b9577a16756a04ed832e38372f09a582c7b49002236114064be82c042d
[INFO] testing parse-wiki-text-2-0.1.6-alpha.0 against beta-2023-12-22 for beta-1.76-1
[INFO] extracting crate parse-wiki-text-2 0.1.6-alpha.0 into /workspace/builds/worker-2-tc2/source
[INFO] validating manifest of crates.io crate parse-wiki-text-2 0.1.6-alpha.0 on toolchain beta-2023-12-22
[INFO] running `Command { std: CARGO_HOME="/workspace/cargo-home" RUSTUP_HOME="/workspace/rustup-home" "/workspace/cargo-home/bin/cargo" "+beta-2023-12-22" "metadata" "--manifest-path" "Cargo.toml" "--no-deps", kill_on_drop: false }`
[INFO] started tweaking crates.io crate parse-wiki-text-2 0.1.6-alpha.0
[INFO] finished tweaking crates.io crate parse-wiki-text-2 0.1.6-alpha.0
[INFO] tweaked toml for crates.io crate parse-wiki-text-2 0.1.6-alpha.0 written to /workspace/builds/worker-2-tc2/source/Cargo.toml
[INFO] crate crates.io crate parse-wiki-text-2 0.1.6-alpha.0 already has a lockfile, it will not be regenerated
[INFO] running `Command { std: CARGO_HOME="/workspace/cargo-home" RUSTUP_HOME="/workspace/rustup-home" "/workspace/cargo-home/bin/cargo" "+beta-2023-12-22" "fetch" "--manifest-path" "Cargo.toml", kill_on_drop: false }`
[INFO] running `Command { std: "docker" "create" "-v" "/var/lib/crater-agent-workspace/builds/worker-2-tc2/target:/opt/rustwide/target:rw,Z" "-v" "/var/lib/crater-agent-workspace/builds/worker-2-tc2/source:/opt/rustwide/workdir:ro,Z" "-v" "/var/lib/crater-agent-workspace/cargo-home:/opt/rustwide/cargo-home:ro,Z" "-v" "/var/lib/crater-agent-workspace/rustup-home:/opt/rustwide/rustup-home:ro,Z" "-e" "SOURCE_DIR=/opt/rustwide/workdir" "-e" "CARGO_TARGET_DIR=/opt/rustwide/target" "-e" "CARGO_HOME=/opt/rustwide/cargo-home" "-e" "RUSTUP_HOME=/opt/rustwide/rustup-home" "-w" "/opt/rustwide/workdir" "-m" "1610612736" "--user" "0:0" "--network" "none" "ghcr.io/rust-lang/crates-build-env/linux@sha256:2788e3201cd34a07e3172128adcd8b3090168a8e3bcc40d7c032b9dda1df7d1c" "/opt/rustwide/cargo-home/bin/cargo" "+beta-2023-12-22" "metadata" "--no-deps" "--format-version=1", kill_on_drop: false }`
[INFO] [stdout] a8fbb8761edc1309701836a70cd80bff21dfb85c08561d3f60debdc3e4abca6f
[INFO] running `Command { std: "docker" "start" "-a" "a8fbb8761edc1309701836a70cd80bff21dfb85c08561d3f60debdc3e4abca6f", kill_on_drop: false }`
[INFO] running `Command { std: "docker" "inspect" "a8fbb8761edc1309701836a70cd80bff21dfb85c08561d3f60debdc3e4abca6f", kill_on_drop: false }`
[INFO] running `Command { std: "docker" "rm" "-f" "a8fbb8761edc1309701836a70cd80bff21dfb85c08561d3f60debdc3e4abca6f", kill_on_drop: false }`
[INFO] [stdout] a8fbb8761edc1309701836a70cd80bff21dfb85c08561d3f60debdc3e4abca6f
[INFO] running `Command { std: "docker" "create" "-v" "/var/lib/crater-agent-workspace/builds/worker-2-tc2/target:/opt/rustwide/target:rw,Z" "-v" "/var/lib/crater-agent-workspace/builds/worker-2-tc2/source:/opt/rustwide/workdir:ro,Z" "-v" "/var/lib/crater-agent-workspace/cargo-home:/opt/rustwide/cargo-home:ro,Z" "-v" "/var/lib/crater-agent-workspace/rustup-home:/opt/rustwide/rustup-home:ro,Z" "-e" "SOURCE_DIR=/opt/rustwide/workdir" "-e" "CARGO_TARGET_DIR=/opt/rustwide/target" "-e" "CARGO_INCREMENTAL=0" "-e" "RUST_BACKTRACE=full" "-e" "RUSTFLAGS=--cap-lints=warn" "-e" "RUSTDOCFLAGS=--cap-lints=warn" "-e" "CARGO_HOME=/opt/rustwide/cargo-home" "-e" "RUSTUP_HOME=/opt/rustwide/rustup-home" "-w" "/opt/rustwide/workdir" "-m" "1610612736" "--user" "0:0" "--network" "none" "ghcr.io/rust-lang/crates-build-env/linux@sha256:2788e3201cd34a07e3172128adcd8b3090168a8e3bcc40d7c032b9dda1df7d1c" "/opt/rustwide/cargo-home/bin/cargo" "+beta-2023-12-22" "build" "--frozen" "--message-format=json", kill_on_drop: false }`
[INFO] [stdout] f78cea711103f4dfff85ba40844c5a800b8cc440f16ff6f094eebc3561c0cae3
[INFO] running `Command { std: "docker" "start" "-a" "f78cea711103f4dfff85ba40844c5a800b8cc440f16ff6f094eebc3561c0cae3", kill_on_drop: false }`
[INFO] [stderr]    Compiling parse-wiki-text-2 v0.1.6-alpha.0 (/opt/rustwide/workdir)
[INFO] [stderr]     Finished dev [unoptimized + debuginfo] target(s) in 0.57s
[INFO] running `Command { std: "docker" "inspect" "f78cea711103f4dfff85ba40844c5a800b8cc440f16ff6f094eebc3561c0cae3", kill_on_drop: false }`
[INFO] running `Command { std: "docker" "rm" "-f" "f78cea711103f4dfff85ba40844c5a800b8cc440f16ff6f094eebc3561c0cae3", kill_on_drop: false }`
[INFO] [stdout] f78cea711103f4dfff85ba40844c5a800b8cc440f16ff6f094eebc3561c0cae3
[INFO] running `Command { std: "docker" "create" "-v" "/var/lib/crater-agent-workspace/builds/worker-2-tc2/target:/opt/rustwide/target:rw,Z" "-v" "/var/lib/crater-agent-workspace/builds/worker-2-tc2/source:/opt/rustwide/workdir:ro,Z" "-v" "/var/lib/crater-agent-workspace/cargo-home:/opt/rustwide/cargo-home:ro,Z" "-v" "/var/lib/crater-agent-workspace/rustup-home:/opt/rustwide/rustup-home:ro,Z" "-e" "SOURCE_DIR=/opt/rustwide/workdir" "-e" "CARGO_TARGET_DIR=/opt/rustwide/target" "-e" "CARGO_INCREMENTAL=0" "-e" "RUST_BACKTRACE=full" "-e" "RUSTFLAGS=--cap-lints=warn" "-e" "RUSTDOCFLAGS=--cap-lints=warn" "-e" "CARGO_HOME=/opt/rustwide/cargo-home" "-e" "RUSTUP_HOME=/opt/rustwide/rustup-home" "-w" "/opt/rustwide/workdir" "-m" "1610612736" "--user" "0:0" "--network" "none" "ghcr.io/rust-lang/crates-build-env/linux@sha256:2788e3201cd34a07e3172128adcd8b3090168a8e3bcc40d7c032b9dda1df7d1c" "/opt/rustwide/cargo-home/bin/cargo" "+beta-2023-12-22" "test" "--frozen" "--no-run" "--message-format=json", kill_on_drop: false }`
[INFO] [stdout] 3e2589e98729c6eb21a25db48b715fbfc8c21c524f251c28e34450d53c200122
[INFO] running `Command { std: "docker" "start" "-a" "3e2589e98729c6eb21a25db48b715fbfc8c21c524f251c28e34450d53c200122", kill_on_drop: false }`
[INFO] [stderr]    Compiling proc-macro2 v1.0.63
[INFO] [stderr]    Compiling rustix v0.38.1
[INFO] [stderr]    Compiling bitflags v2.3.3
[INFO] [stderr]    Compiling unicode-ident v1.0.9
[INFO] [stderr]    Compiling quote v1.0.29
[INFO] [stderr]    Compiling linux-raw-sys v0.4.3
[INFO] [stderr]    Compiling anstyle-query v1.0.0
[INFO] [stderr]    Compiling colorchoice v1.0.0
[INFO] [stderr]    Compiling anstyle v1.0.1
[INFO] [stderr]    Compiling clap_lex v0.5.0
[INFO] [stderr]    Compiling once_cell v1.18.0
[INFO] [stderr]    Compiling anstyle-parse v0.2.1
[INFO] [stderr]    Compiling syn v2.0.22
[INFO] [stderr]    Compiling is-terminal v0.4.8
[INFO] [stderr]    Compiling anstream v0.3.2
[INFO] [stderr]    Compiling clap_builder v4.3.10
[INFO] [stderr]    Compiling clap_derive v4.3.2
[INFO] [stderr]    Compiling clap v4.3.10
[INFO] [stderr]    Compiling parse-wiki-text-2 v0.1.6-alpha.0 (/opt/rustwide/workdir)
[INFO] [stdout] warning: unused import: `WarningMessage`
[INFO] [stdout]  --> tests/to_test_str.rs:2:47
[INFO] [stdout]   |
[INFO] [stdout] 2 |     DefinitionListItem, ListItem, Node, Warning, WarningMessage,
[INFO] [stdout]   |                                                  ^^^^^^^^^^^^^^
[INFO] [stdout]   |
[INFO] [stdout]   = note: `#[warn(unused_imports)]` on by default
[INFO] [stdout] 
[INFO] [stdout] 
[INFO] [stdout] warning: unused import: `WarningMessage`
[INFO] [stdout]  --> tests/to_test_str.rs:2:47
[INFO] [stdout]   |
[INFO] [stdout] 2 |     DefinitionListItem, ListItem, Node, Warning, WarningMessage,
[INFO] [stdout]   |                                                  ^^^^^^^^^^^^^^
[INFO] [stdout]   |
[INFO] [stdout]   = note: `#[warn(unused_imports)]` on by default
[INFO] [stdout] 
[INFO] [stdout] 
[INFO] [stdout] warning: unused imports: `Node::*`, `WarningMessage::*`, `Warning`
[INFO] [stdout]  --> tests/test_cases.rs:9:40
[INFO] [stdout]   |
[INFO] [stdout] 9 | use parse_wiki_text_2::{Configuration, Node::*, Warning, WarningMessage::*};
[INFO] [stdout]   |                                        ^^^^^^^  ^^^^^^^  ^^^^^^^^^^^^^^^^^
[INFO] [stdout] 
[INFO] [stdout] 
[INFO] [stdout] warning: 1 warning emitted
[INFO] [stdout] 
[INFO] [stdout] 
[INFO] [stdout] warning: constant `TEST_CASES` is never used
[INFO] [stdout]    --> tests/test_cases.rs:840:7
[INFO] [stdout]     |
[INFO] [stdout] 840 | const TEST_CASES: &[(&str, &[&str])] = &[
[INFO] [stdout]     |       ^^^^^^^^^^
[INFO] [stdout]     |
[INFO] [stdout]     = note: `#[warn(dead_code)]` on by default
[INFO] [stdout] 
[INFO] [stdout] 
[INFO] [stdout] warning: 3 warnings emitted
[INFO] [stdout] 
[INFO] [stdout] 
[INFO] [stderr]     Finished test [unoptimized + debuginfo] target(s) in 5.09s
[INFO] running `Command { std: "docker" "inspect" "3e2589e98729c6eb21a25db48b715fbfc8c21c524f251c28e34450d53c200122", kill_on_drop: false }`
[INFO] running `Command { std: "docker" "rm" "-f" "3e2589e98729c6eb21a25db48b715fbfc8c21c524f251c28e34450d53c200122", kill_on_drop: false }`
[INFO] [stdout] 3e2589e98729c6eb21a25db48b715fbfc8c21c524f251c28e34450d53c200122
[INFO] running `Command { std: "docker" "create" "-v" "/var/lib/crater-agent-workspace/builds/worker-2-tc2/target:/opt/rustwide/target:rw,Z" "-v" "/var/lib/crater-agent-workspace/builds/worker-2-tc2/source:/opt/rustwide/workdir:ro,Z" "-v" "/var/lib/crater-agent-workspace/cargo-home:/opt/rustwide/cargo-home:ro,Z" "-v" "/var/lib/crater-agent-workspace/rustup-home:/opt/rustwide/rustup-home:ro,Z" "-e" "SOURCE_DIR=/opt/rustwide/workdir" "-e" "CARGO_TARGET_DIR=/opt/rustwide/target" "-e" "CARGO_INCREMENTAL=0" "-e" "RUST_BACKTRACE=full" "-e" "RUSTFLAGS=--cap-lints=warn" "-e" "RUSTDOCFLAGS=--cap-lints=warn" "-e" "CARGO_HOME=/opt/rustwide/cargo-home" "-e" "RUSTUP_HOME=/opt/rustwide/rustup-home" "-w" "/opt/rustwide/workdir" "-m" "1610612736" "--user" "0:0" "--network" "none" "ghcr.io/rust-lang/crates-build-env/linux@sha256:2788e3201cd34a07e3172128adcd8b3090168a8e3bcc40d7c032b9dda1df7d1c" "/opt/rustwide/cargo-home/bin/cargo" "+beta-2023-12-22" "test" "--frozen", kill_on_drop: false }`
[INFO] [stdout] a05041043d672a955b9837a4c4998b8e709e8c27227dc4a44d5d9112646d3c4c
[INFO] running `Command { std: "docker" "start" "-a" "a05041043d672a955b9837a4c4998b8e709e8c27227dc4a44d5d9112646d3c4c", kill_on_drop: false }`
[INFO] [stderr] warning: unused import: `WarningMessage`
[INFO] [stderr]  --> tests/to_test_str.rs:2:47
[INFO] [stderr]   |
[INFO] [stderr] 2 |     DefinitionListItem, ListItem, Node, Warning, WarningMessage,
[INFO] [stderr]   |                                                  ^^^^^^^^^^^^^^
[INFO] [stderr]   |
[INFO] [stderr]   = note: `#[warn(unused_imports)]` on by default
[INFO] [stderr] 
[INFO] [stderr] warning: unused imports: `Node::*`, `WarningMessage::*`, `Warning`
[INFO] [stderr]  --> tests/test_cases.rs:9:40
[INFO] [stderr]   |
[INFO] [stderr] 9 | use parse_wiki_text_2::{Configuration, Node::*, Warning, WarningMessage::*};
[INFO] [stderr]   |                                        ^^^^^^^  ^^^^^^^  ^^^^^^^^^^^^^^^^^
[INFO] [stderr] 
[INFO] [stderr] warning: constant `TEST_CASES` is never used
[INFO] [stderr]    --> tests/test_cases.rs:840:7
[INFO] [stderr]     |
[INFO] [stderr] 840 | const TEST_CASES: &[(&str, &[&str])] = &[
[INFO] [stderr]     |       ^^^^^^^^^^
[INFO] [stderr]     |
[INFO] [stderr]     = note: `#[warn(dead_code)]` on by default
[INFO] [stderr] 
[INFO] [stderr] warning: `parse-wiki-text-2` (test "test_cases") generated 3 warnings (run `cargo fix --test "test_cases"` to apply 2 suggestions)
[INFO] [stderr] warning: `parse-wiki-text-2` (test "to_test_str") generated 1 warning (1 duplicate)
[INFO] [stderr]     Finished test [unoptimized + debuginfo] target(s) in 0.02s
[INFO] [stderr]      Running unittests src/lib.rs (/opt/rustwide/target/debug/deps/parse_wiki_text_2-50ae73402d8882ab)
[INFO] [stdout] 
[INFO] [stdout] running 0 tests
[INFO] [stdout] 
[INFO] [stdout] test result: ok. 0 passed; 0 failed; 0 ignored; 0 measured; 0 filtered out; finished in 0.00s
[INFO] [stdout] 
[INFO] [stderr]      Running tests/test_cases.rs (/opt/rustwide/target/debug/deps/test_cases-e3c35eb6b480df8c)
[INFO] [stdout] 
[INFO] [stdout] running 12 tests
[INFO] [stdout] test test_cases ... ok
[INFO] [stdout] test comment ... ok
[INFO] [stdout] test bold_italic ... ok
[INFO] [stdout] test character_entity ... ok
[INFO] [stdout] test external_links ... ok
[INFO] [stdout] test basic ... ok
[INFO] [stdout] test heading ... ok
[INFO] [stdout] test invalid_characters ... ok
[INFO] [stdout] test horizontal_divider ... ok
[INFO] [stdout] test link ... ok
[INFO] [stdout] test test_list_part1 ... ok
[INFO] [stdout] test test_list_part2 ... FAILED
[INFO] [stdout] 
[INFO] [stdout] failures:
[INFO] [stdout] 
[INFO] [stdout] ---- test_list_part2 stdout ----
[INFO] [stdout] 
[INFO] [stdout] ":alpha\nbeta" : nodes:
[INFO] [stdout] [DefinitionList([DefinitionListItem(Details, [Text(alpha)])]), Text(beta)]
[INFO] [stdout] warnings:
[INFO] [stdout] []
[INFO] [stdout] 
[INFO] [stdout] ";" : nodes:
[INFO] [stdout] [DefinitionList([DefinitionListItem(Term, [])])]
[INFO] [stdout] warnings:
[INFO] [stdout] []
[INFO] [stdout] 
[INFO] [stdout] ";\n\nalpha" : nodes:
[INFO] [stdout] [DefinitionList([DefinitionListItem(Term, [])]), Text(alpha)]
[INFO] [stdout] warnings:
[INFO] [stdout] []
[INFO] [stdout] 
[INFO] [stdout] ";\n#" : nodes:
[INFO] [stdout] [DefinitionList([DefinitionListItem(Term, [])]), OrderedList([ListItem([])])]
[INFO] [stdout] warnings:
[INFO] [stdout] []
[INFO] [stdout] 
[INFO] [stdout] ";\n*" : nodes:
[INFO] [stdout] [DefinitionList([DefinitionListItem(Term, [])]), UnorderedList([ListItem([])])]
[INFO] [stdout] warnings:
[INFO] [stdout] []
[INFO] [stdout] 
[INFO] [stdout] ";\n:" : nodes:
[INFO] [stdout] [DefinitionList([DefinitionListItem(Term, []), DefinitionListItem(Details, [])])]
[INFO] [stdout] warnings:
[INFO] [stdout] []
[INFO] [stdout] 
[INFO] [stdout] ";\n;;" : nodes:
[INFO] [stdout] [DefinitionList([DefinitionListItem(Term, [])]), DefinitionList([DefinitionListItem(Term, [DefinitionList([DefinitionListItem(Term, [])])])])]
[INFO] [stdout] warnings:
[INFO] [stdout] [Warning(DefinitionTermContinuation)]
[INFO] [stdout] 
[INFO] [stdout] ";\n;;\n;" : nodes:
[INFO] [stdout] [DefinitionList([DefinitionListItem(Term, [])]), DefinitionList([DefinitionListItem(Term, [DefinitionList([DefinitionListItem(Term, [])])])]), DefinitionList([DefinitionListItem(Term, [])])]
[INFO] [stdout] warnings:
[INFO] [stdout] [Warning(DefinitionTermContinuation), Warning(DefinitionTermContinuation)]
[INFO] [stdout] 
[INFO] [stdout] ";\nalpha" : nodes:
[INFO] [stdout] [DefinitionList([DefinitionListItem(Term, [])]), Text(alpha)]
[INFO] [stdout] warnings:
[INFO] [stdout] []
[INFO] [stdout] 
[INFO] [stdout] "; alpha" : nodes:
[INFO] [stdout] [DefinitionList([DefinitionListItem(Term, [Text(alpha)])])]
[INFO] [stdout] warnings:
[INFO] [stdout] []
[INFO] [stdout] 
[INFO] [stdout] ";;" : nodes:
[INFO] [stdout] [DefinitionList([DefinitionListItem(Term, [DefinitionList([DefinitionListItem(Term, [])])])])]
[INFO] [stdout] warnings:
[INFO] [stdout] []
[INFO] [stdout] 
[INFO] [stdout] ";;\n;" : nodes:
[INFO] [stdout] [DefinitionList([DefinitionListItem(Term, [DefinitionList([DefinitionListItem(Term, [])])])]), DefinitionList([DefinitionListItem(Term, [])])]
[INFO] [stdout] warnings:
[INFO] [stdout] [Warning(DefinitionTermContinuation)]
[INFO] [stdout] 
[INFO] [stdout] ";;\n;\n;;" : nodes:
[INFO] [stdout] [DefinitionList([DefinitionListItem(Term, [DefinitionList([DefinitionListItem(Term, [])])])]), DefinitionList([DefinitionListItem(Term, [])]), DefinitionList([DefinitionListItem(Term, [DefinitionList([DefinitionListItem(Term, [])])])])]
[INFO] [stdout] warnings:
[INFO] [stdout] [Warning(DefinitionTermContinuation), Warning(DefinitionTermContinuation)]
[INFO] [stdout] 
[INFO] [stdout] ";;\n;;" : nodes:
[INFO] [stdout] [DefinitionList([DefinitionListItem(Term, [DefinitionList([DefinitionListItem(Term, []), DefinitionListItem(Term, [])])])])]
[INFO] [stdout] warnings:
[INFO] [stdout] []
[INFO] [stdout] 
[INFO] [stdout] ";=alpha=" : nodes:
[INFO] [stdout] [DefinitionList([DefinitionListItem(Term, [Text(=alpha=)])])]
[INFO] [stdout] warnings:
[INFO] [stdout] []
[INFO] [stdout] 
[INFO] [stdout] ";alpha" : nodes:
[INFO] [stdout] [DefinitionList([DefinitionListItem(Term, [Text(alpha)])])]
[INFO] [stdout] warnings:
[INFO] [stdout] []
[INFO] [stdout] 
[INFO] [stdout] ";alpha\nbeta" : nodes:
[INFO] [stdout] [DefinitionList([DefinitionListItem(Term, [Text(alpha)])]), Text(beta)]
[INFO] [stdout] warnings:
[INFO] [stdout] []
[INFO] [stdout] 
[INFO] [stdout] "alpha\t\n#" : nodes:
[INFO] [stdout] [Text(alpha), OrderedList([ListItem([])])]
[INFO] [stdout] warnings:
[INFO] [stdout] []
[INFO] [stdout] 
[INFO] [stdout] "alpha\n#" : nodes:
[INFO] [stdout] [Text(alpha), OrderedList([ListItem([])])]
[INFO] [stdout] warnings:
[INFO] [stdout] []
[INFO] [stdout] 
[INFO] [stdout] "alpha\n#\nbeta" : nodes:
[INFO] [stdout] [Text(alpha), OrderedList([ListItem([])]), Text(beta)]
[INFO] [stdout] warnings:
[INFO] [stdout] []
[INFO] [stdout] 
[INFO] [stdout] "alpha\n*" : nodes:
[INFO] [stdout] [Text(alpha), UnorderedList([ListItem([])])]
[INFO] [stdout] warnings:
[INFO] [stdout] []
[INFO] [stdout] 
[INFO] [stdout] "alpha\n*\nbeta" : nodes:
[INFO] [stdout] [Text(alpha), UnorderedList([ListItem([])]), Text(beta)]
[INFO] [stdout] warnings:
[INFO] [stdout] []
[INFO] [stdout] 
[INFO] [stdout] "alpha\n:" : nodes:
[INFO] [stdout] [Text(alpha), DefinitionList([DefinitionListItem(Details, [])])]
[INFO] [stdout] warnings:
[INFO] [stdout] []
[INFO] [stdout] 
[INFO] [stdout] "alpha\n:\nbeta" : nodes:
[INFO] [stdout] [Text(alpha), DefinitionList([DefinitionListItem(Details, [])]), Text(beta)]
[INFO] [stdout] warnings:
[INFO] [stdout] []
[INFO] [stdout] 
[INFO] [stdout] "alpha\n;" : nodes:
[INFO] [stdout] [Text(alpha), DefinitionList([DefinitionListItem(Term, [])])]
[INFO] [stdout] warnings:
[INFO] [stdout] []
[INFO] [stdout] 
[INFO] [stdout] "alpha\n;\nbeta" : nodes:
[INFO] [stdout] [Text(alpha), DefinitionList([DefinitionListItem(Term, [])]), Text(beta)]
[INFO] [stdout] warnings:
[INFO] [stdout] []
[INFO] [stdout] 
[INFO] [stdout] "alpha \n#" : nodes:
[INFO] [stdout] [Text(alpha), OrderedList([ListItem([])])]
[INFO] [stdout] warnings:
[INFO] [stdout] []
[INFO] [stdout] thread 'test_list_part2' panicked at tests/test_cases.rs:837:5:
[INFO] [stdout] assertion failed: false
[INFO] [stdout] stack backtrace:
[INFO] [stdout]    0:     0x55fb70072ca6 - std::backtrace_rs::backtrace::libunwind::trace::h261606ad26a499c1
[INFO] [stdout]                                at /rustc/0e09125c6c3c2fd70d7de961bcf0e51575235fad/library/std/src/../../backtrace/src/backtrace/libunwind.rs:104:5
[INFO] [stdout]    1:     0x55fb70072ca6 - std::backtrace_rs::backtrace::trace_unsynchronized::hd183f0625477fb28
[INFO] [stdout]                                at /rustc/0e09125c6c3c2fd70d7de961bcf0e51575235fad/library/std/src/../../backtrace/src/backtrace/mod.rs:66:5
[INFO] [stdout]    2:     0x55fb70072ca6 - std::sys_common::backtrace::_print_fmt::hd7f8fef21b4eda67
[INFO] [stdout]                                at /rustc/0e09125c6c3c2fd70d7de961bcf0e51575235fad/library/std/src/sys_common/backtrace.rs:68:5
[INFO] [stdout]    3:     0x55fb70072ca6 - <std::sys_common::backtrace::_print::DisplayBacktrace as core::fmt::Display>::fmt::h623d9b51f2f453f1
[INFO] [stdout]                                at /rustc/0e09125c6c3c2fd70d7de961bcf0e51575235fad/library/std/src/sys_common/backtrace.rs:44:22
[INFO] [stdout]    4:     0x55fb7009baf0 - core::fmt::rt::Argument::fmt::h9f417ac76a86f368
[INFO] [stdout]                                at /rustc/0e09125c6c3c2fd70d7de961bcf0e51575235fad/library/core/src/fmt/rt.rs:142:9
[INFO] [stdout]    5:     0x55fb7009baf0 - core::fmt::write::hc9b6faf4ac2aeff7
[INFO] [stdout]                                at /rustc/0e09125c6c3c2fd70d7de961bcf0e51575235fad/library/core/src/fmt/mod.rs:1120:17
[INFO] [stdout]    6:     0x55fb7007070f - std::io::Write::write_fmt::he04625a3a989fec3
[INFO] [stdout]                                at /rustc/0e09125c6c3c2fd70d7de961bcf0e51575235fad/library/std/src/io/mod.rs:1810:15
[INFO] [stdout]    7:     0x55fb70072a84 - std::sys_common::backtrace::_print::hd5d66399c7df88a2
[INFO] [stdout]                                at /rustc/0e09125c6c3c2fd70d7de961bcf0e51575235fad/library/std/src/sys_common/backtrace.rs:47:5
[INFO] [stdout]    8:     0x55fb70072a84 - std::sys_common::backtrace::print::he81ed2da642d37e5
[INFO] [stdout]                                at /rustc/0e09125c6c3c2fd70d7de961bcf0e51575235fad/library/std/src/sys_common/backtrace.rs:34:9
[INFO] [stdout]    9:     0x55fb700747f7 - std::panicking::default_hook::{{closure}}::h85773f4fa117163d
[INFO] [stdout]   10:     0x55fb700744dd - std::panicking::default_hook::h6a1694a91d09b278
[INFO] [stdout]                                at /rustc/0e09125c6c3c2fd70d7de961bcf0e51575235fad/library/std/src/panicking.rs:289:9
[INFO] [stdout]   11:     0x55fb7000fcb7 - <alloc::boxed::Box<F,A> as core::ops::function::Fn<Args>>::call::h616ac37fa3cd6c8f
[INFO] [stdout]                                at /rustc/0e09125c6c3c2fd70d7de961bcf0e51575235fad/library/alloc/src/boxed.rs:2029:9
[INFO] [stdout]   12:     0x55fb7000fcb7 - test::test_main::{{closure}}::h00d84697cefdcbb6
[INFO] [stdout]                                at /rustc/0e09125c6c3c2fd70d7de961bcf0e51575235fad/library/test/src/lib.rs:138:21
[INFO] [stdout]   13:     0x55fb70074e16 - <alloc::boxed::Box<F,A> as core::ops::function::Fn<Args>>::call::hcb3fe3b9bb537ba8
[INFO] [stdout]                                at /rustc/0e09125c6c3c2fd70d7de961bcf0e51575235fad/library/alloc/src/boxed.rs:2029:9
[INFO] [stdout]   14:     0x55fb70074e16 - std::panicking::rust_panic_with_hook::h0a7ad96e90f7145b
[INFO] [stdout]                                at /rustc/0e09125c6c3c2fd70d7de961bcf0e51575235fad/library/std/src/panicking.rs:783:13
[INFO] [stdout]   15:     0x55fb70074b29 - std::panicking::begin_panic_handler::{{closure}}::h7919090525c6485e
[INFO] [stdout]                                at /rustc/0e09125c6c3c2fd70d7de961bcf0e51575235fad/library/std/src/panicking.rs:649:13
[INFO] [stdout]   16:     0x55fb700731a6 - std::sys_common::backtrace::__rust_end_short_backtrace::hf3289479464f7dfe
[INFO] [stdout]                                at /rustc/0e09125c6c3c2fd70d7de961bcf0e51575235fad/library/std/src/sys_common/backtrace.rs:171:18
[INFO] [stdout]   17:     0x55fb700748c0 - rust_begin_unwind
[INFO] [stdout]                                at /rustc/0e09125c6c3c2fd70d7de961bcf0e51575235fad/library/std/src/panicking.rs:645:5
[INFO] [stdout]   18:     0x55fb6ff9bd55 - core::panicking::panic_fmt::hcc9f77c5c132af55
[INFO] [stdout]                                at /rustc/0e09125c6c3c2fd70d7de961bcf0e51575235fad/library/core/src/panicking.rs:72:14
[INFO] [stdout]   19:     0x55fb6ff9be13 - core::panicking::panic::h5a1259c1164bd480
[INFO] [stdout]                                at /rustc/0e09125c6c3c2fd70d7de961bcf0e51575235fad/library/core/src/panicking.rs:144:5
[INFO] [stdout]   20:     0x55fb6ffd6a0e - test_cases::test_list_part2::h059c5c553bac8b8f
[INFO] [stdout]                                at /opt/rustwide/workdir/tests/test_cases.rs:837:2
[INFO] [stdout]   21:     0x55fb6ffcea57 - test_cases::test_list_part2::{{closure}}::h5186d51902ca9a68
[INFO] [stdout]                                at /opt/rustwide/workdir/tests/test_cases.rs:785:21
[INFO] [stdout]   22:     0x55fb6ffd7636 - core::ops::function::FnOnce::call_once::hd5c583a1925419b3
[INFO] [stdout]                                at /rustc/0e09125c6c3c2fd70d7de961bcf0e51575235fad/library/core/src/ops/function.rs:250:5
[INFO] [stdout]   23:     0x55fb7001558f - core::ops::function::FnOnce::call_once::hd64d26f405258157
[INFO] [stdout]                                at /rustc/0e09125c6c3c2fd70d7de961bcf0e51575235fad/library/core/src/ops/function.rs:250:5
[INFO] [stdout]   24:     0x55fb7001558f - test::__rust_begin_short_backtrace::he21b0b7a6d731bf9
[INFO] [stdout]                                at /rustc/0e09125c6c3c2fd70d7de961bcf0e51575235fad/library/test/src/lib.rs:627:18
[INFO] [stdout]   25:     0x55fb70014311 - test::run_test_in_process::{{closure}}::hf5c73986d7bdfde2
[INFO] [stdout]                                at /rustc/0e09125c6c3c2fd70d7de961bcf0e51575235fad/library/test/src/lib.rs:650:60
[INFO] [stdout]   26:     0x55fb70014311 - <core::panic::unwind_safe::AssertUnwindSafe<F> as core::ops::function::FnOnce<()>>::call_once::h330011ad032aadc0
[INFO] [stdout]                                at /rustc/0e09125c6c3c2fd70d7de961bcf0e51575235fad/library/core/src/panic/unwind_safe.rs:272:9
[INFO] [stdout]   27:     0x55fb70014311 - std::panicking::try::do_call::he61b0a958b795a41
[INFO] [stdout]                                at /rustc/0e09125c6c3c2fd70d7de961bcf0e51575235fad/library/std/src/panicking.rs:552:40
[INFO] [stdout]   28:     0x55fb70014311 - std::panicking::try::h7309da130f906eb7
[INFO] [stdout]                                at /rustc/0e09125c6c3c2fd70d7de961bcf0e51575235fad/library/std/src/panicking.rs:516:19
[INFO] [stdout]   29:     0x55fb70014311 - std::panic::catch_unwind::hc5c3a06fdaf0a92a
[INFO] [stdout]                                at /rustc/0e09125c6c3c2fd70d7de961bcf0e51575235fad/library/std/src/panic.rs:142:14
[INFO] [stdout]   30:     0x55fb70014311 - test::run_test_in_process::h7e7b7c71c3324e0f
[INFO] [stdout]                                at /rustc/0e09125c6c3c2fd70d7de961bcf0e51575235fad/library/test/src/lib.rs:650:27
[INFO] [stdout]   31:     0x55fb70014311 - test::run_test::{{closure}}::h1f509f28f5cf20b1
[INFO] [stdout]                                at /rustc/0e09125c6c3c2fd70d7de961bcf0e51575235fad/library/test/src/lib.rs:573:43
[INFO] [stdout]   32:     0x55fb6ffdb646 - test::run_test::{{closure}}::h1754218abf443f6d
[INFO] [stdout]                                at /rustc/0e09125c6c3c2fd70d7de961bcf0e51575235fad/library/test/src/lib.rs:601:41
[INFO] [stdout]   33:     0x55fb6ffdb646 - std::sys_common::backtrace::__rust_begin_short_backtrace::h2ee174b9d5954948
[INFO] [stdout]                                at /rustc/0e09125c6c3c2fd70d7de961bcf0e51575235fad/library/std/src/sys_common/backtrace.rs:155:18
[INFO] [stdout]   34:     0x55fb6ffe06a7 - std::thread::Builder::spawn_unchecked_::{{closure}}::{{closure}}::hf60bee9c1a17ef09
[INFO] [stdout]                                at /rustc/0e09125c6c3c2fd70d7de961bcf0e51575235fad/library/std/src/thread/mod.rs:529:17
[INFO] [stdout]   35:     0x55fb6ffe06a7 - <core::panic::unwind_safe::AssertUnwindSafe<F> as core::ops::function::FnOnce<()>>::call_once::h33d0dddec5216160
[INFO] [stdout]                                at /rustc/0e09125c6c3c2fd70d7de961bcf0e51575235fad/library/core/src/panic/unwind_safe.rs:272:9
[INFO] [stdout]   36:     0x55fb6ffe06a7 - std::panicking::try::do_call::h144b3048b546f835
[INFO] [stdout]                                at /rustc/0e09125c6c3c2fd70d7de961bcf0e51575235fad/library/std/src/panicking.rs:552:40
[INFO] [stdout]   37:     0x55fb6ffe06a7 - std::panicking::try::h978244d04646189f
[INFO] [stdout]                                at /rustc/0e09125c6c3c2fd70d7de961bcf0e51575235fad/library/std/src/panicking.rs:516:19
[INFO] [stdout]   38:     0x55fb6ffe06a7 - std::panic::catch_unwind::hdf436369d188fe86
[INFO] [stdout]                                at /rustc/0e09125c6c3c2fd70d7de961bcf0e51575235fad/library/std/src/panic.rs:142:14
[INFO] [stdout]   39:     0x55fb6ffe06a7 - std::thread::Builder::spawn_unchecked_::{{closure}}::h87329cbdd33c79ec
[INFO] [stdout]                                at /rustc/0e09125c6c3c2fd70d7de961bcf0e51575235fad/library/std/src/thread/mod.rs:528:30
[INFO] [stdout]   40:     0x55fb6ffe06a7 - core::ops::function::FnOnce::call_once{{vtable.shim}}::h401abbe67897d450
[INFO] [stdout]                                at /rustc/0e09125c6c3c2fd70d7de961bcf0e51575235fad/library/core/src/ops/function.rs:250:5
[INFO] [stdout]   41:     0x55fb700798c5 - <alloc::boxed::Box<F,A> as core::ops::function::FnOnce<Args>>::call_once::h5d7c8f150ab9c84c
[INFO] [stdout]                                at /rustc/0e09125c6c3c2fd70d7de961bcf0e51575235fad/library/alloc/src/boxed.rs:2015:9
[INFO] [stdout]   42:     0x55fb700798c5 - <alloc::boxed::Box<F,A> as core::ops::function::FnOnce<Args>>::call_once::h570d5b005c242c15
[INFO] [stdout]                                at /rustc/0e09125c6c3c2fd70d7de961bcf0e51575235fad/library/alloc/src/boxed.rs:2015:9
[INFO] [stdout]   43:     0x55fb700798c5 - std::sys::unix::thread::Thread::new::thread_start::h36b0a20c0b2361ad
[INFO] [stdout]                                at /rustc/0e09125c6c3c2fd70d7de961bcf0e51575235fad/library/std/src/sys/unix/thread.rs:108:17
[INFO] [stdout]   44:     0x7f81bf636ac3 - <unknown>
[INFO] [stdout]   45:     0x7f81bf6c7bf4 - __clone
[INFO] [stdout]   46:                0x0 - <unknown>
[INFO] [stdout] 
[INFO] [stdout] 
[INFO] [stdout] failures:
[INFO] [stdout]     test_list_part2
[INFO] [stdout] 
[INFO] [stdout] test result: FAILED. 11 passed; 1 failed; 0 ignored; 0 measured; 0 filtered out; finished in 0.02s
[INFO] [stdout] 
[INFO] [stderr] error: test failed, to rerun pass `--test test_cases`
[INFO] running `Command { std: "docker" "inspect" "a05041043d672a955b9837a4c4998b8e709e8c27227dc4a44d5d9112646d3c4c", kill_on_drop: false }`
[INFO] running `Command { std: "docker" "rm" "-f" "a05041043d672a955b9837a4c4998b8e709e8c27227dc4a44d5d9112646d3c4c", kill_on_drop: false }`
[INFO] [stdout] a05041043d672a955b9837a4c4998b8e709e8c27227dc4a44d5d9112646d3c4c
