[INFO] fetching crate parse-sap-atom-feed 0.2.2...
[INFO] testing parse-sap-atom-feed-0.2.2 against 1.75.0 for beta-1.76-1
[INFO] extracting crate parse-sap-atom-feed 0.2.2 into /workspace/builds/worker-2-tc1/source
[INFO] validating manifest of crates.io crate parse-sap-atom-feed 0.2.2 on toolchain 1.75.0
[INFO] running `Command { std: CARGO_HOME="/workspace/cargo-home" RUSTUP_HOME="/workspace/rustup-home" "/workspace/cargo-home/bin/cargo" "+1.75.0" "metadata" "--manifest-path" "Cargo.toml" "--no-deps", kill_on_drop: false }`
[INFO] started tweaking crates.io crate parse-sap-atom-feed 0.2.2
[INFO] finished tweaking crates.io crate parse-sap-atom-feed 0.2.2
[INFO] tweaked toml for crates.io crate parse-sap-atom-feed 0.2.2 written to /workspace/builds/worker-2-tc1/source/Cargo.toml
[INFO] running `Command { std: CARGO_HOME="/workspace/cargo-home" RUSTUP_HOME="/workspace/rustup-home" "/workspace/cargo-home/bin/cargo" "+1.75.0" "generate-lockfile" "--manifest-path" "Cargo.toml", kill_on_drop: false }`
[INFO] [stderr]     Updating crates.io index
[INFO] running `Command { std: CARGO_HOME="/workspace/cargo-home" RUSTUP_HOME="/workspace/rustup-home" "/workspace/cargo-home/bin/cargo" "+1.75.0" "fetch" "--manifest-path" "Cargo.toml", kill_on_drop: false }`
[INFO] running `Command { std: "docker" "create" "-v" "/var/lib/crater-agent-workspace/builds/worker-2-tc1/target:/opt/rustwide/target:rw,Z" "-v" "/var/lib/crater-agent-workspace/builds/worker-2-tc1/source:/opt/rustwide/workdir:ro,Z" "-v" "/var/lib/crater-agent-workspace/cargo-home:/opt/rustwide/cargo-home:ro,Z" "-v" "/var/lib/crater-agent-workspace/rustup-home:/opt/rustwide/rustup-home:ro,Z" "-e" "SOURCE_DIR=/opt/rustwide/workdir" "-e" "CARGO_TARGET_DIR=/opt/rustwide/target" "-e" "CARGO_HOME=/opt/rustwide/cargo-home" "-e" "RUSTUP_HOME=/opt/rustwide/rustup-home" "-w" "/opt/rustwide/workdir" "-m" "1610612736" "--user" "0:0" "--network" "none" "ghcr.io/rust-lang/crates-build-env/linux@sha256:2788e3201cd34a07e3172128adcd8b3090168a8e3bcc40d7c032b9dda1df7d1c" "/opt/rustwide/cargo-home/bin/cargo" "+1.75.0" "metadata" "--no-deps" "--format-version=1", kill_on_drop: false }`
[INFO] [stdout] 9cc5706245baccfba72ce6d77ae3a7068d732e23cbc836acb8246383be6e689a
[INFO] running `Command { std: "docker" "start" "-a" "9cc5706245baccfba72ce6d77ae3a7068d732e23cbc836acb8246383be6e689a", kill_on_drop: false }`
[INFO] running `Command { std: "docker" "inspect" "9cc5706245baccfba72ce6d77ae3a7068d732e23cbc836acb8246383be6e689a", kill_on_drop: false }`
[INFO] running `Command { std: "docker" "rm" "-f" "9cc5706245baccfba72ce6d77ae3a7068d732e23cbc836acb8246383be6e689a", kill_on_drop: false }`
[INFO] [stdout] 9cc5706245baccfba72ce6d77ae3a7068d732e23cbc836acb8246383be6e689a
[INFO] running `Command { std: "docker" "create" "-v" "/var/lib/crater-agent-workspace/builds/worker-2-tc1/target:/opt/rustwide/target:rw,Z" "-v" "/var/lib/crater-agent-workspace/builds/worker-2-tc1/source:/opt/rustwide/workdir:ro,Z" "-v" "/var/lib/crater-agent-workspace/cargo-home:/opt/rustwide/cargo-home:ro,Z" "-v" "/var/lib/crater-agent-workspace/rustup-home:/opt/rustwide/rustup-home:ro,Z" "-e" "SOURCE_DIR=/opt/rustwide/workdir" "-e" "CARGO_TARGET_DIR=/opt/rustwide/target" "-e" "CARGO_INCREMENTAL=0" "-e" "RUST_BACKTRACE=full" "-e" "RUSTFLAGS=--cap-lints=warn" "-e" "RUSTDOCFLAGS=--cap-lints=warn" "-e" "CARGO_HOME=/opt/rustwide/cargo-home" "-e" "RUSTUP_HOME=/opt/rustwide/rustup-home" "-w" "/opt/rustwide/workdir" "-m" "1610612736" "--user" "0:0" "--network" "none" "ghcr.io/rust-lang/crates-build-env/linux@sha256:2788e3201cd34a07e3172128adcd8b3090168a8e3bcc40d7c032b9dda1df7d1c" "/opt/rustwide/cargo-home/bin/cargo" "+1.75.0" "build" "--frozen" "--message-format=json", kill_on_drop: false }`
[INFO] [stdout] bc62d0458872485502c004f823ded2ed9166fc60fb1329b000d9b7431359ee68
[INFO] running `Command { std: "docker" "start" "-a" "bc62d0458872485502c004f823ded2ed9166fc60fb1329b000d9b7431359ee68", kill_on_drop: false }`
[INFO] [stderr]    Compiling num-traits v0.2.17
[INFO] [stderr]    Compiling quick-xml v0.30.0
[INFO] [stderr]    Compiling chrono v0.4.31
[INFO] [stderr]    Compiling parse-sap-atom-feed v0.2.2 (/opt/rustwide/workdir)
[INFO] [stderr]     Finished dev [unoptimized + debuginfo] target(s) in 2.03s
[INFO] running `Command { std: "docker" "inspect" "bc62d0458872485502c004f823ded2ed9166fc60fb1329b000d9b7431359ee68", kill_on_drop: false }`
[INFO] running `Command { std: "docker" "rm" "-f" "bc62d0458872485502c004f823ded2ed9166fc60fb1329b000d9b7431359ee68", kill_on_drop: false }`
[INFO] [stdout] bc62d0458872485502c004f823ded2ed9166fc60fb1329b000d9b7431359ee68
[INFO] running `Command { std: "docker" "create" "-v" "/var/lib/crater-agent-workspace/builds/worker-2-tc1/target:/opt/rustwide/target:rw,Z" "-v" "/var/lib/crater-agent-workspace/builds/worker-2-tc1/source:/opt/rustwide/workdir:ro,Z" "-v" "/var/lib/crater-agent-workspace/cargo-home:/opt/rustwide/cargo-home:ro,Z" "-v" "/var/lib/crater-agent-workspace/rustup-home:/opt/rustwide/rustup-home:ro,Z" "-e" "SOURCE_DIR=/opt/rustwide/workdir" "-e" "CARGO_TARGET_DIR=/opt/rustwide/target" "-e" "CARGO_INCREMENTAL=0" "-e" "RUST_BACKTRACE=full" "-e" "RUSTFLAGS=--cap-lints=warn" "-e" "RUSTDOCFLAGS=--cap-lints=warn" "-e" "CARGO_HOME=/opt/rustwide/cargo-home" "-e" "RUSTUP_HOME=/opt/rustwide/rustup-home" "-w" "/opt/rustwide/workdir" "-m" "1610612736" "--user" "0:0" "--network" "none" "ghcr.io/rust-lang/crates-build-env/linux@sha256:2788e3201cd34a07e3172128adcd8b3090168a8e3bcc40d7c032b9dda1df7d1c" "/opt/rustwide/cargo-home/bin/cargo" "+1.75.0" "test" "--frozen" "--no-run" "--message-format=json", kill_on_drop: false }`
[INFO] [stdout] cb43bd53dbfbf3edc75b68bd7e58ef608c0b310f1bf2682d435111d419f34b05
[INFO] running `Command { std: "docker" "start" "-a" "cb43bd53dbfbf3edc75b68bd7e58ef608c0b310f1bf2682d435111d419f34b05", kill_on_drop: false }`
[INFO] [stderr]    Compiling parse-sap-atom-feed v0.2.2 (/opt/rustwide/workdir)
[INFO] [stderr]     Finished test [unoptimized + debuginfo] target(s) in 1.61s
[INFO] running `Command { std: "docker" "inspect" "cb43bd53dbfbf3edc75b68bd7e58ef608c0b310f1bf2682d435111d419f34b05", kill_on_drop: false }`
[INFO] running `Command { std: "docker" "rm" "-f" "cb43bd53dbfbf3edc75b68bd7e58ef608c0b310f1bf2682d435111d419f34b05", kill_on_drop: false }`
[INFO] [stdout] cb43bd53dbfbf3edc75b68bd7e58ef608c0b310f1bf2682d435111d419f34b05
[INFO] running `Command { std: "docker" "create" "-v" "/var/lib/crater-agent-workspace/builds/worker-2-tc1/target:/opt/rustwide/target:rw,Z" "-v" "/var/lib/crater-agent-workspace/builds/worker-2-tc1/source:/opt/rustwide/workdir:ro,Z" "-v" "/var/lib/crater-agent-workspace/cargo-home:/opt/rustwide/cargo-home:ro,Z" "-v" "/var/lib/crater-agent-workspace/rustup-home:/opt/rustwide/rustup-home:ro,Z" "-e" "SOURCE_DIR=/opt/rustwide/workdir" "-e" "CARGO_TARGET_DIR=/opt/rustwide/target" "-e" "CARGO_INCREMENTAL=0" "-e" "RUST_BACKTRACE=full" "-e" "RUSTFLAGS=--cap-lints=warn" "-e" "RUSTDOCFLAGS=--cap-lints=warn" "-e" "CARGO_HOME=/opt/rustwide/cargo-home" "-e" "RUSTUP_HOME=/opt/rustwide/rustup-home" "-w" "/opt/rustwide/workdir" "-m" "1610612736" "--user" "0:0" "--network" "none" "ghcr.io/rust-lang/crates-build-env/linux@sha256:2788e3201cd34a07e3172128adcd8b3090168a8e3bcc40d7c032b9dda1df7d1c" "/opt/rustwide/cargo-home/bin/cargo" "+1.75.0" "test" "--frozen", kill_on_drop: false }`
[INFO] [stdout] 4e33d9234e452fa761c27671bacaa6d89fe3ebe7853a7339c95340db15cfd107
[INFO] running `Command { std: "docker" "start" "-a" "4e33d9234e452fa761c27671bacaa6d89fe3ebe7853a7339c95340db15cfd107", kill_on_drop: false }`
[INFO] [stderr]     Finished test [unoptimized + debuginfo] target(s) in 0.02s
[INFO] [stderr]      Running unittests src/lib.rs (/opt/rustwide/target/debug/deps/parse_sap_atom_feed-f59d587f05a7264e)
[INFO] [stdout] 
[INFO] [stdout] running 14 tests
[INFO] [stdout] test deserializers::unit_tests::should_deserialize_naive_date_time ... ok
[INFO] [stdout] test deserializers::unit_tests::should_deserialize_optional_naive_date_time ... ok
[INFO] [stdout] test atom::unit_tests::should_parse_atom_link ... ok
[INFO] [stdout] test odata_error::inner_error::application::unit_tests::should_parse_application ... ok
[INFO] [stdout] test deserializers::unit_tests::should_deserialize_empty_optional_naive_date_time ... ok
[INFO] [stdout] test odata_error::inner_error::error_resolution::unit_tests::should_parse_error_resolution ... ok
[INFO] [stdout] test odata_error::inner_error::error_details::unit_tests::should_parse_error_detail ... ok
[INFO] [stdout] test odata_error::inner_error::unit_tests::should_parse_inner_error ... ok
[INFO] [stdout] test odata_error::unit_tests::should_parse_error_with_details ... ok
[INFO] [stdout] test xml::unit_tests::should_correct_bad_etag_encoded ... ok
[INFO] [stdout] test xml::unit_tests::should_correct_bad_etag_raw ... ok
[INFO] [stdout] test odata_error::unit_tests::should_parse_error_without_details ... ok
[INFO] [stdout] test xml::unit_tests::should_replace_naked_ampersand_no_whitespace ... ok
[INFO] [stdout] test xml::unit_tests::should_replace_naked_ampersand_whitespace ... ok
[INFO] [stdout] 
[INFO] [stdout] test result: ok. 14 passed; 0 failed; 0 ignored; 0 measured; 0 filtered out; finished in 0.00s
[INFO] [stdout] 
[INFO] [stderr]    Doc-tests parse-sap-atom-feed
[INFO] [stdout] 
[INFO] [stdout] running 1 test
[INFO] [stdout] test src/xml/mod.rs - xml::sanitise_naked_ampersand (line 93) ... FAILED
[INFO] [stdout] 
[INFO] [stdout] failures:
[INFO] [stdout] 
[INFO] [stdout] ---- src/xml/mod.rs - xml::sanitise_naked_ampersand (line 93) stdout ----
[INFO] [stdout] error: expected one of `!`, `(`, `+`, `::`, `<`, `>`, or `as`, found `:`
[INFO] [stdout]  --> src/xml/mod.rs:94:3
[INFO] [stdout]   |
[INFO] [stdout] 3 | <d:Category>PDAs & Organizers</d:Category>
[INFO] [stdout]   |   ^ expected one of 7 possible tokens
[INFO] [stdout]   |
[INFO] [stdout] help: maybe write a path separator here
[INFO] [stdout]   |
[INFO] [stdout] 3 | <d::Category>PDAs & Organizers</d:Category>
[INFO] [stdout]   |   ~~
[INFO] [stdout] 
[INFO] [stdout] error: aborting due to previous error
[INFO] [stdout] 
[INFO] [stdout] Couldn't compile the test.
[INFO] [stdout] 
[INFO] [stdout] failures:
[INFO] [stdout]     src/xml/mod.rs - xml::sanitise_naked_ampersand (line 93)
[INFO] [stdout] 
[INFO] [stdout] test result: FAILED. 0 passed; 1 failed; 0 ignored; 0 measured; 0 filtered out; finished in 0.03s
[INFO] [stdout] 
[INFO] [stderr] error: doctest failed, to rerun pass `--doc`
[INFO] running `Command { std: "docker" "inspect" "4e33d9234e452fa761c27671bacaa6d89fe3ebe7853a7339c95340db15cfd107", kill_on_drop: false }`
[INFO] running `Command { std: "docker" "rm" "-f" "4e33d9234e452fa761c27671bacaa6d89fe3ebe7853a7339c95340db15cfd107", kill_on_drop: false }`
[INFO] [stdout] 4e33d9234e452fa761c27671bacaa6d89fe3ebe7853a7339c95340db15cfd107
[INFO] testing parse-sap-atom-feed-0.2.2 against beta-2023-12-22 for beta-1.76-1
[INFO] extracting crate parse-sap-atom-feed 0.2.2 into /workspace/builds/worker-2-tc2/source
[INFO] validating manifest of crates.io crate parse-sap-atom-feed 0.2.2 on toolchain beta-2023-12-22
[INFO] running `Command { std: CARGO_HOME="/workspace/cargo-home" RUSTUP_HOME="/workspace/rustup-home" "/workspace/cargo-home/bin/cargo" "+beta-2023-12-22" "metadata" "--manifest-path" "Cargo.toml" "--no-deps", kill_on_drop: false }`
[INFO] started tweaking crates.io crate parse-sap-atom-feed 0.2.2
[INFO] finished tweaking crates.io crate parse-sap-atom-feed 0.2.2
[INFO] tweaked toml for crates.io crate parse-sap-atom-feed 0.2.2 written to /workspace/builds/worker-2-tc2/source/Cargo.toml
[INFO] running `Command { std: CARGO_HOME="/workspace/cargo-home" RUSTUP_HOME="/workspace/rustup-home" "/workspace/cargo-home/bin/cargo" "+beta-2023-12-22" "generate-lockfile" "--manifest-path" "Cargo.toml", kill_on_drop: false }`
[INFO] [stderr]     Updating crates.io index
[INFO] running `Command { std: CARGO_HOME="/workspace/cargo-home" RUSTUP_HOME="/workspace/rustup-home" "/workspace/cargo-home/bin/cargo" "+beta-2023-12-22" "fetch" "--manifest-path" "Cargo.toml", kill_on_drop: false }`
[INFO] running `Command { std: "docker" "create" "-v" "/var/lib/crater-agent-workspace/builds/worker-2-tc2/target:/opt/rustwide/target:rw,Z" "-v" "/var/lib/crater-agent-workspace/builds/worker-2-tc2/source:/opt/rustwide/workdir:ro,Z" "-v" "/var/lib/crater-agent-workspace/cargo-home:/opt/rustwide/cargo-home:ro,Z" "-v" "/var/lib/crater-agent-workspace/rustup-home:/opt/rustwide/rustup-home:ro,Z" "-e" "SOURCE_DIR=/opt/rustwide/workdir" "-e" "CARGO_TARGET_DIR=/opt/rustwide/target" "-e" "CARGO_HOME=/opt/rustwide/cargo-home" "-e" "RUSTUP_HOME=/opt/rustwide/rustup-home" "-w" "/opt/rustwide/workdir" "-m" "1610612736" "--user" "0:0" "--network" "none" "ghcr.io/rust-lang/crates-build-env/linux@sha256:2788e3201cd34a07e3172128adcd8b3090168a8e3bcc40d7c032b9dda1df7d1c" "/opt/rustwide/cargo-home/bin/cargo" "+beta-2023-12-22" "metadata" "--no-deps" "--format-version=1", kill_on_drop: false }`
[INFO] [stdout] 583286c503c185482cbda0ce4258dcf55618a81ebf70a092867d2cf624a616c2
[INFO] running `Command { std: "docker" "start" "-a" "583286c503c185482cbda0ce4258dcf55618a81ebf70a092867d2cf624a616c2", kill_on_drop: false }`
[INFO] running `Command { std: "docker" "inspect" "583286c503c185482cbda0ce4258dcf55618a81ebf70a092867d2cf624a616c2", kill_on_drop: false }`
[INFO] running `Command { std: "docker" "rm" "-f" "583286c503c185482cbda0ce4258dcf55618a81ebf70a092867d2cf624a616c2", kill_on_drop: false }`
[INFO] [stdout] 583286c503c185482cbda0ce4258dcf55618a81ebf70a092867d2cf624a616c2
[INFO] running `Command { std: "docker" "create" "-v" "/var/lib/crater-agent-workspace/builds/worker-2-tc2/target:/opt/rustwide/target:rw,Z" "-v" "/var/lib/crater-agent-workspace/builds/worker-2-tc2/source:/opt/rustwide/workdir:ro,Z" "-v" "/var/lib/crater-agent-workspace/cargo-home:/opt/rustwide/cargo-home:ro,Z" "-v" "/var/lib/crater-agent-workspace/rustup-home:/opt/rustwide/rustup-home:ro,Z" "-e" "SOURCE_DIR=/opt/rustwide/workdir" "-e" "CARGO_TARGET_DIR=/opt/rustwide/target" "-e" "CARGO_INCREMENTAL=0" "-e" "RUST_BACKTRACE=full" "-e" "RUSTFLAGS=--cap-lints=warn" "-e" "RUSTDOCFLAGS=--cap-lints=warn" "-e" "CARGO_HOME=/opt/rustwide/cargo-home" "-e" "RUSTUP_HOME=/opt/rustwide/rustup-home" "-w" "/opt/rustwide/workdir" "-m" "1610612736" "--user" "0:0" "--network" "none" "ghcr.io/rust-lang/crates-build-env/linux@sha256:2788e3201cd34a07e3172128adcd8b3090168a8e3bcc40d7c032b9dda1df7d1c" "/opt/rustwide/cargo-home/bin/cargo" "+beta-2023-12-22" "build" "--frozen" "--message-format=json", kill_on_drop: false }`
[INFO] [stdout] 02d0ba3e4835c13bf9c4b869bd65b3666a0f97d1f6b8b334b53e4d0b3e002774
[INFO] running `Command { std: "docker" "start" "-a" "02d0ba3e4835c13bf9c4b869bd65b3666a0f97d1f6b8b334b53e4d0b3e002774", kill_on_drop: false }`
[INFO] [stderr]    Compiling num-traits v0.2.17
[INFO] [stderr]    Compiling regex v1.10.2
[INFO] [stderr]    Compiling quick-xml v0.30.0
[INFO] [stderr]    Compiling chrono v0.4.31
[INFO] [stderr]    Compiling parse-sap-atom-feed v0.2.2 (/opt/rustwide/workdir)
[INFO] [stderr]     Finished dev [unoptimized + debuginfo] target(s) in 1.99s
[INFO] running `Command { std: "docker" "inspect" "02d0ba3e4835c13bf9c4b869bd65b3666a0f97d1f6b8b334b53e4d0b3e002774", kill_on_drop: false }`
[INFO] running `Command { std: "docker" "rm" "-f" "02d0ba3e4835c13bf9c4b869bd65b3666a0f97d1f6b8b334b53e4d0b3e002774", kill_on_drop: false }`
[INFO] [stdout] 02d0ba3e4835c13bf9c4b869bd65b3666a0f97d1f6b8b334b53e4d0b3e002774
[INFO] running `Command { std: "docker" "create" "-v" "/var/lib/crater-agent-workspace/builds/worker-2-tc2/target:/opt/rustwide/target:rw,Z" "-v" "/var/lib/crater-agent-workspace/builds/worker-2-tc2/source:/opt/rustwide/workdir:ro,Z" "-v" "/var/lib/crater-agent-workspace/cargo-home:/opt/rustwide/cargo-home:ro,Z" "-v" "/var/lib/crater-agent-workspace/rustup-home:/opt/rustwide/rustup-home:ro,Z" "-e" "SOURCE_DIR=/opt/rustwide/workdir" "-e" "CARGO_TARGET_DIR=/opt/rustwide/target" "-e" "CARGO_INCREMENTAL=0" "-e" "RUST_BACKTRACE=full" "-e" "RUSTFLAGS=--cap-lints=warn" "-e" "RUSTDOCFLAGS=--cap-lints=warn" "-e" "CARGO_HOME=/opt/rustwide/cargo-home" "-e" "RUSTUP_HOME=/opt/rustwide/rustup-home" "-w" "/opt/rustwide/workdir" "-m" "1610612736" "--user" "0:0" "--network" "none" "ghcr.io/rust-lang/crates-build-env/linux@sha256:2788e3201cd34a07e3172128adcd8b3090168a8e3bcc40d7c032b9dda1df7d1c" "/opt/rustwide/cargo-home/bin/cargo" "+beta-2023-12-22" "test" "--frozen" "--no-run" "--message-format=json", kill_on_drop: false }`
[INFO] [stdout] 01fb088e68d7cbf3f7594723240348f7493f44ec0b8b77c12b278f3efaf144ab
[INFO] running `Command { std: "docker" "start" "-a" "01fb088e68d7cbf3f7594723240348f7493f44ec0b8b77c12b278f3efaf144ab", kill_on_drop: false }`
[INFO] [stderr]    Compiling parse-sap-atom-feed v0.2.2 (/opt/rustwide/workdir)
[INFO] [stderr]     Finished test [unoptimized + debuginfo] target(s) in 1.35s
[INFO] running `Command { std: "docker" "inspect" "01fb088e68d7cbf3f7594723240348f7493f44ec0b8b77c12b278f3efaf144ab", kill_on_drop: false }`
[INFO] running `Command { std: "docker" "rm" "-f" "01fb088e68d7cbf3f7594723240348f7493f44ec0b8b77c12b278f3efaf144ab", kill_on_drop: false }`
[INFO] [stdout] 01fb088e68d7cbf3f7594723240348f7493f44ec0b8b77c12b278f3efaf144ab
[INFO] running `Command { std: "docker" "create" "-v" "/var/lib/crater-agent-workspace/builds/worker-2-tc2/target:/opt/rustwide/target:rw,Z" "-v" "/var/lib/crater-agent-workspace/builds/worker-2-tc2/source:/opt/rustwide/workdir:ro,Z" "-v" "/var/lib/crater-agent-workspace/cargo-home:/opt/rustwide/cargo-home:ro,Z" "-v" "/var/lib/crater-agent-workspace/rustup-home:/opt/rustwide/rustup-home:ro,Z" "-e" "SOURCE_DIR=/opt/rustwide/workdir" "-e" "CARGO_TARGET_DIR=/opt/rustwide/target" "-e" "CARGO_INCREMENTAL=0" "-e" "RUST_BACKTRACE=full" "-e" "RUSTFLAGS=--cap-lints=warn" "-e" "RUSTDOCFLAGS=--cap-lints=warn" "-e" "CARGO_HOME=/opt/rustwide/cargo-home" "-e" "RUSTUP_HOME=/opt/rustwide/rustup-home" "-w" "/opt/rustwide/workdir" "-m" "1610612736" "--user" "0:0" "--network" "none" "ghcr.io/rust-lang/crates-build-env/linux@sha256:2788e3201cd34a07e3172128adcd8b3090168a8e3bcc40d7c032b9dda1df7d1c" "/opt/rustwide/cargo-home/bin/cargo" "+beta-2023-12-22" "test" "--frozen", kill_on_drop: false }`
[INFO] [stdout] d2d5d2bae46ff078580c314145e03aa58cc11ec34299c8bd60f24ff85b6f1219
[INFO] running `Command { std: "docker" "start" "-a" "d2d5d2bae46ff078580c314145e03aa58cc11ec34299c8bd60f24ff85b6f1219", kill_on_drop: false }`
[INFO] [stderr]     Finished test [unoptimized + debuginfo] target(s) in 0.02s
[INFO] [stderr]      Running unittests src/lib.rs (/opt/rustwide/target/debug/deps/parse_sap_atom_feed-c5e4377f94506a68)
[INFO] [stdout] 
[INFO] [stdout] running 14 tests
[INFO] [stdout] test deserializers::unit_tests::should_deserialize_naive_date_time ... ok
[INFO] [stdout] test atom::unit_tests::should_parse_atom_link ... ok
[INFO] [stdout] test deserializers::unit_tests::should_deserialize_empty_optional_naive_date_time ... ok
[INFO] [stdout] test odata_error::inner_error::application::unit_tests::should_parse_application ... ok
[INFO] [stdout] test deserializers::unit_tests::should_deserialize_optional_naive_date_time ... ok
[INFO] [stdout] test odata_error::inner_error::error_resolution::unit_tests::should_parse_error_resolution ... ok
[INFO] [stdout] test odata_error::inner_error::error_details::unit_tests::should_parse_error_detail ... ok
[INFO] [stdout] test xml::unit_tests::should_correct_bad_etag_encoded ... ok
[INFO] [stdout] test odata_error::inner_error::unit_tests::should_parse_inner_error ... ok
[INFO] [stdout] test odata_error::unit_tests::should_parse_error_without_details ... ok
[INFO] [stdout] test xml::unit_tests::should_correct_bad_etag_raw ... ok
[INFO] [stdout] test odata_error::unit_tests::should_parse_error_with_details ... ok
[INFO] [stdout] test xml::unit_tests::should_replace_naked_ampersand_whitespace ... ok
[INFO] [stdout] test xml::unit_tests::should_replace_naked_ampersand_no_whitespace ... ok
[INFO] [stdout] 
[INFO] [stdout] test result: ok. 14 passed; 0 failed; 0 ignored; 0 measured; 0 filtered out; finished in 0.00s
[INFO] [stdout] 
[INFO] [stderr]    Doc-tests parse-sap-atom-feed
[INFO] [stdout] 
[INFO] [stdout] running 1 test
[INFO] [stdout] test src/xml/mod.rs - xml::sanitise_naked_ampersand (line 93) ... FAILED
[INFO] [stdout] 
[INFO] [stdout] failures:
[INFO] [stdout] 
[INFO] [stdout] ---- src/xml/mod.rs - xml::sanitise_naked_ampersand (line 93) stdout ----
[INFO] [stdout] error: expected one of `!`, `(`, `+`, `::`, `<`, `>`, or `as`, found `:`
[INFO] [stdout]  --> src/xml/mod.rs:94:3
[INFO] [stdout]   |
[INFO] [stdout] 3 | <d:Category>PDAs & Organizers</d:Category>
[INFO] [stdout]   |   ^ expected one of 7 possible tokens
[INFO] [stdout]   |
[INFO] [stdout] help: maybe write a path separator here
[INFO] [stdout]   |
[INFO] [stdout] 3 | <d::Category>PDAs & Organizers</d:Category>
[INFO] [stdout]   |   ~~
[INFO] [stdout] 
[INFO] [stdout] error: aborting due to 1 previous error
[INFO] [stdout] 
[INFO] [stdout] Couldn't compile the test.
[INFO] [stdout] 
[INFO] [stdout] failures:
[INFO] [stdout]     src/xml/mod.rs - xml::sanitise_naked_ampersand (line 93)
[INFO] [stdout] 
[INFO] [stdout] test result: FAILED. 0 passed; 1 failed; 0 ignored; 0 measured; 0 filtered out; finished in 0.03s
[INFO] [stdout] 
[INFO] [stderr] error: doctest failed, to rerun pass `--doc`
[INFO] running `Command { std: "docker" "inspect" "d2d5d2bae46ff078580c314145e03aa58cc11ec34299c8bd60f24ff85b6f1219", kill_on_drop: false }`
[INFO] running `Command { std: "docker" "rm" "-f" "d2d5d2bae46ff078580c314145e03aa58cc11ec34299c8bd60f24ff85b6f1219", kill_on_drop: false }`
[INFO] [stdout] d2d5d2bae46ff078580c314145e03aa58cc11ec34299c8bd60f24ff85b6f1219
