[INFO] fetching crate pact_models 1.1.12...
[INFO] testing pact_models-1.1.12 against 1.75.0 for beta-1.76-1
[INFO] extracting crate pact_models 1.1.12 into /workspace/builds/worker-6-tc1/source
[INFO] validating manifest of crates.io crate pact_models 1.1.12 on toolchain 1.75.0
[INFO] running `Command { std: CARGO_HOME="/workspace/cargo-home" RUSTUP_HOME="/workspace/rustup-home" "/workspace/cargo-home/bin/cargo" "+1.75.0" "metadata" "--manifest-path" "Cargo.toml" "--no-deps", kill_on_drop: false }`
[INFO] started tweaking crates.io crate pact_models 1.1.12
[INFO] finished tweaking crates.io crate pact_models 1.1.12
[INFO] tweaked toml for crates.io crate pact_models 1.1.12 written to /workspace/builds/worker-6-tc1/source/Cargo.toml
[INFO] running `Command { std: CARGO_HOME="/workspace/cargo-home" RUSTUP_HOME="/workspace/rustup-home" "/workspace/cargo-home/bin/cargo" "+1.75.0" "generate-lockfile" "--manifest-path" "Cargo.toml", kill_on_drop: false }`
[INFO] [stderr]     Updating crates.io index
[INFO] running `Command { std: CARGO_HOME="/workspace/cargo-home" RUSTUP_HOME="/workspace/rustup-home" "/workspace/cargo-home/bin/cargo" "+1.75.0" "fetch" "--manifest-path" "Cargo.toml", kill_on_drop: false }`
[INFO] [stderr]  Downloading crates ...
[INFO] [stderr]   Downloaded indextree v4.6.0
[INFO] [stderr]   Downloaded rand_regex v0.15.1
[INFO] [stderr]   Downloaded hamcrest2 v0.3.0
[INFO] [stderr]   Downloaded gregorian v0.2.4
[INFO] [stderr]   Downloaded trim-margin v0.1.0
[INFO] [stderr]   Downloaded speculate v0.1.2
[INFO] [stderr]   Downloaded sxd-document v0.3.2
[INFO] [stderr]   Downloaded expectest v0.12.0
[INFO] running `Command { std: "docker" "create" "-v" "/var/lib/crater-agent-workspace/builds/worker-6-tc1/target:/opt/rustwide/target:rw,Z" "-v" "/var/lib/crater-agent-workspace/builds/worker-6-tc1/source:/opt/rustwide/workdir:ro,Z" "-v" "/var/lib/crater-agent-workspace/cargo-home:/opt/rustwide/cargo-home:ro,Z" "-v" "/var/lib/crater-agent-workspace/rustup-home:/opt/rustwide/rustup-home:ro,Z" "-e" "SOURCE_DIR=/opt/rustwide/workdir" "-e" "CARGO_TARGET_DIR=/opt/rustwide/target" "-e" "CARGO_HOME=/opt/rustwide/cargo-home" "-e" "RUSTUP_HOME=/opt/rustwide/rustup-home" "-w" "/opt/rustwide/workdir" "-m" "1610612736" "--user" "0:0" "--network" "none" "ghcr.io/rust-lang/crates-build-env/linux@sha256:2788e3201cd34a07e3172128adcd8b3090168a8e3bcc40d7c032b9dda1df7d1c" "/opt/rustwide/cargo-home/bin/cargo" "+1.75.0" "metadata" "--no-deps" "--format-version=1", kill_on_drop: false }`
[INFO] [stdout] dfbafd2d0ebcd8a6797f3cc2c90d0d56786d94bdcb5d61d3eb21855246c6dfa3
[INFO] running `Command { std: "docker" "start" "-a" "dfbafd2d0ebcd8a6797f3cc2c90d0d56786d94bdcb5d61d3eb21855246c6dfa3", kill_on_drop: false }`
[INFO] running `Command { std: "docker" "inspect" "dfbafd2d0ebcd8a6797f3cc2c90d0d56786d94bdcb5d61d3eb21855246c6dfa3", kill_on_drop: false }`
[INFO] running `Command { std: "docker" "rm" "-f" "dfbafd2d0ebcd8a6797f3cc2c90d0d56786d94bdcb5d61d3eb21855246c6dfa3", kill_on_drop: false }`
[INFO] [stdout] dfbafd2d0ebcd8a6797f3cc2c90d0d56786d94bdcb5d61d3eb21855246c6dfa3
[INFO] running `Command { std: "docker" "create" "-v" "/var/lib/crater-agent-workspace/builds/worker-6-tc1/target:/opt/rustwide/target:rw,Z" "-v" "/var/lib/crater-agent-workspace/builds/worker-6-tc1/source:/opt/rustwide/workdir:ro,Z" "-v" "/var/lib/crater-agent-workspace/cargo-home:/opt/rustwide/cargo-home:ro,Z" "-v" "/var/lib/crater-agent-workspace/rustup-home:/opt/rustwide/rustup-home:ro,Z" "-e" "SOURCE_DIR=/opt/rustwide/workdir" "-e" "CARGO_TARGET_DIR=/opt/rustwide/target" "-e" "CARGO_INCREMENTAL=0" "-e" "RUST_BACKTRACE=full" "-e" "RUSTFLAGS=--cap-lints=warn" "-e" "RUSTDOCFLAGS=--cap-lints=warn" "-e" "CARGO_HOME=/opt/rustwide/cargo-home" "-e" "RUSTUP_HOME=/opt/rustwide/rustup-home" "-w" "/opt/rustwide/workdir" "-m" "1610612736" "--user" "0:0" "--network" "none" "ghcr.io/rust-lang/crates-build-env/linux@sha256:2788e3201cd34a07e3172128adcd8b3090168a8e3bcc40d7c032b9dda1df7d1c" "/opt/rustwide/cargo-home/bin/cargo" "+1.75.0" "build" "--frozen" "--message-format=json", kill_on_drop: false }`
[INFO] [stdout] 6c101678ad15c6314cf414bd0c28dcaf94eb3abaddb620cf875f0948e95adfa6
[INFO] running `Command { std: "docker" "start" "-a" "6c101678ad15c6314cf414bd0c28dcaf94eb3abaddb620cf875f0948e95adfa6", kill_on_drop: false }`
[INFO] [stderr]    Compiling libc v0.2.151
[INFO] [stderr]    Compiling serde v1.0.194
[INFO] [stderr]    Compiling pin-project-lite v0.2.13
[INFO] [stderr]    Compiling siphasher v0.3.11
[INFO] [stderr]    Compiling memchr v2.7.1
[INFO] [stderr]    Compiling regex-syntax v0.8.2
[INFO] [stderr]    Compiling itoa v1.0.10
[INFO] [stderr]    Compiling once_cell v1.19.0
[INFO] [stderr]    Compiling untrusted v0.9.0
[INFO] [stderr]    Compiling spin v0.9.8
[INFO] [stderr]    Compiling slab v0.4.9
[INFO] [stderr]    Compiling rand_core v0.6.4
[INFO] [stderr]    Compiling futures-core v0.3.30
[INFO] [stderr]    Compiling hashbrown v0.14.3
[INFO] [stderr]    Compiling getrandom v0.2.11
[INFO] [stderr]    Compiling syn v2.0.48
[INFO] [stderr]    Compiling num_cpus v1.16.0
[INFO] [stderr]    Compiling mio v0.8.10
[INFO] [stderr]    Compiling socket2 v0.5.5
[INFO] [stderr]    Compiling futures-sink v0.3.30
[INFO] [stderr]    Compiling equivalent v1.0.1
[INFO] [stderr]    Compiling phf_shared v0.11.2
[INFO] [stderr]    Compiling rand v0.8.5
[INFO] [stderr]    Compiling tracing-core v0.1.32
[INFO] [stderr]    Compiling futures-io v0.3.30
[INFO] [stderr]    Compiling futures-task v0.3.30
[INFO] [stderr]    Compiling semver v1.0.21
[INFO] [stderr]    Compiling rustls v0.21.10
[INFO] [stderr]    Compiling phf v0.11.2
[INFO] [stderr]    Compiling num-traits v0.2.17
[INFO] [stderr]    Compiling pkg-config v0.3.28
[INFO] [stderr]    Compiling futures-util v0.3.30
[INFO] [stderr]    Compiling try-lock v0.2.5
[INFO] [stderr]    Compiling regex-syntax v0.6.29
[INFO] [stderr]    Compiling percent-encoding v2.3.1
[INFO] [stderr]    Compiling log v0.4.20
[INFO] [stderr]    Compiling want v0.3.1
[INFO] [stderr]    Compiling indexmap v2.1.0
[INFO] [stderr]    Compiling form_urlencoded v1.2.1
[INFO] [stderr]    Compiling phf_generator v0.11.2
[INFO] [stderr]    Compiling futures-channel v0.3.30
[INFO] [stderr]    Compiling ppv-lite86 v0.2.17
[INFO] [stderr]    Compiling phf_codegen v0.11.2
[INFO] [stderr]    Compiling ryu v1.0.16
[INFO] [stderr]    Compiling httpdate v1.0.3
[INFO] [stderr]    Compiling beef v0.5.2
[INFO] [stderr]    Compiling unicode-bidi v0.3.14
[INFO] [stderr]    Compiling serde_json v1.0.111
[INFO] [stderr]    Compiling base64 v0.21.5
[INFO] [stderr]    Compiling lenient_semver_version_builder v0.4.2
[INFO] [stderr]    Compiling aho-corasick v1.1.2
[INFO] [stderr]    Compiling cc v1.0.83
[INFO] [stderr]    Compiling rand_chacha v0.3.1
[INFO] [stderr]    Compiling anyhow v1.0.79
[INFO] [stderr]    Compiling byteorder v1.5.0
[INFO] [stderr]    Compiling iana-time-zone v0.1.59
[INFO] [stderr]    Compiling maplit v1.0.2
[INFO] [stderr]    Compiling regex-automata v0.4.3
[INFO] [stderr]    Compiling rustls-pemfile v1.0.4
[INFO] [stderr]    Compiling idna v0.5.0
[INFO] [stderr]    Compiling rustls-native-certs v0.6.3
[INFO] [stderr]    Compiling fxhash v0.2.1
[INFO] [stderr]    Compiling lenient_semver_parser v0.4.2
[INFO] [stderr]    Compiling encoding_rs v0.8.33
[INFO] [stderr]    Compiling unicode-width v0.1.11
[INFO] [stderr]    Compiling url v2.5.0
[INFO] [stderr]    Compiling chrono v0.4.31
[INFO] [stderr]    Compiling typed-arena v1.7.0
[INFO] [stderr]    Compiling peresil v0.3.0
[INFO] [stderr]    Compiling yansi v0.5.1
[INFO] [stderr]    Compiling either v1.9.0
[INFO] [stderr]    Compiling minimal-lexical v0.2.1
[INFO] [stderr]    Compiling ipnet v2.9.0
[INFO] [stderr]    Compiling itertools v0.10.5
[INFO] [stderr]    Compiling ariadne v0.3.0
[INFO] [stderr]    Compiling ring v0.17.7
[INFO] [stderr]    Compiling onig_sys v69.8.1
[INFO] [stderr]    Compiling rand_regex v0.15.1
[INFO] [stderr]    Compiling nom v7.1.3
[INFO] [stderr]    Compiling regex v1.10.2
[INFO] [stderr]    Compiling sxd-document v0.3.2
[INFO] [stderr]    Compiling lenient_semver v0.4.2
[INFO] [stderr]    Compiling parse-zoneinfo v0.3.0
[INFO] [stderr]    Compiling hashers v1.0.1
[INFO] [stderr]    Compiling uuid v1.6.1
[INFO] [stderr]    Compiling gregorian v0.2.4
[INFO] [stderr]    Compiling chrono-tz-build v0.2.1
[INFO] [stderr]    Compiling logos-codegen v0.13.0
[INFO] [stderr]    Compiling fs2 v0.4.3
[INFO] [stderr]    Compiling hex v0.4.3
[INFO] [stderr]    Compiling pact_models v1.1.12 (/opt/rustwide/workdir)
[INFO] [stderr]    Compiling indextree v4.6.0
[INFO] [stderr]    Compiling chrono-tz v0.8.5
[INFO] [stderr]    Compiling serde_derive v1.0.194
[INFO] [stderr]    Compiling tracing-attributes v0.1.27
[INFO] [stderr]    Compiling logos-derive v0.13.0
[INFO] [stderr]    Compiling logos v0.13.0
[INFO] [stderr]    Compiling sct v0.7.1
[INFO] [stderr]    Compiling rustls-webpki v0.101.7
[INFO] [stderr]    Compiling tracing v0.1.40
[INFO] [stderr]    Compiling onig v6.4.0
[INFO] [stderr]    Compiling bytes v1.5.0
[INFO] [stderr]    Compiling serde_urlencoded v0.7.1
[INFO] [stderr]    Compiling tokio v1.35.1
[INFO] [stderr]    Compiling http v0.2.11
[INFO] [stderr]    Compiling http-body v0.4.6
[INFO] [stderr]    Compiling tokio-util v0.7.10
[INFO] [stderr]    Compiling tokio-rustls v0.24.1
[INFO] [stderr]    Compiling h2 v0.3.22
[INFO] [stderr]    Compiling hyper v0.14.28
[INFO] [stderr]    Compiling hyper-rustls v0.24.2
[INFO] [stderr]    Compiling reqwest v0.11.23
[INFO] [stderr]     Finished dev [unoptimized + debuginfo] target(s) in 39.96s
[INFO] running `Command { std: "docker" "inspect" "6c101678ad15c6314cf414bd0c28dcaf94eb3abaddb620cf875f0948e95adfa6", kill_on_drop: false }`
[INFO] running `Command { std: "docker" "rm" "-f" "6c101678ad15c6314cf414bd0c28dcaf94eb3abaddb620cf875f0948e95adfa6", kill_on_drop: false }`
[INFO] [stdout] 6c101678ad15c6314cf414bd0c28dcaf94eb3abaddb620cf875f0948e95adfa6
[INFO] running `Command { std: "docker" "create" "-v" "/var/lib/crater-agent-workspace/builds/worker-6-tc1/target:/opt/rustwide/target:rw,Z" "-v" "/var/lib/crater-agent-workspace/builds/worker-6-tc1/source:/opt/rustwide/workdir:ro,Z" "-v" "/var/lib/crater-agent-workspace/cargo-home:/opt/rustwide/cargo-home:ro,Z" "-v" "/var/lib/crater-agent-workspace/rustup-home:/opt/rustwide/rustup-home:ro,Z" "-e" "SOURCE_DIR=/opt/rustwide/workdir" "-e" "CARGO_TARGET_DIR=/opt/rustwide/target" "-e" "CARGO_INCREMENTAL=0" "-e" "RUST_BACKTRACE=full" "-e" "RUSTFLAGS=--cap-lints=warn" "-e" "RUSTDOCFLAGS=--cap-lints=warn" "-e" "CARGO_HOME=/opt/rustwide/cargo-home" "-e" "RUSTUP_HOME=/opt/rustwide/rustup-home" "-w" "/opt/rustwide/workdir" "-m" "1610612736" "--user" "0:0" "--network" "none" "ghcr.io/rust-lang/crates-build-env/linux@sha256:2788e3201cd34a07e3172128adcd8b3090168a8e3bcc40d7c032b9dda1df7d1c" "/opt/rustwide/cargo-home/bin/cargo" "+1.75.0" "test" "--frozen" "--no-run" "--message-format=json", kill_on_drop: false }`
[INFO] [stdout] 54d1c13d4a5d8caef0cb43b2d8f5262370aa958c56ed2828b42772fb3079397d
[INFO] running `Command { std: "docker" "start" "-a" "54d1c13d4a5d8caef0cb43b2d8f5262370aa958c56ed2828b42772fb3079397d", kill_on_drop: false }`
[INFO] [stderr]    Compiling tracing-core v0.1.32
[INFO] [stderr]    Compiling futures-channel v0.3.30
[INFO] [stderr]    Compiling log v0.4.20
[INFO] [stderr]    Compiling num-integer v0.1.45
[INFO] [stderr]    Compiling num-bigint v0.2.6
[INFO] [stderr]    Compiling rustix v0.38.28
[INFO] [stderr]    Compiling futures-macro v0.3.30
[INFO] [stderr]    Compiling proc-macro2 v0.4.30
[INFO] [stderr]    Compiling rustc_version v0.4.0
[INFO] [stderr]    Compiling num-rational v0.2.4
[INFO] [stderr]    Compiling num-iter v0.1.43
[INFO] [stderr]    Compiling num-complex v0.2.4
[INFO] [stderr]    Compiling syn v1.0.109
[INFO] [stderr]    Compiling linux-raw-sys v0.4.12
[INFO] [stderr]    Compiling bitflags v2.4.1
[INFO] [stderr]    Compiling unicode-xid v0.1.0
[INFO] [stderr]    Compiling regex-automata v0.1.10
[INFO] [stderr]    Compiling rustls v0.21.10
[INFO] [stderr]    Compiling overload v0.1.1
[INFO] [stderr]    Compiling chrono v0.4.31
[INFO] [stderr]    Compiling nu-ansi-term v0.46.0
[INFO] [stderr]    Compiling tracing v0.1.40
[INFO] [stderr]    Compiling rstest_macros v0.17.0
[INFO] [stderr]    Compiling tracing-log v0.2.0
[INFO] [stderr]    Compiling sharded-slab v0.1.7
[INFO] [stderr]    Compiling thread_local v1.1.7
[INFO] [stderr]    Compiling tokio-util v0.7.10
[INFO] [stderr]    Compiling smallvec v1.11.2
[INFO] [stderr]    Compiling termcolor v1.4.0
[INFO] [stderr]    Compiling matchers v0.1.0
[INFO] [stderr]    Compiling quote v0.6.13
[INFO] [stderr]    Compiling test-log-macros v0.2.14
[INFO] [stderr]    Compiling futures-timer v3.0.2
[INFO] [stderr]    Compiling diff v0.1.13
[INFO] [stderr]    Compiling expectest v0.12.0
[INFO] [stderr]    Compiling is-terminal v0.4.10
[INFO] [stderr]    Compiling syn v0.14.9
[INFO] [stderr]    Compiling env_logger v0.10.1
[INFO] [stderr]    Compiling pretty_assertions v1.4.0
[INFO] [stderr]    Compiling trim-margin v0.1.0
[INFO] [stderr]    Compiling tracing-subscriber v0.3.18
[INFO] [stderr]    Compiling chrono-tz v0.8.5
[INFO] [stderr]    Compiling futures-util v0.3.30
[INFO] [stderr]    Compiling num v0.2.1
[INFO] [stderr]    Compiling hamcrest2 v0.3.0
[INFO] [stderr]    Compiling tokio-rustls v0.24.1
[INFO] [stderr]    Compiling test-log v0.2.14
[INFO] [stderr]    Compiling speculate v0.1.2
[INFO] [stderr]    Compiling h2 v0.3.22
[INFO] [stderr]    Compiling futures-executor v0.3.30
[INFO] [stderr]    Compiling futures v0.3.30
[INFO] [stderr]    Compiling hyper v0.14.28
[INFO] [stderr]    Compiling rstest v0.17.0
[INFO] [stderr]    Compiling hyper-rustls v0.24.2
[INFO] [stderr]    Compiling reqwest v0.11.23
[INFO] [stderr]    Compiling pact_models v1.1.12 (/opt/rustwide/workdir)
[INFO] [stderr]     Finished test [unoptimized + debuginfo] target(s) in 42.91s
[INFO] [stderr] warning: the following packages contain code that will be rejected by a future version of Rust: syn v0.14.9
[INFO] [stderr] note: to see what the problems were, use the option `--future-incompat-report`, or run `cargo report future-incompatibilities --id 1`
[INFO] running `Command { std: "docker" "inspect" "54d1c13d4a5d8caef0cb43b2d8f5262370aa958c56ed2828b42772fb3079397d", kill_on_drop: false }`
[INFO] running `Command { std: "docker" "rm" "-f" "54d1c13d4a5d8caef0cb43b2d8f5262370aa958c56ed2828b42772fb3079397d", kill_on_drop: false }`
[INFO] [stdout] 54d1c13d4a5d8caef0cb43b2d8f5262370aa958c56ed2828b42772fb3079397d
[INFO] running `Command { std: "docker" "create" "-v" "/var/lib/crater-agent-workspace/builds/worker-6-tc1/target:/opt/rustwide/target:rw,Z" "-v" "/var/lib/crater-agent-workspace/builds/worker-6-tc1/source:/opt/rustwide/workdir:ro,Z" "-v" "/var/lib/crater-agent-workspace/cargo-home:/opt/rustwide/cargo-home:ro,Z" "-v" "/var/lib/crater-agent-workspace/rustup-home:/opt/rustwide/rustup-home:ro,Z" "-e" "SOURCE_DIR=/opt/rustwide/workdir" "-e" "CARGO_TARGET_DIR=/opt/rustwide/target" "-e" "CARGO_INCREMENTAL=0" "-e" "RUST_BACKTRACE=full" "-e" "RUSTFLAGS=--cap-lints=warn" "-e" "RUSTDOCFLAGS=--cap-lints=warn" "-e" "CARGO_HOME=/opt/rustwide/cargo-home" "-e" "RUSTUP_HOME=/opt/rustwide/rustup-home" "-w" "/opt/rustwide/workdir" "-m" "1610612736" "--user" "0:0" "--network" "none" "ghcr.io/rust-lang/crates-build-env/linux@sha256:2788e3201cd34a07e3172128adcd8b3090168a8e3bcc40d7c032b9dda1df7d1c" "/opt/rustwide/cargo-home/bin/cargo" "+1.75.0" "test" "--frozen", kill_on_drop: false }`
[INFO] [stdout] fe306a84f6d20fcd00e28d410e30308289daafd08933da67b0ce349df555d28b
[INFO] running `Command { std: "docker" "start" "-a" "fe306a84f6d20fcd00e28d410e30308289daafd08933da67b0ce349df555d28b", kill_on_drop: false }`
[INFO] [stderr]     Finished test [unoptimized + debuginfo] target(s) in 0.28s
[INFO] [stderr] warning: the following packages contain code that will be rejected by a future version of Rust: syn v0.14.9
[INFO] [stderr] note: to see what the problems were, use the option `--future-incompat-report`, or run `cargo report future-incompatibilities --id 1`
[INFO] [stderr]      Running unittests src/lib.rs (/opt/rustwide/target/debug/deps/pact_models-8a620574cdd11c6c)
[INFO] [stdout] 
[INFO] [stdout] running 490 tests
[INFO] [stdout] test bodies::tests::display_string_test ... ok
[INFO] [stdout] test bodies::tests::value_as_string_test ... ok
[INFO] [stdout] test bodies::tests::equals_test ... ok
[INFO] [stdout] test bodies::tests::display_tests ... ok
[INFO] [stdout] test bodies::tests::display_bytes_test ... ok
[INFO] [stdout] test bodies::tests::hash_test ... ok
[INFO] [stdout] test content_types::tests::base_type_test ... ok
[INFO] [stdout] test content_types::tests::is_json_test ... ok
[INFO] [stdout] test content_types::tests::is_binary_test ... ok
[INFO] [stdout] test content_types::tests::is_text_test ... ok
[INFO] [stdout] test content_types::tests::is_xml_test ... ok
[INFO] [stdout] test content_types::tests::parse_test ... ok
[INFO] [stdout] test content_types::tests::to_string_test ... ok
[INFO] [stdout] test content_types::tests::xml_equivalent_test ... ok
[INFO] [stdout] test expression_parser::tests::contains_expressions_test ... ok
[INFO] [stdout] test expression_parser::tests::does_not_modify_strings_with_no_expressions ... ok
[INFO] [stdout] test expression_parser::tests::handles_empty_expression ... ok
[INFO] [stdout] test expression_parser::tests::replaces_the_expression_with_resolved_value ... ok
[INFO] [stdout] test expression_parser::tests::keeps_the_type_of_simple_resolved_expressions ... ok
[INFO] [stdout] test generators::date_expression_parser::tests::base_only ... ok
[INFO] [stdout] test generators::datetime_expressions::tests::date_expressions::case_02 ... ok
[INFO] [stdout] test generators::datetime_expressions::tests::date_expressions::case_03 ... ok
[INFO] [stdout] test generators::datetime_expressions::tests::date_expressions::case_01 ... ok
[INFO] [stdout] test generators::datetime_expressions::tests::date_expressions::case_06 ... ok
[INFO] [stdout] test generators::datetime_expressions::tests::date_expressions::case_07 ... ok
[INFO] [stdout] test generators::datetime_expressions::tests::date_expressions::case_05 ... ok
[INFO] [stdout] test generators::datetime_expressions::tests::date_expressions::case_04 ... ok
[INFO] [stdout] test generators::datetime_expressions::tests::base_date_test ... ok
[INFO] [stdout] test generators::date_expression_parser::tests::op_and_duration ... ok
[INFO] [stdout] test generators::datetime_expressions::tests::date_expressions::case_11 ... ok
[INFO] [stdout] test generators::datetime_expressions::tests::date_expressions::case_12 ... ok
[INFO] [stdout] test generators::datetime_expressions::tests::date_expressions::case_09 ... ok
[INFO] [stdout] test generators::datetime_expressions::tests::date_expressions::case_15 ... ok
[INFO] [stdout] test generators::datetime_expressions::tests::date_expressions::case_10 ... ok
[INFO] [stdout] test generators::datetime_expressions::tests::date_expressions::case_13 ... ok
[INFO] [stdout] test generators::datetime_expressions::tests::date_expressions::case_19 ... ok
[INFO] [stdout] test generators::datetime_expressions::tests::date_expressions::case_18 ... ok
[INFO] [stdout] test generators::datetime_expressions::tests::date_expressions::case_17 ... ok
[INFO] [stdout] test generators::datetime_expressions::tests::date_expressions::case_14 ... ok
[INFO] [stdout] test generators::datetime_expressions::tests::date_expressions::case_16 ... ok
[INFO] [stdout] test generators::datetime_expressions::tests::date_expressions::case_08 ... ok
[INFO] [stdout] test expression_parser::tests::parse_expression_with_an_expression ... ok
[INFO] [stdout] test expression_parser::tests::returns_an_error_on_unterminated_expressions ... ok
[INFO] [stdout] test generators::datetime_expressions::tests::datetime_expressions::case_01 ... ok
[INFO] [stdout] test generators::date_expression_parser::tests::base_and_op_and_duration ... ok
[INFO] [stdout] test generators::datetime_expressions::tests::datetime_expressions::case_02 ... ok
[INFO] [stdout] test generators::datetime_expressions::tests::datetime_expressions::case_04 ... ok
[INFO] [stdout] test generators::datetime_expressions::tests::date_expressions::case_20 ... ok
[INFO] [stdout] test generators::datetime_expressions::tests::datetime_expressions::case_08 ... ok
[INFO] [stdout] test generators::datetime_expressions::tests::datetime_expressions::case_03 ... ok
[INFO] [stdout] test generators::datetime_expressions::tests::datetime_expressions::case_05 ... ok
[INFO] [stdout] test generators::datetime_expressions::tests::datetime_expressions::case_06 ... ok
[INFO] [stdout] test generators::datetime_expressions::tests::datetime_expressions::case_07 ... ok
[INFO] [stdout] test generators::date_expression_parser::tests::invalid_expression ... ok
[INFO] [stdout] test expression_parser::tests::with_a_defined_type_converts_the_expression_into_the_correct_type ... ok
[INFO] [stdout] test generators::datetime_expressions::tests::role_month_test ... ok
[INFO] [stdout] test generators::datetime_expressions::tests::time_expressions::case_02 ... ok
[INFO] [stdout] test generators::datetime_expressions::tests::datetime_expressions::case_10 ... ok
[INFO] [stdout] test generators::datetime_expressions::tests::time_expressions::case_05 ... ok
[INFO] [stdout] test generators::datetime_expressions::tests::datetime_expressions::case_11 ... ok
[INFO] [stdout] test generators::datetime_expressions::tests::time_expressions::case_01 ... ok
[INFO] [stdout] test generators::datetime_expressions::tests::datetime_expressions::case_09 ... ok
[INFO] [stdout] test generators::datetime_expressions::tests::time_expressions::case_04 ... ok
[INFO] [stdout] test generators::datetime_expressions::tests::time_expressions::case_10 ... ok
[INFO] [stdout] test generators::datetime_expressions::tests::time_expressions::case_11 ... ok
[INFO] [stdout] test generators::datetime_expressions::tests::time_expressions::case_12 ... ok
[INFO] [stdout] test generators::datetime_expressions::tests::time_expressions::case_14 ... ok
[INFO] [stdout] test generators::datetime_expressions::tests::time_expressions::case_06 ... ok
[INFO] [stdout] test generators::datetime_expressions::tests::time_expressions::case_09 ... ok
[INFO] [stdout] test generators::datetime_expressions::tests::time_expressions::case_03 ... ok
[INFO] [stdout] test generators::datetime_expressions::tests::time_expressions::case_13 ... ok
[INFO] [stdout] test generators::datetime_expressions::tests::time_expressions::case_07 ... ok
[INFO] [stdout] test generators::datetime_expressions::tests::time_expressions::case_15 ... ok
[INFO] [stdout] test generators::datetime_expressions::tests::reverse_date_by_test ... ok
[INFO] [stdout] test generators::datetime_expressions::tests::time_expressions::case_08 ... ok
[INFO] [stdout] test generators::datetime_expressions::tests::time_expressions::case_16 ... ok
[INFO] [stdout] test generators::tests2::generate_value_from_context_test::case_02 ... ok
[INFO] [stdout] test generators::tests2::generate_value_from_context_test::case_01 ... ok
[INFO] [stdout] test generators::tests2::generate_value_from_context_test::case_03 ... ok
[INFO] [stdout] test generators::tests2::generate_value_from_context_test::case_04 ... ok
[INFO] [stdout] test generators::tests2::generate_value_from_context_test::case_07 ... ok
[INFO] [stdout] test generators::datetime_expressions::tests::forward_date_by_test ... ok
[INFO] [stdout] test generators::tests2::generate_value_from_context_test::case_08 ... ok
[INFO] [stdout] test generators::tests2::generate_value_from_context_test::case_05 ... ok
[INFO] [stdout] test generators::tests2::generate_value_from_context_test::case_09 ... ok
[INFO] [stdout] test generators::tests2::generate_value_from_context_test::case_10 ... ok
[INFO] [stdout] test generators::tests2::generate_value_from_context_test::case_11 ... ok
[INFO] [stdout] test generators::tests2::generate_value_from_context_test::case_12 ... ok
[INFO] [stdout] test generators::tests2::generate_value_from_context_test::case_13 ... ok
[INFO] [stdout] test generators::tests2::generate_value_from_context_test::case_18 ... ok
[INFO] [stdout] test generators::tests2::generate_value_from_context_test::case_19 ... ok
[INFO] [stdout] test generators::tests2::generate_value_from_context_test::case_20 ... ok
[INFO] [stdout] test generators::tests2::generate_value_from_context_test::case_14 ... ok
[INFO] [stdout] test generators::tests2::generate_value_from_context_test::case_06 ... ok
[INFO] [stdout] test generators::tests2::generate_value_from_context_test::case_15 ... ok
[INFO] [stdout] test generators::tests2::generate_value_from_context_test::case_17 ... ok
[INFO] [stdout] test generators::tests2::generate_value_from_context_test::case_16 ... ok
[INFO] [stdout] test generators::tests::date_generator_from_json_test ... ok
[INFO] [stdout] test generators::tests::applies_the_generator_to_a_json_map_entry ... ok
[INFO] [stdout] test generators::tests::applies_the_generator_to_the_root ... ok
[INFO] [stdout] test generators::tests::applies_the_generator_to_all_list_items ... ok
[INFO] [stdout] test generators::tests::applies_the_generator_to_a_list_item ... ok
[INFO] [stdout] test generators::tests::datetime_generator_from_json_test ... ok
[INFO] [stdout] test generators::tests::applies_the_generator_to_the_object_graph_with_wildcard ... ok
[INFO] [stdout] test generators::tests::applies_the_generator_to_all_map_entries ... ok
[INFO] [stdout] test generators::tests::does_not_apply_the_generator_to_the_object_graph_when_the_expression_does_not_match ... ok
[INFO] [stdout] test generators::tests::does_not_apply_the_generator_when_field_is_not_in_map ... ok
[INFO] [stdout] test generators::tests::does_not_apply_the_generator_when_not_a_list ... ok
[INFO] [stdout] test generators::tests::does_not_apply_the_generator_when_index_is_not_in_list ... ok
[INFO] [stdout] test generators::tests::generators_to_json_test ... ok
[INFO] [stdout] test generators::tests::applies_the_generator_to_the_object_graph ... ok
[INFO] [stdout] test generators::tests::generators_macro_test ... ok
[INFO] [stdout] test generators::tests::does_not_apply_the_generator_when_not_a_map ... ok
[INFO] [stdout] test generators::tests::matchers_from_json_test ... ok
[INFO] [stdout] test generators::tests::generator_from_json_test ... ok
[INFO] [stdout] test generators::tests::path_generator_with_root_path_to_json_test ... ok
[INFO] [stdout] test generators::tests::mock_server_url_generator_test ... ok
[INFO] [stdout] test generators::tests::provider_state_generator_from_json_test ... ok
[INFO] [stdout] test generators::tests::hash_and_partial_eq_for_matching_rule ... ok
[INFO] [stdout] test generators::tests::generator_to_json_test ... ok
[INFO] [stdout] test generators::tests::hash_test_for_generators ... ok
[INFO] [stdout] test generators::tests::provider_state_generator_test ... ok
[INFO] [stdout] test generators::tests::equals_test_for_generators ... ok
[INFO] [stdout] test generators::tests::random_decimal_generator_from_json_test ... ok
[INFO] [stdout] test generators::tests::random_hexadecimal_generator_from_json_test ... ok
[INFO] [stdout] test generators::tests::randomint_generator_from_json_test ... ok
[INFO] [stdout] test generators::tests::regex_generator_from_json_test ... ok
[INFO] [stdout] test generators::tests::random_string_generator_from_json_test ... ok
[INFO] [stdout] test generators::tests::time_generator_from_json_test ... ok
[INFO] [stdout] test generators::tests::rules_are_not_empty_when_there_is_a_nonempty_category ... ok
[INFO] [stdout] test generators::tests::to_json_with_provider_state_generator_test ... ok
[INFO] [stdout] test generators::time_expression_parser::tests::base_only ... ok
[INFO] [stdout] test generators::time_expression_parser::tests::base_and_op_and_duration ... ok
[INFO] [stdout] test generators::tests::rules_are_empty_when_there_are_no_categories ... ok
[INFO] [stdout] test generators::time_expression_parser::tests::op_and_duration ... ok
[INFO] [stdout] test headers::tests::parse_known_single_value_header_value ... ok
[INFO] [stdout] test headers::tests::parse_simple_header_value ... ok
[INFO] [stdout] test generators::tests::rules_are_empty_when_there_are_only_empty_categories ... ok
[INFO] [stdout] test headers::tests::parse_multi_value_header_value ... ok
[INFO] [stdout] test headers::tests::parse_multi_value_header_value_with_parameters ... ok
[INFO] [stdout] test http_parts::tests::http_part_has_header_test ... ok
[INFO] [stdout] test generators::time_expression_parser::tests::invalid_expression ... ok
[INFO] [stdout] test iterator_utils::tests::cartesian_product_iterator_tests ... ok
[INFO] [stdout] test json_utils::tests::body_from_json_returns_empty_if_the_body_is_an_empty_string ... ok
[INFO] [stdout] test json_utils::tests::body_from_json_returns_json_string_if_the_body_is_json_but_not_a_string ... ok
[INFO] [stdout] test json_utils::tests::body_from_json_returns_missing_if_there_is_no_body ... ok
[INFO] [stdout] test iterator_utils::tests::cartesian_product_iterator_empty_array_tests ... ok
[INFO] [stdout] test json_utils::tests::body_from_json_returns_null_if_the_body_is_null ... ok
[INFO] [stdout] test json_utils::tests::body_from_json_returns_the_a_json_formatted_body_if_the_body_is_a_valid_json_string_and_the_content_type_is_json ... ok
[INFO] [stdout] test json_utils::tests::body_from_json_returns_the_a_json_formatted_body_if_the_body_is_a_string_and_the_content_type_is_json ... ok
[INFO] [stdout] test json_utils::tests::body_from_text_html_type_returns_the_same_formatted_body ... ok
[INFO] [stdout] test json_utils::tests::body_from_text_plain_type_returns_the_same_formatted_body ... ok
[INFO] [stdout] test json_utils::tests::body_from_json_returns_the_body_if_the_content_type_is_json ... ok
[INFO] [stdout] test json_utils::tests::deep_merge_with_collections_recursively_merges_the_collections ... ok
[INFO] [stdout] test json_utils::tests::deep_merge_with_primitives ... ok
[INFO] [stdout] test json_utils::tests::deep_merge_with_empty_collections ... ok
[INFO] [stdout] test json_utils::tests::deep_merge_with_collections_with_different_types ... ok
[INFO] [stdout] test json_utils::tests::deep_merge_with_simple_arrays ... ok
[INFO] [stdout] test json_utils::tests::headers_from_json_test ... ok
[INFO] [stdout] test json_utils::tests::deep_merge_with_simple_objects ... ok
[INFO] [stdout] test json_utils::tests::json_to_int_test ... ok
[INFO] [stdout] test json_utils::tests::json_to_num_test ... ok
[INFO] [stdout] test generators::tests::uuid_generator_test ... ok
[INFO] [stdout] test json_utils::tests::json_to_string_test ... ok
[INFO] [stdout] test matchingrules::expressions::test::does_not_start_with_matching ... ok
[INFO] [stdout] test matchingrules::expressions::test::merging_types ... ok
[INFO] [stdout] test generators::tests::generate_int_with_max_int_test ... ok
[INFO] [stdout] test matchingrules::expressions::test::parse_comma ... ok
[INFO] [stdout] test matchingrules::expressions::test::parse_content_type_matcher ... ok
[INFO] [stdout] test matchingrules::expressions::test::parse_boolean_matcher ... ok
[INFO] [stdout] test matchingrules::expressions::test::merge_definitions ... ok
[INFO] [stdout] test matchingrules::expressions::test::matching_definition_exp_test ... ok
[INFO] [stdout] test generators::tests::handle_edge_case_when_digits_is_1 ... ok
[INFO] [stdout] test matchingrules::expressions::test::parse_include_matcher ... ok
[INFO] [stdout] test matchingrules::expressions::test::parse_datetime_matcher ... ok
[INFO] [stdout] test matchingrules::expressions::test::parse_equals_matcher ... ok
[INFO] [stdout] test generators::tests::handle_edge_case_when_digits_is_2 ... ok
[INFO] [stdout] test matchingrules::expressions::test::parse_each_key_test ... ok
[INFO] [stdout] test matchingrules::expressions::test::parse_each_value_test ... ok
[INFO] [stdout] test matchingrules::expressions::test::parse_matching_rule_test ... ok
[INFO] [stdout] test matchingrules::expressions::test::parse_string_test::case_01 ... ok
[INFO] [stdout] test matchingrules::expressions::test::parse_regex_matcher ... ok
[INFO] [stdout] test matchingrules::expressions::test::parse_not_empty ... ok
[INFO] [stdout] test matchingrules::expressions::test::parse_number_matcher ... ok
[INFO] [stdout] test matchingrules::expressions::test::parse_multiple_matcher_definitions ... ok
[INFO] [stdout] test matchingrules::expressions::test::parse_string_test::case_02 ... ok
[INFO] [stdout] test matchingrules::expressions::test::parse_string_test::case_06 ... ok
[INFO] [stdout] test matchingrules::expressions::test::parse_matching_rule_with_reference_test ... ok
[INFO] [stdout] test matchingrules::expressions::test::parse_string_test::case_03 ... ok
[INFO] [stdout] test matchingrules::expressions::test::parse_string_test::case_05 ... ok
[INFO] [stdout] test matchingrules::expressions::test::parse_string_test::case_04 ... ok
[INFO] [stdout] test matchingrules::expressions::test::parse_string_test::case_07 ... ok
[INFO] [stdout] test matchingrules::expressions::test::parse_string_test::case_08 ... ok
[INFO] [stdout] test matchingrules::expressions::test::parse_string_test::case_09 ... ok
[INFO] [stdout] test matchingrules::expressions::test::parse_string_test::case_10 ... ok
[INFO] [stdout] test matchingrules::expressions::test::parse_string_test::case_15 ... ok
[INFO] [stdout] test matchingrules::expressions::test::parse_string_test::case_12 ... ok
[INFO] [stdout] test matchingrules::expressions::test::parse_type_matcher ... ok
[INFO] [stdout] test matchingrules::expressions::test::parse_string_test::case_13 ... ok
[INFO] [stdout] test matchingrules::expressions::test::parse_string_test::case_11 ... ok
[INFO] [stdout] test matchingrules::expressions::test::process_raw_string_test::case_2 ... ok
[INFO] [stdout] test matchingrules::expressions::test::process_raw_string_test::case_3 ... ok
[INFO] [stdout] test matchingrules::expressions::test::parse_string_test::case_14 ... ok
[INFO] [stdout] test matchingrules::expressions::test::parse_semver_matcher ... ok
[INFO] [stdout] test matchingrules::expressions::test::process_raw_string_test::case_1 ... ok
[INFO] [stdout] test matchingrules::expressions::test::process_raw_string_error_test ... ok
[INFO] [stdout] test matchingrules::expressions::test::process_raw_string_test::case_4 ... ok
[INFO] [stdout] test matchingrules::tests::equals_test_for_matchingrule_category ... ok
[INFO] [stdout] test matchingrules::tests::hash_test_for_matchingrules ... ok
[INFO] [stdout] test matchingrules::tests::equals_test_for_matchingrules ... ok
[INFO] [stdout] test generators::tests::generate_decimal_test ... ok
[INFO] [stdout] test matchingrules::tests::date_time_matchers_can_parse_the_updated_spec_format ... ok
[INFO] [stdout] test matchingrules::expressions::test::process_raw_string_test::case_5 ... ok
[INFO] [stdout] test matchingrules::tests::correctly_loads_v3_matching_rules_with_incorrect_path_format ... ok
[INFO] [stdout] test matchingrules::tests::hash_test_for_matchingrule_category ... ok
[INFO] [stdout] test matchingrules::tests::matcher_is_defined_returns_false_when_there_are_no_matchers ... ok
[INFO] [stdout] test matchingrules::tests::matcher_is_defined_returns_true_when_the_parent_of_the_path_does_have_a_matcher_entry ... ok
[INFO] [stdout] test matchingrules::tests::loads_v3_matching_rules ... ok
[INFO] [stdout] test matchingrules::tests::loads_v2_matching_rules ... ok
[INFO] [stdout] test matchingrules::tests::hash_and_partial_eq_for_matching_rule ... ok
[INFO] [stdout] test matchingrules::tests::matcher_is_defined_returns_true_when_the_path_does_have_a_matcher_entry ... ok
[INFO] [stdout] test matchingrules::tests::matcher_is_defined_returns_false_when_the_path_does_not_have_a_matcher_entry ... ok
[INFO] [stdout] test matchingrules::tests::matchers_from_json_test ... ok
[INFO] [stdout] test matchingrules::tests::matcher_is_defined_returns_false_when_the_path_is_empty ... ok
[INFO] [stdout] test matchingrules::tests::matching_rule_from_json_supports_intergration_form ... ok
[INFO] [stdout] test matchingrules::tests::min_and_max_values_get_serialised_to_json_as_numbers ... ok
[INFO] [stdout] test matchingrules::tests::rule_list_values_matcher_defined ... ok
[INFO] [stdout] test matchingrules::tests::rules_are_empty_when_there_are_no_categories ... ok
[INFO] [stdout] test matchingrules::tests::rules_are_empty_when_there_are_only_empty_categories ... ok
[INFO] [stdout] test matchingrules::tests::speculate_0::generating_matcher_JSON::test_generates_V2_matcher_format ... ok
[INFO] [stdout] test matchingrules::tests::speculate_0::generating_matcher_JSON::test_generates_V3_matcher_format ... ok
[INFO] [stdout] test matchingrules::tests::matching_rule_to_json_test ... ok
[INFO] [stdout] test matchingrules::tests::wildcard_matcher_is_defined_returns_false_when_the_parent_of_the_path_does_have_a_matcher_entry ... ok
[INFO] [stdout] test matchingrules::tests::wildcard_matcher_is_defined_returns_false_when_the_path_does_have_a_matcher_entry_and_it_is_not_a_wildcard ... ok
[INFO] [stdout] test matchingrules::tests::wildcard_matcher_is_defined_returns_false_when_the_path_does_not_have_a_matcher_entry ... ok
[INFO] [stdout] test matchingrules::tests::rules_are_not_empty_when_there_is_a_nonempty_category ... ok
[INFO] [stdout] test matchingrules::tests::wildcard_matcher_is_defined_returns_false_when_there_are_no_matchers ... ok
[INFO] [stdout] test message::tests::defaults_to_none_if_no_provider_state ... ok
[INFO] [stdout] test message::tests::defaults_to_none_if_provider_state_null ... ok
[INFO] [stdout] test matchingrules::tests::to_json_with_matching_rule_on_path_test ... ok
[INFO] [stdout] test matchingrules::tests::wildcard_matcher_is_defined_returns_true_when_the_path_does_have_a_matcher_entry_and_it_is_a_widcard ... ok
[INFO] [stdout] test message::tests::loading_message_from_json_by_deserializing ... ok
[INFO] [stdout] test message::tests::defaults_to_number_if_no_description ... ok
[INFO] [stdout] test message::tests::interaction_from_json_sets_the_id_if_loaded_from_broker ... ok
[INFO] [stdout] test message::tests::loading_message_from_json ... ok
[INFO] [stdout] test message::tests::message_mimetype_defaults_to_json ... ok
[INFO] [stdout] test message::tests::message_with_empty_body ... ok
[INFO] [stdout] test message::tests::message_with_binary_body_serialises ... ok
[INFO] [stdout] test message::tests::message_mimetype_is_based_on_the_metadata ... ok
[INFO] [stdout] test json_utils::tests::body_from_json_returns_the_body_if_the_body_is_a_string ... ok
[INFO] [stdout] test message::tests::message_with_json_body_serialises ... ok
[INFO] [stdout] test message::tests::message_with_missing_body ... ok
[INFO] [stdout] test message::tests::message_with_json_body ... ok
[INFO] [stdout] test matchingrules::tests::matching_rule_from_json_test ... ok
[INFO] [stdout] test message::tests::v1_provider_state_when_deserializing_message ... ok
[INFO] [stdout] test message::tests::message_with_non_json_body ... ok
[INFO] [stdout] test message::tests::when_upgrading_message_pact_to_v4_rename_the_matching_rules_from_body_to_content ... ok
[INFO] [stdout] test message_pact::tests::correct_version_in_spec_version ... ok
[INFO] [stdout] test message_pact::tests::default_file_name_is_based_in_the_consumer_and_provider ... ok
[INFO] [stdout] test message_pact::tests::load_empty_pact ... ok
[INFO] [stdout] test message::tests::message_with_null_body ... ok
[INFO] [stdout] test message::tests::returns_an_error_if_the_spec_version_is_less_than_three ... ok
[INFO] [stdout] test message_pact::tests::missing_spec_version ... ok
[INFO] [stdout] test message_pact::tests::empty_version_in_spec_version ... ok
[INFO] [stdout] test message_pact::tests::invalid_version_in_spec_version ... ok
[INFO] [stdout] test message_pact::tests::missing_version_in_spec_version ... ok
[INFO] [stdout] test message_pact::tests::load_basic_pact ... ok
[INFO] [stdout] test message_pact::tests::missing_metadata ... ok
[INFO] [stdout] test message_pact::tests::to_json ... ok
[INFO] [stdout] test pact::tests::correct_version_in_spec_version ... ok
[INFO] [stdout] test pact::tests::default_file_name_is_based_in_the_consumer_and_provider ... ok
[INFO] [stdout] test pact::tests::empty_version_in_spec_version ... ok
[INFO] [stdout] test pact::tests::invalid_version_in_spec_version ... ok
[INFO] [stdout] test pact::tests::load_empty_pact ... ok
[INFO] [stdout] test pact::tests::missing_metadata ... ok
[INFO] [stdout] test pact::tests::load_basic_pact ... ok
[INFO] [stdout] test pact::tests::missing_spec_version ... ok
[INFO] [stdout] test pact::tests::missing_version_in_spec_version ... ok
[INFO] [stdout] test pact::tests::pact_merge_does_not_merge_different_consumers ... ok
[INFO] [stdout] test pact::tests::pact_merge_does_not_merge_different_providers ... ok
[INFO] [stdout] test pact::tests::merge_pact_test ... ok
[INFO] [stdout] test pact::tests::load_v3_pact ... ok
[INFO] [stdout] test pact::tests::load_pact ... ok
[INFO] [stdout] test pact::tests::pact_merge_does_not_merge_where_there_are_conflicting_interactions ... ok
[INFO] [stdout] test pact::tests::load_pact_converts_methods_to_uppercase ... ok
[INFO] [stdout] test pact::tests::load_pact_encoded_query_string ... ok
[INFO] [stdout] test pact::tests::pact_merge_removes_duplicates ... ok
[INFO] [stdout] test pact::tests::write_pact_test ... ok
[INFO] [stdout] test path_exp::tests::docpath_empty ... ok
[INFO] [stdout] test path_exp::tests::docpath_root ... ok
[INFO] [stdout] test path_exp::tests::as_json_pointer ... ok
[INFO] [stdout] test path_exp::tests::build_expr ... ok
[INFO] [stdout] test pact::tests::write_pact_test_should_upgrade_older_pacts_when_merging ... ok
[INFO] [stdout] test path_exp::tests::docpath_wildcard ... ok
[INFO] [stdout] test path_exp::tests::matches_path_matches_array_indices ... ok
[INFO] [stdout] test pact::tests::write_pact_test_with_matchers ... ok
[INFO] [stdout] test path_exp::tests::matches_path_matches_root_path_element ... ok
[INFO] [stdout] test path_exp::tests::matches_token_test_with_index ... ok
[INFO] [stdout] test path_exp::tests::matches_path_matches_field_name ... ok
[INFO] [stdout] test path_exp::tests::matches_token_test_with_field ... ok
[INFO] [stdout] test path_exp::tests::matches_path_matches_with_wildcard ... ok
[INFO] [stdout] test pact::tests::write_pact_test_with_generators ... ok
[INFO] [stdout] test pact::tests::write_pact_test_should_merge_pacts ... ok
[INFO] [stdout] test path_exp::tests::parse_path_exp_handles_empty_string ... ok
[INFO] [stdout] test path_exp::tests::matches_token_test_with_root ... ok
[INFO] [stdout] test path_exp::tests::matches_token_test_with_wildcard ... ok
[INFO] [stdout] test path_exp::tests::matches_token_test_with_index_wildcard ... ok
[INFO] [stdout] test pact::tests::write_pact_v3_test_with_matchers ... ok
[INFO] [stdout] test path_exp::tests::parse_path_exp_handles_missing_path ... ok
[INFO] [stdout] test path_exp::tests::parse_path_exp_handles_invalid_identifiers ... ok
[INFO] [stdout] test pact::tests::write_v3_pact_test ... ok
[INFO] [stdout] test path_exp::tests::obj_key_for_path_quotes_keys_when_necessary ... ok
[INFO] [stdout] test path_exp::tests::parse_path_exp_handles_missing_path_name ... ok
[INFO] [stdout] test path_exp::tests::parse_path_exp_handles_root ... ok
[INFO] [stdout] test pact::tests::write_pact_test_should_not_merge_pacts_with_conflicts ... ok
[INFO] [stdout] test path_exp::tests::parse_path_exp_handles_underscores_and_dashes ... ok
[INFO] [stdout] test path_exp::tests::parse_path_exp_handles_missing_root ... ok
[INFO] [stdout] test path_exp::tests::parse_path_exp_with_bracket_notation ... ok
[INFO] [stdout] test path_exp::tests::parse_path_exp_with_invalid_bracket_index_notation ... ok
[INFO] [stdout] test pact::tests::write_pact_test_upgrades_older_pacts_to_v4_when_merging ... ok
[INFO] [stdout] test path_exp::tests::parse_path_exp_with_invalid_bracket_notation ... ok
[INFO] [stdout] test path_exp::tests::parse_path_exp_handles_xml_names ... ok
[INFO] [stdout] test path_exp::tests::path_parent ... ok
[INFO] [stdout] test provider_states::tests::defaults_to_v3_pact_provider_states ... ok
[INFO] [stdout] test path_exp::tests::parse_path_exp_with_simple_identifiers ... ok
[INFO] [stdout] test path_exp::tests::parse_path_exp_with_star_instead_of_identifiers ... ok
[INFO] [stdout] test path_exp::tests::path_push ... ok
[INFO] [stdout] test provider_states::tests::falls_back_to_v2_pact_provider_state ... ok
[INFO] [stdout] test provider_states::tests::pact_with_no_provider_states ... ok
[INFO] [stdout] test path_exp::tests::path_join ... ok
[INFO] [stdout] test query_strings::tests::parse_query_string_handles_equals_in_values ... ok
[INFO] [stdout] test query_strings::tests::parse_query_string_handles_missing_values ... ok
[INFO] [stdout] test query_strings::tests::parse_query_string_test ... ok
[INFO] [stdout] test query_strings::tests::parse_query_string_decodes_non_ascii_values ... ok
[INFO] [stdout] test request::tests::content_type_struct_test ... ok
[INFO] [stdout] test request::tests::hash_for_request ... ok
[INFO] [stdout] test generators::tests::date_generator_test ... ok
[INFO] [stdout] test request::tests::request_to_json_converts_methods_to_upper_case ... ok
[INFO] [stdout] test query_strings::tests::parse_query_string_decodes_values ... ok
[INFO] [stdout] test query_strings::tests::parse_query_string_handles_empty_string ... ok
[INFO] [stdout] test request::tests::request_from_json_defaults_to_get ... ok
[INFO] [stdout] test request::tests::request_from_json_defaults_to_root_for_path ... ok
[INFO] [stdout] test request::tests::request_to_json_with_a_query_v3_must_not_encode_the_query ... ok
[INFO] [stdout] test request::tests::request_to_json_with_a_query_v3 ... ok
[INFO] [stdout] test request::tests::request_to_json_with_a_query ... ok
[INFO] [stdout] test request::tests::request_to_json_with_a_query_v3_must_not_encode_the_query_with_utf8_chars ... ok
[INFO] [stdout] test request::tests::request_to_json_with_a_query_must_encode_the_query ... ok
[INFO] [stdout] test request::tests::request_to_json_with_a_query_must_encode_the_query_with_utf8_chars ... ok
[INFO] [stdout] test generators::tests::time_generator_test ... ok
[INFO] [stdout] test request::tests::request_to_json_with_defaults ... ok
[INFO] [stdout] test request::tests::request_headers_do_not_conflict_if_they_have_been_serialised_and_deserialised_to_json ... ok
[INFO] [stdout] test request::tests::request_to_json_with_empty_body ... ok
[INFO] [stdout] test request::tests::request_to_json_with_null_body ... ok
[INFO] [stdout] test request::tests::request_to_json_with_json_body ... ok
[INFO] [stdout] test request::tests::request_to_json_with_headers ... ok
[INFO] [stdout] test request::tests::request_to_json_with_non_json_body ... ok
[INFO] [stdout] test generators::tests::datetime_generator_test ... ok
[INFO] [stdout] test response::tests::response_to_json_with_empty_body ... ok
[INFO] [stdout] test request::tests::to_json_with_provider_state_generator_test ... ok
[INFO] [stdout] test response::tests::response_to_json_with_null_body ... ok
[INFO] [stdout] test response::tests::hash_for_response ... ok
[INFO] [stdout] test sync_interaction::tests::defaults_to_none_if_provider_state_null ... ok
[INFO] [stdout] test response::tests::response_from_json_defaults_to_status_200 ... ok
[INFO] [stdout] test sync_interaction::tests::interactions_conflict_if_they_have_different_requests ... ok
[INFO] [stdout] test response::tests::response_to_json_with_non_json_body ... ok
[INFO] [stdout] test response::tests::response_to_json_with_json_body ... ok
[INFO] [stdout] test sync_interaction::tests::defaults_to_empty_if_no_provider_state ... ok
[INFO] [stdout] test sync_interaction::tests::defaults_to_number_if_no_description ... ok
[INFO] [stdout] test response::tests::response_to_json_with_headers ... ok
[INFO] [stdout] test sync_interaction::tests::interaction_from_json_sets_the_id_if_loaded_from_broker ... ok
[INFO] [stdout] test response::tests::response_to_json_with_defaults ... ok
[INFO] [stdout] test sync_interaction::tests::interactions_conflict_if_they_have_different_responses ... ok
[INFO] [stdout] test sync_interaction::tests::interactions_do_not_conflict_if_they_have_different_descriptions ... ok
[INFO] [stdout] test sync_interaction::tests::loading_interaction_from_json ... ok
[INFO] [stdout] test sync_interaction::tests::interactions_do_not_conflict_if_they_have_different_provider_states ... ok
[INFO] [stdout] test tests::generators_from_json_handles_empty_generators ... ok
[INFO] [stdout] test tests::matchers_from_json_handles_empty_matchers ... ok
[INFO] [stdout] test sync_interaction::tests::interactions_do_not_conflict_if_they_have_the_same_requests_and_responses ... ok
[INFO] [stdout] test tests::generators_from_json_handles_generator_with_no_rules ... ok
[INFO] [stdout] test tests::generators_from_json_handles_missing_generators ... ok
[INFO] [stdout] test tests::generators_from_json_ignores_invalid_generators ... ok
[INFO] [stdout] test tests::generators_from_json_loads_generators_correctly ... ok
[INFO] [stdout] test sync_pact::tests::convert_from_v4_json ... ok
[INFO] [stdout] test tests::http_status_code_from_json ... ok
[INFO] [stdout] test sync_interaction::tests::to_json_with_provider_state_generator_test ... ok
[INFO] [stdout] test tests::matchers_from_json_handles_missing_matchers ... ok
[INFO] [stdout] test tests::matchers_from_json_handles_matcher_with_no_matching_rules ... ok
[INFO] [stdout] test tests::matchers_from_json_loads_matchers_correctly ... ok
[INFO] [stdout] test tests::pact_spec_from_string ... ok
[INFO] [stdout] test time_utils::tests::parse_date_and_time_with_invalid_dates ... ok
[INFO] [stdout] test time_utils::tests::parse_ampm ... ok
[INFO] [stdout] test time_utils::tests::parse_day_of_week ... ok
[INFO] [stdout] test time_utils::tests::parse_day_number ... ok
[INFO] [stdout] test time_utils::tests::parse_minute_and_second ... ok
[INFO] [stdout] test tests::matchers_from_json_loads_matchers_from_deprecated_name ... ok
[INFO] [stdout] test time_utils::tests::parse_hour ... ok
[INFO] [stdout] test tests::write_pact_file_with_provider_state_generator_test ... ok
[INFO] [stdout] test time_utils::tests::parse_era ... ok
[INFO] [stdout] test time_utils::tests::parse_month ... ok
[INFO] [stdout] test time_utils::tests::parse_week_number ... ok
[INFO] [stdout] test v4::async_message::tests::equals_test ... ok
[INFO] [stdout] test time_utils::tests::parse_year ... ok
[INFO] [stdout] test time_utils::tests::parse_quarter ... ok
[INFO] [stdout] test v4::async_message::tests::calculate_hash_test ... ok
[INFO] [stdout] test time_utils::tests::parse_text ... ok
[INFO] [stdout] test v4::async_message::tests::equals_test_with_different_keys ... ok
[INFO] [stdout] test v4::http_parts::tests::body_from_json_returns_empty_if_the_body_is_an_empty_string ... ok
[INFO] [stdout] test time_utils::tests::parse_timezone ... ok
[INFO] [stdout] test v4::http_parts::tests::body_from_json_returns_missing_if_there_is_no_body ... ok
[INFO] [stdout] test time_utils::tests::to_chrono_pattern_test ... ok
[INFO] [stdout] test v4::async_message::tests::hash_test ... ok
[INFO] [stdout] test v4::async_message::tests::when_downgrading_message_to_v3_rename_the_matching_rules_from_content_to_body ... ok
[INFO] [stdout] test v4::http_parts::tests::body_from_json_returns_the_raw_body_if_there_is_no_encoded_value ... ok
[INFO] [stdout] test v4::http_parts::tests::body_from_json_returns_null_if_the_body_is_null ... ok
[INFO] [stdout] test v4::http_parts::tests::body_from_json_returns_the_a_json_formatted_body_if_the_body_is_a_string_and_encoding_is_json ... ok
[INFO] [stdout] test v4::http_parts::tests::body_with_an_overridden_content_type_format ... ok
[INFO] [stdout] test v4::http_parts::tests::equals_test_for_response ... ok
[INFO] [stdout] test v4::http_parts::tests::hash_for_http_request ... ok
[INFO] [stdout] test v4::http_parts::tests::body_from_text_html_type_returns_the_same_formatted_body ... ok
[INFO] [stdout] test v4::http_parts::tests::hash_for_http_request_with_different_case_header_keys ... ok
[INFO] [stdout] test v4::http_parts::tests::body_from_text_plain_type_returns_the_same_formatted_body ... ok
[INFO] [stdout] test v4::http_parts::tests::equals_test_for_request ... ok
[INFO] [stdout] test v4::http_parts::tests::hash_for_http_response_with_different_case_header_keys ... ok
[INFO] [stdout] test v4::http_parts::tests::hash_for_http_response ... ok
[INFO] [stdout] test v4::http_parts::tests::hash_test_for_request ... ok
[INFO] [stdout] test v4::http_parts::tests::body_from_json_returns_the_body_if_the_body_is_a_string ... ok
[INFO] [stdout] test v4::http_parts::tests::http_request_set_header_with_a_headers_set ... ok
[INFO] [stdout] test v4::http_parts::tests::http_request_to_json_with_defaults ... ok
[INFO] [stdout] test v4::http_parts::tests::http_request_to_json_with_empty_body ... ok
[INFO] [stdout] test v4::http_parts::tests::hash_test_for_response ... ok
[INFO] [stdout] test v4::http_parts::tests::http_request_set_header_with_a_headers_set_and_different_case ... ok
[INFO] [stdout] test v4::http_parts::tests::http_request_set_header_with_no_headers_set ... ok
[INFO] [stdout] test v4::http_parts::tests::http_request_to_json_converts_methods_to_upper_case ... ok
[INFO] [stdout] test v4::http_parts::tests::http_request_to_json_with_a_query ... ok
[INFO] [stdout] test v4::http_parts::tests::http_request_to_json_with_json_body ... ok
[INFO] [stdout] test v4::http_parts::tests::http_request_to_json_with_non_json_body ... ok
[INFO] [stdout] test v4::http_parts::tests::http_request_to_json_with_null_body ... ok
[INFO] [stdout] test v4::http_parts::tests::http_response_set_header_with_a_headers_set_and_different_case ... ok
[INFO] [stdout] test v4::http_parts::tests::http_response_set_header_with_a_headers_set ... ok
[INFO] [stdout] test v4::http_parts::tests::http_request_to_json_with_headers ... ok
[INFO] [stdout] test v4::http_parts::tests::http_response_set_header_with_no_headers_set ... ok
[INFO] [stdout] test v4::http_parts::tests::http_response_to_json_with_headers ... ok
[INFO] [stdout] test v4::http_parts::tests::http_response_to_json_with_null_body ... ok
[INFO] [stdout] test v4::http_parts::tests::http_response_to_json_with_defaults ... ok
[INFO] [stdout] test v4::http_parts::tests::http_response_to_json_with_json_body ... ok
[INFO] [stdout] test v4::http_parts::tests::http_response_to_json_with_empty_body ... ok
[INFO] [stdout] test v4::http_parts::tests::http_response_to_json_with_non_json_body ... ok
[INFO] [stdout] test v4::http_parts::tests::synchronous_http_request_from_json_defaults_to_get ... ok
[INFO] [stdout] test v4::http_parts::tests::synchronous_http_request_from_json_defaults_to_root_for_path ... ok
[INFO] [stdout] test v4::interaction::tests::defaults_to_none_if_provider_state_null ... ok
[INFO] [stdout] test v4::http_parts::tests::synchronous_http_response_from_json_defaults_to_status_200 ... ok
[INFO] [stdout] test v4::interaction::tests::defaults_to_number_if_no_description ... ok
[INFO] [stdout] test v4::interaction::tests::defaults_to_empty_if_no_provider_state ... ok
[INFO] [stdout] test v4::interaction::tests::interaction_from_json_sets_the_id_if_loaded_from_broker ... ok
[INFO] [stdout] test v4::pact::tests::load_empty_pact ... ok
[INFO] [stdout] test v4::message_parts::tests::equals_test_for_request ... ok
[INFO] [stdout] test v4::interaction::tests::loading_interaction_from_json ... ok
[INFO] [stdout] test v4::pact::tests::load_pact_encoded_query_string ... ok
[INFO] [stdout] test v4::pact::tests::has_interactions_test ... ok
[INFO] [stdout] test v4::message_parts::tests::hash_test ... ok
[INFO] [stdout] test v4::pact::tests::has_mixed_interactions_test ... ok
[INFO] [stdout] test v4::pact::tests::load_pact_converts_methods_to_uppercase ... ok
[INFO] [stdout] test v4::pact::tests::pact_merge_does_not_merge_different_consumers ... ok
[INFO] [stdout] test v4::pact::tests::load_basic_pact ... ok
[INFO] [stdout] test v4::pact::tests::pact_merge_does_not_merge_different_providers ... ok
[INFO] [stdout] test v4::pact::tests::pact_merge_removes_duplicates ... ok
[INFO] [stdout] test v4::pact::tests::load_pending_pact ... ok
[INFO] [stdout] test v4::pact::tests::v4_downgrading_to_v3_should_keep_generators ... ok
[INFO] [stdout] test generators::tests::random_decimal_generator_test ... ok
[INFO] [stdout] test v4::sync_message::tests::calculate_hash_test ... ok
[INFO] [stdout] test v4::pact::tests::write_pact_test ... ok
[INFO] [stdout] test v4::sync_message::tests::equals_test ... ok
[INFO] [stdout] test v4::sync_message::tests::hash_test ... ok
[INFO] [stdout] test v4::pact::tests::write_v2_pact_test_with_matchers ... ok
[INFO] [stdout] test v4::sync_message::tests::equals_test_with_different_keys ... ok
[INFO] [stdout] test v4::synch_http::tests::equals_test ... ok
[INFO] [stdout] test v4::pact::tests::write_pact_v3_test_with_matchers ... ok
[INFO] [stdout] test v4::synch_http::tests::calculate_hash_test ... ok
[INFO] [stdout] test v4::synch_http::tests::equals_test_with_different_keys ... ok
[INFO] [stdout] test v4::synch_http::tests::hash_test ... ok
[INFO] [stdout] test v4::pact::tests::write_pact_test_should_merge_pacts ... ok
[INFO] [stdout] test time_utils::tests::timezone_abbreviations ... ok
[INFO] [stdout] test time_utils::tests::parse_date_and_time ... ok
[INFO] [stdout] test generators::tests::regex_generator_test ... ok
[INFO] [stdout] test v4::pact::tests::write_synchronous_message_pact_test ... ok
[INFO] [stdout] test v4::http_parts::tests::body_from_json_returns_json_string_if_the_body_is_json_but_not_a_string ... ok
[INFO] [stdout] test v4::pact::tests::write_v4_pact_test_with_comments ... ok
[INFO] [stdout] test v4::http_parts::tests::synchronous_http_request_content_type_falls_back_the_content_type_header_and_then_the_contents ... ok
[INFO] [stdout] test request::tests::request_content_type_is_based_on_the_content_type_header ... ok
[INFO] [stdout] test v4::pact::tests::write_pact_test_should_overwrite_pact_with_same_key ... ok
[INFO] [stdout] 
[INFO] [stdout] test result: ok. 490 passed; 0 failed; 0 ignored; 0 measured; 0 filtered out; finished in 0.11s
[INFO] [stdout] 
[INFO] [stderr]      Running tests/tests.rs (/opt/rustwide/target/debug/deps/tests-083f2aff4852451a)
[INFO] [stdout] 
[INFO] [stdout] running 1 test
[INFO] [stdout] test write_v4_and_read_v3_pact_test ... ok
[INFO] [stdout] 
[INFO] [stdout] test result: ok. 1 passed; 0 failed; 0 ignored; 0 measured; 0 filtered out; finished in 0.01s
[INFO] [stdout] 
[INFO] [stderr]    Doc-tests pact_models
[INFO] [stdout] 
[INFO] [stdout] running 5 tests
[INFO] [stdout] test src/matchingrules/mod.rs - matchingrules::matchingrules_list (line 1326) ... FAILED
[INFO] [stdout] test src/v4/http_parts.rs - v4::http_parts::HttpRequest::set_header (line 144) ... FAILED
[INFO] [stdout] test src/v4/http_parts.rs - v4::http_parts::HttpResponse::set_header (line 570) ... ok
[INFO] [stdout] test src/generators/mod.rs - generators::generators (line 707) ... ok
[INFO] [stdout] test src/matchingrules/mod.rs - matchingrules::matchingrules (line 1295) ... ok
[INFO] [stderr] error: doctest failed, to rerun pass `--doc`
[INFO] [stdout] 
[INFO] [stdout] failures:
[INFO] [stdout] 
[INFO] [stdout] ---- src/matchingrules/mod.rs - matchingrules::matchingrules_list (line 1326) stdout ----
[INFO] [stdout] error: linking with `cc` failed: exit status: 1
[INFO] [stdout]   |
[INFO] [stdout]   = note: LC_ALL="C" PATH="/opt/rustwide/rustup-home/toolchains/1.75.0-x86_64-unknown-linux-gnu/lib/rustlib/x86_64-unknown-linux-gnu/bin:/opt/rustwide/cargo-home/bin:/usr/local/sbin:/usr/local/bin:/usr/sbin:/usr/bin:/sbin:/bin" VSLANG="1033" "cc" "-m64" "/tmp/rustc5RmIOT/symbols.o" "/tmp/rustdoctestJnLksv/rust_out.rust_out.263fb70ac1c95110-cgu.0.rcgu.o" "/tmp/rustdoctestJnLksv/rust_out.2uel00cfmdh5ufit.rcgu.o" "-Wl,--as-needed" "-L" "/opt/rustwide/target/debug/deps" "-L" "/opt/rustwide/target/debug/deps" "-L" "/opt/rustwide/target/debug/build/onig_sys-ea3948c4b953256f/out" "-L" "/opt/rustwide/target/debug/build/ring-ae1094daeb7701d6/out" "-L" "/opt/rustwide/rustup-home/toolchains/1.75.0-x86_64-unknown-linux-gnu/lib/rustlib/x86_64-unknown-linux-gnu/lib" "-Wl,-Bstatic" "/opt/rustwide/target/debug/deps/libpact_models-da1671a3dad189cb.rlib" "/opt/rustwide/target/debug/deps/liblenient_semver-83c734ad405ff678.rlib" "/opt/rustwide/target/debug/deps/liblenient_semver_parser-0be95d78a3ecd80d.rlib" "/opt/rustwide/target/debug/deps/liblenient_semver_version_builder-21446662094f401c.rlib" "/opt/rustwide/target/debug/deps/librand_regex-03fdc07082193fb1.rlib" "/opt/rustwide/target/debug/deps/libregex_syntax-0dc2d12e01b76027.rlib" "/opt/rustwide/target/debug/deps/libreqwest-bf5531e021e5e248.rlib" "/opt/rustwide/target/debug/deps/libhyper_rustls-10a977c1c30f39da.rlib" "/opt/rustwide/target/debug/deps/librustls_native_certs-5360b5a42937407c.rlib" "/opt/rustwide/target/debug/deps/librustls_pemfile-ffdc2f3224e5aa74.rlib" "/opt/rustwide/target/debug/deps/libopenssl_probe-d850575132083d7c.rlib" "/opt/rustwide/target/debug/deps/libipnet-31f1670f407a9398.rlib" "/opt/rustwide/target/debug/deps/libtokio_rustls-77b222c2158298ab.rlib" "/opt/rustwide/target/debug/deps/librustls-8eae4b4accb74293.rlib" "/opt/rustwide/target/debug/deps/libsct-0fec37b1da7d6100.rlib" "/opt/rustwide/target/debug/deps/libwebpki-b5a303b71c70cb30.rlib" "/opt/rustwide/target/debug/deps/libring-9190f87eb7d956a1.rlib" "/opt/rustwide/target/debug/deps/libspin-1881e9d9c2fdf875.rlib" "/opt/rustwide/target/debug/deps/libuntrusted-66bbe55c9f09dd46.rlib" "/opt/rustwide/target/debug/deps/libserde_urlencoded-2f39ab225a4d9428.rlib" "/opt/rustwide/target/debug/deps/libencoding_rs-000c97fafd38c2ed.rlib" "/opt/rustwide/target/debug/deps/libhyper-2492654369f8d443.rlib" "/opt/rustwide/target/debug/deps/libwant-0be28e71d2a5cee8.rlib" "/opt/rustwide/target/debug/deps/libtry_lock-ba0ec0947155aa20.rlib" "/opt/rustwide/target/debug/deps/libhttparse-64f1ffbeda450424.rlib" "/opt/rustwide/target/debug/deps/libh2-a1b9227238f9d4b1.rlib" "/opt/rustwide/target/debug/deps/libindexmap-8fc97cbaa956011a.rlib" "/opt/rustwide/target/debug/deps/libequivalent-daf5c71f5fc642dd.rlib" "/opt/rustwide/target/debug/deps/libhashbrown-3d9e58c92093ae49.rlib" "/opt/rustwide/target/debug/deps/libtokio_util-4c5e20b4f8c53da0.rlib" "/opt/rustwide/target/debug/deps/libtower_service-104d6e83d5ce383d.rlib" "/opt/rustwide/target/debug/deps/libtokio-7f0a2ce7f6e30175.rlib" "/opt/rustwide/target/debug/deps/libnum_cpus-cb81d41626d198af.rlib" "/opt/rustwide/target/debug/deps/libsocket2-2489340dad73c28d.rlib" "/opt/rustwide/target/debug/deps/libmio-1f577062c0615c74.rlib" "/opt/rustwide/target/debug/deps/libhttp_body-95afa20638202e0d.rlib" "/opt/rustwide/target/debug/deps/libfutures_util-3205d9c10f258d2a.rlib" "/opt/rustwide/target/debug/deps/libfutures_io-06ca5b85b7f1c406.rlib" "/opt/rustwide/target/debug/deps/libslab-6eb39baadbe9101c.rlib" "/opt/rustwide/target/debug/deps/libfutures_channel-a299c85500052389.rlib" "/opt/rustwide/target/debug/deps/libfutures_sink-8957e1e23a8e4733.rlib" "/opt/rustwide/target/debug/deps/libfutures_task-c1403167034c79e1.rlib" "/opt/rustwide/target/debug/deps/libpin_utils-741f7d9d160e4a16.rlib" "/opt/rustwide/target/debug/deps/liblog-e491f2c1d0b13538.rlib" "/opt/rustwide/target/debug/deps/libfutures_core-9cff0d103c3b3c9e.rlib" "/opt/rustwide/target/debug/deps/liburl-e2bbdc8176814ab9.rlib" "/opt/rustwide/target/debug/deps/libidna-be495c60b826cafb.rlib" "/opt/rustwide/target/debug/deps/libunicode_normalization-e04a0b39935fba30.rlib" "/opt/rustwide/target/debug/deps/libtinyvec-cf6c9f6b792a5507.rlib" "/opt/rustwide/target/debug/deps/libtinyvec_macros-b1cb7f53f58c9f87.rlib" "/opt/rustwide/target/debug/deps/libunicode_bidi-091e6a375aa15ffb.rlib" "/opt/rustwide/target/debug/deps/libform_urlencoded-ef5eb70334031c86.rlib" "/opt/rustwide/target/debug/deps/libpercent_encoding-fe0d57427b4d92e0.rlib" "/opt/rustwide/target/debug/deps/libhttp-3c08bd8039334901.rlib" "/opt/rustwide/target/debug/deps/libfnv-18bf5144d055e772.rlib" "/opt/rustwide/target/debug/deps/libhex-05644b5497b79c5b.rlib" "/opt/rustwide/target/debug/deps/libuuid-5abdac9fb7a57433.rlib" "/opt/rustwide/target/debug/deps/librand-a76c3fe6b34a9f29.rlib" "/opt/rustwide/target/debug/deps/librand_chacha-93c229a7eeb7ab43.rlib" "/opt/rustwide/target/debug/deps/libppv_lite86-9f808eb911999ef2.rlib" "/opt/rustwide/target/debug/deps/librand_core-c8190ea9532a8248.rlib" "/opt/rustwide/target/debug/deps/libgetrandom-68b0603389864cc3.rlib" "/opt/rustwide/target/debug/deps/libcfg_if-61dc7a6799e72b18.rlib" "/opt/rustwide/target/debug/deps/libonig-2ff92fcaf3749fae.rlib" "/opt/rustwide/target/debug/deps/libbitflags-b7cee2ca4fb438d0.rlib" "/opt/rustwide/target/debug/deps/libonig_sys-5ee67674d4703253.rlib" "/opt/rustwide/target/debug/deps/libindextree-0bce461c1182da14.rlib" "/opt/rustwide/target/debug/deps/libsemver-b1ba94f2f6280e11.rlib" "/opt/rustwide/target/debug/deps/liblogos-e8b30980c2c3abd2.rlib" "/opt/rustwide/target/debug/deps/libariadne-ce1034d88a302b06.rlib" "/opt/rustwide/target/debug/deps/libunicode_width-a645f17db2f885de.rlib" "/opt/rustwide/target/debug/deps/libyansi-84e5ca0e07373032.rlib" "/opt/rustwide/target/debug/deps/libsxd_document-2c435dd2de515850.rlib" "/opt/rustwide/target/debug/deps/libperesil-891fe8a08acb26be.rlib" "/opt/rustwide/target/debug/deps/libtyped_arena-49274ab896761950.rlib" "/opt/rustwide/target/debug/deps/libfs2-7ca22a03a0aa6fbd.rlib" "/opt/rustwide/target/debug/deps/libnom-e87b47abfa11a6fd.rlib" "/opt/rustwide/target/debug/deps/libgregorian-34b6562063dd63fb.rlib" "/opt/rustwide/target/debug/deps/liblibc-f01c1240f7c859d0.rlib" "/opt/rustwide/target/debug/deps/libchrono-5b84de902cc79130.rlib" "/opt/rustwide/target/debug/deps/libnum_traits-dcf66cbda2c5463d.rlib" "/opt/rustwide/target/debug/deps/libiana_time_zone-528d9768cce5eb89.rlib" "/opt/rustwide/target/debug/deps/libmaplit-3eddd30150f5540e.rlib" "/opt/rustwide/target/debug/deps/libbytes-94218c700b63af72.rlib" "/opt/rustwide/target/debug/deps/libbase64-c757f6e1d18850a5.rlib" "/opt/rustwide/target/debug/deps/libtracing-afc0251107e4f7d7.rlib" "/opt/rustwide/target/debug/deps/libpin_project_lite-e0757e0deaa2f8a0.rlib" "/opt/rustwide/target/debug/deps/libtracing_core-0e6c11b5d5ebe010.rlib" "/opt/rustwide/target/debug/deps/libonce_cell-63be820ac0ed0954.rlib" "/opt/rustwide/target/debug/deps/libregex-3fdc9a8f6eaf81cf.rlib" "/opt/rustwide/target/debug/deps/libregex_automata-7e239e4b359aa58c.rlib" "/opt/rustwide/target/debug/deps/libaho_corasick-c461b2416345444e.rlib" "/opt/rustwide/target/debug/deps/libmemchr-94009dd89ebb9d8d.rlib" "/opt/rustwide/target/debug/deps/libregex_syntax-e4dd3c3a3cb10e1d.rlib" "/opt/rustwide/target/debug/deps/libmime-7e306270d8ceb372.rlib" "/opt/rustwide/target/debug/deps/liblazy_static-591486ebcb9a7ead.rlib" "/opt/rustwide/target/debug/deps/libserde_json-f6f38162affa9a51.rlib" "/opt/rustwide/target/debug/deps/libryu-5f304b1b6393964f.rlib" "/opt/rustwide/target/debug/deps/libitoa-5f181af53b99b92c.rlib" "/opt/rustwide/target/debug/deps/libserde-7d868f87f26763c7.rlib" "/opt/rustwide/target/debug/deps/libitertools-d23258e09cafc198.rlib" "/opt/rustwide/target/debug/deps/libeither-133233cc595b9fa0.rlib" "/opt/rustwide/target/debug/deps/libanyhow-309ab2c875f40ec7.rlib" "/opt/rustwide/rustup-home/toolchains/1.75.0-x86_64-unknown-linux-gnu/lib/rustlib/x86_64-unknown-linux-gnu/lib/libstd-90f6ddbf82de36ec.rlib" "/opt/rustwide/rustup-home/toolchains/1.75.0-x86_64-unknown-linux-gnu/lib/rustlib/x86_64-unknown-linux-gnu/lib/libpanic_unwind-480c41e9d4e1f677.rlib" "/opt/rustwide/rustup-home/toolchains/1.75.0-x86_64-unknown-linux-gnu/lib/rustlib/x86_64-unknown-linux-gnu/lib/libobject-db744c0ca03eed1d.rlib" "/opt/rustwide/rustup-home/toolchains/1.75.0-x86_64-unknown-linux-gnu/lib/rustlib/x86_64-unknown-linux-gnu/lib/libmemchr-8ba652dc7d4b285a.rlib" "/opt/rustwide/rustup-home/toolchains/1.75.0-x86_64-unknown-linux-gnu/lib/rustlib/x86_64-unknown-linux-gnu/lib/libaddr2line-d5f4520a9ebc0d58.rlib" "/opt/rustwide/rustup-home/toolchains/1.75.0-x86_64-unknown-linux-gnu/lib/rustlib/x86_64-unknown-linux-gnu/lib/libgimli-4ad84de58f0cb463.rlib" "/opt/rustwide/rustup-home/toolchains/1.75.0-x86_64-unknown-linux-gnu/lib/rustlib/x86_64-unknown-linux-gnu/lib/librustc_demangle-0d10aae2e0f38735.rlib" "/opt/rustwide/rustup-home/toolchains/1.75.0-x86_64-unknown-linux-gnu/lib/rustlib/x86_64-unknown-linux-gnu/lib/libstd_detect-0c17cff739e6745b.rlib" "/opt/rustwide/rustup-home/toolchains/1.75.0-x86_64-unknown-linux-gnu/lib/rustlib/x86_64-unknown-linux-gnu/lib/libhashbrown-b29e17139dde1aa8.rlib" "/opt/rustwide/rustup-home/toolchains/1.75.0-x86_64-unknown-linux-gnu/lib/rustlib/x86_64-unknown-linux-gnu/lib/librustc_std_workspace_alloc-1f975299829cc7bd.rlib" "/opt/rustwide/rustup-home/toolchains/1.75.0-x86_64-unknown-linux-gnu/lib/rustlib/x86_64-unknown-linux-gnu/lib/libminiz_oxide-86bae3bc3079f89b.rlib" "/opt/rustwide/rustup-home/toolchains/1.75.0-x86_64-unknown-linux-gnu/lib/rustlib/x86_64-unknown-linux-gnu/lib/libadler-321b82c30dffdf5f.rlib" "/opt/rustwide/rustup-home/toolchains/1.75.0-x86_64-unknown-linux-gnu/lib/rustlib/x86_64-unknown-linux-gnu/lib/libunwind-3dd8a6810a0bdfef.rlib" "/opt/rustwide/rustup-home/toolchains/1.75.0-x86_64-unknown-linux-gnu/lib/rustlib/x86_64-unknown-linux-gnu/lib/libcfg_if-eb39a61c0c879984.rlib" "/opt/rustwide/rustup-home/toolchains/1.75.0-x86_64-unknown-linux-gnu/lib/rustlib/x86_64-unknown-linux-gnu/lib/liblibc-aa769569f91c3548.rlib" "/opt/rustwide/rustup-home/toolchains/1.75.0-x86_64-unknown-linux-gnu/lib/rustlib/x86_64-unknown-linux-gnu/lib/liballoc-510a192a50a983ed.rlib" "/opt/rustwide/rustup-home/toolchains/1.75.0-x86_64-unknown-linux-gnu/lib/rustlib/x86_64-unknown-linux-gnu/lib/librustc_std_workspace_core-0577018320f99037.rlib" "/opt/rustwide/rustup-home/toolchains/1.75.0-x86_64-unknown-linux-gnu/lib/rustlib/x86_64-unknown-linux-gnu/lib/libcore-193cf992125ccd4c.rlib" "/opt/rustwide/rustup-home/toolchains/1.75.0-x86_64-unknown-linux-gnu/lib/rustlib/x86_64-unknown-linux-gnu/lib/libcompiler_builtins-8e138eaf26ebb4a8.rlib" "-Wl,-Bdynamic" "-lgcc_s" "-lutil" "-lrt" "-lpthread" "-lm" "-ldl" "-lc" "-Wl,--eh-frame-hdr" "-Wl,-z,noexecstack" "-L" "/opt/rustwide/rustup-home/toolchains/1.75.0-x86_64-unknown-linux-gnu/lib/rustlib/x86_64-unknown-linux-gnu/lib" "-o" "/tmp/rustdoctestJnLksv/rust_out" "-Wl,--gc-sections" "-pie" "-Wl,-z,relro,-z,now" "-nodefaultlibs"
[INFO] [stdout]   = note: collect2: fatal error: ld terminated with signal 9 [Killed]
[INFO] [stdout]           compilation terminated.
[INFO] [stdout]           
[INFO] [stdout] 
[INFO] [stdout] error: aborting due to previous error
[INFO] [stdout] 
[INFO] [stdout] Couldn't compile the test.
[INFO] [stdout] ---- src/v4/http_parts.rs - v4::http_parts::HttpRequest::set_header (line 144) stdout ----
[INFO] [stdout] error: linking with `cc` failed: exit status: 1
[INFO] [stdout]   |
[INFO] [stdout]   = note: LC_ALL="C" PATH="/opt/rustwide/rustup-home/toolchains/1.75.0-x86_64-unknown-linux-gnu/lib/rustlib/x86_64-unknown-linux-gnu/bin:/opt/rustwide/cargo-home/bin:/usr/local/sbin:/usr/local/bin:/usr/sbin:/usr/bin:/sbin:/bin" VSLANG="1033" "cc" "-m64" "/tmp/rustcaSQPic/symbols.o" "/tmp/rustdoctestnaIRTj/rust_out.rust_out.263fb70ac1c95110-cgu.0.rcgu.o" "/tmp/rustdoctestnaIRTj/rust_out.2uel00cfmdh5ufit.rcgu.o" "-Wl,--as-needed" "-L" "/opt/rustwide/target/debug/deps" "-L" "/opt/rustwide/target/debug/deps" "-L" "/opt/rustwide/target/debug/build/onig_sys-ea3948c4b953256f/out" "-L" "/opt/rustwide/target/debug/build/ring-ae1094daeb7701d6/out" "-L" "/opt/rustwide/rustup-home/toolchains/1.75.0-x86_64-unknown-linux-gnu/lib/rustlib/x86_64-unknown-linux-gnu/lib" "-Wl,-Bstatic" "/opt/rustwide/target/debug/deps/libpact_models-da1671a3dad189cb.rlib" "/opt/rustwide/target/debug/deps/liblenient_semver-83c734ad405ff678.rlib" "/opt/rustwide/target/debug/deps/liblenient_semver_parser-0be95d78a3ecd80d.rlib" "/opt/rustwide/target/debug/deps/liblenient_semver_version_builder-21446662094f401c.rlib" "/opt/rustwide/target/debug/deps/librand_regex-03fdc07082193fb1.rlib" "/opt/rustwide/target/debug/deps/libregex_syntax-0dc2d12e01b76027.rlib" "/opt/rustwide/target/debug/deps/libreqwest-bf5531e021e5e248.rlib" "/opt/rustwide/target/debug/deps/libhyper_rustls-10a977c1c30f39da.rlib" "/opt/rustwide/target/debug/deps/librustls_native_certs-5360b5a42937407c.rlib" "/opt/rustwide/target/debug/deps/librustls_pemfile-ffdc2f3224e5aa74.rlib" "/opt/rustwide/target/debug/deps/libopenssl_probe-d850575132083d7c.rlib" "/opt/rustwide/target/debug/deps/libipnet-31f1670f407a9398.rlib" "/opt/rustwide/target/debug/deps/libtokio_rustls-77b222c2158298ab.rlib" "/opt/rustwide/target/debug/deps/librustls-8eae4b4accb74293.rlib" "/opt/rustwide/target/debug/deps/libsct-0fec37b1da7d6100.rlib" "/opt/rustwide/target/debug/deps/libwebpki-b5a303b71c70cb30.rlib" "/opt/rustwide/target/debug/deps/libring-9190f87eb7d956a1.rlib" "/opt/rustwide/target/debug/deps/libspin-1881e9d9c2fdf875.rlib" "/opt/rustwide/target/debug/deps/libuntrusted-66bbe55c9f09dd46.rlib" "/opt/rustwide/target/debug/deps/libserde_urlencoded-2f39ab225a4d9428.rlib" "/opt/rustwide/target/debug/deps/libencoding_rs-000c97fafd38c2ed.rlib" "/opt/rustwide/target/debug/deps/libhyper-2492654369f8d443.rlib" "/opt/rustwide/target/debug/deps/libwant-0be28e71d2a5cee8.rlib" "/opt/rustwide/target/debug/deps/libtry_lock-ba0ec0947155aa20.rlib" "/opt/rustwide/target/debug/deps/libhttparse-64f1ffbeda450424.rlib" "/opt/rustwide/target/debug/deps/libh2-a1b9227238f9d4b1.rlib" "/opt/rustwide/target/debug/deps/libindexmap-8fc97cbaa956011a.rlib" "/opt/rustwide/target/debug/deps/libequivalent-daf5c71f5fc642dd.rlib" "/opt/rustwide/target/debug/deps/libhashbrown-3d9e58c92093ae49.rlib" "/opt/rustwide/target/debug/deps/libtokio_util-4c5e20b4f8c53da0.rlib" "/opt/rustwide/target/debug/deps/libtower_service-104d6e83d5ce383d.rlib" "/opt/rustwide/target/debug/deps/libtokio-7f0a2ce7f6e30175.rlib" "/opt/rustwide/target/debug/deps/libnum_cpus-cb81d41626d198af.rlib" "/opt/rustwide/target/debug/deps/libsocket2-2489340dad73c28d.rlib" "/opt/rustwide/target/debug/deps/libmio-1f577062c0615c74.rlib" "/opt/rustwide/target/debug/deps/libhttp_body-95afa20638202e0d.rlib" "/opt/rustwide/target/debug/deps/libfutures_util-3205d9c10f258d2a.rlib" "/opt/rustwide/target/debug/deps/libfutures_io-06ca5b85b7f1c406.rlib" "/opt/rustwide/target/debug/deps/libslab-6eb39baadbe9101c.rlib" "/opt/rustwide/target/debug/deps/libfutures_channel-a299c85500052389.rlib" "/opt/rustwide/target/debug/deps/libfutures_sink-8957e1e23a8e4733.rlib" "/opt/rustwide/target/debug/deps/libfutures_task-c1403167034c79e1.rlib" "/opt/rustwide/target/debug/deps/libpin_utils-741f7d9d160e4a16.rlib" "/opt/rustwide/target/debug/deps/liblog-e491f2c1d0b13538.rlib" "/opt/rustwide/target/debug/deps/libfutures_core-9cff0d103c3b3c9e.rlib" "/opt/rustwide/target/debug/deps/liburl-e2bbdc8176814ab9.rlib" "/opt/rustwide/target/debug/deps/libidna-be495c60b826cafb.rlib" "/opt/rustwide/target/debug/deps/libunicode_normalization-e04a0b39935fba30.rlib" "/opt/rustwide/target/debug/deps/libtinyvec-cf6c9f6b792a5507.rlib" "/opt/rustwide/target/debug/deps/libtinyvec_macros-b1cb7f53f58c9f87.rlib" "/opt/rustwide/target/debug/deps/libunicode_bidi-091e6a375aa15ffb.rlib" "/opt/rustwide/target/debug/deps/libform_urlencoded-ef5eb70334031c86.rlib" "/opt/rustwide/target/debug/deps/libpercent_encoding-fe0d57427b4d92e0.rlib" "/opt/rustwide/target/debug/deps/libhttp-3c08bd8039334901.rlib" "/opt/rustwide/target/debug/deps/libfnv-18bf5144d055e772.rlib" "/opt/rustwide/target/debug/deps/libhex-05644b5497b79c5b.rlib" "/opt/rustwide/target/debug/deps/libuuid-5abdac9fb7a57433.rlib" "/opt/rustwide/target/debug/deps/librand-a76c3fe6b34a9f29.rlib" "/opt/rustwide/target/debug/deps/librand_chacha-93c229a7eeb7ab43.rlib" "/opt/rustwide/target/debug/deps/libppv_lite86-9f808eb911999ef2.rlib" "/opt/rustwide/target/debug/deps/librand_core-c8190ea9532a8248.rlib" "/opt/rustwide/target/debug/deps/libgetrandom-68b0603389864cc3.rlib" "/opt/rustwide/target/debug/deps/libcfg_if-61dc7a6799e72b18.rlib" "/opt/rustwide/target/debug/deps/libonig-2ff92fcaf3749fae.rlib" "/opt/rustwide/target/debug/deps/libbitflags-b7cee2ca4fb438d0.rlib" "/opt/rustwide/target/debug/deps/libonig_sys-5ee67674d4703253.rlib" "/opt/rustwide/target/debug/deps/libindextree-0bce461c1182da14.rlib" "/opt/rustwide/target/debug/deps/libsemver-b1ba94f2f6280e11.rlib" "/opt/rustwide/target/debug/deps/liblogos-e8b30980c2c3abd2.rlib" "/opt/rustwide/target/debug/deps/libariadne-ce1034d88a302b06.rlib" "/opt/rustwide/target/debug/deps/libunicode_width-a645f17db2f885de.rlib" "/opt/rustwide/target/debug/deps/libyansi-84e5ca0e07373032.rlib" "/opt/rustwide/target/debug/deps/libsxd_document-2c435dd2de515850.rlib" "/opt/rustwide/target/debug/deps/libperesil-891fe8a08acb26be.rlib" "/opt/rustwide/target/debug/deps/libtyped_arena-49274ab896761950.rlib" "/opt/rustwide/target/debug/deps/libfs2-7ca22a03a0aa6fbd.rlib" "/opt/rustwide/target/debug/deps/libnom-e87b47abfa11a6fd.rlib" "/opt/rustwide/target/debug/deps/libgregorian-34b6562063dd63fb.rlib" "/opt/rustwide/target/debug/deps/liblibc-f01c1240f7c859d0.rlib" "/opt/rustwide/target/debug/deps/libchrono-5b84de902cc79130.rlib" "/opt/rustwide/target/debug/deps/libnum_traits-dcf66cbda2c5463d.rlib" "/opt/rustwide/target/debug/deps/libiana_time_zone-528d9768cce5eb89.rlib" "/opt/rustwide/target/debug/deps/libmaplit-3eddd30150f5540e.rlib" "/opt/rustwide/target/debug/deps/libbytes-94218c700b63af72.rlib" "/opt/rustwide/target/debug/deps/libbase64-c757f6e1d18850a5.rlib" "/opt/rustwide/target/debug/deps/libtracing-afc0251107e4f7d7.rlib" "/opt/rustwide/target/debug/deps/libpin_project_lite-e0757e0deaa2f8a0.rlib" "/opt/rustwide/target/debug/deps/libtracing_core-0e6c11b5d5ebe010.rlib" "/opt/rustwide/target/debug/deps/libonce_cell-63be820ac0ed0954.rlib" "/opt/rustwide/target/debug/deps/libregex-3fdc9a8f6eaf81cf.rlib" "/opt/rustwide/target/debug/deps/libregex_automata-7e239e4b359aa58c.rlib" "/opt/rustwide/target/debug/deps/libaho_corasick-c461b2416345444e.rlib" "/opt/rustwide/target/debug/deps/libmemchr-94009dd89ebb9d8d.rlib" "/opt/rustwide/target/debug/deps/libregex_syntax-e4dd3c3a3cb10e1d.rlib" "/opt/rustwide/target/debug/deps/libmime-7e306270d8ceb372.rlib" "/opt/rustwide/target/debug/deps/liblazy_static-591486ebcb9a7ead.rlib" "/opt/rustwide/target/debug/deps/libserde_json-f6f38162affa9a51.rlib" "/opt/rustwide/target/debug/deps/libryu-5f304b1b6393964f.rlib" "/opt/rustwide/target/debug/deps/libitoa-5f181af53b99b92c.rlib" "/opt/rustwide/target/debug/deps/libserde-7d868f87f26763c7.rlib" "/opt/rustwide/target/debug/deps/libitertools-d23258e09cafc198.rlib" "/opt/rustwide/target/debug/deps/libeither-133233cc595b9fa0.rlib" "/opt/rustwide/target/debug/deps/libanyhow-309ab2c875f40ec7.rlib" "/opt/rustwide/rustup-home/toolchains/1.75.0-x86_64-unknown-linux-gnu/lib/rustlib/x86_64-unknown-linux-gnu/lib/libstd-90f6ddbf82de36ec.rlib" "/opt/rustwide/rustup-home/toolchains/1.75.0-x86_64-unknown-linux-gnu/lib/rustlib/x86_64-unknown-linux-gnu/lib/libpanic_unwind-480c41e9d4e1f677.rlib" "/opt/rustwide/rustup-home/toolchains/1.75.0-x86_64-unknown-linux-gnu/lib/rustlib/x86_64-unknown-linux-gnu/lib/libobject-db744c0ca03eed1d.rlib" "/opt/rustwide/rustup-home/toolchains/1.75.0-x86_64-unknown-linux-gnu/lib/rustlib/x86_64-unknown-linux-gnu/lib/libmemchr-8ba652dc7d4b285a.rlib" "/opt/rustwide/rustup-home/toolchains/1.75.0-x86_64-unknown-linux-gnu/lib/rustlib/x86_64-unknown-linux-gnu/lib/libaddr2line-d5f4520a9ebc0d58.rlib" "/opt/rustwide/rustup-home/toolchains/1.75.0-x86_64-unknown-linux-gnu/lib/rustlib/x86_64-unknown-linux-gnu/lib/libgimli-4ad84de58f0cb463.rlib" "/opt/rustwide/rustup-home/toolchains/1.75.0-x86_64-unknown-linux-gnu/lib/rustlib/x86_64-unknown-linux-gnu/lib/librustc_demangle-0d10aae2e0f38735.rlib" "/opt/rustwide/rustup-home/toolchains/1.75.0-x86_64-unknown-linux-gnu/lib/rustlib/x86_64-unknown-linux-gnu/lib/libstd_detect-0c17cff739e6745b.rlib" "/opt/rustwide/rustup-home/toolchains/1.75.0-x86_64-unknown-linux-gnu/lib/rustlib/x86_64-unknown-linux-gnu/lib/libhashbrown-b29e17139dde1aa8.rlib" "/opt/rustwide/rustup-home/toolchains/1.75.0-x86_64-unknown-linux-gnu/lib/rustlib/x86_64-unknown-linux-gnu/lib/librustc_std_workspace_alloc-1f975299829cc7bd.rlib" "/opt/rustwide/rustup-home/toolchains/1.75.0-x86_64-unknown-linux-gnu/lib/rustlib/x86_64-unknown-linux-gnu/lib/libminiz_oxide-86bae3bc3079f89b.rlib" "/opt/rustwide/rustup-home/toolchains/1.75.0-x86_64-unknown-linux-gnu/lib/rustlib/x86_64-unknown-linux-gnu/lib/libadler-321b82c30dffdf5f.rlib" "/opt/rustwide/rustup-home/toolchains/1.75.0-x86_64-unknown-linux-gnu/lib/rustlib/x86_64-unknown-linux-gnu/lib/libunwind-3dd8a6810a0bdfef.rlib" "/opt/rustwide/rustup-home/toolchains/1.75.0-x86_64-unknown-linux-gnu/lib/rustlib/x86_64-unknown-linux-gnu/lib/libcfg_if-eb39a61c0c879984.rlib" "/opt/rustwide/rustup-home/toolchains/1.75.0-x86_64-unknown-linux-gnu/lib/rustlib/x86_64-unknown-linux-gnu/lib/liblibc-aa769569f91c3548.rlib" "/opt/rustwide/rustup-home/toolchains/1.75.0-x86_64-unknown-linux-gnu/lib/rustlib/x86_64-unknown-linux-gnu/lib/liballoc-510a192a50a983ed.rlib" "/opt/rustwide/rustup-home/toolchains/1.75.0-x86_64-unknown-linux-gnu/lib/rustlib/x86_64-unknown-linux-gnu/lib/librustc_std_workspace_core-0577018320f99037.rlib" "/opt/rustwide/rustup-home/toolchains/1.75.0-x86_64-unknown-linux-gnu/lib/rustlib/x86_64-unknown-linux-gnu/lib/libcore-193cf992125ccd4c.rlib" "/opt/rustwide/rustup-home/toolchains/1.75.0-x86_64-unknown-linux-gnu/lib/rustlib/x86_64-unknown-linux-gnu/lib/libcompiler_builtins-8e138eaf26ebb4a8.rlib" "-Wl,-Bdynamic" "-lgcc_s" "-lutil" "-lrt" "-lpthread" "-lm" "-ldl" "-lc" "-Wl,--eh-frame-hdr" "-Wl,-z,noexecstack" "-L" "/opt/rustwide/rustup-home/toolchains/1.75.0-x86_64-unknown-linux-gnu/lib/rustlib/x86_64-unknown-linux-gnu/lib" "-o" "/tmp/rustdoctestnaIRTj/rust_out" "-Wl,--gc-sections" "-pie" "-Wl,-z,relro,-z,now" "-nodefaultlibs"
[INFO] [stdout]   = note: collect2: fatal error: ld terminated with signal 9 [Killed]
[INFO] [stdout]           compilation terminated.
[INFO] [stdout]           
[INFO] [stdout] 
[INFO] [stdout] error: aborting due to previous error
[INFO] [stdout] 
[INFO] [stdout] Couldn't compile the test.
[INFO] [stdout] 
[INFO] [stdout] failures:
[INFO] [stdout]     src/matchingrules/mod.rs - matchingrules::matchingrules_list (line 1326)
[INFO] [stdout]     src/v4/http_parts.rs - v4::http_parts::HttpRequest::set_header (line 144)
[INFO] [stdout] 
[INFO] [stdout] test result: FAILED. 3 passed; 2 failed; 0 ignored; 0 measured; 0 filtered out; finished in 8.64s
[INFO] [stdout] 
[INFO] running `Command { std: "docker" "inspect" "fe306a84f6d20fcd00e28d410e30308289daafd08933da67b0ce349df555d28b", kill_on_drop: false }`
[INFO] running `Command { std: "docker" "rm" "-f" "fe306a84f6d20fcd00e28d410e30308289daafd08933da67b0ce349df555d28b", kill_on_drop: false }`
[INFO] [stdout] fe306a84f6d20fcd00e28d410e30308289daafd08933da67b0ce349df555d28b
[INFO] testing pact_models-1.1.12 against beta-2023-12-22 for beta-1.76-1
[INFO] extracting crate pact_models 1.1.12 into /workspace/builds/worker-6-tc2/source
[INFO] validating manifest of crates.io crate pact_models 1.1.12 on toolchain beta-2023-12-22
[INFO] running `Command { std: CARGO_HOME="/workspace/cargo-home" RUSTUP_HOME="/workspace/rustup-home" "/workspace/cargo-home/bin/cargo" "+beta-2023-12-22" "metadata" "--manifest-path" "Cargo.toml" "--no-deps", kill_on_drop: false }`
[INFO] started tweaking crates.io crate pact_models 1.1.12
[INFO] finished tweaking crates.io crate pact_models 1.1.12
[INFO] tweaked toml for crates.io crate pact_models 1.1.12 written to /workspace/builds/worker-6-tc2/source/Cargo.toml
[INFO] running `Command { std: CARGO_HOME="/workspace/cargo-home" RUSTUP_HOME="/workspace/rustup-home" "/workspace/cargo-home/bin/cargo" "+beta-2023-12-22" "generate-lockfile" "--manifest-path" "Cargo.toml", kill_on_drop: false }`
[INFO] [stderr]     Updating crates.io index
[INFO] running `Command { std: CARGO_HOME="/workspace/cargo-home" RUSTUP_HOME="/workspace/rustup-home" "/workspace/cargo-home/bin/cargo" "+beta-2023-12-22" "fetch" "--manifest-path" "Cargo.toml", kill_on_drop: false }`
[INFO] running `Command { std: "docker" "create" "-v" "/var/lib/crater-agent-workspace/builds/worker-6-tc2/target:/opt/rustwide/target:rw,Z" "-v" "/var/lib/crater-agent-workspace/builds/worker-6-tc2/source:/opt/rustwide/workdir:ro,Z" "-v" "/var/lib/crater-agent-workspace/cargo-home:/opt/rustwide/cargo-home:ro,Z" "-v" "/var/lib/crater-agent-workspace/rustup-home:/opt/rustwide/rustup-home:ro,Z" "-e" "SOURCE_DIR=/opt/rustwide/workdir" "-e" "CARGO_TARGET_DIR=/opt/rustwide/target" "-e" "CARGO_HOME=/opt/rustwide/cargo-home" "-e" "RUSTUP_HOME=/opt/rustwide/rustup-home" "-w" "/opt/rustwide/workdir" "-m" "1610612736" "--user" "0:0" "--network" "none" "ghcr.io/rust-lang/crates-build-env/linux@sha256:2788e3201cd34a07e3172128adcd8b3090168a8e3bcc40d7c032b9dda1df7d1c" "/opt/rustwide/cargo-home/bin/cargo" "+beta-2023-12-22" "metadata" "--no-deps" "--format-version=1", kill_on_drop: false }`
[INFO] [stdout] f62f92463dadd8e72ad7a0cde03e5ea082a790636630dd870321ec7e5fa4a902
[INFO] running `Command { std: "docker" "start" "-a" "f62f92463dadd8e72ad7a0cde03e5ea082a790636630dd870321ec7e5fa4a902", kill_on_drop: false }`
[INFO] running `Command { std: "docker" "inspect" "f62f92463dadd8e72ad7a0cde03e5ea082a790636630dd870321ec7e5fa4a902", kill_on_drop: false }`
[INFO] running `Command { std: "docker" "rm" "-f" "f62f92463dadd8e72ad7a0cde03e5ea082a790636630dd870321ec7e5fa4a902", kill_on_drop: false }`
[INFO] [stdout] f62f92463dadd8e72ad7a0cde03e5ea082a790636630dd870321ec7e5fa4a902
[INFO] running `Command { std: "docker" "create" "-v" "/var/lib/crater-agent-workspace/builds/worker-6-tc2/target:/opt/rustwide/target:rw,Z" "-v" "/var/lib/crater-agent-workspace/builds/worker-6-tc2/source:/opt/rustwide/workdir:ro,Z" "-v" "/var/lib/crater-agent-workspace/cargo-home:/opt/rustwide/cargo-home:ro,Z" "-v" "/var/lib/crater-agent-workspace/rustup-home:/opt/rustwide/rustup-home:ro,Z" "-e" "SOURCE_DIR=/opt/rustwide/workdir" "-e" "CARGO_TARGET_DIR=/opt/rustwide/target" "-e" "CARGO_INCREMENTAL=0" "-e" "RUST_BACKTRACE=full" "-e" "RUSTFLAGS=--cap-lints=warn" "-e" "RUSTDOCFLAGS=--cap-lints=warn" "-e" "CARGO_HOME=/opt/rustwide/cargo-home" "-e" "RUSTUP_HOME=/opt/rustwide/rustup-home" "-w" "/opt/rustwide/workdir" "-m" "1610612736" "--user" "0:0" "--network" "none" "ghcr.io/rust-lang/crates-build-env/linux@sha256:2788e3201cd34a07e3172128adcd8b3090168a8e3bcc40d7c032b9dda1df7d1c" "/opt/rustwide/cargo-home/bin/cargo" "+beta-2023-12-22" "build" "--frozen" "--message-format=json", kill_on_drop: false }`
[INFO] [stdout] 1374d82c1096cc4da8ec02fdb87f982be917753ff67a450315ffe864c9c2506b
[INFO] running `Command { std: "docker" "start" "-a" "1374d82c1096cc4da8ec02fdb87f982be917753ff67a450315ffe864c9c2506b", kill_on_drop: false }`
[INFO] [stderr]    Compiling libc v0.2.151
[INFO] [stderr]    Compiling serde v1.0.194
[INFO] [stderr]    Compiling siphasher v0.3.11
[INFO] [stderr]    Compiling pin-project-lite v0.2.13
[INFO] [stderr]    Compiling memchr v2.7.1
[INFO] [stderr]    Compiling regex-syntax v0.8.2
[INFO] [stderr]    Compiling once_cell v1.19.0
[INFO] [stderr]    Compiling itoa v1.0.10
[INFO] [stderr]    Compiling spin v0.9.8
[INFO] [stderr]    Compiling untrusted v0.9.0
[INFO] [stderr]    Compiling slab v0.4.9
[INFO] [stderr]    Compiling rand_core v0.6.4
[INFO] [stderr]    Compiling futures-core v0.3.30
[INFO] [stderr]    Compiling getrandom v0.2.11
[INFO] [stderr]    Compiling num_cpus v1.16.0
[INFO] [stderr]    Compiling syn v2.0.48
[INFO] [stderr]    Compiling socket2 v0.5.5
[INFO] [stderr]    Compiling mio v0.8.10
[INFO] [stderr]    Compiling futures-sink v0.3.30
[INFO] [stderr]    Compiling semver v1.0.21
[INFO] [stderr]    Compiling rand v0.8.5
[INFO] [stderr]    Compiling futures-task v0.3.30
[INFO] [stderr]    Compiling phf_shared v0.11.2
[INFO] [stderr]    Compiling futures-io v0.3.30
[INFO] [stderr]    Compiling tracing-core v0.1.32
[INFO] [stderr]    Compiling hashbrown v0.14.3
[INFO] [stderr]    Compiling equivalent v1.0.1
[INFO] [stderr]    Compiling rustls v0.21.10
[INFO] [stderr]    Compiling phf v0.11.2
[INFO] [stderr]    Compiling num-traits v0.2.17
[INFO] [stderr]    Compiling pkg-config v0.3.28
[INFO] [stderr]    Compiling percent-encoding v2.3.1
[INFO] [stderr]    Compiling regex-syntax v0.6.29
[INFO] [stderr]    Compiling log v0.4.20
[INFO] [stderr]    Compiling try-lock v0.2.5
[INFO] [stderr]    Compiling form_urlencoded v1.2.1
[INFO] [stderr]    Compiling want v0.3.1
[INFO] [stderr]    Compiling futures-channel v0.3.30
[INFO] [stderr]    Compiling base64 v0.21.5
[INFO] [stderr]    Compiling beef v0.5.2
[INFO] [stderr]    Compiling futures-util v0.3.30
[INFO] [stderr]    Compiling phf_generator v0.11.2
[INFO] [stderr]    Compiling serde_json v1.0.111
[INFO] [stderr]    Compiling phf_codegen v0.11.2
[INFO] [stderr]    Compiling unicode-bidi v0.3.14
[INFO] [stderr]    Compiling cc v1.0.83
[INFO] [stderr]    Compiling httpdate v1.0.3
[INFO] [stderr]    Compiling indexmap v2.1.0
[INFO] [stderr]    Compiling ryu v1.0.16
[INFO] [stderr]    Compiling ppv-lite86 v0.2.17
[INFO] [stderr]    Compiling rustls-pemfile v1.0.4
[INFO] [stderr]    Compiling lenient_semver_version_builder v0.4.2
[INFO] [stderr]    Compiling aho-corasick v1.1.2
[INFO] [stderr]    Compiling iana-time-zone v0.1.59
[INFO] [stderr]    Compiling byteorder v1.5.0
[INFO] [stderr]    Compiling anyhow v1.0.79
[INFO] [stderr]    Compiling maplit v1.0.2
[INFO] [stderr]    Compiling rand_chacha v0.3.1
[INFO] [stderr]    Compiling rustls-native-certs v0.6.3
[INFO] [stderr]    Compiling idna v0.5.0
[INFO] [stderr]    Compiling regex-automata v0.4.3
[INFO] [stderr]    Compiling fxhash v0.2.1
[INFO] [stderr]    Compiling lenient_semver_parser v0.4.2
[INFO] [stderr]    Compiling encoding_rs v0.8.33
[INFO] [stderr]    Compiling ipnet v2.9.0
[INFO] [stderr]    Compiling url v2.5.0
[INFO] [stderr]    Compiling either v1.9.0
[INFO] [stderr]    Compiling chrono v0.4.31
[INFO] [stderr]    Compiling peresil v0.3.0
[INFO] [stderr]    Compiling minimal-lexical v0.2.1
[INFO] [stderr]    Compiling unicode-width v0.1.11
[INFO] [stderr]    Compiling ring v0.17.7
[INFO] [stderr]    Compiling onig_sys v69.8.1
[INFO] [stderr]    Compiling typed-arena v1.7.0
[INFO] [stderr]    Compiling yansi v0.5.1
[INFO] [stderr]    Compiling sxd-document v0.3.2
[INFO] [stderr]    Compiling nom v7.1.3
[INFO] [stderr]    Compiling ariadne v0.3.0
[INFO] [stderr]    Compiling itertools v0.10.5
[INFO] [stderr]    Compiling lenient_semver v0.4.2
[INFO] [stderr]    Compiling rand_regex v0.15.1
[INFO] [stderr]    Compiling regex v1.10.2
[INFO] [stderr]    Compiling hashers v1.0.1
[INFO] [stderr]    Compiling uuid v1.6.1
[INFO] [stderr]    Compiling parse-zoneinfo v0.3.0
[INFO] [stderr]    Compiling gregorian v0.2.4
[INFO] [stderr]    Compiling fs2 v0.4.3
[INFO] [stderr]    Compiling chrono-tz-build v0.2.1
[INFO] [stderr]    Compiling hex v0.4.3
[INFO] [stderr]    Compiling indextree v4.6.0
[INFO] [stderr]    Compiling logos-codegen v0.13.0
[INFO] [stderr]    Compiling pact_models v1.1.12 (/opt/rustwide/workdir)
[INFO] [stderr]    Compiling chrono-tz v0.8.5
[INFO] [stderr]    Compiling serde_derive v1.0.194
[INFO] [stderr]    Compiling tracing-attributes v0.1.27
[INFO] [stderr]    Compiling logos-derive v0.13.0
[INFO] [stderr]    Compiling tracing v0.1.40
[INFO] [stderr]    Compiling logos v0.13.0
[INFO] [stderr]    Compiling onig v6.4.0
[INFO] [stderr]    Compiling rustls-webpki v0.101.7
[INFO] [stderr]    Compiling sct v0.7.1
[INFO] [stderr]    Compiling bytes v1.5.0
[INFO] [stderr]    Compiling serde_urlencoded v0.7.1
[INFO] [stderr]    Compiling tokio v1.35.1
[INFO] [stderr]    Compiling http v0.2.11
[INFO] [stderr]    Compiling http-body v0.4.6
[INFO] [stderr]    Compiling tokio-util v0.7.10
[INFO] [stderr]    Compiling tokio-rustls v0.24.1
[INFO] [stderr]    Compiling h2 v0.3.22
[INFO] [stderr]    Compiling hyper v0.14.28
[INFO] [stderr]    Compiling hyper-rustls v0.24.2
[INFO] [stderr]    Compiling reqwest v0.11.23
[INFO] [stderr]     Finished dev [unoptimized + debuginfo] target(s) in 1m 01s
[INFO] running `Command { std: "docker" "inspect" "1374d82c1096cc4da8ec02fdb87f982be917753ff67a450315ffe864c9c2506b", kill_on_drop: false }`
[INFO] running `Command { std: "docker" "rm" "-f" "1374d82c1096cc4da8ec02fdb87f982be917753ff67a450315ffe864c9c2506b", kill_on_drop: false }`
[INFO] [stdout] 1374d82c1096cc4da8ec02fdb87f982be917753ff67a450315ffe864c9c2506b
[INFO] running `Command { std: "docker" "create" "-v" "/var/lib/crater-agent-workspace/builds/worker-6-tc2/target:/opt/rustwide/target:rw,Z" "-v" "/var/lib/crater-agent-workspace/builds/worker-6-tc2/source:/opt/rustwide/workdir:ro,Z" "-v" "/var/lib/crater-agent-workspace/cargo-home:/opt/rustwide/cargo-home:ro,Z" "-v" "/var/lib/crater-agent-workspace/rustup-home:/opt/rustwide/rustup-home:ro,Z" "-e" "SOURCE_DIR=/opt/rustwide/workdir" "-e" "CARGO_TARGET_DIR=/opt/rustwide/target" "-e" "CARGO_INCREMENTAL=0" "-e" "RUST_BACKTRACE=full" "-e" "RUSTFLAGS=--cap-lints=warn" "-e" "RUSTDOCFLAGS=--cap-lints=warn" "-e" "CARGO_HOME=/opt/rustwide/cargo-home" "-e" "RUSTUP_HOME=/opt/rustwide/rustup-home" "-w" "/opt/rustwide/workdir" "-m" "1610612736" "--user" "0:0" "--network" "none" "ghcr.io/rust-lang/crates-build-env/linux@sha256:2788e3201cd34a07e3172128adcd8b3090168a8e3bcc40d7c032b9dda1df7d1c" "/opt/rustwide/cargo-home/bin/cargo" "+beta-2023-12-22" "test" "--frozen" "--no-run" "--message-format=json", kill_on_drop: false }`
[INFO] [stdout] 64ae6734f74d9b1ca1a289a310fe32789399e8bfce1ef481230f04de3d64a77b
[INFO] running `Command { std: "docker" "start" "-a" "64ae6734f74d9b1ca1a289a310fe32789399e8bfce1ef481230f04de3d64a77b", kill_on_drop: false }`
[INFO] [stderr]    Compiling tracing-core v0.1.32
[INFO] [stderr]    Compiling futures-channel v0.3.30
[INFO] [stderr]    Compiling log v0.4.20
[INFO] [stderr]    Compiling num-integer v0.1.45
[INFO] [stderr]    Compiling num-bigint v0.2.6
[INFO] [stderr]    Compiling futures-macro v0.3.30
[INFO] [stderr]    Compiling proc-macro2 v0.4.30
[INFO] [stderr]    Compiling rustix v0.38.28
[INFO] [stderr]    Compiling rustc_version v0.4.0
[INFO] [stderr]    Compiling num-iter v0.1.43
[INFO] [stderr]    Compiling num-rational v0.2.4
[INFO] [stderr]    Compiling num-complex v0.2.4
[INFO] [stderr]    Compiling linux-raw-sys v0.4.12
[INFO] [stderr]    Compiling unicode-xid v0.1.0
[INFO] [stderr]    Compiling bitflags v2.4.1
[INFO] [stderr]    Compiling syn v1.0.109
[INFO] [stderr]    Compiling regex-automata v0.1.10
[INFO] [stderr]    Compiling rustls v0.21.10
[INFO] [stderr]    Compiling overload v0.1.1
[INFO] [stderr]    Compiling chrono v0.4.31
[INFO] [stderr]    Compiling nu-ansi-term v0.46.0
[INFO] [stderr]    Compiling sharded-slab v0.1.7
[INFO] [stderr]    Compiling thread_local v1.1.7
[INFO] [stderr]    Compiling termcolor v1.4.0
[INFO] [stderr]    Compiling rstest_macros v0.17.0
[INFO] [stderr]    Compiling tracing v0.1.40
[INFO] [stderr]    Compiling tokio-util v0.7.10
[INFO] [stderr]    Compiling matchers v0.1.0
[INFO] [stderr]    Compiling quote v0.6.13
[INFO] [stderr]    Compiling tracing-log v0.2.0
[INFO] [stderr]    Compiling smallvec v1.11.2
[INFO] [stderr]    Compiling test-log-macros v0.2.14
[INFO] [stderr]    Compiling syn v0.14.9
[INFO] [stderr]    Compiling diff v0.1.13
[INFO] [stderr]    Compiling futures-timer v3.0.2
[INFO] [stderr]    Compiling expectest v0.12.0
[INFO] [stderr]    Compiling trim-margin v0.1.0
[INFO] [stderr]    Compiling pretty_assertions v1.4.0
[INFO] [stderr]    Compiling tracing-subscriber v0.3.18
[INFO] [stderr]    Compiling is-terminal v0.4.10
[INFO] [stderr]    Compiling env_logger v0.10.1
[INFO] [stderr]    Compiling num v0.2.1
[INFO] [stderr]    Compiling chrono-tz v0.8.5
[INFO] [stderr]    Compiling hamcrest2 v0.3.0
[INFO] [stderr]    Compiling futures-util v0.3.30
[INFO] [stderr]    Compiling test-log v0.2.14
[INFO] [stderr]    Compiling tokio-rustls v0.24.1
[INFO] [stderr]    Compiling speculate v0.1.2
[INFO] [stderr]    Compiling h2 v0.3.22
[INFO] [stderr]    Compiling futures-executor v0.3.30
[INFO] [stderr]    Compiling futures v0.3.30
[INFO] [stderr]    Compiling hyper v0.14.28
[INFO] [stderr]    Compiling rstest v0.17.0
[INFO] [stderr]    Compiling hyper-rustls v0.24.2
[INFO] [stderr]    Compiling reqwest v0.11.23
[INFO] [stderr]    Compiling pact_models v1.1.12 (/opt/rustwide/workdir)
[INFO] [stderr]     Finished test [unoptimized + debuginfo] target(s) in 50.28s
[INFO] [stderr] warning: the following packages contain code that will be rejected by a future version of Rust: syn v0.14.9
[INFO] [stderr] note: to see what the problems were, use the option `--future-incompat-report`, or run `cargo report future-incompatibilities --id 1`
[INFO] running `Command { std: "docker" "inspect" "64ae6734f74d9b1ca1a289a310fe32789399e8bfce1ef481230f04de3d64a77b", kill_on_drop: false }`
[INFO] running `Command { std: "docker" "rm" "-f" "64ae6734f74d9b1ca1a289a310fe32789399e8bfce1ef481230f04de3d64a77b", kill_on_drop: false }`
[INFO] [stdout] 64ae6734f74d9b1ca1a289a310fe32789399e8bfce1ef481230f04de3d64a77b
[INFO] running `Command { std: "docker" "create" "-v" "/var/lib/crater-agent-workspace/builds/worker-6-tc2/target:/opt/rustwide/target:rw,Z" "-v" "/var/lib/crater-agent-workspace/builds/worker-6-tc2/source:/opt/rustwide/workdir:ro,Z" "-v" "/var/lib/crater-agent-workspace/cargo-home:/opt/rustwide/cargo-home:ro,Z" "-v" "/var/lib/crater-agent-workspace/rustup-home:/opt/rustwide/rustup-home:ro,Z" "-e" "SOURCE_DIR=/opt/rustwide/workdir" "-e" "CARGO_TARGET_DIR=/opt/rustwide/target" "-e" "CARGO_INCREMENTAL=0" "-e" "RUST_BACKTRACE=full" "-e" "RUSTFLAGS=--cap-lints=warn" "-e" "RUSTDOCFLAGS=--cap-lints=warn" "-e" "CARGO_HOME=/opt/rustwide/cargo-home" "-e" "RUSTUP_HOME=/opt/rustwide/rustup-home" "-w" "/opt/rustwide/workdir" "-m" "1610612736" "--user" "0:0" "--network" "none" "ghcr.io/rust-lang/crates-build-env/linux@sha256:2788e3201cd34a07e3172128adcd8b3090168a8e3bcc40d7c032b9dda1df7d1c" "/opt/rustwide/cargo-home/bin/cargo" "+beta-2023-12-22" "test" "--frozen", kill_on_drop: false }`
[INFO] [stdout] c15920ecbdc71812517d791086e584f9a88c8b4aea84b4c48e6a6b42b4ef4d9d
[INFO] running `Command { std: "docker" "start" "-a" "c15920ecbdc71812517d791086e584f9a88c8b4aea84b4c48e6a6b42b4ef4d9d", kill_on_drop: false }`
[INFO] [stderr]     Finished test [unoptimized + debuginfo] target(s) in 0.30s
[INFO] [stderr] warning: the following packages contain code that will be rejected by a future version of Rust: syn v0.14.9
[INFO] [stderr] note: to see what the problems were, use the option `--future-incompat-report`, or run `cargo report future-incompatibilities --id 1`
[INFO] [stderr]      Running unittests src/lib.rs (/opt/rustwide/target/debug/deps/pact_models-cea86963e0448a8c)
[INFO] [stdout] 
[INFO] [stdout] running 490 tests
[INFO] [stdout] test bodies::tests::display_bytes_test ... ok
[INFO] [stdout] test bodies::tests::display_string_test ... ok
[INFO] [stdout] test bodies::tests::display_tests ... ok
[INFO] [stdout] test bodies::tests::hash_test ... ok
[INFO] [stdout] test bodies::tests::value_as_string_test ... ok
[INFO] [stdout] test bodies::tests::equals_test ... ok
[INFO] [stdout] test content_types::tests::base_type_test ... ok
[INFO] [stdout] test content_types::tests::is_binary_test ... ok
[INFO] [stdout] test content_types::tests::is_json_test ... ok
[INFO] [stdout] test content_types::tests::is_text_test ... ok
[INFO] [stdout] test content_types::tests::is_xml_test ... ok
[INFO] [stdout] test content_types::tests::parse_test ... ok
[INFO] [stdout] test content_types::tests::xml_equivalent_test ... ok
[INFO] [stdout] test expression_parser::tests::contains_expressions_test ... ok
[INFO] [stdout] test expression_parser::tests::does_not_modify_strings_with_no_expressions ... ok
[INFO] [stdout] test content_types::tests::to_string_test ... ok
[INFO] [stdout] test expression_parser::tests::handles_empty_expression ... ok
[INFO] [stdout] test expression_parser::tests::keeps_the_type_of_simple_resolved_expressions ... ok
[INFO] [stdout] test generators::date_expression_parser::tests::base_only ... ok
[INFO] [stdout] test expression_parser::tests::replaces_the_expression_with_resolved_value ... ok
[INFO] [stdout] test generators::date_expression_parser::tests::op_and_duration ... ok
[INFO] [stdout] test generators::datetime_expressions::tests::date_expressions::case_06 ... ok
[INFO] [stdout] test generators::datetime_expressions::tests::base_date_test ... ok
[INFO] [stdout] test generators::datetime_expressions::tests::date_expressions::case_01 ... ok
[INFO] [stdout] test generators::datetime_expressions::tests::date_expressions::case_04 ... ok
[INFO] [stdout] test generators::datetime_expressions::tests::date_expressions::case_02 ... ok
[INFO] [stdout] test generators::datetime_expressions::tests::date_expressions::case_05 ... ok
[INFO] [stdout] test generators::datetime_expressions::tests::date_expressions::case_07 ... ok
[INFO] [stdout] test generators::datetime_expressions::tests::date_expressions::case_08 ... ok
[INFO] [stdout] test generators::datetime_expressions::tests::date_expressions::case_10 ... ok
[INFO] [stdout] test generators::datetime_expressions::tests::date_expressions::case_03 ... ok
[INFO] [stdout] test generators::datetime_expressions::tests::date_expressions::case_09 ... ok
[INFO] [stdout] test generators::datetime_expressions::tests::date_expressions::case_11 ... ok
[INFO] [stdout] test generators::datetime_expressions::tests::date_expressions::case_12 ... ok
[INFO] [stdout] test generators::datetime_expressions::tests::date_expressions::case_13 ... ok
[INFO] [stdout] test expression_parser::tests::parse_expression_with_an_expression ... ok
[INFO] [stdout] test generators::datetime_expressions::tests::date_expressions::case_15 ... ok
[INFO] [stdout] test generators::datetime_expressions::tests::date_expressions::case_16 ... ok
[INFO] [stdout] test generators::datetime_expressions::tests::date_expressions::case_17 ... ok
[INFO] [stdout] test generators::datetime_expressions::tests::date_expressions::case_20 ... ok
[INFO] [stdout] test generators::datetime_expressions::tests::datetime_expressions::case_01 ... ok
[INFO] [stdout] test generators::datetime_expressions::tests::date_expressions::case_14 ... ok
[INFO] [stdout] test expression_parser::tests::returns_an_error_on_unterminated_expressions ... ok
[INFO] [stdout] test generators::datetime_expressions::tests::date_expressions::case_19 ... ok
[INFO] [stdout] test generators::datetime_expressions::tests::datetime_expressions::case_02 ... ok
[INFO] [stdout] test generators::datetime_expressions::tests::date_expressions::case_18 ... ok
[INFO] [stdout] test generators::datetime_expressions::tests::datetime_expressions::case_05 ... ok
[INFO] [stdout] test generators::datetime_expressions::tests::datetime_expressions::case_03 ... ok
[INFO] [stdout] test generators::datetime_expressions::tests::datetime_expressions::case_06 ... ok
[INFO] [stdout] test generators::datetime_expressions::tests::datetime_expressions::case_07 ... ok
[INFO] [stdout] test generators::date_expression_parser::tests::base_and_op_and_duration ... ok
[INFO] [stdout] test generators::datetime_expressions::tests::datetime_expressions::case_08 ... ok
[INFO] [stdout] test generators::datetime_expressions::tests::datetime_expressions::case_09 ... ok
[INFO] [stdout] test generators::datetime_expressions::tests::datetime_expressions::case_04 ... ok
[INFO] [stdout] test generators::date_expression_parser::tests::invalid_expression ... ok
[INFO] [stdout] test generators::datetime_expressions::tests::datetime_expressions::case_10 ... ok
[INFO] [stdout] test generators::datetime_expressions::tests::time_expressions::case_01 ... ok
[INFO] [stdout] test generators::datetime_expressions::tests::time_expressions::case_02 ... ok
[INFO] [stdout] test generators::datetime_expressions::tests::time_expressions::case_03 ... ok
[INFO] [stdout] test generators::datetime_expressions::tests::time_expressions::case_04 ... ok
[INFO] [stdout] test generators::datetime_expressions::tests::datetime_expressions::case_11 ... ok
[INFO] [stdout] test generators::datetime_expressions::tests::time_expressions::case_07 ... ok
[INFO] [stdout] test generators::datetime_expressions::tests::time_expressions::case_05 ... ok
[INFO] [stdout] test generators::datetime_expressions::tests::role_month_test ... ok
[INFO] [stdout] test generators::datetime_expressions::tests::time_expressions::case_09 ... ok
[INFO] [stdout] test generators::datetime_expressions::tests::time_expressions::case_11 ... ok
[INFO] [stdout] test generators::datetime_expressions::tests::time_expressions::case_10 ... ok
[INFO] [stdout] test generators::datetime_expressions::tests::time_expressions::case_12 ... ok
[INFO] [stdout] test generators::datetime_expressions::tests::time_expressions::case_13 ... ok
[INFO] [stdout] test generators::datetime_expressions::tests::time_expressions::case_08 ... ok
[INFO] [stdout] test generators::datetime_expressions::tests::time_expressions::case_14 ... ok
[INFO] [stdout] test generators::datetime_expressions::tests::time_expressions::case_06 ... ok
[INFO] [stdout] test expression_parser::tests::with_a_defined_type_converts_the_expression_into_the_correct_type ... ok
[INFO] [stdout] test generators::datetime_expressions::tests::time_expressions::case_15 ... ok
[INFO] [stdout] test generators::tests2::generate_value_from_context_test::case_02 ... ok
[INFO] [stdout] test generators::tests2::generate_value_from_context_test::case_01 ... ok
[INFO] [stdout] test generators::datetime_expressions::tests::reverse_date_by_test ... ok
[INFO] [stdout] test generators::datetime_expressions::tests::time_expressions::case_16 ... ok
[INFO] [stdout] test generators::tests2::generate_value_from_context_test::case_03 ... ok
[INFO] [stdout] test generators::tests2::generate_value_from_context_test::case_04 ... ok
[INFO] [stdout] test generators::tests2::generate_value_from_context_test::case_07 ... ok
[INFO] [stdout] test generators::tests2::generate_value_from_context_test::case_06 ... ok
[INFO] [stdout] test generators::tests2::generate_value_from_context_test::case_08 ... ok
[INFO] [stdout] test generators::tests2::generate_value_from_context_test::case_05 ... ok
[INFO] [stdout] test generators::tests2::generate_value_from_context_test::case_10 ... ok
[INFO] [stdout] test generators::tests2::generate_value_from_context_test::case_11 ... ok
[INFO] [stdout] test generators::tests2::generate_value_from_context_test::case_13 ... ok
[INFO] [stdout] test generators::tests2::generate_value_from_context_test::case_12 ... ok
[INFO] [stdout] test generators::tests2::generate_value_from_context_test::case_09 ... ok
[INFO] [stdout] test generators::tests2::generate_value_from_context_test::case_15 ... ok
[INFO] [stdout] test generators::tests2::generate_value_from_context_test::case_16 ... ok
[INFO] [stdout] test generators::tests2::generate_value_from_context_test::case_14 ... ok
[INFO] [stdout] test generators::tests2::generate_value_from_context_test::case_19 ... ok
[INFO] [stdout] test generators::tests2::generate_value_from_context_test::case_20 ... ok
[INFO] [stdout] test generators::datetime_expressions::tests::forward_date_by_test ... ok
[INFO] [stdout] test generators::tests2::generate_value_from_context_test::case_18 ... ok
[INFO] [stdout] test generators::tests2::generate_value_from_context_test::case_17 ... ok
[INFO] [stdout] test generators::tests::date_generator_from_json_test ... ok
[INFO] [stdout] test generators::tests::applies_the_generator_to_the_object_graph ... ok
[INFO] [stdout] test generators::tests::applies_the_generator_to_a_list_item ... ok
[INFO] [stdout] test generators::tests::applies_the_generator_to_the_object_graph_with_wildcard ... ok
[INFO] [stdout] test generators::tests::applies_the_generator_to_all_map_entries ... ok
[INFO] [stdout] test generators::tests::applies_the_generator_to_the_root ... ok
[INFO] [stdout] test generators::tests::does_not_apply_the_generator_when_field_is_not_in_map ... ok
[INFO] [stdout] test generators::tests::does_not_apply_the_generator_to_the_object_graph_when_the_expression_does_not_match ... ok
[INFO] [stdout] test generators::tests::datetime_generator_from_json_test ... ok
[INFO] [stdout] test generators::tests::does_not_apply_the_generator_when_index_is_not_in_list ... ok
[INFO] [stdout] test generators::tests::applies_the_generator_to_all_list_items ... ok
[INFO] [stdout] test generators::tests::generators_macro_test ... ok
[INFO] [stdout] test generators::tests::generators_to_json_test ... ok
[INFO] [stdout] test generators::tests::applies_the_generator_to_a_json_map_entry ... ok
[INFO] [stdout] test generators::tests::generator_from_json_test ... ok
[INFO] [stdout] test generators::tests::does_not_apply_the_generator_when_not_a_map ... ok
[INFO] [stdout] test generators::tests::matchers_from_json_test ... ok
[INFO] [stdout] test generators::tests::does_not_apply_the_generator_when_not_a_list ... ok
[INFO] [stdout] test generators::tests::generator_to_json_test ... ok
[INFO] [stdout] test generators::tests::path_generator_with_root_path_to_json_test ... ok
[INFO] [stdout] test generators::tests::provider_state_generator_from_json_test ... ok
[INFO] [stdout] test generators::tests::hash_and_partial_eq_for_matching_rule ... ok
[INFO] [stdout] test generators::tests::equals_test_for_generators ... ok
[INFO] [stdout] test generators::tests::hash_test_for_generators ... ok
[INFO] [stdout] test generators::tests::provider_state_generator_test ... ok
[INFO] [stdout] test generators::tests::random_hexadecimal_generator_from_json_test ... ok
[INFO] [stdout] test generators::tests::random_decimal_generator_from_json_test ... ok
[INFO] [stdout] test generators::tests::random_string_generator_from_json_test ... ok
[INFO] [stdout] test generators::tests::randomint_generator_from_json_test ... ok
[INFO] [stdout] test generators::tests::mock_server_url_generator_test ... ok
[INFO] [stdout] test generators::tests::rules_are_empty_when_there_are_no_categories ... ok
[INFO] [stdout] test generators::tests::time_generator_from_json_test ... ok
[INFO] [stdout] test generators::tests::rules_are_not_empty_when_there_is_a_nonempty_category ... ok
[INFO] [stdout] test generators::time_expression_parser::tests::base_and_op_and_duration ... ok
[INFO] [stdout] test generators::tests::regex_generator_from_json_test ... ok
[INFO] [stdout] test generators::tests::rules_are_empty_when_there_are_only_empty_categories ... ok
[INFO] [stdout] test generators::time_expression_parser::tests::base_only ... ok
[INFO] [stdout] test generators::tests::to_json_with_provider_state_generator_test ... ok
[INFO] [stdout] test headers::tests::parse_known_single_value_header_value ... ok
[INFO] [stdout] test headers::tests::parse_multi_value_header_value_with_parameters ... ok
[INFO] [stdout] test generators::time_expression_parser::tests::invalid_expression ... ok
[INFO] [stdout] test generators::time_expression_parser::tests::op_and_duration ... ok
[INFO] [stdout] test iterator_utils::tests::cartesian_product_iterator_empty_array_tests ... ok
[INFO] [stdout] test http_parts::tests::http_part_has_header_test ... ok
[INFO] [stdout] test iterator_utils::tests::cartesian_product_iterator_tests ... ok
[INFO] [stdout] test headers::tests::parse_multi_value_header_value ... ok
[INFO] [stdout] test json_utils::tests::body_from_json_returns_missing_if_there_is_no_body ... ok
[INFO] [stdout] test json_utils::tests::body_from_json_returns_empty_if_the_body_is_an_empty_string ... ok
[INFO] [stdout] test headers::tests::parse_simple_header_value ... ok
[INFO] [stdout] test json_utils::tests::body_from_json_returns_the_a_json_formatted_body_if_the_body_is_a_string_and_the_content_type_is_json ... ok
[INFO] [stdout] test json_utils::tests::body_from_json_returns_the_a_json_formatted_body_if_the_body_is_a_valid_json_string_and_the_content_type_is_json ... ok
[INFO] [stdout] test json_utils::tests::body_from_json_returns_json_string_if_the_body_is_json_but_not_a_string ... ok
[INFO] [stdout] test json_utils::tests::body_from_text_html_type_returns_the_same_formatted_body ... ok
[INFO] [stdout] test json_utils::tests::body_from_json_returns_null_if_the_body_is_null ... ok
[INFO] [stdout] test json_utils::tests::body_from_json_returns_the_body_if_the_content_type_is_json ... ok
[INFO] [stdout] test json_utils::tests::body_from_text_plain_type_returns_the_same_formatted_body ... ok
[INFO] [stdout] test json_utils::tests::deep_merge_with_collections_with_different_types ... ok
[INFO] [stdout] test json_utils::tests::deep_merge_with_primitives ... ok
[INFO] [stdout] test json_utils::tests::deep_merge_with_collections_recursively_merges_the_collections ... ok
[INFO] [stdout] test json_utils::tests::deep_merge_with_empty_collections ... ok
[INFO] [stdout] test json_utils::tests::deep_merge_with_simple_objects ... ok
[INFO] [stdout] test json_utils::tests::deep_merge_with_simple_arrays ... ok
[INFO] [stdout] test json_utils::tests::json_to_int_test ... ok
[INFO] [stdout] test json_utils::tests::headers_from_json_test ... ok
[INFO] [stdout] test generators::tests::uuid_generator_test ... ok
[INFO] [stdout] test json_utils::tests::json_to_num_test ... ok
[INFO] [stdout] test json_utils::tests::json_to_string_test ... ok
[INFO] [stdout] test matchingrules::expressions::test::merging_types ... ok
[INFO] [stdout] test matchingrules::expressions::test::parse_boolean_matcher ... ok
[INFO] [stdout] test matchingrules::expressions::test::merge_definitions ... ok
[INFO] [stdout] test matchingrules::expressions::test::does_not_start_with_matching ... ok
[INFO] [stdout] test matchingrules::expressions::test::matching_definition_exp_test ... ok
[INFO] [stdout] test matchingrules::expressions::test::parse_comma ... ok
[INFO] [stdout] test matchingrules::expressions::test::parse_content_type_matcher ... ok
[INFO] [stdout] test matchingrules::expressions::test::parse_datetime_matcher ... ok
[INFO] [stdout] test matchingrules::expressions::test::parse_equals_matcher ... ok
[INFO] [stdout] test generators::tests::generate_int_with_max_int_test ... ok
[INFO] [stdout] test matchingrules::expressions::test::parse_each_key_test ... ok
[INFO] [stdout] test matchingrules::expressions::test::parse_include_matcher ... ok
[INFO] [stdout] test matchingrules::expressions::test::parse_multiple_matcher_definitions ... ok
[INFO] [stdout] test matchingrules::expressions::test::parse_each_value_test ... ok
[INFO] [stdout] test matchingrules::expressions::test::parse_not_empty ... ok
[INFO] [stdout] test matchingrules::expressions::test::parse_regex_matcher ... ok
[INFO] [stdout] test matchingrules::expressions::test::parse_matching_rule_with_reference_test ... ok
[INFO] [stdout] test matchingrules::expressions::test::parse_matching_rule_test ... ok
[INFO] [stdout] test matchingrules::expressions::test::parse_string_test::case_01 ... ok
[INFO] [stdout] test generators::tests::generate_decimal_test ... ok
[INFO] [stdout] test matchingrules::expressions::test::parse_number_matcher ... ok
[INFO] [stdout] test generators::tests::handle_edge_case_when_digits_is_1 ... ok
[INFO] [stdout] test matchingrules::expressions::test::parse_string_test::case_02 ... ok
[INFO] [stdout] test matchingrules::expressions::test::parse_string_test::case_03 ... ok
[INFO] [stdout] test matchingrules::expressions::test::parse_string_test::case_04 ... ok
[INFO] [stdout] test matchingrules::expressions::test::parse_string_test::case_06 ... ok
[INFO] [stdout] test matchingrules::expressions::test::parse_string_test::case_07 ... ok
[INFO] [stdout] test matchingrules::expressions::test::parse_string_test::case_09 ... ok
[INFO] [stdout] test matchingrules::expressions::test::parse_semver_matcher ... ok
[INFO] [stdout] test matchingrules::expressions::test::parse_string_test::case_05 ... ok
[INFO] [stdout] test matchingrules::expressions::test::parse_string_test::case_08 ... ok
[INFO] [stdout] test matchingrules::expressions::test::parse_string_test::case_10 ... ok
[INFO] [stdout] test matchingrules::expressions::test::parse_string_test::case_15 ... ok
[INFO] [stdout] test generators::tests::handle_edge_case_when_digits_is_2 ... ok
[INFO] [stdout] test matchingrules::expressions::test::parse_string_test::case_11 ... ok
[INFO] [stdout] test matchingrules::expressions::test::parse_string_test::case_12 ... ok
[INFO] [stdout] test matchingrules::expressions::test::parse_string_test::case_14 ... ok
[INFO] [stdout] test matchingrules::expressions::test::parse_string_test::case_13 ... ok
[INFO] [stdout] test matchingrules::expressions::test::parse_type_matcher ... ok
[INFO] [stdout] test matchingrules::expressions::test::process_raw_string_test::case_1 ... ok
[INFO] [stdout] test matchingrules::tests::equals_test_for_matchingrules ... ok
[INFO] [stdout] test matchingrules::expressions::test::process_raw_string_test::case_3 ... ok
[INFO] [stdout] test matchingrules::expressions::test::process_raw_string_test::case_4 ... ok
[INFO] [stdout] test matchingrules::expressions::test::process_raw_string_test::case_5 ... ok
[INFO] [stdout] test matchingrules::tests::date_time_matchers_can_parse_the_updated_spec_format ... ok
[INFO] [stdout] test matchingrules::tests::equals_test_for_matchingrule_category ... ok
[INFO] [stdout] test matchingrules::tests::correctly_loads_v3_matching_rules_with_incorrect_path_format ... ok
[INFO] [stdout] test matchingrules::expressions::test::process_raw_string_test::case_2 ... ok
[INFO] [stdout] test matchingrules::tests::matcher_is_defined_returns_false_when_the_path_does_not_have_a_matcher_entry ... ok
[INFO] [stdout] test matchingrules::tests::hash_and_partial_eq_for_matching_rule ... ok
[INFO] [stdout] test matchingrules::tests::matcher_is_defined_returns_false_when_there_are_no_matchers ... ok
[INFO] [stdout] test matchingrules::tests::hash_test_for_matchingrules ... ok
[INFO] [stdout] test matchingrules::tests::hash_test_for_matchingrule_category ... ok
[INFO] [stdout] test matchingrules::tests::matcher_is_defined_returns_false_when_the_path_is_empty ... ok
[INFO] [stdout] test matchingrules::tests::loads_v3_matching_rules ... ok
[INFO] [stdout] test matchingrules::tests::matcher_is_defined_returns_true_when_the_parent_of_the_path_does_have_a_matcher_entry ... ok
[INFO] [stdout] test matchingrules::tests::matching_rule_to_json_test ... ok
[INFO] [stdout] test matchingrules::tests::matcher_is_defined_returns_true_when_the_path_does_have_a_matcher_entry ... ok
[INFO] [stdout] test matchingrules::tests::min_and_max_values_get_serialised_to_json_as_numbers ... ok
[INFO] [stdout] test matchingrules::expressions::test::process_raw_string_error_test ... ok
[INFO] [stdout] test matchingrules::tests::matchers_from_json_test ... ok
[INFO] [stdout] test matchingrules::tests::loads_v2_matching_rules ... ok
[INFO] [stdout] test matchingrules::tests::matching_rule_from_json_supports_intergration_form ... ok
[INFO] [stdout] test matchingrules::tests::rules_are_empty_when_there_are_no_categories ... ok
[INFO] [stdout] test matchingrules::tests::rules_are_empty_when_there_are_only_empty_categories ... ok
[INFO] [stdout] test matchingrules::tests::rule_list_values_matcher_defined ... ok
[INFO] [stdout] test matchingrules::tests::speculate_0::generating_matcher_JSON::test_generates_V2_matcher_format ... ok
[INFO] [stdout] test matchingrules::tests::speculate_0::generating_matcher_JSON::test_generates_V3_matcher_format ... ok
[INFO] [stdout] test matchingrules::tests::to_json_with_matching_rule_on_path_test ... ok
[INFO] [stdout] test matchingrules::tests::rules_are_not_empty_when_there_is_a_nonempty_category ... ok
[INFO] [stdout] test matchingrules::tests::wildcard_matcher_is_defined_returns_false_when_the_path_does_have_a_matcher_entry_and_it_is_not_a_wildcard ... ok
[INFO] [stdout] test matchingrules::tests::wildcard_matcher_is_defined_returns_false_when_the_path_does_not_have_a_matcher_entry ... ok
[INFO] [stdout] test matchingrules::tests::wildcard_matcher_is_defined_returns_false_when_there_are_no_matchers ... ok
[INFO] [stdout] test matchingrules::tests::wildcard_matcher_is_defined_returns_false_when_the_parent_of_the_path_does_have_a_matcher_entry ... ok
[INFO] [stdout] test message::tests::defaults_to_none_if_no_provider_state ... ok
[INFO] [stdout] test matchingrules::tests::wildcard_matcher_is_defined_returns_true_when_the_path_does_have_a_matcher_entry_and_it_is_a_widcard ... ok
[INFO] [stdout] test message::tests::defaults_to_none_if_provider_state_null ... ok
[INFO] [stdout] test message::tests::interaction_from_json_sets_the_id_if_loaded_from_broker ... ok
[INFO] [stdout] test message::tests::message_mimetype_is_based_on_the_metadata ... ok
[INFO] [stdout] test message::tests::loading_message_from_json ... ok
[INFO] [stdout] test message::tests::loading_message_from_json_by_deserializing ... ok
[INFO] [stdout] test message::tests::message_with_empty_body ... ok
[INFO] [stdout] test message::tests::message_with_json_body ... ok
[INFO] [stdout] test message::tests::message_with_binary_body_serialises ... ok
[INFO] [stdout] test matchingrules::tests::matching_rule_from_json_test ... ok
[INFO] [stdout] test message::tests::message_with_missing_body ... ok
[INFO] [stdout] test message::tests::defaults_to_number_if_no_description ... ok
[INFO] [stdout] test message::tests::message_with_json_body_serialises ... ok
[INFO] [stdout] test message::tests::message_mimetype_defaults_to_json ... ok
[INFO] [stdout] test message::tests::v1_provider_state_when_deserializing_message ... ok
[INFO] [stdout] test message::tests::message_with_non_json_body ... ok
[INFO] [stdout] test message::tests::when_upgrading_message_pact_to_v4_rename_the_matching_rules_from_body_to_content ... ok
[INFO] [stdout] test message_pact::tests::correct_version_in_spec_version ... ok
[INFO] [stdout] test message::tests::message_with_null_body ... ok
[INFO] [stdout] test message::tests::returns_an_error_if_the_spec_version_is_less_than_three ... ok
[INFO] [stdout] test message_pact::tests::default_file_name_is_based_in_the_consumer_and_provider ... ok
[INFO] [stdout] test message_pact::tests::empty_version_in_spec_version ... ok
[INFO] [stdout] test message_pact::tests::load_empty_pact ... ok
[INFO] [stdout] test message_pact::tests::missing_metadata ... ok
[INFO] [stdout] test message_pact::tests::load_basic_pact ... ok
[INFO] [stdout] test message_pact::tests::missing_spec_version ... ok
[INFO] [stdout] test message_pact::tests::invalid_version_in_spec_version ... ok
[INFO] [stdout] test message_pact::tests::missing_version_in_spec_version ... ok
[INFO] [stdout] test pact::tests::default_file_name_is_based_in_the_consumer_and_provider ... ok
[INFO] [stdout] test pact::tests::empty_version_in_spec_version ... ok
[INFO] [stdout] test pact::tests::correct_version_in_spec_version ... ok
[INFO] [stdout] test message_pact::tests::to_json ... ok
[INFO] [stdout] test pact::tests::invalid_version_in_spec_version ... ok
[INFO] [stdout] test json_utils::tests::body_from_json_returns_the_body_if_the_body_is_a_string ... ok
[INFO] [stdout] test pact::tests::load_basic_pact ... ok
[INFO] [stdout] test pact::tests::load_pact_converts_methods_to_uppercase ... ok
[INFO] [stdout] test pact::tests::load_pact ... ok
[INFO] [stdout] test pact::tests::load_empty_pact ... ok
[INFO] [stdout] test pact::tests::load_pact_encoded_query_string ... ok
[INFO] [stdout] test pact::tests::missing_spec_version ... ok
[INFO] [stdout] test pact::tests::missing_metadata ... ok
[INFO] [stdout] test pact::tests::pact_merge_does_not_merge_where_there_are_conflicting_interactions ... ok
[INFO] [stdout] test pact::tests::load_v3_pact ... ok
[INFO] [stdout] test pact::tests::merge_pact_test ... ok
[INFO] [stdout] test pact::tests::missing_version_in_spec_version ... ok
[INFO] [stdout] test pact::tests::pact_merge_removes_duplicates ... ok
[INFO] [stdout] test pact::tests::pact_merge_does_not_merge_different_consumers ... ok
[INFO] [stdout] test pact::tests::pact_merge_does_not_merge_different_providers ... ok
[INFO] [stdout] test pact::tests::write_pact_test_with_matchers ... ok
[INFO] [stdout] test pact::tests::write_pact_test ... ok
[INFO] [stdout] test path_exp::tests::build_expr ... ok
[INFO] [stdout] test path_exp::tests::as_json_pointer ... ok
[INFO] [stdout] test pact::tests::write_pact_test_with_generators ... ok
[INFO] [stdout] test path_exp::tests::docpath_empty ... ok
[INFO] [stdout] test path_exp::tests::docpath_root ... ok
[INFO] [stdout] test path_exp::tests::docpath_wildcard ... ok
[INFO] [stdout] test path_exp::tests::matches_path_matches_array_indices ... ok
[INFO] [stdout] test path_exp::tests::matches_path_matches_field_name ... ok
[INFO] [stdout] test pact::tests::write_pact_v3_test_with_matchers ... ok
[INFO] [stdout] test path_exp::tests::matches_path_matches_root_path_element ... ok
[INFO] [stdout] test pact::tests::write_pact_test_should_merge_pacts ... ok
[INFO] [stdout] test pact::tests::write_pact_test_should_not_merge_pacts_with_conflicts ... ok
[INFO] [stdout] test path_exp::tests::matches_path_matches_with_wildcard ... ok
[INFO] [stdout] test path_exp::tests::matches_token_test_with_wildcard ... ok
[INFO] [stdout] test path_exp::tests::matches_token_test_with_field ... ok
[INFO] [stdout] test path_exp::tests::matches_token_test_with_index ... ok
[INFO] [stdout] test path_exp::tests::matches_token_test_with_root ... ok
[INFO] [stdout] test path_exp::tests::parse_path_exp_handles_empty_string ... ok
[INFO] [stdout] test pact::tests::write_pact_test_upgrades_older_pacts_to_v4_when_merging ... ok
[INFO] [stdout] test path_exp::tests::parse_path_exp_handles_missing_path_name ... ok
[INFO] [stdout] test path_exp::tests::obj_key_for_path_quotes_keys_when_necessary ... ok
[INFO] [stdout] test path_exp::tests::matches_token_test_with_index_wildcard ... ok
[INFO] [stdout] test path_exp::tests::parse_path_exp_handles_missing_path ... ok
[INFO] [stdout] test path_exp::tests::parse_path_exp_handles_xml_names ... ok
[INFO] [stdout] test pact::tests::write_v3_pact_test ... ok
[INFO] [stdout] test path_exp::tests::parse_path_exp_handles_missing_root ... ok
[INFO] [stdout] test path_exp::tests::parse_path_exp_with_bracket_notation ... ok
[INFO] [stdout] test pact::tests::write_pact_test_should_upgrade_older_pacts_when_merging ... ok
[INFO] [stdout] test path_exp::tests::parse_path_exp_handles_root ... ok
[INFO] [stdout] test path_exp::tests::parse_path_exp_handles_invalid_identifiers ... ok
[INFO] [stdout] test path_exp::tests::parse_path_exp_with_simple_identifiers ... ok
[INFO] [stdout] test generators::tests::time_generator_test ... ok
[INFO] [stdout] test path_exp::tests::parse_path_exp_handles_underscores_and_dashes ... ok
[INFO] [stdout] test path_exp::tests::parse_path_exp_with_invalid_bracket_index_notation ... ok
[INFO] [stdout] test path_exp::tests::parse_path_exp_with_invalid_bracket_notation ... ok
[INFO] [stdout] test path_exp::tests::parse_path_exp_with_star_instead_of_identifiers ... ok
[INFO] [stdout] test path_exp::tests::path_parent ... ok
[INFO] [stdout] test query_strings::tests::parse_query_string_handles_empty_string ... ok
[INFO] [stdout] test path_exp::tests::path_join ... ok
[INFO] [stdout] test provider_states::tests::defaults_to_v3_pact_provider_states ... ok
[INFO] [stdout] test path_exp::tests::path_push ... ok
[INFO] [stdout] test query_strings::tests::parse_query_string_handles_missing_values ... ok
[INFO] [stdout] test provider_states::tests::falls_back_to_v2_pact_provider_state ... ok
[INFO] [stdout] test query_strings::tests::parse_query_string_test ... ok
[INFO] [stdout] test provider_states::tests::pact_with_no_provider_states ... ok
[INFO] [stdout] test query_strings::tests::parse_query_string_decodes_non_ascii_values ... ok
[INFO] [stdout] test query_strings::tests::parse_query_string_decodes_values ... ok
[INFO] [stdout] test query_strings::tests::parse_query_string_handles_equals_in_values ... ok
[INFO] [stdout] test request::tests::request_from_json_defaults_to_get ... ok
[INFO] [stdout] test request::tests::request_from_json_defaults_to_root_for_path ... ok
[INFO] [stdout] test request::tests::request_to_json_converts_methods_to_upper_case ... ok
[INFO] [stdout] test generators::tests::date_generator_test ... ok
[INFO] [stdout] test request::tests::content_type_struct_test ... ok
[INFO] [stdout] test request::tests::hash_for_request ... ok
[INFO] [stdout] test request::tests::request_to_json_with_a_query_v3 ... ok
[INFO] [stdout] test request::tests::request_to_json_with_a_query_v3_must_not_encode_the_query_with_utf8_chars ... ok
[INFO] [stdout] test request::tests::request_headers_do_not_conflict_if_they_have_been_serialised_and_deserialised_to_json ... ok
[INFO] [stdout] test request::tests::request_to_json_with_empty_body ... ok
[INFO] [stdout] test request::tests::request_to_json_with_defaults ... ok
[INFO] [stdout] test request::tests::request_to_json_with_headers ... ok
[INFO] [stdout] test request::tests::request_to_json_with_a_query_must_encode_the_query ... ok
[INFO] [stdout] test request::tests::request_to_json_with_a_query_v3_must_not_encode_the_query ... ok
[INFO] [stdout] test request::tests::request_to_json_with_a_query ... ok
[INFO] [stdout] test request::tests::request_to_json_with_non_json_body ... ok
[INFO] [stdout] test request::tests::request_to_json_with_null_body ... ok
[INFO] [stdout] test request::tests::request_to_json_with_a_query_must_encode_the_query_with_utf8_chars ... ok
[INFO] [stdout] test response::tests::response_from_json_defaults_to_status_200 ... ok
[INFO] [stdout] test response::tests::hash_for_response ... ok
[INFO] [stdout] test request::tests::request_to_json_with_json_body ... ok
[INFO] [stdout] test response::tests::response_to_json_with_defaults ... ok
[INFO] [stdout] test response::tests::response_to_json_with_empty_body ... ok
[INFO] [stdout] test response::tests::response_to_json_with_headers ... ok
[INFO] [stdout] test response::tests::response_to_json_with_json_body ... ok
[INFO] [stdout] test request::tests::to_json_with_provider_state_generator_test ... ok
[INFO] [stdout] test response::tests::response_to_json_with_non_json_body ... ok
[INFO] [stdout] test response::tests::response_to_json_with_null_body ... ok
[INFO] [stdout] test sync_interaction::tests::defaults_to_none_if_provider_state_null ... ok
[INFO] [stdout] test sync_interaction::tests::interaction_from_json_sets_the_id_if_loaded_from_broker ... ok
[INFO] [stdout] test sync_interaction::tests::interactions_conflict_if_they_have_different_requests ... ok
[INFO] [stdout] test sync_interaction::tests::interactions_conflict_if_they_have_different_responses ... ok
[INFO] [stdout] test sync_interaction::tests::defaults_to_empty_if_no_provider_state ... ok
[INFO] [stdout] test sync_interaction::tests::interactions_do_not_conflict_if_they_have_different_provider_states ... ok
[INFO] [stdout] test sync_interaction::tests::interactions_do_not_conflict_if_they_have_different_descriptions ... ok
[INFO] [stdout] test sync_interaction::tests::defaults_to_number_if_no_description ... ok
[INFO] [stdout] test sync_interaction::tests::interactions_do_not_conflict_if_they_have_the_same_requests_and_responses ... ok
[INFO] [stdout] test tests::generators_from_json_handles_empty_generators ... ok
[INFO] [stdout] test sync_interaction::tests::loading_interaction_from_json ... ok
[INFO] [stdout] test tests::generators_from_json_loads_generators_correctly ... ok
[INFO] [stdout] test tests::http_status_code_from_json ... ok
[INFO] [stdout] test tests::matchers_from_json_handles_matcher_with_no_matching_rules ... ok
[INFO] [stdout] test tests::matchers_from_json_handles_missing_matchers ... ok
[INFO] [stdout] test sync_interaction::tests::to_json_with_provider_state_generator_test ... ok
[INFO] [stdout] test tests::generators_from_json_handles_generator_with_no_rules ... ok
[INFO] [stdout] test tests::matchers_from_json_loads_matchers_correctly ... ok
[INFO] [stdout] test tests::matchers_from_json_handles_empty_matchers ... ok
[INFO] [stdout] test tests::pact_spec_from_string ... ok
[INFO] [stdout] test tests::matchers_from_json_loads_matchers_from_deprecated_name ... ok
[INFO] [stdout] test tests::generators_from_json_handles_missing_generators ... ok
[INFO] [stdout] test tests::generators_from_json_ignores_invalid_generators ... ok
[INFO] [stdout] test sync_pact::tests::convert_from_v4_json ... ok
[INFO] [stdout] test time_utils::tests::parse_date_and_time_with_invalid_dates ... ok
[INFO] [stdout] test time_utils::tests::parse_ampm ... ok
[INFO] [stdout] test time_utils::tests::parse_day_number ... ok
[INFO] [stdout] test tests::write_pact_file_with_provider_state_generator_test ... ok
[INFO] [stdout] test time_utils::tests::parse_day_of_week ... ok
[INFO] [stdout] test time_utils::tests::parse_era ... ok
[INFO] [stdout] test time_utils::tests::parse_minute_and_second ... ok
[INFO] [stdout] test time_utils::tests::parse_month ... ok
[INFO] [stdout] test time_utils::tests::parse_hour ... ok
[INFO] [stdout] test time_utils::tests::parse_quarter ... ok
[INFO] [stdout] test time_utils::tests::parse_text ... ok
[INFO] [stdout] test time_utils::tests::parse_week_number ... ok
[INFO] [stdout] test time_utils::tests::parse_year ... ok
[INFO] [stdout] test v4::async_message::tests::equals_test ... ok
[INFO] [stdout] test v4::async_message::tests::equals_test_with_different_keys ... ok
[INFO] [stdout] test v4::async_message::tests::hash_test ... ok
[INFO] [stdout] test v4::async_message::tests::calculate_hash_test ... ok
[INFO] [stdout] test v4::http_parts::tests::body_from_json_returns_missing_if_there_is_no_body ... ok
[INFO] [stdout] test v4::http_parts::tests::body_from_json_returns_null_if_the_body_is_null ... ok
[INFO] [stdout] test v4::http_parts::tests::body_from_json_returns_the_a_json_formatted_body_if_the_body_is_a_string_and_encoding_is_json ... ok
[INFO] [stdout] test v4::async_message::tests::when_downgrading_message_to_v3_rename_the_matching_rules_from_content_to_body ... ok
[INFO] [stdout] test v4::http_parts::tests::body_from_json_returns_empty_if_the_body_is_an_empty_string ... ok
[INFO] [stdout] test v4::http_parts::tests::body_with_an_overridden_content_type_format ... ok
[INFO] [stdout] test v4::http_parts::tests::body_from_text_plain_type_returns_the_same_formatted_body ... ok
[INFO] [stdout] test time_utils::tests::parse_timezone ... ok
[INFO] [stdout] test v4::http_parts::tests::body_from_json_returns_the_raw_body_if_there_is_no_encoded_value ... ok
[INFO] [stdout] test time_utils::tests::to_chrono_pattern_test ... ok
[INFO] [stdout] test v4::http_parts::tests::body_from_text_html_type_returns_the_same_formatted_body ... ok
[INFO] [stdout] test generators::tests::random_decimal_generator_test ... ok
[INFO] [stdout] test v4::http_parts::tests::hash_for_http_request_with_different_case_header_keys ... ok
[INFO] [stdout] test v4::http_parts::tests::body_from_json_returns_the_body_if_the_body_is_a_string ... ok
[INFO] [stdout] test v4::http_parts::tests::hash_for_http_request ... ok
[INFO] [stdout] test v4::http_parts::tests::hash_for_http_response ... ok
[INFO] [stdout] test v4::http_parts::tests::equals_test_for_response ... ok
[INFO] [stdout] test v4::http_parts::tests::hash_test_for_request ... ok
[INFO] [stdout] test v4::http_parts::tests::http_request_set_header_with_a_headers_set ... ok
[INFO] [stdout] test v4::http_parts::tests::http_request_set_header_with_a_headers_set_and_different_case ... ok
[INFO] [stdout] test v4::http_parts::tests::http_request_to_json_converts_methods_to_upper_case ... ok
[INFO] [stdout] test v4::http_parts::tests::equals_test_for_request ... ok
[INFO] [stdout] test v4::http_parts::tests::http_request_set_header_with_no_headers_set ... ok
[INFO] [stdout] test v4::http_parts::tests::hash_test_for_response ... ok
[INFO] [stdout] test v4::http_parts::tests::hash_for_http_response_with_different_case_header_keys ... ok
[INFO] [stdout] test v4::http_parts::tests::http_request_to_json_with_a_query ... ok
[INFO] [stdout] test v4::http_parts::tests::http_request_to_json_with_empty_body ... ok
[INFO] [stdout] test generators::tests::datetime_generator_test ... ok
[INFO] [stdout] test v4::http_parts::tests::http_request_to_json_with_defaults ... ok
[INFO] [stdout] test v4::http_parts::tests::http_request_to_json_with_null_body ... ok
[INFO] [stdout] test v4::http_parts::tests::http_request_to_json_with_headers ... ok
[INFO] [stdout] test v4::http_parts::tests::http_response_set_header_with_a_headers_set_and_different_case ... ok
[INFO] [stdout] test v4::http_parts::tests::http_response_set_header_with_no_headers_set ... ok
[INFO] [stdout] test v4::http_parts::tests::http_response_to_json_with_defaults ... ok
[INFO] [stdout] test v4::http_parts::tests::http_request_to_json_with_json_body ... ok
[INFO] [stdout] test v4::http_parts::tests::http_request_to_json_with_non_json_body ... ok
[INFO] [stdout] test v4::http_parts::tests::http_response_set_header_with_a_headers_set ... ok
[INFO] [stdout] test v4::http_parts::tests::http_response_to_json_with_json_body ... ok
[INFO] [stdout] test v4::http_parts::tests::http_response_to_json_with_non_json_body ... ok
[INFO] [stdout] test v4::http_parts::tests::http_response_to_json_with_empty_body ... ok
[INFO] [stdout] test v4::http_parts::tests::http_response_to_json_with_null_body ... ok
[INFO] [stdout] test v4::http_parts::tests::http_response_to_json_with_headers ... ok
[INFO] [stdout] test v4::http_parts::tests::synchronous_http_request_from_json_defaults_to_get ... ok
[INFO] [stdout] test v4::http_parts::tests::synchronous_http_request_from_json_defaults_to_root_for_path ... ok
[INFO] [stdout] test v4::http_parts::tests::synchronous_http_response_from_json_defaults_to_status_200 ... ok
[INFO] [stdout] test v4::interaction::tests::defaults_to_empty_if_no_provider_state ... ok
[INFO] [stdout] test v4::interaction::tests::defaults_to_none_if_provider_state_null ... ok
[INFO] [stdout] test v4::interaction::tests::defaults_to_number_if_no_description ... ok
[INFO] [stdout] test v4::interaction::tests::loading_interaction_from_json ... ok
[INFO] [stdout] test v4::interaction::tests::interaction_from_json_sets_the_id_if_loaded_from_broker ... ok
[INFO] [stdout] test v4::message_parts::tests::equals_test_for_request ... ok
[INFO] [stdout] test v4::pact::tests::has_interactions_test ... ok
[INFO] [stdout] test v4::message_parts::tests::hash_test ... ok
[INFO] [stdout] test v4::pact::tests::has_mixed_interactions_test ... ok
[INFO] [stdout] test v4::pact::tests::load_empty_pact ... ok
[INFO] [stdout] test v4::pact::tests::pact_merge_does_not_merge_different_providers ... ok
[INFO] [stdout] test v4::pact::tests::load_pact_converts_methods_to_uppercase ... ok
[INFO] [stdout] test v4::pact::tests::load_pending_pact ... ok
[INFO] [stdout] test v4::pact::tests::pact_merge_does_not_merge_different_consumers ... ok
[INFO] [stdout] test v4::pact::tests::pact_merge_removes_duplicates ... ok
[INFO] [stdout] test v4::pact::tests::v4_downgrading_to_v3_should_keep_generators ... ok
[INFO] [stdout] test v4::pact::tests::load_pact_encoded_query_string ... ok
[INFO] [stdout] test v4::pact::tests::load_basic_pact ... ok
[INFO] [stdout] test v4::sync_message::tests::equals_test_with_different_keys ... ok
[INFO] [stdout] test v4::pact::tests::write_pact_v3_test_with_matchers ... ok
[INFO] [stdout] test v4::sync_message::tests::equals_test ... ok
[INFO] [stdout] test v4::sync_message::tests::calculate_hash_test ... ok
[INFO] [stdout] test v4::sync_message::tests::hash_test ... ok
[INFO] [stdout] test v4::synch_http::tests::calculate_hash_test ... ok
[INFO] [stdout] test v4::synch_http::tests::equals_test ... ok
[INFO] [stdout] test v4::synch_http::tests::equals_test_with_different_keys ... ok
[INFO] [stdout] test v4::synch_http::tests::hash_test ... ok
[INFO] [stdout] test time_utils::tests::timezone_abbreviations ... ok
[INFO] [stdout] test time_utils::tests::parse_date_and_time ... ok
[INFO] [stdout] test generators::tests::regex_generator_test ... ok
[INFO] [stdout] test v4::http_parts::tests::body_from_json_returns_json_string_if_the_body_is_json_but_not_a_string ... ok
[INFO] [stdout] test v4::pact::tests::write_synchronous_message_pact_test ... ok
[INFO] [stdout] test request::tests::request_content_type_is_based_on_the_content_type_header ... ok
[INFO] [stdout] test v4::http_parts::tests::synchronous_http_request_content_type_falls_back_the_content_type_header_and_then_the_contents ... ok
[INFO] [stdout] test v4::pact::tests::write_v2_pact_test_with_matchers ... ok
[INFO] [stdout] test v4::pact::tests::write_pact_test_should_overwrite_pact_with_same_key ... ok
[INFO] [stdout] test v4::pact::tests::write_pact_test ... ok
[INFO] [stdout] test v4::pact::tests::write_v4_pact_test_with_comments ... ok
[INFO] [stdout] test v4::pact::tests::write_pact_test_should_merge_pacts ... ok
[INFO] [stdout] 
[INFO] [stdout] test result: ok. 490 passed; 0 failed; 0 ignored; 0 measured; 0 filtered out; finished in 0.09s
[INFO] [stdout] 
[INFO] [stderr]      Running tests/tests.rs (/opt/rustwide/target/debug/deps/tests-d4a0072ff7a06551)
[INFO] [stdout] 
[INFO] [stdout] running 1 test
[INFO] [stdout] test write_v4_and_read_v3_pact_test ... ok
[INFO] [stdout] 
[INFO] [stdout] test result: ok. 1 passed; 0 failed; 0 ignored; 0 measured; 0 filtered out; finished in 0.00s
[INFO] [stdout] 
[INFO] [stderr]    Doc-tests pact_models
[INFO] [stdout] 
[INFO] [stdout] running 5 tests
[INFO] [stdout] test src/matchingrules/mod.rs - matchingrules::matchingrules (line 1295) ... FAILED
[INFO] [stdout] test src/v4/http_parts.rs - v4::http_parts::HttpResponse::set_header (line 570) ... FAILED
[INFO] [stdout] test src/v4/http_parts.rs - v4::http_parts::HttpRequest::set_header (line 144) ... ok
[INFO] [stdout] test src/matchingrules/mod.rs - matchingrules::matchingrules_list (line 1326) ... ok
[INFO] [stdout] test src/generators/mod.rs - generators::generators (line 707) ... ok
[INFO] [stdout] 
[INFO] [stdout] failures:
[INFO] [stdout] 
[INFO] [stdout] ---- src/matchingrules/mod.rs - matchingrules::matchingrules (line 1295) stdout ----
[INFO] [stdout] error: linking with `cc` failed: exit status: 1
[INFO] [stdout]   |
[INFO] [stdout]   = note: LC_ALL="C" PATH="/opt/rustwide/rustup-home/toolchains/beta-2023-12-22-x86_64-unknown-linux-gnu/lib/rustlib/x86_64-unknown-linux-gnu/bin:/opt/rustwide/cargo-home/bin:/usr/local/sbin:/usr/local/bin:/usr/sbin:/usr/bin:/sbin:/bin" VSLANG="1033" "cc" "-m64" "/tmp/rustctehXCG/symbols.o" "/tmp/rustdoctestvvsfyr/rust_out.rust_out.1380c8ea7c88b8e2-cgu.0.rcgu.o" "/tmp/rustdoctestvvsfyr/rust_out.3lr6z6385pynyhem.rcgu.o" "-Wl,--as-needed" "-L" "/opt/rustwide/target/debug/deps" "-L" "/opt/rustwide/target/debug/deps" "-L" "/opt/rustwide/target/debug/build/onig_sys-578a83be97de8303/out" "-L" "/opt/rustwide/target/debug/build/ring-83b2335b05e7793f/out" "-L" "/opt/rustwide/rustup-home/toolchains/beta-2023-12-22-x86_64-unknown-linux-gnu/lib/rustlib/x86_64-unknown-linux-gnu/lib" "-Wl,-Bstatic" "/opt/rustwide/target/debug/deps/libpact_models-264ce139d854dd1e.rlib" "/opt/rustwide/target/debug/deps/liblenient_semver-033b5d12bd138ef6.rlib" "/opt/rustwide/target/debug/deps/liblenient_semver_parser-e5f1a2019f3e54d5.rlib" "/opt/rustwide/target/debug/deps/liblenient_semver_version_builder-a47d155d93194c19.rlib" "/opt/rustwide/target/debug/deps/librand_regex-0fc3b299d155d4be.rlib" "/opt/rustwide/target/debug/deps/libregex_syntax-b113d34fa562c5bb.rlib" "/opt/rustwide/target/debug/deps/libreqwest-5e511e5405ccda50.rlib" "/opt/rustwide/target/debug/deps/libhyper_rustls-4a748b5b3fcadf91.rlib" "/opt/rustwide/target/debug/deps/librustls_native_certs-56a5242a7b4dcd65.rlib" "/opt/rustwide/target/debug/deps/librustls_pemfile-1fe6076733394665.rlib" "/opt/rustwide/target/debug/deps/libopenssl_probe-01da96bec2dfd166.rlib" "/opt/rustwide/target/debug/deps/libipnet-5d86936adafddcc9.rlib" "/opt/rustwide/target/debug/deps/libtokio_rustls-426c8d6d69d532d6.rlib" "/opt/rustwide/target/debug/deps/librustls-6e2a4330f0c60d5b.rlib" "/opt/rustwide/target/debug/deps/libsct-63ee90dc2af8dd07.rlib" "/opt/rustwide/target/debug/deps/libwebpki-d5916b220f6af45f.rlib" "/opt/rustwide/target/debug/deps/libring-0176663bdafcec55.rlib" "/opt/rustwide/target/debug/deps/libspin-662b5629bfbcd837.rlib" "/opt/rustwide/target/debug/deps/libuntrusted-8bad1cf01f539b56.rlib" "/opt/rustwide/target/debug/deps/libserde_urlencoded-9c7c2161a53ca4b5.rlib" "/opt/rustwide/target/debug/deps/libencoding_rs-4339e23ae7924400.rlib" "/opt/rustwide/target/debug/deps/libhyper-7264f0788b285dab.rlib" "/opt/rustwide/target/debug/deps/libwant-980d1be1e9789ecd.rlib" "/opt/rustwide/target/debug/deps/libtry_lock-61552f3200b10770.rlib" "/opt/rustwide/target/debug/deps/libhttparse-2dbc320ca65411a3.rlib" "/opt/rustwide/target/debug/deps/libh2-486ae2c97085e031.rlib" "/opt/rustwide/target/debug/deps/libindexmap-b97987b991fa7705.rlib" "/opt/rustwide/target/debug/deps/libequivalent-e4dc2e1acc32de2c.rlib" "/opt/rustwide/target/debug/deps/libhashbrown-ad909cf2cd84416e.rlib" "/opt/rustwide/target/debug/deps/libtokio_util-d5775789f9868dc4.rlib" "/opt/rustwide/target/debug/deps/libtower_service-92bbc7b5a1dd8782.rlib" "/opt/rustwide/target/debug/deps/libtokio-bef891d2ecf9e206.rlib" "/opt/rustwide/target/debug/deps/libnum_cpus-8571ef1a3f762e93.rlib" "/opt/rustwide/target/debug/deps/libsocket2-0700ebb1f2307869.rlib" "/opt/rustwide/target/debug/deps/libmio-bc5af0d99dc99bb4.rlib" "/opt/rustwide/target/debug/deps/libhttp_body-9cd3115e971e8591.rlib" "/opt/rustwide/target/debug/deps/libfutures_util-ef52cb9ba96213ca.rlib" "/opt/rustwide/target/debug/deps/libfutures_io-fd3828dd557c3cad.rlib" "/opt/rustwide/target/debug/deps/libslab-0a39a638bccea296.rlib" "/opt/rustwide/target/debug/deps/libfutures_channel-45ba62bcbb6333cc.rlib" "/opt/rustwide/target/debug/deps/libfutures_sink-eb701a2145b3f560.rlib" "/opt/rustwide/target/debug/deps/libfutures_task-a05886844ea8dd2c.rlib" "/opt/rustwide/target/debug/deps/libpin_utils-9c5dcf17efb91bff.rlib" "/opt/rustwide/target/debug/deps/liblog-2cf4a51dfa4e790a.rlib" "/opt/rustwide/target/debug/deps/libfutures_core-d95b0086a92f44b8.rlib" "/opt/rustwide/target/debug/deps/liburl-5bc26e3f04caa07a.rlib" "/opt/rustwide/target/debug/deps/libidna-16be4ea6a8a60d54.rlib" "/opt/rustwide/target/debug/deps/libunicode_normalization-a49209942f8cb303.rlib" "/opt/rustwide/target/debug/deps/libtinyvec-dcbbce603bc23510.rlib" "/opt/rustwide/target/debug/deps/libtinyvec_macros-333661e3b238a9a3.rlib" "/opt/rustwide/target/debug/deps/libunicode_bidi-36757df894a8afbe.rlib" "/opt/rustwide/target/debug/deps/libform_urlencoded-00b3292b537cfa9a.rlib" "/opt/rustwide/target/debug/deps/libpercent_encoding-9ca315f6c750067f.rlib" "/opt/rustwide/target/debug/deps/libhttp-d4dd5be6189fbbb7.rlib" "/opt/rustwide/target/debug/deps/libfnv-953831fe314029b4.rlib" "/opt/rustwide/target/debug/deps/libhex-bf5d7c1623e40692.rlib" "/opt/rustwide/target/debug/deps/libuuid-41e8facd201dd75b.rlib" "/opt/rustwide/target/debug/deps/librand-868db20a6df10241.rlib" "/opt/rustwide/target/debug/deps/librand_chacha-db83c270ad816c94.rlib" "/opt/rustwide/target/debug/deps/libppv_lite86-db48c90fa293bcfe.rlib" "/opt/rustwide/target/debug/deps/librand_core-0fac3abbb6e7b95e.rlib" "/opt/rustwide/target/debug/deps/libgetrandom-ea1febebc2a16683.rlib" "/opt/rustwide/target/debug/deps/libcfg_if-e7002d307f97bc56.rlib" "/opt/rustwide/target/debug/deps/libonig-ab4f5539b7b29695.rlib" "/opt/rustwide/target/debug/deps/libbitflags-85e13ed1e0c6d910.rlib" "/opt/rustwide/target/debug/deps/libonig_sys-a7f4ff50af0d68fc.rlib" "/opt/rustwide/target/debug/deps/libindextree-fa9b87458c6214aa.rlib" "/opt/rustwide/target/debug/deps/libsemver-36a30ce3d927ef86.rlib" "/opt/rustwide/target/debug/deps/liblogos-847491068a3b9f10.rlib" "/opt/rustwide/target/debug/deps/libariadne-3db46dfe292d7fee.rlib" "/opt/rustwide/target/debug/deps/libunicode_width-0ea374cdbf7c3a56.rlib" "/opt/rustwide/target/debug/deps/libyansi-fe77e7901970feab.rlib" "/opt/rustwide/target/debug/deps/libsxd_document-085d777657bcef30.rlib" "/opt/rustwide/target/debug/deps/libperesil-762f306805da68bd.rlib" "/opt/rustwide/target/debug/deps/libtyped_arena-d0961098fd1e4459.rlib" "/opt/rustwide/target/debug/deps/libfs2-128e755acbfd8f67.rlib" "/opt/rustwide/target/debug/deps/libnom-78a50b701ea65812.rlib" "/opt/rustwide/target/debug/deps/libgregorian-affaa28d4cf4be13.rlib" "/opt/rustwide/target/debug/deps/liblibc-9bdc13f38078ecbe.rlib" "/opt/rustwide/target/debug/deps/libchrono-0b840e21f4d814de.rlib" "/opt/rustwide/target/debug/deps/libnum_traits-d78ef80edf268e06.rlib" "/opt/rustwide/target/debug/deps/libiana_time_zone-0d3ced6f0a9aca0f.rlib" "/opt/rustwide/target/debug/deps/libmaplit-73646ac8518ae531.rlib" "/opt/rustwide/target/debug/deps/libbytes-f074957470ae131a.rlib" "/opt/rustwide/target/debug/deps/libbase64-47ce12bf5fcc4351.rlib" "/opt/rustwide/target/debug/deps/libtracing-d44668d21d3c8d95.rlib" "/opt/rustwide/target/debug/deps/libpin_project_lite-085b19c93bbb2231.rlib" "/opt/rustwide/target/debug/deps/libtracing_core-775720001e283776.rlib" "/opt/rustwide/target/debug/deps/libonce_cell-334d739f4e3a4961.rlib" "/opt/rustwide/target/debug/deps/libregex-6b2e15812834269a.rlib" "/opt/rustwide/target/debug/deps/libregex_automata-18e9b4bafe25d656.rlib" "/opt/rustwide/target/debug/deps/libaho_corasick-0efee17d6ff570a3.rlib" "/opt/rustwide/target/debug/deps/libmemchr-14a47255884553ca.rlib" "/opt/rustwide/target/debug/deps/libregex_syntax-2fba322c2516c6a3.rlib" "/opt/rustwide/target/debug/deps/libmime-a9df5a780629fb7d.rlib" "/opt/rustwide/target/debug/deps/liblazy_static-efa3519517df6cf0.rlib" "/opt/rustwide/target/debug/deps/libserde_json-702967fd45d7784f.rlib" "/opt/rustwide/target/debug/deps/libryu-4b03a7708da1319d.rlib" "/opt/rustwide/target/debug/deps/libitoa-34968a9f29c36fec.rlib" "/opt/rustwide/target/debug/deps/libserde-06d0540b8da41317.rlib" "/opt/rustwide/target/debug/deps/libitertools-75a658cc99e029ef.rlib" "/opt/rustwide/target/debug/deps/libeither-49b31dd90481588d.rlib" "/opt/rustwide/target/debug/deps/libanyhow-5d20277346359413.rlib" "/opt/rustwide/rustup-home/toolchains/beta-2023-12-22-x86_64-unknown-linux-gnu/lib/rustlib/x86_64-unknown-linux-gnu/lib/libstd-0672489a78b613de.rlib" "/opt/rustwide/rustup-home/toolchains/beta-2023-12-22-x86_64-unknown-linux-gnu/lib/rustlib/x86_64-unknown-linux-gnu/lib/libpanic_unwind-7eb3ffc34a49f675.rlib" "/opt/rustwide/rustup-home/toolchains/beta-2023-12-22-x86_64-unknown-linux-gnu/lib/rustlib/x86_64-unknown-linux-gnu/lib/libobject-6478a9daa4bee8e2.rlib" "/opt/rustwide/rustup-home/toolchains/beta-2023-12-22-x86_64-unknown-linux-gnu/lib/rustlib/x86_64-unknown-linux-gnu/lib/libmemchr-0c75d871a5c3923d.rlib" "/opt/rustwide/rustup-home/toolchains/beta-2023-12-22-x86_64-unknown-linux-gnu/lib/rustlib/x86_64-unknown-linux-gnu/lib/libaddr2line-d163ef63ad37bb71.rlib" "/opt/rustwide/rustup-home/toolchains/beta-2023-12-22-x86_64-unknown-linux-gnu/lib/rustlib/x86_64-unknown-linux-gnu/lib/libgimli-8a3fd810a85b9f4c.rlib" "/opt/rustwide/rustup-home/toolchains/beta-2023-12-22-x86_64-unknown-linux-gnu/lib/rustlib/x86_64-unknown-linux-gnu/lib/librustc_demangle-462a2cde8c5dfc10.rlib" "/opt/rustwide/rustup-home/toolchains/beta-2023-12-22-x86_64-unknown-linux-gnu/lib/rustlib/x86_64-unknown-linux-gnu/lib/libstd_detect-cb06ac9f54713f71.rlib" "/opt/rustwide/rustup-home/toolchains/beta-2023-12-22-x86_64-unknown-linux-gnu/lib/rustlib/x86_64-unknown-linux-gnu/lib/libhashbrown-f20bfd1f8e59b393.rlib" "/opt/rustwide/rustup-home/toolchains/beta-2023-12-22-x86_64-unknown-linux-gnu/lib/rustlib/x86_64-unknown-linux-gnu/lib/librustc_std_workspace_alloc-1ef460949b49da4b.rlib" "/opt/rustwide/rustup-home/toolchains/beta-2023-12-22-x86_64-unknown-linux-gnu/lib/rustlib/x86_64-unknown-linux-gnu/lib/libminiz_oxide-2cb0c0ffe4f87514.rlib" "/opt/rustwide/rustup-home/toolchains/beta-2023-12-22-x86_64-unknown-linux-gnu/lib/rustlib/x86_64-unknown-linux-gnu/lib/libadler-58d841eb322a11a2.rlib" "/opt/rustwide/rustup-home/toolchains/beta-2023-12-22-x86_64-unknown-linux-gnu/lib/rustlib/x86_64-unknown-linux-gnu/lib/libunwind-aa2ae0b0a9d11533.rlib" "/opt/rustwide/rustup-home/toolchains/beta-2023-12-22-x86_64-unknown-linux-gnu/lib/rustlib/x86_64-unknown-linux-gnu/lib/libcfg_if-23874e15830ed336.rlib" "/opt/rustwide/rustup-home/toolchains/beta-2023-12-22-x86_64-unknown-linux-gnu/lib/rustlib/x86_64-unknown-linux-gnu/lib/liblibc-e47cddc003bce885.rlib" "/opt/rustwide/rustup-home/toolchains/beta-2023-12-22-x86_64-unknown-linux-gnu/lib/rustlib/x86_64-unknown-linux-gnu/lib/liballoc-c22b13b48a8f128e.rlib" "/opt/rustwide/rustup-home/toolchains/beta-2023-12-22-x86_64-unknown-linux-gnu/lib/rustlib/x86_64-unknown-linux-gnu/lib/librustc_std_workspace_core-e46bc3da6d7c462f.rlib" "/opt/rustwide/rustup-home/toolchains/beta-2023-12-22-x86_64-unknown-linux-gnu/lib/rustlib/x86_64-unknown-linux-gnu/lib/libcore-8d1ac131d3cb2645.rlib" "/opt/rustwide/rustup-home/toolchains/beta-2023-12-22-x86_64-unknown-linux-gnu/lib/rustlib/x86_64-unknown-linux-gnu/lib/libcompiler_builtins-a1b43df8c6899c1f.rlib" "-Wl,-Bdynamic" "-lgcc_s" "-lutil" "-lrt" "-lpthread" "-lm" "-ldl" "-lc" "-Wl,--eh-frame-hdr" "-Wl,-z,noexecstack" "-L" "/opt/rustwide/rustup-home/toolchains/beta-2023-12-22-x86_64-unknown-linux-gnu/lib/rustlib/x86_64-unknown-linux-gnu/lib" "-o" "/tmp/rustdoctestvvsfyr/rust_out" "-Wl,--gc-sections" "-pie" "-Wl,-z,relro,-z,now" "-nodefaultlibs"
[INFO] [stdout]   = note: collect2: fatal error: ld terminated with signal 9 [Killed]
[INFO] [stdout]           compilation terminated.
[INFO] [stdout]           
[INFO] [stdout] 
[INFO] [stdout] error: aborting due to 1 previous error
[INFO] [stdout] 
[INFO] [stdout] Couldn't compile the test.
[INFO] [stdout] ---- src/v4/http_parts.rs - v4::http_parts::HttpResponse::set_header (line 570) stdout ----
[INFO] [stdout] error: linking with `cc` failed: exit status: 1
[INFO] [stdout]   |
[INFO] [stdout]   = note: LC_ALL="C" PATH="/opt/rustwide/rustup-home/toolchains/beta-2023-12-22-x86_64-unknown-linux-gnu/lib/rustlib/x86_64-unknown-linux-gnu/bin:/opt/rustwide/cargo-home/bin:/usr/local/sbin:/usr/local/bin:/usr/sbin:/usr/bin:/sbin:/bin" VSLANG="1033" "cc" "-m64" "/tmp/rustcVevN2M/symbols.o" "/tmp/rustdoctestkg4v1S/rust_out.rust_out.1380c8ea7c88b8e2-cgu.0.rcgu.o" "/tmp/rustdoctestkg4v1S/rust_out.3lr6z6385pynyhem.rcgu.o" "-Wl,--as-needed" "-L" "/opt/rustwide/target/debug/deps" "-L" "/opt/rustwide/target/debug/deps" "-L" "/opt/rustwide/target/debug/build/onig_sys-578a83be97de8303/out" "-L" "/opt/rustwide/target/debug/build/ring-83b2335b05e7793f/out" "-L" "/opt/rustwide/rustup-home/toolchains/beta-2023-12-22-x86_64-unknown-linux-gnu/lib/rustlib/x86_64-unknown-linux-gnu/lib" "-Wl,-Bstatic" "/opt/rustwide/target/debug/deps/libpact_models-264ce139d854dd1e.rlib" "/opt/rustwide/target/debug/deps/liblenient_semver-033b5d12bd138ef6.rlib" "/opt/rustwide/target/debug/deps/liblenient_semver_parser-e5f1a2019f3e54d5.rlib" "/opt/rustwide/target/debug/deps/liblenient_semver_version_builder-a47d155d93194c19.rlib" "/opt/rustwide/target/debug/deps/librand_regex-0fc3b299d155d4be.rlib" "/opt/rustwide/target/debug/deps/libregex_syntax-b113d34fa562c5bb.rlib" "/opt/rustwide/target/debug/deps/libreqwest-5e511e5405ccda50.rlib" "/opt/rustwide/target/debug/deps/libhyper_rustls-4a748b5b3fcadf91.rlib" "/opt/rustwide/target/debug/deps/librustls_native_certs-56a5242a7b4dcd65.rlib" "/opt/rustwide/target/debug/deps/librustls_pemfile-1fe6076733394665.rlib" "/opt/rustwide/target/debug/deps/libopenssl_probe-01da96bec2dfd166.rlib" "/opt/rustwide/target/debug/deps/libipnet-5d86936adafddcc9.rlib" "/opt/rustwide/target/debug/deps/libtokio_rustls-426c8d6d69d532d6.rlib" "/opt/rustwide/target/debug/deps/librustls-6e2a4330f0c60d5b.rlib" "/opt/rustwide/target/debug/deps/libsct-63ee90dc2af8dd07.rlib" "/opt/rustwide/target/debug/deps/libwebpki-d5916b220f6af45f.rlib" "/opt/rustwide/target/debug/deps/libring-0176663bdafcec55.rlib" "/opt/rustwide/target/debug/deps/libspin-662b5629bfbcd837.rlib" "/opt/rustwide/target/debug/deps/libuntrusted-8bad1cf01f539b56.rlib" "/opt/rustwide/target/debug/deps/libserde_urlencoded-9c7c2161a53ca4b5.rlib" "/opt/rustwide/target/debug/deps/libencoding_rs-4339e23ae7924400.rlib" "/opt/rustwide/target/debug/deps/libhyper-7264f0788b285dab.rlib" "/opt/rustwide/target/debug/deps/libwant-980d1be1e9789ecd.rlib" "/opt/rustwide/target/debug/deps/libtry_lock-61552f3200b10770.rlib" "/opt/rustwide/target/debug/deps/libhttparse-2dbc320ca65411a3.rlib" "/opt/rustwide/target/debug/deps/libh2-486ae2c97085e031.rlib" "/opt/rustwide/target/debug/deps/libindexmap-b97987b991fa7705.rlib" "/opt/rustwide/target/debug/deps/libequivalent-e4dc2e1acc32de2c.rlib" "/opt/rustwide/target/debug/deps/libhashbrown-ad909cf2cd84416e.rlib" "/opt/rustwide/target/debug/deps/libtokio_util-d5775789f9868dc4.rlib" "/opt/rustwide/target/debug/deps/libtower_service-92bbc7b5a1dd8782.rlib" "/opt/rustwide/target/debug/deps/libtokio-bef891d2ecf9e206.rlib" "/opt/rustwide/target/debug/deps/libnum_cpus-8571ef1a3f762e93.rlib" "/opt/rustwide/target/debug/deps/libsocket2-0700ebb1f2307869.rlib" "/opt/rustwide/target/debug/deps/libmio-bc5af0d99dc99bb4.rlib" "/opt/rustwide/target/debug/deps/libhttp_body-9cd3115e971e8591.rlib" "/opt/rustwide/target/debug/deps/libfutures_util-ef52cb9ba96213ca.rlib" "/opt/rustwide/target/debug/deps/libfutures_io-fd3828dd557c3cad.rlib" "/opt/rustwide/target/debug/deps/libslab-0a39a638bccea296.rlib" "/opt/rustwide/target/debug/deps/libfutures_channel-45ba62bcbb6333cc.rlib" "/opt/rustwide/target/debug/deps/libfutures_sink-eb701a2145b3f560.rlib" "/opt/rustwide/target/debug/deps/libfutures_task-a05886844ea8dd2c.rlib" "/opt/rustwide/target/debug/deps/libpin_utils-9c5dcf17efb91bff.rlib" "/opt/rustwide/target/debug/deps/liblog-2cf4a51dfa4e790a.rlib" "/opt/rustwide/target/debug/deps/libfutures_core-d95b0086a92f44b8.rlib" "/opt/rustwide/target/debug/deps/liburl-5bc26e3f04caa07a.rlib" "/opt/rustwide/target/debug/deps/libidna-16be4ea6a8a60d54.rlib" "/opt/rustwide/target/debug/deps/libunicode_normalization-a49209942f8cb303.rlib" "/opt/rustwide/target/debug/deps/libtinyvec-dcbbce603bc23510.rlib" "/opt/rustwide/target/debug/deps/libtinyvec_macros-333661e3b238a9a3.rlib" "/opt/rustwide/target/debug/deps/libunicode_bidi-36757df894a8afbe.rlib" "/opt/rustwide/target/debug/deps/libform_urlencoded-00b3292b537cfa9a.rlib" "/opt/rustwide/target/debug/deps/libpercent_encoding-9ca315f6c750067f.rlib" "/opt/rustwide/target/debug/deps/libhttp-d4dd5be6189fbbb7.rlib" "/opt/rustwide/target/debug/deps/libfnv-953831fe314029b4.rlib" "/opt/rustwide/target/debug/deps/libhex-bf5d7c1623e40692.rlib" "/opt/rustwide/target/debug/deps/libuuid-41e8facd201dd75b.rlib" "/opt/rustwide/target/debug/deps/librand-868db20a6df10241.rlib" "/opt/rustwide/target/debug/deps/librand_chacha-db83c270ad816c94.rlib" "/opt/rustwide/target/debug/deps/libppv_lite86-db48c90fa293bcfe.rlib" "/opt/rustwide/target/debug/deps/librand_core-0fac3abbb6e7b95e.rlib" "/opt/rustwide/target/debug/deps/libgetrandom-ea1febebc2a16683.rlib" "/opt/rustwide/target/debug/deps/libcfg_if-e7002d307f97bc56.rlib" "/opt/rustwide/target/debug/deps/libonig-ab4f5539b7b29695.rlib" "/opt/rustwide/target/debug/deps/libbitflags-85e13ed1e0c6d910.rlib" "/opt/rustwide/target/debug/deps/libonig_sys-a7f4ff50af0d68fc.rlib" "/opt/rustwide/target/debug/deps/libindextree-fa9b87458c6214aa.rlib" "/opt/rustwide/target/debug/deps/libsemver-36a30ce3d927ef86.rlib" "/opt/rustwide/target/debug/deps/liblogos-847491068a3b9f10.rlib" "/opt/rustwide/target/debug/deps/libariadne-3db46dfe292d7fee.rlib" "/opt/rustwide/target/debug/deps/libunicode_width-0ea374cdbf7c3a56.rlib" "/opt/rustwide/target/debug/deps/libyansi-fe77e7901970feab.rlib" "/opt/rustwide/target/debug/deps/libsxd_document-085d777657bcef30.rlib" "/opt/rustwide/target/debug/deps/libperesil-762f306805da68bd.rlib" "/opt/rustwide/target/debug/deps/libtyped_arena-d0961098fd1e4459.rlib" "/opt/rustwide/target/debug/deps/libfs2-128e755acbfd8f67.rlib" "/opt/rustwide/target/debug/deps/libnom-78a50b701ea65812.rlib" "/opt/rustwide/target/debug/deps/libgregorian-affaa28d4cf4be13.rlib" "/opt/rustwide/target/debug/deps/liblibc-9bdc13f38078ecbe.rlib" "/opt/rustwide/target/debug/deps/libchrono-0b840e21f4d814de.rlib" "/opt/rustwide/target/debug/deps/libnum_traits-d78ef80edf268e06.rlib" "/opt/rustwide/target/debug/deps/libiana_time_zone-0d3ced6f0a9aca0f.rlib" "/opt/rustwide/target/debug/deps/libmaplit-73646ac8518ae531.rlib" "/opt/rustwide/target/debug/deps/libbytes-f074957470ae131a.rlib" "/opt/rustwide/target/debug/deps/libbase64-47ce12bf5fcc4351.rlib" "/opt/rustwide/target/debug/deps/libtracing-d44668d21d3c8d95.rlib" "/opt/rustwide/target/debug/deps/libpin_project_lite-085b19c93bbb2231.rlib" "/opt/rustwide/target/debug/deps/libtracing_core-775720001e283776.rlib" "/opt/rustwide/target/debug/deps/libonce_cell-334d739f4e3a4961.rlib" "/opt/rustwide/target/debug/deps/libregex-6b2e15812834269a.rlib" "/opt/rustwide/target/debug/deps/libregex_automata-18e9b4bafe25d656.rlib" "/opt/rustwide/target/debug/deps/libaho_corasick-0efee17d6ff570a3.rlib" "/opt/rustwide/target/debug/deps/libmemchr-14a47255884553ca.rlib" "/opt/rustwide/target/debug/deps/libregex_syntax-2fba322c2516c6a3.rlib" "/opt/rustwide/target/debug/deps/libmime-a9df5a780629fb7d.rlib" "/opt/rustwide/target/debug/deps/liblazy_static-efa3519517df6cf0.rlib" "/opt/rustwide/target/debug/deps/libserde_json-702967fd45d7784f.rlib" "/opt/rustwide/target/debug/deps/libryu-4b03a7708da1319d.rlib" "/opt/rustwide/target/debug/deps/libitoa-34968a9f29c36fec.rlib" "/opt/rustwide/target/debug/deps/libserde-06d0540b8da41317.rlib" "/opt/rustwide/target/debug/deps/libitertools-75a658cc99e029ef.rlib" "/opt/rustwide/target/debug/deps/libeither-49b31dd90481588d.rlib" "/opt/rustwide/target/debug/deps/libanyhow-5d20277346359413.rlib" "/opt/rustwide/rustup-home/toolchains/beta-2023-12-22-x86_64-unknown-linux-gnu/lib/rustlib/x86_64-unknown-linux-gnu/lib/libstd-0672489a78b613de.rlib" "/opt/rustwide/rustup-home/toolchains/beta-2023-12-22-x86_64-unknown-linux-gnu/lib/rustlib/x86_64-unknown-linux-gnu/lib/libpanic_unwind-7eb3ffc34a49f675.rlib" "/opt/rustwide/rustup-home/toolchains/beta-2023-12-22-x86_64-unknown-linux-gnu/lib/rustlib/x86_64-unknown-linux-gnu/lib/libobject-6478a9daa4bee8e2.rlib" "/opt/rustwide/rustup-home/toolchains/beta-2023-12-22-x86_64-unknown-linux-gnu/lib/rustlib/x86_64-unknown-linux-gnu/lib/libmemchr-0c75d871a5c3923d.rlib" "/opt/rustwide/rustup-home/toolchains/beta-2023-12-22-x86_64-unknown-linux-gnu/lib/rustlib/x86_64-unknown-linux-gnu/lib/libaddr2line-d163ef63ad37bb71.rlib" "/opt/rustwide/rustup-home/toolchains/beta-2023-12-22-x86_64-unknown-linux-gnu/lib/rustlib/x86_64-unknown-linux-gnu/lib/libgimli-8a3fd810a85b9f4c.rlib" "/opt/rustwide/rustup-home/toolchains/beta-2023-12-22-x86_64-unknown-linux-gnu/lib/rustlib/x86_64-unknown-linux-gnu/lib/librustc_demangle-462a2cde8c5dfc10.rlib" "/opt/rustwide/rustup-home/toolchains/beta-2023-12-22-x86_64-unknown-linux-gnu/lib/rustlib/x86_64-unknown-linux-gnu/lib/libstd_detect-cb06ac9f54713f71.rlib" "/opt/rustwide/rustup-home/toolchains/beta-2023-12-22-x86_64-unknown-linux-gnu/lib/rustlib/x86_64-unknown-linux-gnu/lib/libhashbrown-f20bfd1f8e59b393.rlib" "/opt/rustwide/rustup-home/toolchains/beta-2023-12-22-x86_64-unknown-linux-gnu/lib/rustlib/x86_64-unknown-linux-gnu/lib/librustc_std_workspace_alloc-1ef460949b49da4b.rlib" "/opt/rustwide/rustup-home/toolchains/beta-2023-12-22-x86_64-unknown-linux-gnu/lib/rustlib/x86_64-unknown-linux-gnu/lib/libminiz_oxide-2cb0c0ffe4f87514.rlib" "/opt/rustwide/rustup-home/toolchains/beta-2023-12-22-x86_64-unknown-linux-gnu/lib/rustlib/x86_64-unknown-linux-gnu/lib/libadler-58d841eb322a11a2.rlib" "/opt/rustwide/rustup-home/toolchains/beta-2023-12-22-x86_64-unknown-linux-gnu/lib/rustlib/x86_64-unknown-linux-gnu/lib/libunwind-aa2ae0b0a9d11533.rlib" "/opt/rustwide/rustup-home/toolchains/beta-2023-12-22-x86_64-unknown-linux-gnu/lib/rustlib/x86_64-unknown-linux-gnu/lib/libcfg_if-23874e15830ed336.rlib" "/opt/rustwide/rustup-home/toolchains/beta-2023-12-22-x86_64-unknown-linux-gnu/lib/rustlib/x86_64-unknown-linux-gnu/lib/liblibc-e47cddc003bce885.rlib" "/opt/rustwide/rustup-home/toolchains/beta-2023-12-22-x86_64-unknown-linux-gnu/lib/rustlib/x86_64-unknown-linux-gnu/lib/liballoc-c22b13b48a8f128e.rlib" "/opt/rustwide/rustup-home/toolchains/beta-2023-12-22-x86_64-unknown-linux-gnu/lib/rustlib/x86_64-unknown-linux-gnu/lib/librustc_std_workspace_core-e46bc3da6d7c462f.rlib" "/opt/rustwide/rustup-home/toolchains/beta-2023-12-22-x86_64-unknown-linux-gnu/lib/rustlib/x86_64-unknown-linux-gnu/lib/libcore-8d1ac131d3cb2645.rlib" "/opt/rustwide/rustup-home/toolchains/beta-2023-12-22-x86_64-unknown-linux-gnu/lib/rustlib/x86_64-unknown-linux-gnu/lib/libcompiler_builtins-a1b43df8c6899c1f.rlib" "-Wl,-Bdynamic" "-lgcc_s" "-lutil" "-lrt" "-lpthread" "-lm" "-ldl" "-lc" "-Wl,--eh-frame-hdr" "-Wl,-z,noexecstack" "-L" "/opt/rustwide/rustup-home/toolchains/beta-2023-12-22-x86_64-unknown-linux-gnu/lib/rustlib/x86_64-unknown-linux-gnu/lib" "-o" "/tmp/rustdoctestkg4v1S/rust_out" "-Wl,--gc-sections" "-pie" "-Wl,-z,relro,-z,now" "-nodefaultlibs"
[INFO] [stdout]   = note: collect2: fatal error: ld terminated with signal 9 [Killed]
[INFO] [stdout]           compilation terminated.
[INFO] [stdout]           
[INFO] [stdout] 
[INFO] [stdout] error: aborting due to 1 previous error
[INFO] [stdout] 
[INFO] [stdout] Couldn't compile the test.
[INFO] [stdout] 
[INFO] [stdout] failures:
[INFO] [stdout]     src/matchingrules/mod.rs - matchingrules::matchingrules (line 1295)
[INFO] [stdout]     src/v4/http_parts.rs - v4::http_parts::HttpResponse::set_header (line 570)
[INFO] [stdout] 
[INFO] [stdout] test result: FAILED. 3 passed; 2 failed; 0 ignored; 0 measured; 0 filtered out; finished in 4.62s
[INFO] [stdout] 
[INFO] [stderr] error: doctest failed, to rerun pass `--doc`
[INFO] running `Command { std: "docker" "inspect" "c15920ecbdc71812517d791086e584f9a88c8b4aea84b4c48e6a6b42b4ef4d9d", kill_on_drop: false }`
[INFO] running `Command { std: "docker" "rm" "-f" "c15920ecbdc71812517d791086e584f9a88c8b4aea84b4c48e6a6b42b4ef4d9d", kill_on_drop: false }`
[INFO] [stdout] c15920ecbdc71812517d791086e584f9a88c8b4aea84b4c48e6a6b42b4ef4d9d
