[INFO] fetching crate packeteer 0.5.1...
[INFO] testing packeteer-0.5.1 against 1.75.0 for beta-1.76-1
[INFO] extracting crate packeteer 0.5.1 into /workspace/builds/worker-0-tc1/source
[INFO] validating manifest of crates.io crate packeteer 0.5.1 on toolchain 1.75.0
[INFO] running `Command { std: CARGO_HOME="/workspace/cargo-home" RUSTUP_HOME="/workspace/rustup-home" "/workspace/cargo-home/bin/cargo" "+1.75.0" "metadata" "--manifest-path" "Cargo.toml" "--no-deps", kill_on_drop: false }`
[INFO] started tweaking crates.io crate packeteer 0.5.1
[INFO] finished tweaking crates.io crate packeteer 0.5.1
[INFO] tweaked toml for crates.io crate packeteer 0.5.1 written to /workspace/builds/worker-0-tc1/source/Cargo.toml
[INFO] running `Command { std: CARGO_HOME="/workspace/cargo-home" RUSTUP_HOME="/workspace/rustup-home" "/workspace/cargo-home/bin/cargo" "+1.75.0" "generate-lockfile" "--manifest-path" "Cargo.toml", kill_on_drop: false }`
[INFO] running `Command { std: CARGO_HOME="/workspace/cargo-home" RUSTUP_HOME="/workspace/rustup-home" "/workspace/cargo-home/bin/cargo" "+1.75.0" "fetch" "--manifest-path" "Cargo.toml", kill_on_drop: false }`
[INFO] running `Command { std: "docker" "create" "-v" "/var/lib/crater-agent-workspace/builds/worker-0-tc1/target:/opt/rustwide/target:rw,Z" "-v" "/var/lib/crater-agent-workspace/builds/worker-0-tc1/source:/opt/rustwide/workdir:ro,Z" "-v" "/var/lib/crater-agent-workspace/cargo-home:/opt/rustwide/cargo-home:ro,Z" "-v" "/var/lib/crater-agent-workspace/rustup-home:/opt/rustwide/rustup-home:ro,Z" "-e" "SOURCE_DIR=/opt/rustwide/workdir" "-e" "CARGO_TARGET_DIR=/opt/rustwide/target" "-e" "CARGO_HOME=/opt/rustwide/cargo-home" "-e" "RUSTUP_HOME=/opt/rustwide/rustup-home" "-w" "/opt/rustwide/workdir" "-m" "1610612736" "--user" "0:0" "--network" "none" "ghcr.io/rust-lang/crates-build-env/linux@sha256:2788e3201cd34a07e3172128adcd8b3090168a8e3bcc40d7c032b9dda1df7d1c" "/opt/rustwide/cargo-home/bin/cargo" "+1.75.0" "metadata" "--no-deps" "--format-version=1", kill_on_drop: false }`
[INFO] [stdout] b8b367866bd64e1f865b95492bb7382bc3fe7266e4bdc605a10fb285a9c86d3b
[INFO] running `Command { std: "docker" "start" "-a" "b8b367866bd64e1f865b95492bb7382bc3fe7266e4bdc605a10fb285a9c86d3b", kill_on_drop: false }`
[INFO] running `Command { std: "docker" "inspect" "b8b367866bd64e1f865b95492bb7382bc3fe7266e4bdc605a10fb285a9c86d3b", kill_on_drop: false }`
[INFO] running `Command { std: "docker" "rm" "-f" "b8b367866bd64e1f865b95492bb7382bc3fe7266e4bdc605a10fb285a9c86d3b", kill_on_drop: false }`
[INFO] [stdout] b8b367866bd64e1f865b95492bb7382bc3fe7266e4bdc605a10fb285a9c86d3b
[INFO] running `Command { std: "docker" "create" "-v" "/var/lib/crater-agent-workspace/builds/worker-0-tc1/target:/opt/rustwide/target:rw,Z" "-v" "/var/lib/crater-agent-workspace/builds/worker-0-tc1/source:/opt/rustwide/workdir:ro,Z" "-v" "/var/lib/crater-agent-workspace/cargo-home:/opt/rustwide/cargo-home:ro,Z" "-v" "/var/lib/crater-agent-workspace/rustup-home:/opt/rustwide/rustup-home:ro,Z" "-e" "SOURCE_DIR=/opt/rustwide/workdir" "-e" "CARGO_TARGET_DIR=/opt/rustwide/target" "-e" "CARGO_INCREMENTAL=0" "-e" "RUST_BACKTRACE=full" "-e" "RUSTFLAGS=--cap-lints=warn" "-e" "RUSTDOCFLAGS=--cap-lints=warn" "-e" "CARGO_HOME=/opt/rustwide/cargo-home" "-e" "RUSTUP_HOME=/opt/rustwide/rustup-home" "-w" "/opt/rustwide/workdir" "-m" "1610612736" "--user" "0:0" "--network" "none" "ghcr.io/rust-lang/crates-build-env/linux@sha256:2788e3201cd34a07e3172128adcd8b3090168a8e3bcc40d7c032b9dda1df7d1c" "/opt/rustwide/cargo-home/bin/cargo" "+1.75.0" "build" "--frozen" "--message-format=json", kill_on_drop: false }`
[INFO] [stdout] e4f45b43dfbd3679514fbc0cfd90a5b29dccc8c182b6891be1517a712e88c69b
[INFO] running `Command { std: "docker" "start" "-a" "e4f45b43dfbd3679514fbc0cfd90a5b29dccc8c182b6891be1517a712e88c69b", kill_on_drop: false }`
[INFO] [stderr]    Compiling packeteer v0.5.1 (/opt/rustwide/workdir)
[INFO] [stderr]     Finished dev [unoptimized + debuginfo] target(s) in 0.10s
[INFO] running `Command { std: "docker" "inspect" "e4f45b43dfbd3679514fbc0cfd90a5b29dccc8c182b6891be1517a712e88c69b", kill_on_drop: false }`
[INFO] running `Command { std: "docker" "rm" "-f" "e4f45b43dfbd3679514fbc0cfd90a5b29dccc8c182b6891be1517a712e88c69b", kill_on_drop: false }`
[INFO] [stdout] e4f45b43dfbd3679514fbc0cfd90a5b29dccc8c182b6891be1517a712e88c69b
[INFO] running `Command { std: "docker" "create" "-v" "/var/lib/crater-agent-workspace/builds/worker-0-tc1/target:/opt/rustwide/target:rw,Z" "-v" "/var/lib/crater-agent-workspace/builds/worker-0-tc1/source:/opt/rustwide/workdir:ro,Z" "-v" "/var/lib/crater-agent-workspace/cargo-home:/opt/rustwide/cargo-home:ro,Z" "-v" "/var/lib/crater-agent-workspace/rustup-home:/opt/rustwide/rustup-home:ro,Z" "-e" "SOURCE_DIR=/opt/rustwide/workdir" "-e" "CARGO_TARGET_DIR=/opt/rustwide/target" "-e" "CARGO_INCREMENTAL=0" "-e" "RUST_BACKTRACE=full" "-e" "RUSTFLAGS=--cap-lints=warn" "-e" "RUSTDOCFLAGS=--cap-lints=warn" "-e" "CARGO_HOME=/opt/rustwide/cargo-home" "-e" "RUSTUP_HOME=/opt/rustwide/rustup-home" "-w" "/opt/rustwide/workdir" "-m" "1610612736" "--user" "0:0" "--network" "none" "ghcr.io/rust-lang/crates-build-env/linux@sha256:2788e3201cd34a07e3172128adcd8b3090168a8e3bcc40d7c032b9dda1df7d1c" "/opt/rustwide/cargo-home/bin/cargo" "+1.75.0" "test" "--frozen" "--no-run" "--message-format=json", kill_on_drop: false }`
[INFO] [stdout] 4f3a28b0b38572db9143c85646edbf3a03047994bca1c9a1028d83c709ba054c
[INFO] running `Command { std: "docker" "start" "-a" "4f3a28b0b38572db9143c85646edbf3a03047994bca1c9a1028d83c709ba054c", kill_on_drop: false }`
[INFO] [stderr]    Compiling packeteer v0.5.1 (/opt/rustwide/workdir)
[INFO] [stderr]     Finished test [unoptimized + debuginfo] target(s) in 0.19s
[INFO] running `Command { std: "docker" "inspect" "4f3a28b0b38572db9143c85646edbf3a03047994bca1c9a1028d83c709ba054c", kill_on_drop: false }`
[INFO] running `Command { std: "docker" "rm" "-f" "4f3a28b0b38572db9143c85646edbf3a03047994bca1c9a1028d83c709ba054c", kill_on_drop: false }`
[INFO] [stdout] 4f3a28b0b38572db9143c85646edbf3a03047994bca1c9a1028d83c709ba054c
[INFO] running `Command { std: "docker" "create" "-v" "/var/lib/crater-agent-workspace/builds/worker-0-tc1/target:/opt/rustwide/target:rw,Z" "-v" "/var/lib/crater-agent-workspace/builds/worker-0-tc1/source:/opt/rustwide/workdir:ro,Z" "-v" "/var/lib/crater-agent-workspace/cargo-home:/opt/rustwide/cargo-home:ro,Z" "-v" "/var/lib/crater-agent-workspace/rustup-home:/opt/rustwide/rustup-home:ro,Z" "-e" "SOURCE_DIR=/opt/rustwide/workdir" "-e" "CARGO_TARGET_DIR=/opt/rustwide/target" "-e" "CARGO_INCREMENTAL=0" "-e" "RUST_BACKTRACE=full" "-e" "RUSTFLAGS=--cap-lints=warn" "-e" "RUSTDOCFLAGS=--cap-lints=warn" "-e" "CARGO_HOME=/opt/rustwide/cargo-home" "-e" "RUSTUP_HOME=/opt/rustwide/rustup-home" "-w" "/opt/rustwide/workdir" "-m" "1610612736" "--user" "0:0" "--network" "none" "ghcr.io/rust-lang/crates-build-env/linux@sha256:2788e3201cd34a07e3172128adcd8b3090168a8e3bcc40d7c032b9dda1df7d1c" "/opt/rustwide/cargo-home/bin/cargo" "+1.75.0" "test" "--frozen", kill_on_drop: false }`
[INFO] [stdout] 1583b322b00df20911dbd1bc507ff7a4b2ddac1b335eec94391540209ed16bba
[INFO] running `Command { std: "docker" "start" "-a" "1583b322b00df20911dbd1bc507ff7a4b2ddac1b335eec94391540209ed16bba", kill_on_drop: false }`
[INFO] [stderr]     Finished test [unoptimized + debuginfo] target(s) in 0.00s
[INFO] [stderr]      Running unittests src/lib.rs (/opt/rustwide/target/debug/deps/packeteer-bf41e1fc5620d7c6)
[INFO] [stdout] 
[INFO] [stdout] running 0 tests
[INFO] [stdout] 
[INFO] [stdout] test result: ok. 0 passed; 0 failed; 0 ignored; 0 measured; 0 filtered out; finished in 0.00s
[INFO] [stdout] 
[INFO] [stderr]    Doc-tests packeteer
[INFO] [stdout] 
[INFO] [stdout] running 1 test
[INFO] [stdout] test src/lib.rs - (line 19) - compile ... FAILED
[INFO] [stdout] 
[INFO] [stdout] failures:
[INFO] [stdout] 
[INFO] [stdout] ---- src/lib.rs - (line 19) stdout ----
[INFO] [stdout] error[E0432]: unresolved import `packeteer::http1`
[INFO] [stdout]  --> src/lib.rs:21:16
[INFO] [stdout]   |
[INFO] [stdout] 4 | use packeteer::http1::*;
[INFO] [stdout]   |                ^^^^^ could not find `http1` in `packeteer`
[INFO] [stdout] 
[INFO] [stdout] error[E0425]: cannot find function `generate_request` in this scope
[INFO] [stdout]  --> src/lib.rs:26:16
[INFO] [stdout]   |
[INFO] [stdout] 9 |     let request = generate_request("GET", "example.service", "/api/example_endpoint", "");
[INFO] [stdout]   |                   ^^^^^^^^^^^^^^^^ not found in this scope
[INFO] [stdout] 
[INFO] [stdout] error[E0425]: cannot find function `unpack_request` in this scope
[INFO] [stdout]   --> src/lib.rs:27:16
[INFO] [stdout]    |
[INFO] [stdout] 10 |     let req_raw = unpack_request(request);
[INFO] [stdout]    |                   ^^^^^^^^^^^^^^ not found in this scope
[INFO] [stdout] 
[INFO] [stdout] error: aborting due to 3 previous errors
[INFO] [stdout] 
[INFO] [stdout] Some errors have detailed explanations: E0425, E0432.
[INFO] [stdout] For more information about an error, try `rustc --explain E0425`.
[INFO] [stdout] Couldn't compile the test.
[INFO] [stdout] 
[INFO] [stdout] failures:
[INFO] [stdout]     src/lib.rs - (line 19)
[INFO] [stdout] 
[INFO] [stdout] test result: FAILED. 0 passed; 1 failed; 0 ignored; 0 measured; 0 filtered out; finished in 0.05s
[INFO] [stdout] 
[INFO] [stderr] error: doctest failed, to rerun pass `--doc`
[INFO] running `Command { std: "docker" "inspect" "1583b322b00df20911dbd1bc507ff7a4b2ddac1b335eec94391540209ed16bba", kill_on_drop: false }`
[INFO] running `Command { std: "docker" "rm" "-f" "1583b322b00df20911dbd1bc507ff7a4b2ddac1b335eec94391540209ed16bba", kill_on_drop: false }`
[INFO] [stdout] 1583b322b00df20911dbd1bc507ff7a4b2ddac1b335eec94391540209ed16bba
[INFO] testing packeteer-0.5.1 against beta-2023-12-22 for beta-1.76-1
[INFO] extracting crate packeteer 0.5.1 into /workspace/builds/worker-0-tc2/source
[INFO] validating manifest of crates.io crate packeteer 0.5.1 on toolchain beta-2023-12-22
[INFO] running `Command { std: CARGO_HOME="/workspace/cargo-home" RUSTUP_HOME="/workspace/rustup-home" "/workspace/cargo-home/bin/cargo" "+beta-2023-12-22" "metadata" "--manifest-path" "Cargo.toml" "--no-deps", kill_on_drop: false }`
[INFO] started tweaking crates.io crate packeteer 0.5.1
[INFO] finished tweaking crates.io crate packeteer 0.5.1
[INFO] tweaked toml for crates.io crate packeteer 0.5.1 written to /workspace/builds/worker-0-tc2/source/Cargo.toml
[INFO] running `Command { std: CARGO_HOME="/workspace/cargo-home" RUSTUP_HOME="/workspace/rustup-home" "/workspace/cargo-home/bin/cargo" "+beta-2023-12-22" "generate-lockfile" "--manifest-path" "Cargo.toml", kill_on_drop: false }`
[INFO] running `Command { std: CARGO_HOME="/workspace/cargo-home" RUSTUP_HOME="/workspace/rustup-home" "/workspace/cargo-home/bin/cargo" "+beta-2023-12-22" "fetch" "--manifest-path" "Cargo.toml", kill_on_drop: false }`
[INFO] running `Command { std: "docker" "create" "-v" "/var/lib/crater-agent-workspace/builds/worker-0-tc2/target:/opt/rustwide/target:rw,Z" "-v" "/var/lib/crater-agent-workspace/builds/worker-0-tc2/source:/opt/rustwide/workdir:ro,Z" "-v" "/var/lib/crater-agent-workspace/cargo-home:/opt/rustwide/cargo-home:ro,Z" "-v" "/var/lib/crater-agent-workspace/rustup-home:/opt/rustwide/rustup-home:ro,Z" "-e" "SOURCE_DIR=/opt/rustwide/workdir" "-e" "CARGO_TARGET_DIR=/opt/rustwide/target" "-e" "CARGO_HOME=/opt/rustwide/cargo-home" "-e" "RUSTUP_HOME=/opt/rustwide/rustup-home" "-w" "/opt/rustwide/workdir" "-m" "1610612736" "--user" "0:0" "--network" "none" "ghcr.io/rust-lang/crates-build-env/linux@sha256:2788e3201cd34a07e3172128adcd8b3090168a8e3bcc40d7c032b9dda1df7d1c" "/opt/rustwide/cargo-home/bin/cargo" "+beta-2023-12-22" "metadata" "--no-deps" "--format-version=1", kill_on_drop: false }`
[INFO] [stdout] fee738fb6fe4e0d95edc453462d0463c6bd3572064591eb36e2d3a87f176ebc3
[INFO] running `Command { std: "docker" "start" "-a" "fee738fb6fe4e0d95edc453462d0463c6bd3572064591eb36e2d3a87f176ebc3", kill_on_drop: false }`
[INFO] running `Command { std: "docker" "inspect" "fee738fb6fe4e0d95edc453462d0463c6bd3572064591eb36e2d3a87f176ebc3", kill_on_drop: false }`
[INFO] running `Command { std: "docker" "rm" "-f" "fee738fb6fe4e0d95edc453462d0463c6bd3572064591eb36e2d3a87f176ebc3", kill_on_drop: false }`
[INFO] [stdout] fee738fb6fe4e0d95edc453462d0463c6bd3572064591eb36e2d3a87f176ebc3
[INFO] running `Command { std: "docker" "create" "-v" "/var/lib/crater-agent-workspace/builds/worker-0-tc2/target:/opt/rustwide/target:rw,Z" "-v" "/var/lib/crater-agent-workspace/builds/worker-0-tc2/source:/opt/rustwide/workdir:ro,Z" "-v" "/var/lib/crater-agent-workspace/cargo-home:/opt/rustwide/cargo-home:ro,Z" "-v" "/var/lib/crater-agent-workspace/rustup-home:/opt/rustwide/rustup-home:ro,Z" "-e" "SOURCE_DIR=/opt/rustwide/workdir" "-e" "CARGO_TARGET_DIR=/opt/rustwide/target" "-e" "CARGO_INCREMENTAL=0" "-e" "RUST_BACKTRACE=full" "-e" "RUSTFLAGS=--cap-lints=warn" "-e" "RUSTDOCFLAGS=--cap-lints=warn" "-e" "CARGO_HOME=/opt/rustwide/cargo-home" "-e" "RUSTUP_HOME=/opt/rustwide/rustup-home" "-w" "/opt/rustwide/workdir" "-m" "1610612736" "--user" "0:0" "--network" "none" "ghcr.io/rust-lang/crates-build-env/linux@sha256:2788e3201cd34a07e3172128adcd8b3090168a8e3bcc40d7c032b9dda1df7d1c" "/opt/rustwide/cargo-home/bin/cargo" "+beta-2023-12-22" "build" "--frozen" "--message-format=json", kill_on_drop: false }`
[INFO] [stdout] 4064a73bd5767c049b8d84966b9b4e1eb74f1bc118a269363b6c172d5f92d895
[INFO] running `Command { std: "docker" "start" "-a" "4064a73bd5767c049b8d84966b9b4e1eb74f1bc118a269363b6c172d5f92d895", kill_on_drop: false }`
[INFO] [stderr]    Compiling packeteer v0.5.1 (/opt/rustwide/workdir)
[INFO] [stderr]     Finished dev [unoptimized + debuginfo] target(s) in 0.10s
[INFO] running `Command { std: "docker" "inspect" "4064a73bd5767c049b8d84966b9b4e1eb74f1bc118a269363b6c172d5f92d895", kill_on_drop: false }`
[INFO] running `Command { std: "docker" "rm" "-f" "4064a73bd5767c049b8d84966b9b4e1eb74f1bc118a269363b6c172d5f92d895", kill_on_drop: false }`
[INFO] [stdout] 4064a73bd5767c049b8d84966b9b4e1eb74f1bc118a269363b6c172d5f92d895
[INFO] running `Command { std: "docker" "create" "-v" "/var/lib/crater-agent-workspace/builds/worker-0-tc2/target:/opt/rustwide/target:rw,Z" "-v" "/var/lib/crater-agent-workspace/builds/worker-0-tc2/source:/opt/rustwide/workdir:ro,Z" "-v" "/var/lib/crater-agent-workspace/cargo-home:/opt/rustwide/cargo-home:ro,Z" "-v" "/var/lib/crater-agent-workspace/rustup-home:/opt/rustwide/rustup-home:ro,Z" "-e" "SOURCE_DIR=/opt/rustwide/workdir" "-e" "CARGO_TARGET_DIR=/opt/rustwide/target" "-e" "CARGO_INCREMENTAL=0" "-e" "RUST_BACKTRACE=full" "-e" "RUSTFLAGS=--cap-lints=warn" "-e" "RUSTDOCFLAGS=--cap-lints=warn" "-e" "CARGO_HOME=/opt/rustwide/cargo-home" "-e" "RUSTUP_HOME=/opt/rustwide/rustup-home" "-w" "/opt/rustwide/workdir" "-m" "1610612736" "--user" "0:0" "--network" "none" "ghcr.io/rust-lang/crates-build-env/linux@sha256:2788e3201cd34a07e3172128adcd8b3090168a8e3bcc40d7c032b9dda1df7d1c" "/opt/rustwide/cargo-home/bin/cargo" "+beta-2023-12-22" "test" "--frozen" "--no-run" "--message-format=json", kill_on_drop: false }`
[INFO] [stdout] a73d7251bbfa0a64143719f8075737014806fa0147d60bae33c4c87647044f53
[INFO] running `Command { std: "docker" "start" "-a" "a73d7251bbfa0a64143719f8075737014806fa0147d60bae33c4c87647044f53", kill_on_drop: false }`
[INFO] [stderr]    Compiling packeteer v0.5.1 (/opt/rustwide/workdir)
[INFO] [stderr]     Finished test [unoptimized + debuginfo] target(s) in 0.18s
[INFO] running `Command { std: "docker" "inspect" "a73d7251bbfa0a64143719f8075737014806fa0147d60bae33c4c87647044f53", kill_on_drop: false }`
[INFO] running `Command { std: "docker" "rm" "-f" "a73d7251bbfa0a64143719f8075737014806fa0147d60bae33c4c87647044f53", kill_on_drop: false }`
[INFO] [stdout] a73d7251bbfa0a64143719f8075737014806fa0147d60bae33c4c87647044f53
[INFO] running `Command { std: "docker" "create" "-v" "/var/lib/crater-agent-workspace/builds/worker-0-tc2/target:/opt/rustwide/target:rw,Z" "-v" "/var/lib/crater-agent-workspace/builds/worker-0-tc2/source:/opt/rustwide/workdir:ro,Z" "-v" "/var/lib/crater-agent-workspace/cargo-home:/opt/rustwide/cargo-home:ro,Z" "-v" "/var/lib/crater-agent-workspace/rustup-home:/opt/rustwide/rustup-home:ro,Z" "-e" "SOURCE_DIR=/opt/rustwide/workdir" "-e" "CARGO_TARGET_DIR=/opt/rustwide/target" "-e" "CARGO_INCREMENTAL=0" "-e" "RUST_BACKTRACE=full" "-e" "RUSTFLAGS=--cap-lints=warn" "-e" "RUSTDOCFLAGS=--cap-lints=warn" "-e" "CARGO_HOME=/opt/rustwide/cargo-home" "-e" "RUSTUP_HOME=/opt/rustwide/rustup-home" "-w" "/opt/rustwide/workdir" "-m" "1610612736" "--user" "0:0" "--network" "none" "ghcr.io/rust-lang/crates-build-env/linux@sha256:2788e3201cd34a07e3172128adcd8b3090168a8e3bcc40d7c032b9dda1df7d1c" "/opt/rustwide/cargo-home/bin/cargo" "+beta-2023-12-22" "test" "--frozen", kill_on_drop: false }`
[INFO] [stdout] 4c6e7692e9253e61e5e6d5cfc7e37ceaeb0c2b83fd5fd038e4e11434d209ed37
[INFO] running `Command { std: "docker" "start" "-a" "4c6e7692e9253e61e5e6d5cfc7e37ceaeb0c2b83fd5fd038e4e11434d209ed37", kill_on_drop: false }`
[INFO] [stderr]     Finished test [unoptimized + debuginfo] target(s) in 0.00s
[INFO] [stderr]      Running unittests src/lib.rs (/opt/rustwide/target/debug/deps/packeteer-7d418441706cdbc1)
[INFO] [stdout] 
[INFO] [stdout] running 0 tests
[INFO] [stdout] 
[INFO] [stdout] test result: ok. 0 passed; 0 failed; 0 ignored; 0 measured; 0 filtered out; finished in 0.00s
[INFO] [stdout] 
[INFO] [stderr]    Doc-tests packeteer
[INFO] [stdout] 
[INFO] [stdout] running 1 test
[INFO] [stdout] test src/lib.rs - (line 19) - compile ... FAILED
[INFO] [stdout] 
[INFO] [stdout] failures:
[INFO] [stdout] 
[INFO] [stdout] ---- src/lib.rs - (line 19) stdout ----
[INFO] [stdout] error[E0432]: unresolved import `packeteer::http1`
[INFO] [stdout]  --> src/lib.rs:21:16
[INFO] [stdout]   |
[INFO] [stdout] 4 | use packeteer::http1::*;
[INFO] [stdout]   |                ^^^^^ could not find `http1` in `packeteer`
[INFO] [stdout] 
[INFO] [stdout] error[E0425]: cannot find function `generate_request` in this scope
[INFO] [stdout]  --> src/lib.rs:26:16
[INFO] [stdout]   |
[INFO] [stdout] 9 |     let request = generate_request("GET", "example.service", "/api/example_endpoint", "");
[INFO] [stdout]   |                   ^^^^^^^^^^^^^^^^ not found in this scope
[INFO] [stdout] 
[INFO] [stdout] error[E0425]: cannot find function `unpack_request` in this scope
[INFO] [stdout]   --> src/lib.rs:27:16
[INFO] [stdout]    |
[INFO] [stdout] 10 |     let req_raw = unpack_request(request);
[INFO] [stdout]    |                   ^^^^^^^^^^^^^^ not found in this scope
[INFO] [stdout] 
[INFO] [stdout] error: aborting due to 3 previous errors
[INFO] [stdout] 
[INFO] [stdout] Some errors have detailed explanations: E0425, E0432.
[INFO] [stdout] For more information about an error, try `rustc --explain E0425`.
[INFO] [stdout] Couldn't compile the test.
[INFO] [stdout] 
[INFO] [stdout] failures:
[INFO] [stdout]     src/lib.rs - (line 19)
[INFO] [stdout] 
[INFO] [stdout] test result: FAILED. 0 passed; 1 failed; 0 ignored; 0 measured; 0 filtered out; finished in 0.05s
[INFO] [stdout] 
[INFO] [stderr] error: doctest failed, to rerun pass `--doc`
[INFO] running `Command { std: "docker" "inspect" "4c6e7692e9253e61e5e6d5cfc7e37ceaeb0c2b83fd5fd038e4e11434d209ed37", kill_on_drop: false }`
[INFO] running `Command { std: "docker" "rm" "-f" "4c6e7692e9253e61e5e6d5cfc7e37ceaeb0c2b83fd5fd038e4e11434d209ed37", kill_on_drop: false }`
[INFO] [stdout] 4c6e7692e9253e61e5e6d5cfc7e37ceaeb0c2b83fd5fd038e4e11434d209ed37
