[INFO] fetching crate packer-3d 0.2.1...
[INFO] testing packer-3d-0.2.1 against 1.75.0 for beta-1.76-1
[INFO] extracting crate packer-3d 0.2.1 into /workspace/builds/worker-4-tc1/source
[INFO] validating manifest of crates.io crate packer-3d 0.2.1 on toolchain 1.75.0
[INFO] running `Command { std: CARGO_HOME="/workspace/cargo-home" RUSTUP_HOME="/workspace/rustup-home" "/workspace/cargo-home/bin/cargo" "+1.75.0" "metadata" "--manifest-path" "Cargo.toml" "--no-deps", kill_on_drop: false }`
[INFO] started tweaking crates.io crate packer-3d 0.2.1
[INFO] finished tweaking crates.io crate packer-3d 0.2.1
[INFO] tweaked toml for crates.io crate packer-3d 0.2.1 written to /workspace/builds/worker-4-tc1/source/Cargo.toml
[INFO] running `Command { std: CARGO_HOME="/workspace/cargo-home" RUSTUP_HOME="/workspace/rustup-home" "/workspace/cargo-home/bin/cargo" "+1.75.0" "generate-lockfile" "--manifest-path" "Cargo.toml", kill_on_drop: false }`
[INFO] [stderr]     Updating crates.io index
[INFO] running `Command { std: CARGO_HOME="/workspace/cargo-home" RUSTUP_HOME="/workspace/rustup-home" "/workspace/cargo-home/bin/cargo" "+1.75.0" "fetch" "--manifest-path" "Cargo.toml", kill_on_drop: false }`
[INFO] running `Command { std: "docker" "create" "-v" "/var/lib/crater-agent-workspace/builds/worker-4-tc1/target:/opt/rustwide/target:rw,Z" "-v" "/var/lib/crater-agent-workspace/builds/worker-4-tc1/source:/opt/rustwide/workdir:ro,Z" "-v" "/var/lib/crater-agent-workspace/cargo-home:/opt/rustwide/cargo-home:ro,Z" "-v" "/var/lib/crater-agent-workspace/rustup-home:/opt/rustwide/rustup-home:ro,Z" "-e" "SOURCE_DIR=/opt/rustwide/workdir" "-e" "CARGO_TARGET_DIR=/opt/rustwide/target" "-e" "CARGO_HOME=/opt/rustwide/cargo-home" "-e" "RUSTUP_HOME=/opt/rustwide/rustup-home" "-w" "/opt/rustwide/workdir" "-m" "1610612736" "--user" "0:0" "--network" "none" "ghcr.io/rust-lang/crates-build-env/linux@sha256:2788e3201cd34a07e3172128adcd8b3090168a8e3bcc40d7c032b9dda1df7d1c" "/opt/rustwide/cargo-home/bin/cargo" "+1.75.0" "metadata" "--no-deps" "--format-version=1", kill_on_drop: false }`
[INFO] [stdout] 8e15c1884d7b57d2049531a1cce53cb7c8cde58bfbd9d7ab9841001921cf0cc5
[INFO] running `Command { std: "docker" "start" "-a" "8e15c1884d7b57d2049531a1cce53cb7c8cde58bfbd9d7ab9841001921cf0cc5", kill_on_drop: false }`
[INFO] running `Command { std: "docker" "inspect" "8e15c1884d7b57d2049531a1cce53cb7c8cde58bfbd9d7ab9841001921cf0cc5", kill_on_drop: false }`
[INFO] running `Command { std: "docker" "rm" "-f" "8e15c1884d7b57d2049531a1cce53cb7c8cde58bfbd9d7ab9841001921cf0cc5", kill_on_drop: false }`
[INFO] [stdout] 8e15c1884d7b57d2049531a1cce53cb7c8cde58bfbd9d7ab9841001921cf0cc5
[INFO] running `Command { std: "docker" "create" "-v" "/var/lib/crater-agent-workspace/builds/worker-4-tc1/target:/opt/rustwide/target:rw,Z" "-v" "/var/lib/crater-agent-workspace/builds/worker-4-tc1/source:/opt/rustwide/workdir:ro,Z" "-v" "/var/lib/crater-agent-workspace/cargo-home:/opt/rustwide/cargo-home:ro,Z" "-v" "/var/lib/crater-agent-workspace/rustup-home:/opt/rustwide/rustup-home:ro,Z" "-e" "SOURCE_DIR=/opt/rustwide/workdir" "-e" "CARGO_TARGET_DIR=/opt/rustwide/target" "-e" "CARGO_INCREMENTAL=0" "-e" "RUST_BACKTRACE=full" "-e" "RUSTFLAGS=--cap-lints=warn" "-e" "RUSTDOCFLAGS=--cap-lints=warn" "-e" "CARGO_HOME=/opt/rustwide/cargo-home" "-e" "RUSTUP_HOME=/opt/rustwide/rustup-home" "-w" "/opt/rustwide/workdir" "-m" "1610612736" "--user" "0:0" "--network" "none" "ghcr.io/rust-lang/crates-build-env/linux@sha256:2788e3201cd34a07e3172128adcd8b3090168a8e3bcc40d7c032b9dda1df7d1c" "/opt/rustwide/cargo-home/bin/cargo" "+1.75.0" "build" "--frozen" "--message-format=json", kill_on_drop: false }`
[INFO] [stdout] cdd78b450fe42da2d1ae8a8a1f00711054875271d69c6735146e9b37d08b8a70
[INFO] running `Command { std: "docker" "start" "-a" "cdd78b450fe42da2d1ae8a8a1f00711054875271d69c6735146e9b37d08b8a70", kill_on_drop: false }`
[INFO] [stderr]    Compiling packer-3d v0.2.1 (/opt/rustwide/workdir)
[INFO] [stderr]     Finished dev [unoptimized + debuginfo] target(s) in 0.71s
[INFO] running `Command { std: "docker" "inspect" "cdd78b450fe42da2d1ae8a8a1f00711054875271d69c6735146e9b37d08b8a70", kill_on_drop: false }`
[INFO] running `Command { std: "docker" "rm" "-f" "cdd78b450fe42da2d1ae8a8a1f00711054875271d69c6735146e9b37d08b8a70", kill_on_drop: false }`
[INFO] [stdout] cdd78b450fe42da2d1ae8a8a1f00711054875271d69c6735146e9b37d08b8a70
[INFO] running `Command { std: "docker" "create" "-v" "/var/lib/crater-agent-workspace/builds/worker-4-tc1/target:/opt/rustwide/target:rw,Z" "-v" "/var/lib/crater-agent-workspace/builds/worker-4-tc1/source:/opt/rustwide/workdir:ro,Z" "-v" "/var/lib/crater-agent-workspace/cargo-home:/opt/rustwide/cargo-home:ro,Z" "-v" "/var/lib/crater-agent-workspace/rustup-home:/opt/rustwide/rustup-home:ro,Z" "-e" "SOURCE_DIR=/opt/rustwide/workdir" "-e" "CARGO_TARGET_DIR=/opt/rustwide/target" "-e" "CARGO_INCREMENTAL=0" "-e" "RUST_BACKTRACE=full" "-e" "RUSTFLAGS=--cap-lints=warn" "-e" "RUSTDOCFLAGS=--cap-lints=warn" "-e" "CARGO_HOME=/opt/rustwide/cargo-home" "-e" "RUSTUP_HOME=/opt/rustwide/rustup-home" "-w" "/opt/rustwide/workdir" "-m" "1610612736" "--user" "0:0" "--network" "none" "ghcr.io/rust-lang/crates-build-env/linux@sha256:2788e3201cd34a07e3172128adcd8b3090168a8e3bcc40d7c032b9dda1df7d1c" "/opt/rustwide/cargo-home/bin/cargo" "+1.75.0" "test" "--frozen" "--no-run" "--message-format=json", kill_on_drop: false }`
[INFO] [stdout] 44bbd92057f9741d50f1d92c9d4f93225e0ac48270848a5594e34ddf0d682090
[INFO] running `Command { std: "docker" "start" "-a" "44bbd92057f9741d50f1d92c9d4f93225e0ac48270848a5594e34ddf0d682090", kill_on_drop: false }`
[INFO] [stderr]    Compiling packer-3d v0.2.1 (/opt/rustwide/workdir)
[INFO] [stderr]     Finished test [unoptimized + debuginfo] target(s) in 0.54s
[INFO] running `Command { std: "docker" "inspect" "44bbd92057f9741d50f1d92c9d4f93225e0ac48270848a5594e34ddf0d682090", kill_on_drop: false }`
[INFO] running `Command { std: "docker" "rm" "-f" "44bbd92057f9741d50f1d92c9d4f93225e0ac48270848a5594e34ddf0d682090", kill_on_drop: false }`
[INFO] [stdout] 44bbd92057f9741d50f1d92c9d4f93225e0ac48270848a5594e34ddf0d682090
[INFO] running `Command { std: "docker" "create" "-v" "/var/lib/crater-agent-workspace/builds/worker-4-tc1/target:/opt/rustwide/target:rw,Z" "-v" "/var/lib/crater-agent-workspace/builds/worker-4-tc1/source:/opt/rustwide/workdir:ro,Z" "-v" "/var/lib/crater-agent-workspace/cargo-home:/opt/rustwide/cargo-home:ro,Z" "-v" "/var/lib/crater-agent-workspace/rustup-home:/opt/rustwide/rustup-home:ro,Z" "-e" "SOURCE_DIR=/opt/rustwide/workdir" "-e" "CARGO_TARGET_DIR=/opt/rustwide/target" "-e" "CARGO_INCREMENTAL=0" "-e" "RUST_BACKTRACE=full" "-e" "RUSTFLAGS=--cap-lints=warn" "-e" "RUSTDOCFLAGS=--cap-lints=warn" "-e" "CARGO_HOME=/opt/rustwide/cargo-home" "-e" "RUSTUP_HOME=/opt/rustwide/rustup-home" "-w" "/opt/rustwide/workdir" "-m" "1610612736" "--user" "0:0" "--network" "none" "ghcr.io/rust-lang/crates-build-env/linux@sha256:2788e3201cd34a07e3172128adcd8b3090168a8e3bcc40d7c032b9dda1df7d1c" "/opt/rustwide/cargo-home/bin/cargo" "+1.75.0" "test" "--frozen", kill_on_drop: false }`
[INFO] [stdout] 33584696dc5ddad3c646b61ccf6e230b14d85cfe4d026d73ccc8e8891de98503
[INFO] running `Command { std: "docker" "start" "-a" "33584696dc5ddad3c646b61ccf6e230b14d85cfe4d026d73ccc8e8891de98503", kill_on_drop: false }`
[INFO] [stderr]     Finished test [unoptimized + debuginfo] target(s) in 0.01s
[INFO] [stderr]      Running unittests src/lib.rs (/opt/rustwide/target/debug/deps/packer_3d-83ebb39a7cece460)
[INFO] [stderr]    Doc-tests packer-3d
[INFO] [stdout] 
[INFO] [stdout] running 0 tests
[INFO] [stdout] 
[INFO] [stdout] test result: ok. 0 passed; 0 failed; 0 ignored; 0 measured; 0 filtered out; finished in 0.00s
[INFO] [stdout] 
[INFO] [stdout] 
[INFO] [stdout] running 4 tests
[INFO] [stdout] test src/lib.rs - HashSetFnv (line 50) ... FAILED
[INFO] [stdout] test src/lib.rs - PackerInstance (line 955) ... FAILED
[INFO] [stdout] test src/lib.rs - Minimize (line 59) ... FAILED
[INFO] [stdout] test src/lib.rs - (line 3) ... ok
[INFO] [stdout] 
[INFO] [stdout] failures:
[INFO] [stdout] 
[INFO] [stdout] ---- src/lib.rs - HashSetFnv (line 50) stdout ----
[INFO] [stdout] error[E0433]: failed to resolve: use of undeclared type `HashSetFnv`
[INFO] [stdout]  --> src/lib.rs:51:17
[INFO] [stdout]   |
[INFO] [stdout] 3 | let mut boxes = HashSetFnv::<Box3D>::default();
[INFO] [stdout]   |                 ^^^^^^^^^^ use of undeclared type `HashSetFnv`
[INFO] [stdout]   |
[INFO] [stdout] help: consider importing this type alias
[INFO] [stdout]   |
[INFO] [stdout] 2 + use packer_3d::HashSetFnv;
[INFO] [stdout]   |
[INFO] [stdout] 
[INFO] [stdout] error[E0412]: cannot find type `Box3D` in this scope
[INFO] [stdout]  --> src/lib.rs:51:30
[INFO] [stdout]   |
[INFO] [stdout] 3 | let mut boxes = HashSetFnv::<Box3D>::default();
[INFO] [stdout]   |                              ^^^^^ not found in this scope
[INFO] [stdout]   |
[INFO] [stdout] help: consider importing this struct
[INFO] [stdout]   |
[INFO] [stdout] 2 + use packer_3d::box3d::Box3D;
[INFO] [stdout]   |
[INFO] [stdout] 
[INFO] [stdout] error[E0433]: failed to resolve: use of undeclared type `Box3D`
[INFO] [stdout]  --> src/lib.rs:52:14
[INFO] [stdout]   |
[INFO] [stdout] 4 | boxes.insert(Box3D::from_xyz_whl(0, 0, 0, 100, 200, 300, 1, 0));
[INFO] [stdout]   |              ^^^^^ use of undeclared type `Box3D`
[INFO] [stdout]   |
[INFO] [stdout] help: consider importing this struct
[INFO] [stdout]   |
[INFO] [stdout] 2 + use packer_3d::box3d::Box3D;
[INFO] [stdout]   |
[INFO] [stdout] 
[INFO] [stdout] error: aborting due to 3 previous errors
[INFO] [stdout] 
[INFO] [stdout] Some errors have detailed explanations: E0412, E0433.
[INFO] [stdout] For more information about an error, try `rustc --explain E0412`.
[INFO] [stdout] Couldn't compile the test.
[INFO] [stdout] ---- src/lib.rs - PackerInstance (line 955) stdout ----
[INFO] [stdout] error[E0433]: failed to resolve: use of undeclared type `Box3D`
[INFO] [stdout]  --> src/lib.rs:957:5
[INFO] [stdout]   |
[INFO] [stdout] 4 |     Box3D::from_xyz_whl(0,0,0,100,200,300,1,0),
[INFO] [stdout]   |     ^^^^^ use of undeclared type `Box3D`
[INFO] [stdout]   |
[INFO] [stdout] help: consider importing this struct
[INFO] [stdout]   |
[INFO] [stdout] 2 + use packer_3d::box3d::Box3D;
[INFO] [stdout]   |
[INFO] [stdout] 
[INFO] [stdout] error[E0433]: failed to resolve: use of undeclared type `Box3D`
[INFO] [stdout]  --> src/lib.rs:958:5
[INFO] [stdout]   |
[INFO] [stdout] 5 |     Box3D::from_xyz_whl(0,0,0,100,200,300,2,0),
[INFO] [stdout]   |     ^^^^^ use of undeclared type `Box3D`
[INFO] [stdout]   |
[INFO] [stdout] help: consider importing this struct
[INFO] [stdout]   |
[INFO] [stdout] 2 + use packer_3d::box3d::Box3D;
[INFO] [stdout]   |
[INFO] [stdout] 
[INFO] [stdout] error[E0433]: failed to resolve: use of undeclared type `Box3D`
[INFO] [stdout]  --> src/lib.rs:959:5
[INFO] [stdout]   |
[INFO] [stdout] 6 |     Box3D::from_xyz_whl(0,0,0,100,200,300,3,0)
[INFO] [stdout]   |     ^^^^^ use of undeclared type `Box3D`
[INFO] [stdout]   |
[INFO] [stdout] help: consider importing this struct
[INFO] [stdout]   |
[INFO] [stdout] 2 + use packer_3d::box3d::Box3D;
[INFO] [stdout]   |
[INFO] [stdout] 
[INFO] [stdout] error[E0433]: failed to resolve: use of undeclared type `PackerInstance`
[INFO] [stdout]   --> src/lib.rs:963:23
[INFO] [stdout]    |
[INFO] [stdout] 10 | let mut my_instance = PackerInstance::new(
[INFO] [stdout]    |                       ^^^^^^^^^^^^^^ use of undeclared type `PackerInstance`
[INFO] [stdout]    |
[INFO] [stdout] help: consider importing this struct
[INFO] [stdout]    |
[INFO] [stdout] 2  + use packer_3d::PackerInstance;
[INFO] [stdout]    |
[INFO] [stdout] 
[INFO] [stdout] error[E0433]: failed to resolve: use of undeclared type `Vector3D`
[INFO] [stdout]   --> src/lib.rs:965:5
[INFO] [stdout]    |
[INFO] [stdout] 12 |     Vector3D::new(500, 0, 500), // Our container size
[INFO] [stdout]    |     ^^^^^^^^ use of undeclared type `Vector3D`
[INFO] [stdout]    |
[INFO] [stdout] help: consider importing this struct
[INFO] [stdout]    |
[INFO] [stdout] 2  + use packer_3d::vector3d::Vector3D;
[INFO] [stdout]    |
[INFO] [stdout] 
[INFO] [stdout] error[E0433]: failed to resolve: use of undeclared type `Sorting`
[INFO] [stdout]   --> src/lib.rs:968:6
[INFO] [stdout]    |
[INFO] [stdout] 15 |     &Sorting::descending_volume // Our initial sorting heuristic
[INFO] [stdout]    |      ^^^^^^^ use of undeclared type `Sorting`
[INFO] [stdout]    |
[INFO] [stdout] help: a struct with a similar name exists
[INFO] [stdout]    |
[INFO] [stdout] 15 |     &String::descending_volume // Our initial sorting heuristic
[INFO] [stdout]    |      ~~~~~~
[INFO] [stdout] help: consider importing this struct
[INFO] [stdout]    |
[INFO] [stdout] 2  + use packer_3d::sorting::Sorting;
[INFO] [stdout]    |
[INFO] [stdout] 
[INFO] [stdout] error: aborting due to 6 previous errors
[INFO] [stdout] 
[INFO] [stdout] For more information about this error, try `rustc --explain E0433`.
[INFO] [stdout] Couldn't compile the test.
[INFO] [stdout] ---- src/lib.rs - Minimize (line 59) stdout ----
[INFO] [stdout] error[E0308]: mismatched types
[INFO] [stdout]  --> src/lib.rs:61:1
[INFO] [stdout]   |
[INFO] [stdout] 3 | fn main() { #[allow(non_snake_case)] fn _doctest_main_src_lib_rs_59_0() {
[INFO] [stdout]   |                                                                        - help: try adding a return type: `-> (bool, bool, bool)`
[INFO] [stdout] 4 | (true, false, true)
[INFO] [stdout]   | ^^^^^^^^^^^^^^^^^^^ expected `()`, found `(bool, bool, bool)`
[INFO] [stdout]   |
[INFO] [stdout]   = note: expected unit type `()`
[INFO] [stdout]                  found tuple `(bool, bool, bool)`
[INFO] [stdout] 
[INFO] [stdout] error: aborting due to previous error
[INFO] [stdout] 
[INFO] [stdout] For more information about this error, try `rustc --explain E0308`.
[INFO] [stdout] Couldn't compile the test.
[INFO] [stdout] 
[INFO] [stdout] failures:
[INFO] [stdout]     src/lib.rs - HashSetFnv (line 50)
[INFO] [stdout]     src/lib.rs - Minimize (line 59)
[INFO] [stdout]     src/lib.rs - PackerInstance (line 955)
[INFO] [stdout] 
[INFO] [stdout] test result: FAILED. 1 passed; 3 failed; 0 ignored; 0 measured; 0 filtered out; finished in 0.40s
[INFO] [stdout] 
[INFO] [stderr] error: doctest failed, to rerun pass `--doc`
[INFO] running `Command { std: "docker" "inspect" "33584696dc5ddad3c646b61ccf6e230b14d85cfe4d026d73ccc8e8891de98503", kill_on_drop: false }`
[INFO] running `Command { std: "docker" "rm" "-f" "33584696dc5ddad3c646b61ccf6e230b14d85cfe4d026d73ccc8e8891de98503", kill_on_drop: false }`
[INFO] [stdout] 33584696dc5ddad3c646b61ccf6e230b14d85cfe4d026d73ccc8e8891de98503
