[INFO] fetching crate owning_ref_lockable 0.4.2...
[INFO] testing owning_ref_lockable-0.4.2 against 1.75.0 for beta-1.76-1
[INFO] extracting crate owning_ref_lockable 0.4.2 into /workspace/builds/worker-0-tc1/source
[INFO] validating manifest of crates.io crate owning_ref_lockable 0.4.2 on toolchain 1.75.0
[INFO] running `Command { std: CARGO_HOME="/workspace/cargo-home" RUSTUP_HOME="/workspace/rustup-home" "/workspace/cargo-home/bin/cargo" "+1.75.0" "metadata" "--manifest-path" "Cargo.toml" "--no-deps", kill_on_drop: false }`
[INFO] started tweaking crates.io crate owning_ref_lockable 0.4.2
[INFO] finished tweaking crates.io crate owning_ref_lockable 0.4.2
[INFO] tweaked toml for crates.io crate owning_ref_lockable 0.4.2 written to /workspace/builds/worker-0-tc1/source/Cargo.toml
[INFO] running `Command { std: CARGO_HOME="/workspace/cargo-home" RUSTUP_HOME="/workspace/rustup-home" "/workspace/cargo-home/bin/cargo" "+1.75.0" "generate-lockfile" "--manifest-path" "Cargo.toml", kill_on_drop: false }`
[INFO] [stderr]     Updating crates.io index
[INFO] running `Command { std: CARGO_HOME="/workspace/cargo-home" RUSTUP_HOME="/workspace/rustup-home" "/workspace/cargo-home/bin/cargo" "+1.75.0" "fetch" "--manifest-path" "Cargo.toml", kill_on_drop: false }`
[INFO] running `Command { std: "docker" "create" "-v" "/var/lib/crater-agent-workspace/builds/worker-0-tc1/target:/opt/rustwide/target:rw,Z" "-v" "/var/lib/crater-agent-workspace/builds/worker-0-tc1/source:/opt/rustwide/workdir:ro,Z" "-v" "/var/lib/crater-agent-workspace/cargo-home:/opt/rustwide/cargo-home:ro,Z" "-v" "/var/lib/crater-agent-workspace/rustup-home:/opt/rustwide/rustup-home:ro,Z" "-e" "SOURCE_DIR=/opt/rustwide/workdir" "-e" "CARGO_TARGET_DIR=/opt/rustwide/target" "-e" "CARGO_HOME=/opt/rustwide/cargo-home" "-e" "RUSTUP_HOME=/opt/rustwide/rustup-home" "-w" "/opt/rustwide/workdir" "-m" "1610612736" "--user" "0:0" "--network" "none" "ghcr.io/rust-lang/crates-build-env/linux@sha256:2788e3201cd34a07e3172128adcd8b3090168a8e3bcc40d7c032b9dda1df7d1c" "/opt/rustwide/cargo-home/bin/cargo" "+1.75.0" "metadata" "--no-deps" "--format-version=1", kill_on_drop: false }`
[INFO] [stdout] 32ce3b2fd6b42d1fe892fd857b0ae1414215d73034fc198b6d37f543759c13e0
[INFO] running `Command { std: "docker" "start" "-a" "32ce3b2fd6b42d1fe892fd857b0ae1414215d73034fc198b6d37f543759c13e0", kill_on_drop: false }`
[INFO] running `Command { std: "docker" "inspect" "32ce3b2fd6b42d1fe892fd857b0ae1414215d73034fc198b6d37f543759c13e0", kill_on_drop: false }`
[INFO] running `Command { std: "docker" "rm" "-f" "32ce3b2fd6b42d1fe892fd857b0ae1414215d73034fc198b6d37f543759c13e0", kill_on_drop: false }`
[INFO] [stdout] 32ce3b2fd6b42d1fe892fd857b0ae1414215d73034fc198b6d37f543759c13e0
[INFO] running `Command { std: "docker" "create" "-v" "/var/lib/crater-agent-workspace/builds/worker-0-tc1/target:/opt/rustwide/target:rw,Z" "-v" "/var/lib/crater-agent-workspace/builds/worker-0-tc1/source:/opt/rustwide/workdir:ro,Z" "-v" "/var/lib/crater-agent-workspace/cargo-home:/opt/rustwide/cargo-home:ro,Z" "-v" "/var/lib/crater-agent-workspace/rustup-home:/opt/rustwide/rustup-home:ro,Z" "-e" "SOURCE_DIR=/opt/rustwide/workdir" "-e" "CARGO_TARGET_DIR=/opt/rustwide/target" "-e" "CARGO_INCREMENTAL=0" "-e" "RUST_BACKTRACE=full" "-e" "RUSTFLAGS=--cap-lints=warn" "-e" "RUSTDOCFLAGS=--cap-lints=warn" "-e" "CARGO_HOME=/opt/rustwide/cargo-home" "-e" "RUSTUP_HOME=/opt/rustwide/rustup-home" "-w" "/opt/rustwide/workdir" "-m" "1610612736" "--user" "0:0" "--network" "none" "ghcr.io/rust-lang/crates-build-env/linux@sha256:2788e3201cd34a07e3172128adcd8b3090168a8e3bcc40d7c032b9dda1df7d1c" "/opt/rustwide/cargo-home/bin/cargo" "+1.75.0" "build" "--frozen" "--message-format=json", kill_on_drop: false }`
[INFO] [stdout] c7755017bb6f9452114ec4d29787f5cac38e0eefb5a9d7462816710a4fab6010
[INFO] running `Command { std: "docker" "start" "-a" "c7755017bb6f9452114ec4d29787f5cac38e0eefb5a9d7462816710a4fab6010", kill_on_drop: false }`
[INFO] [stderr]    Compiling stable_deref_trait v1.2.0
[INFO] [stderr]    Compiling owning_ref_lockable v0.4.2 (/opt/rustwide/workdir)
[INFO] [stdout] warning: unnecessary parentheses around type
[INFO] [stdout]     --> src/lib.rs:1130:28
[INFO] [stdout]      |
[INFO] [stdout] 1130 |     where O: Send, for<'a> (&'a T): Send {}
[INFO] [stdout]      |                            ^     ^
[INFO] [stdout]      |
[INFO] [stdout]      = note: `#[warn(unused_parens)]` on by default
[INFO] [stdout] help: remove these parentheses
[INFO] [stdout]      |
[INFO] [stdout] 1130 -     where O: Send, for<'a> (&'a T): Send {}
[INFO] [stdout] 1130 +     where O: Send, for<'a> &'a T: Send {}
[INFO] [stdout]      |
[INFO] [stdout] 
[INFO] [stdout] 
[INFO] [stdout] warning: unnecessary parentheses around type
[INFO] [stdout]     --> src/lib.rs:1132:28
[INFO] [stdout]      |
[INFO] [stdout] 1132 |     where O: Sync, for<'a> (&'a T): Sync {}
[INFO] [stdout]      |                            ^     ^
[INFO] [stdout]      |
[INFO] [stdout] help: remove these parentheses
[INFO] [stdout]      |
[INFO] [stdout] 1132 -     where O: Sync, for<'a> (&'a T): Sync {}
[INFO] [stdout] 1132 +     where O: Sync, for<'a> &'a T: Sync {}
[INFO] [stdout]      |
[INFO] [stdout] 
[INFO] [stdout] 
[INFO] [stdout] warning: unnecessary parentheses around type
[INFO] [stdout]     --> src/lib.rs:1135:28
[INFO] [stdout]      |
[INFO] [stdout] 1135 |     where O: Send, for<'a> (&'a mut T): Send {}
[INFO] [stdout]      |                            ^         ^
[INFO] [stdout]      |
[INFO] [stdout] help: remove these parentheses
[INFO] [stdout]      |
[INFO] [stdout] 1135 -     where O: Send, for<'a> (&'a mut T): Send {}
[INFO] [stdout] 1135 +     where O: Send, for<'a> &'a mut T: Send {}
[INFO] [stdout]      |
[INFO] [stdout] 
[INFO] [stdout] 
[INFO] [stdout] warning: unnecessary parentheses around type
[INFO] [stdout]     --> src/lib.rs:1137:28
[INFO] [stdout]      |
[INFO] [stdout] 1137 |     where O: Sync, for<'a> (&'a mut T): Sync {}
[INFO] [stdout]      |                            ^         ^
[INFO] [stdout]      |
[INFO] [stdout] help: remove these parentheses
[INFO] [stdout]      |
[INFO] [stdout] 1137 -     where O: Sync, for<'a> (&'a mut T): Sync {}
[INFO] [stdout] 1137 +     where O: Sync, for<'a> &'a mut T: Sync {}
[INFO] [stdout]      |
[INFO] [stdout] 
[INFO] [stdout] 
[INFO] [stdout] warning: 4 warnings emitted
[INFO] [stdout] 
[INFO] [stdout] 
[INFO] [stderr]     Finished dev [unoptimized + debuginfo] target(s) in 0.22s
[INFO] running `Command { std: "docker" "inspect" "c7755017bb6f9452114ec4d29787f5cac38e0eefb5a9d7462816710a4fab6010", kill_on_drop: false }`
[INFO] running `Command { std: "docker" "rm" "-f" "c7755017bb6f9452114ec4d29787f5cac38e0eefb5a9d7462816710a4fab6010", kill_on_drop: false }`
[INFO] [stdout] c7755017bb6f9452114ec4d29787f5cac38e0eefb5a9d7462816710a4fab6010
[INFO] running `Command { std: "docker" "create" "-v" "/var/lib/crater-agent-workspace/builds/worker-0-tc1/target:/opt/rustwide/target:rw,Z" "-v" "/var/lib/crater-agent-workspace/builds/worker-0-tc1/source:/opt/rustwide/workdir:ro,Z" "-v" "/var/lib/crater-agent-workspace/cargo-home:/opt/rustwide/cargo-home:ro,Z" "-v" "/var/lib/crater-agent-workspace/rustup-home:/opt/rustwide/rustup-home:ro,Z" "-e" "SOURCE_DIR=/opt/rustwide/workdir" "-e" "CARGO_TARGET_DIR=/opt/rustwide/target" "-e" "CARGO_INCREMENTAL=0" "-e" "RUST_BACKTRACE=full" "-e" "RUSTFLAGS=--cap-lints=warn" "-e" "RUSTDOCFLAGS=--cap-lints=warn" "-e" "CARGO_HOME=/opt/rustwide/cargo-home" "-e" "RUSTUP_HOME=/opt/rustwide/rustup-home" "-w" "/opt/rustwide/workdir" "-m" "1610612736" "--user" "0:0" "--network" "none" "ghcr.io/rust-lang/crates-build-env/linux@sha256:2788e3201cd34a07e3172128adcd8b3090168a8e3bcc40d7c032b9dda1df7d1c" "/opt/rustwide/cargo-home/bin/cargo" "+1.75.0" "test" "--frozen" "--no-run" "--message-format=json", kill_on_drop: false }`
[INFO] [stdout] a8ab7c9cbd28b421a2a90cd4105416beb888ff6678981e3ca0c789e84e555b8a
[INFO] running `Command { std: "docker" "start" "-a" "a8ab7c9cbd28b421a2a90cd4105416beb888ff6678981e3ca0c789e84e555b8a", kill_on_drop: false }`
[INFO] [stderr]    Compiling syn v2.0.48
[INFO] [stdout] warning: unnecessary parentheses around type
[INFO] [stdout]     --> src/lib.rs:1130:28
[INFO] [stdout]      |
[INFO] [stdout] 1130 |     where O: Send, for<'a> (&'a T): Send {}
[INFO] [stdout]      |                            ^     ^
[INFO] [stdout]      |
[INFO] [stdout]      = note: `#[warn(unused_parens)]` on by default
[INFO] [stdout] help: remove these parentheses
[INFO] [stdout]      |
[INFO] [stdout] 1130 -     where O: Send, for<'a> (&'a T): Send {}
[INFO] [stdout] 1130 +     where O: Send, for<'a> &'a T: Send {}
[INFO] [stdout]      |
[INFO] [stdout] 
[INFO] [stdout] 
[INFO] [stdout] warning: unnecessary parentheses around type
[INFO] [stdout]     --> src/lib.rs:1132:28
[INFO] [stdout]      |
[INFO] [stdout] 1132 |     where O: Sync, for<'a> (&'a T): Sync {}
[INFO] [stdout]      |                            ^     ^
[INFO] [stdout]      |
[INFO] [stdout] help: remove these parentheses
[INFO] [stdout]      |
[INFO] [stdout] 1132 -     where O: Sync, for<'a> (&'a T): Sync {}
[INFO] [stdout] 1132 +     where O: Sync, for<'a> &'a T: Sync {}
[INFO] [stdout]      |
[INFO] [stdout] 
[INFO] [stdout] 
[INFO] [stdout] warning: unnecessary parentheses around type
[INFO] [stdout]     --> src/lib.rs:1135:28
[INFO] [stdout]      |
[INFO] [stdout] 1135 |     where O: Send, for<'a> (&'a mut T): Send {}
[INFO] [stdout]      |                            ^         ^
[INFO] [stdout]      |
[INFO] [stdout] help: remove these parentheses
[INFO] [stdout]      |
[INFO] [stdout] 1135 -     where O: Send, for<'a> (&'a mut T): Send {}
[INFO] [stdout] 1135 +     where O: Send, for<'a> &'a mut T: Send {}
[INFO] [stdout]      |
[INFO] [stdout] 
[INFO] [stdout] 
[INFO] [stdout] warning: unnecessary parentheses around type
[INFO] [stdout]     --> src/lib.rs:1137:28
[INFO] [stdout]      |
[INFO] [stdout] 1137 |     where O: Sync, for<'a> (&'a mut T): Sync {}
[INFO] [stdout]      |                            ^         ^
[INFO] [stdout]      |
[INFO] [stdout] help: remove these parentheses
[INFO] [stdout]      |
[INFO] [stdout] 1137 -     where O: Sync, for<'a> (&'a mut T): Sync {}
[INFO] [stdout] 1137 +     where O: Sync, for<'a> &'a mut T: Sync {}
[INFO] [stdout]      |
[INFO] [stdout] 
[INFO] [stdout] 
[INFO] [stdout] warning: 4 warnings emitted
[INFO] [stdout] 
[INFO] [stdout] 
[INFO] [stderr]    Compiling tokio-macros v2.2.0
[INFO] [stderr]    Compiling tokio v1.35.1
[INFO] [stderr]    Compiling owning_ref_lockable v0.4.2 (/opt/rustwide/workdir)
[INFO] [stdout] warning: unnecessary parentheses around type
[INFO] [stdout]     --> src/lib.rs:1130:28
[INFO] [stdout]      |
[INFO] [stdout] 1130 |     where O: Send, for<'a> (&'a T): Send {}
[INFO] [stdout]      |                            ^     ^
[INFO] [stdout]      |
[INFO] [stdout]      = note: `#[warn(unused_parens)]` on by default
[INFO] [stdout] help: remove these parentheses
[INFO] [stdout]      |
[INFO] [stdout] 1130 -     where O: Send, for<'a> (&'a T): Send {}
[INFO] [stdout] 1130 +     where O: Send, for<'a> &'a T: Send {}
[INFO] [stdout]      |
[INFO] [stdout] 
[INFO] [stdout] 
[INFO] [stdout] warning: unnecessary parentheses around type
[INFO] [stdout]     --> src/lib.rs:1132:28
[INFO] [stdout]      |
[INFO] [stdout] 1132 |     where O: Sync, for<'a> (&'a T): Sync {}
[INFO] [stdout]      |                            ^     ^
[INFO] [stdout]      |
[INFO] [stdout] help: remove these parentheses
[INFO] [stdout]      |
[INFO] [stdout] 1132 -     where O: Sync, for<'a> (&'a T): Sync {}
[INFO] [stdout] 1132 +     where O: Sync, for<'a> &'a T: Sync {}
[INFO] [stdout]      |
[INFO] [stdout] 
[INFO] [stdout] 
[INFO] [stdout] warning: unnecessary parentheses around type
[INFO] [stdout]     --> src/lib.rs:1135:28
[INFO] [stdout]      |
[INFO] [stdout] 1135 |     where O: Send, for<'a> (&'a mut T): Send {}
[INFO] [stdout]      |                            ^         ^
[INFO] [stdout]      |
[INFO] [stdout] help: remove these parentheses
[INFO] [stdout]      |
[INFO] [stdout] 1135 -     where O: Send, for<'a> (&'a mut T): Send {}
[INFO] [stdout] 1135 +     where O: Send, for<'a> &'a mut T: Send {}
[INFO] [stdout]      |
[INFO] [stdout] 
[INFO] [stdout] 
[INFO] [stdout] warning: unnecessary parentheses around type
[INFO] [stdout]     --> src/lib.rs:1137:28
[INFO] [stdout]      |
[INFO] [stdout] 1137 |     where O: Sync, for<'a> (&'a mut T): Sync {}
[INFO] [stdout]      |                            ^         ^
[INFO] [stdout]      |
[INFO] [stdout] help: remove these parentheses
[INFO] [stdout]      |
[INFO] [stdout] 1137 -     where O: Sync, for<'a> (&'a mut T): Sync {}
[INFO] [stdout] 1137 +     where O: Sync, for<'a> &'a mut T: Sync {}
[INFO] [stdout]      |
[INFO] [stdout] 
[INFO] [stdout] 
[INFO] [stdout] warning: 4 warnings emitted
[INFO] [stdout] 
[INFO] [stdout] 
[INFO] [stderr]     Finished test [unoptimized + debuginfo] target(s) in 8.06s
[INFO] running `Command { std: "docker" "inspect" "a8ab7c9cbd28b421a2a90cd4105416beb888ff6678981e3ca0c789e84e555b8a", kill_on_drop: false }`
[INFO] running `Command { std: "docker" "rm" "-f" "a8ab7c9cbd28b421a2a90cd4105416beb888ff6678981e3ca0c789e84e555b8a", kill_on_drop: false }`
[INFO] [stdout] a8ab7c9cbd28b421a2a90cd4105416beb888ff6678981e3ca0c789e84e555b8a
[INFO] running `Command { std: "docker" "create" "-v" "/var/lib/crater-agent-workspace/builds/worker-0-tc1/target:/opt/rustwide/target:rw,Z" "-v" "/var/lib/crater-agent-workspace/builds/worker-0-tc1/source:/opt/rustwide/workdir:ro,Z" "-v" "/var/lib/crater-agent-workspace/cargo-home:/opt/rustwide/cargo-home:ro,Z" "-v" "/var/lib/crater-agent-workspace/rustup-home:/opt/rustwide/rustup-home:ro,Z" "-e" "SOURCE_DIR=/opt/rustwide/workdir" "-e" "CARGO_TARGET_DIR=/opt/rustwide/target" "-e" "CARGO_INCREMENTAL=0" "-e" "RUST_BACKTRACE=full" "-e" "RUSTFLAGS=--cap-lints=warn" "-e" "RUSTDOCFLAGS=--cap-lints=warn" "-e" "CARGO_HOME=/opt/rustwide/cargo-home" "-e" "RUSTUP_HOME=/opt/rustwide/rustup-home" "-w" "/opt/rustwide/workdir" "-m" "1610612736" "--user" "0:0" "--network" "none" "ghcr.io/rust-lang/crates-build-env/linux@sha256:2788e3201cd34a07e3172128adcd8b3090168a8e3bcc40d7c032b9dda1df7d1c" "/opt/rustwide/cargo-home/bin/cargo" "+1.75.0" "test" "--frozen", kill_on_drop: false }`
[INFO] [stdout] 1bee233f105e621d1c7ea9f023910637f126c60075350b678e15efc4c92c340b
[INFO] running `Command { std: "docker" "start" "-a" "1bee233f105e621d1c7ea9f023910637f126c60075350b678e15efc4c92c340b", kill_on_drop: false }`
[INFO] [stderr] warning: unnecessary parentheses around type
[INFO] [stderr]     --> src/lib.rs:1130:28
[INFO] [stderr]      |
[INFO] [stderr] 1130 |     where O: Send, for<'a> (&'a T): Send {}
[INFO] [stderr]      |                            ^     ^
[INFO] [stderr]      |
[INFO] [stderr]      = note: `#[warn(unused_parens)]` on by default
[INFO] [stderr] help: remove these parentheses
[INFO] [stderr]      |
[INFO] [stderr] 1130 -     where O: Send, for<'a> (&'a T): Send {}
[INFO] [stderr] 1130 +     where O: Send, for<'a> &'a T: Send {}
[INFO] [stderr]      |
[INFO] [stderr] 
[INFO] [stderr] warning: unnecessary parentheses around type
[INFO] [stderr]     --> src/lib.rs:1132:28
[INFO] [stderr]      |
[INFO] [stderr] 1132 |     where O: Sync, for<'a> (&'a T): Sync {}
[INFO] [stderr]      |                            ^     ^
[INFO] [stderr]      |
[INFO] [stderr] help: remove these parentheses
[INFO] [stderr]      |
[INFO] [stderr] 1132 -     where O: Sync, for<'a> (&'a T): Sync {}
[INFO] [stderr] 1132 +     where O: Sync, for<'a> &'a T: Sync {}
[INFO] [stderr]      |
[INFO] [stderr] 
[INFO] [stderr] warning: unnecessary parentheses around type
[INFO] [stderr]     --> src/lib.rs:1135:28
[INFO] [stderr]      |
[INFO] [stderr] 1135 |     where O: Send, for<'a> (&'a mut T): Send {}
[INFO] [stderr]      |                            ^         ^
[INFO] [stderr]      |
[INFO] [stderr] help: remove these parentheses
[INFO] [stderr]      |
[INFO] [stderr] 1135 -     where O: Send, for<'a> (&'a mut T): Send {}
[INFO] [stderr] 1135 +     where O: Send, for<'a> &'a mut T: Send {}
[INFO] [stderr]      |
[INFO] [stderr] 
[INFO] [stderr] warning: unnecessary parentheses around type
[INFO] [stderr]     --> src/lib.rs:1137:28
[INFO] [stderr]      |
[INFO] [stderr] 1137 |     where O: Sync, for<'a> (&'a mut T): Sync {}
[INFO] [stderr]      |                            ^         ^
[INFO] [stderr]      |
[INFO] [stderr] help: remove these parentheses
[INFO] [stderr]      |
[INFO] [stderr] 1137 -     where O: Sync, for<'a> (&'a mut T): Sync {}
[INFO] [stderr] 1137 +     where O: Sync, for<'a> &'a mut T: Sync {}
[INFO] [stderr]      |
[INFO] [stderr] 
[INFO] [stderr] warning: `owning_ref_lockable` (lib) generated 4 warnings (run `cargo fix --lib -p owning_ref_lockable` to apply 4 suggestions)
[INFO] [stderr] warning: `owning_ref_lockable` (lib test) generated 4 warnings (4 duplicates)
[INFO] [stderr]     Finished test [unoptimized + debuginfo] target(s) in 0.02s
[INFO] [stderr]      Running unittests src/lib.rs (/opt/rustwide/target/debug/deps/owning_ref_lockable-3125bf97c436def0)
[INFO] [stdout] 
[INFO] [stdout] running 70 tests
[INFO] [stdout] test tests::owning_handle::owning_handle ... ok
[INFO] [stdout] test tests::owning_handle::owning_handle_safe_2_async ... ok
[INFO] [stdout] test tests::owning_handle::try_owning_handle_err ... ok
[INFO] [stdout] test tests::owning_handle::owning_handle_map ... ok
[INFO] [stdout] test tests::owning_handle::try_owning_handle_ok ... ok
[INFO] [stdout] test tests::owning_handle::owning_handle_safe ... ok
[INFO] [stdout] test tests::owning_handle::nested ... ok
[INFO] [stdout] test tests::owning_handle::owning_handle_async ... ok
[INFO] [stdout] test tests::owning_handle::owning_handle_mut_safe ... ok
[INFO] [stdout] test tests::owning_handle::owning_handle_safe_2 ... ok
[INFO] [stdout] test tests::owning_handle::try_owning_handle_err_async ... ok
[INFO] [stdout] test tests::owning_handle::try_owning_handle_ok_async ... ok
[INFO] [stdout] test tests::owning_handle::nested_async ... ok
[INFO] [stdout] test tests::owning_ref::as_owner ... ok
[INFO] [stdout] test tests::owning_ref::cmp ... ok
[INFO] [stdout] test tests::owning_ref::borrow ... ok
[INFO] [stdout] test tests::owning_ref::fmt_debug ... ok
[INFO] [stdout] test tests::owning_ref::non_static_erased_owner ... ok
[INFO] [stdout] test tests::owning_ref::raii_locks ... ok
[INFO] [stdout] test tests::owning_ref::total_erase ... ok
[INFO] [stdout] test tests::owning_ref::into ... ok
[INFO] [stdout] test tests::owning_ref::partial_cmp ... ok
[INFO] [stdout] test tests::owning_ref::map_chained_inference ... ok
[INFO] [stdout] test tests::owning_ref::total_erase_box ... ok
[INFO] [stdout] test tests::owning_ref::map_chained ... ok
[INFO] [stdout] test tests::owning_ref::map_heap_ref ... ok
[INFO] [stdout] test tests::owning_ref::map_with_owner ... ok
[INFO] [stdout] test tests::owning_ref::new_deref ... ok
[INFO] [stdout] test tests::owning_ref_mut::as_owner ... ok
[INFO] [stdout] test tests::owning_ref::try_map_with_owner_err ... ok
[INFO] [stdout] test tests::owning_ref::map_offset_ref ... ok
[INFO] [stdout] test tests::owning_ref::map_static_ref ... ok
[INFO] [stdout] test tests::owning_ref_mut::borrow ... ok
[INFO] [stdout] test tests::owning_ref::try_map2 ... ok
[INFO] [stdout] test tests::owning_ref_mut::eq ... ok
[INFO] [stdout] test tests::owning_ref_mut::hash ... ok
[INFO] [stdout] test tests::owning_ref::hash ... ok
[INFO] [stdout] test tests::owning_ref::erased_owner ... ok
[INFO] [stdout] test tests::owning_ref::eq ... ok
[INFO] [stdout] test tests::owning_ref::try_map1 ... ok
[INFO] [stdout] test tests::owning_ref::into_owner ... ok
[INFO] [stdout] test tests::owning_ref_mut::into ... ok
[INFO] [stdout] test tests::owning_ref_mut::cmp ... ok
[INFO] [stdout] test tests::owning_ref_mut::erased_owner ... ok
[INFO] [stdout] test tests::owning_ref_mut::fmt_debug ... ok
[INFO] [stdout] test tests::owning_ref_mut::into_owner ... ok
[INFO] [stdout] test tests::owning_ref::try_map_with_owner_ok ... ok
[INFO] [stdout] test tests::owning_ref_mut::into_owning_ref ... ok
[INFO] [stdout] test tests::owning_ref_mut::new_deref_mut ... ok
[INFO] [stdout] test tests::owning_ref_mut::non_static_erased_owner ... ok
[INFO] [stdout] test tests::owning_ref_mut::map_heap_ref ... ok
[INFO] [stdout] test tests::owning_ref_mut::map_mut_offset_ref ... ok
[INFO] [stdout] test tests::owning_ref_mut::mutate ... ok
[INFO] [stdout] test tests::owning_ref_mut::new_deref ... ok
[INFO] [stdout] test tests::owning_ref_mut::map_mut_heap_ref ... ok
[INFO] [stdout] test tests::owning_ref_mut::map_chained_inference ... ok
[INFO] [stdout] test tests::owning_ref_mut::map_static_ref ... ok
[INFO] [stdout] test tests::owning_ref_mut::map_mut_chained ... ok
[INFO] [stdout] test tests::owning_ref_mut::raii_locks ... ok
[INFO] [stdout] test tests::owning_ref_mut::partial_cmp ... ok
[INFO] [stdout] test tests::owning_ref_mut::map_offset_ref ... ok
[INFO] [stdout] test tests::owning_ref_mut::total_erase_box ... ok
[INFO] [stdout] test tests::owning_ref_mut::total_erase ... ok
[INFO] [stdout] test tests::owning_ref_mut::map_mut_static_ref ... ok
[INFO] [stdout] test tests::owning_ref_mut::ref_mut ... ok
[INFO] [stdout] test tests::owning_ref_mut::try_map2 ... ok
[INFO] [stdout] test tests::owning_ref_mut::try_map3 ... ok
[INFO] [stdout] test tests::owning_ref_mut::try_map4 ... ok
[INFO] [stdout] test tests::owning_ref_mut::try_map1 ... ok
[INFO] [stdout] test tests::owning_ref_mut::try_map_mut ... ok
[INFO] [stdout] 
[INFO] [stdout] test result: ok. 70 passed; 0 failed; 0 ignored; 0 measured; 0 filtered out; finished in 0.16s
[INFO] [stdout] 
[INFO] [stderr]    Doc-tests owning_ref_lockable
[INFO] [stderr] warning: unnecessary parentheses around type
[INFO] [stderr]     --> src/lib.rs:1130:28
[INFO] [stderr]      |
[INFO] [stderr] 1130 |     where O: Send, for<'a> (&'a T): Send {}
[INFO] [stderr]      |                            ^     ^
[INFO] [stderr]      |
[INFO] [stderr]      = note: `#[warn(unused_parens)]` on by default
[INFO] [stderr] help: remove these parentheses
[INFO] [stderr]      |
[INFO] [stderr] 1130 -     where O: Send, for<'a> (&'a T): Send {}
[INFO] [stderr] 1130 +     where O: Send, for<'a> &'a T: Send {}
[INFO] [stderr]      |
[INFO] [stderr] 
[INFO] [stderr] warning: unnecessary parentheses around type
[INFO] [stderr]     --> src/lib.rs:1132:28
[INFO] [stderr]      |
[INFO] [stderr] 1132 |     where O: Sync, for<'a> (&'a T): Sync {}
[INFO] [stderr]      |                            ^     ^
[INFO] [stderr]      |
[INFO] [stderr] help: remove these parentheses
[INFO] [stderr]      |
[INFO] [stderr] 1132 -     where O: Sync, for<'a> (&'a T): Sync {}
[INFO] [stderr] 1132 +     where O: Sync, for<'a> &'a T: Sync {}
[INFO] [stderr]      |
[INFO] [stderr] 
[INFO] [stderr] warning: unnecessary parentheses around type
[INFO] [stderr]     --> src/lib.rs:1135:28
[INFO] [stderr]      |
[INFO] [stderr] 1135 |     where O: Send, for<'a> (&'a mut T): Send {}
[INFO] [stderr]      |                            ^         ^
[INFO] [stderr]      |
[INFO] [stderr] help: remove these parentheses
[INFO] [stderr]      |
[INFO] [stderr] 1135 -     where O: Send, for<'a> (&'a mut T): Send {}
[INFO] [stderr] 1135 +     where O: Send, for<'a> &'a mut T: Send {}
[INFO] [stderr]      |
[INFO] [stderr] 
[INFO] [stderr] warning: unnecessary parentheses around type
[INFO] [stderr]     --> src/lib.rs:1137:28
[INFO] [stderr]      |
[INFO] [stderr] 1137 |     where O: Sync, for<'a> (&'a mut T): Sync {}
[INFO] [stderr]      |                            ^         ^
[INFO] [stderr]      |
[INFO] [stderr] help: remove these parentheses
[INFO] [stderr]      |
[INFO] [stderr] 1137 -     where O: Sync, for<'a> (&'a mut T): Sync {}
[INFO] [stderr] 1137 +     where O: Sync, for<'a> &'a mut T: Sync {}
[INFO] [stderr]      |
[INFO] [stderr] 
[INFO] [stderr] warning: 4 warnings emitted
[INFO] [stderr] 
[INFO] [stdout] 
[INFO] [stdout] running 22 tests
[INFO] [stdout] test src/lib.rs - (line 12) ... ignored
[INFO] [stdout] test src/lib.rs - (line 106) ... FAILED
[INFO] [stdout] test src/lib.rs - (line 118) ... FAILED
[INFO] [stdout] test src/lib.rs - (line 27) ... FAILED
[INFO] [stdout] test src/lib.rs - (line 188) ... FAILED
[INFO] [stdout] test src/lib.rs - OwningRefMut<O,T>::erase_owner (line 739) ... FAILED
[INFO] [stdout] test src/lib.rs - (line 56) ... FAILED
[INFO] [stdout] test src/lib.rs - (line 219) ... FAILED
[INFO] [stdout] test src/lib.rs - (line 155) ... FAILED
[INFO] [stdout] test src/lib.rs - OwningRef<O,T>::try_map_with_owner (line 436) ... FAILED
[INFO] [stdout] test src/lib.rs - OwningRef<O,T>::map (line 342) ... FAILED
[INFO] [stdout] test src/lib.rs - (line 132) ... FAILED
[INFO] [stdout] test src/lib.rs - (line 78) ... FAILED
[INFO] [stdout] test src/lib.rs - OwningRef<O,T>::try_map (line 404) ... FAILED
[INFO] [stdout] test src/lib.rs - OwningRef<O,T>::new (line 302) ... FAILED
[INFO] [stdout] test src/lib.rs - OwningRef<O,T>::map_with_owner (line 372) ... FAILED
[INFO] [stdout] test src/lib.rs - OwningRefMut<O,T>::map (line 589) ... FAILED
[INFO] [stdout] test src/lib.rs - OwningRefMut<O,T>::map_mut (line 619) ... FAILED
[INFO] [stdout] test src/lib.rs - OwningRefMut<O,T>::new (line 549) ... FAILED
[INFO] [stdout] test src/lib.rs - OwningRefMut<O,T>::try_map (line 649) ... FAILED
[INFO] [stdout] test src/lib.rs - OwningRefMut<O,T>::try_map_mut (line 681) ... FAILED
[INFO] [stdout] test src/lib.rs - OwningRef<O,T>::erase_owner (line 495) ... FAILED
[INFO] [stdout] 
[INFO] [stdout] failures:
[INFO] [stdout] 
[INFO] [stdout] ---- src/lib.rs - (line 106) stdout ----
[INFO] [stdout] error[E0463]: can't find crate for `owning_ref`
[INFO] [stdout]  --> src/lib.rs:107:1
[INFO] [stdout]   |
[INFO] [stdout] 2 | extern crate owning_ref;
[INFO] [stdout]   | ^^^^^^^^^^^^^^^^^^^^^^^^ can't find crate
[INFO] [stdout] 
[INFO] [stdout] error: aborting due to previous error
[INFO] [stdout] 
[INFO] [stdout] For more information about this error, try `rustc --explain E0463`.
[INFO] [stdout] Couldn't compile the test.
[INFO] [stdout] ---- src/lib.rs - (line 118) stdout ----
[INFO] [stdout] error[E0463]: can't find crate for `owning_ref`
[INFO] [stdout]  --> src/lib.rs:119:1
[INFO] [stdout]   |
[INFO] [stdout] 2 | extern crate owning_ref;
[INFO] [stdout]   | ^^^^^^^^^^^^^^^^^^^^^^^^ can't find crate
[INFO] [stdout] 
[INFO] [stdout] error: aborting due to previous error
[INFO] [stdout] 
[INFO] [stdout] For more information about this error, try `rustc --explain E0463`.
[INFO] [stdout] Couldn't compile the test.
[INFO] [stdout] ---- src/lib.rs - (line 27) stdout ----
[INFO] [stdout] error[E0463]: can't find crate for `owning_ref`
[INFO] [stdout]  --> src/lib.rs:28:1
[INFO] [stdout]   |
[INFO] [stdout] 2 | extern crate owning_ref;
[INFO] [stdout]   | ^^^^^^^^^^^^^^^^^^^^^^^^ can't find crate
[INFO] [stdout] 
[INFO] [stdout] error: aborting due to previous error
[INFO] [stdout] 
[INFO] [stdout] For more information about this error, try `rustc --explain E0463`.
[INFO] [stdout] Couldn't compile the test.
[INFO] [stdout] ---- src/lib.rs - (line 188) stdout ----
[INFO] [stdout] error[E0463]: can't find crate for `owning_ref`
[INFO] [stdout]  --> src/lib.rs:189:1
[INFO] [stdout]   |
[INFO] [stdout] 2 | extern crate owning_ref;
[INFO] [stdout]   | ^^^^^^^^^^^^^^^^^^^^^^^^ can't find crate
[INFO] [stdout] 
[INFO] [stdout] error: aborting due to previous error
[INFO] [stdout] 
[INFO] [stdout] For more information about this error, try `rustc --explain E0463`.
[INFO] [stdout] Couldn't compile the test.
[INFO] [stdout] ---- src/lib.rs - OwningRefMut<O,T>::erase_owner (line 739) stdout ----
[INFO] [stdout] error[E0463]: can't find crate for `owning_ref`
[INFO] [stdout]  --> src/lib.rs:740:1
[INFO] [stdout]   |
[INFO] [stdout] 2 | extern crate owning_ref;
[INFO] [stdout]   | ^^^^^^^^^^^^^^^^^^^^^^^^ can't find crate
[INFO] [stdout] 
[INFO] [stdout] error: aborting due to previous error
[INFO] [stdout] 
[INFO] [stdout] For more information about this error, try `rustc --explain E0463`.
[INFO] [stdout] Couldn't compile the test.
[INFO] [stdout] ---- src/lib.rs - (line 56) stdout ----
[INFO] [stdout] error[E0463]: can't find crate for `owning_ref`
[INFO] [stdout]  --> src/lib.rs:57:1
[INFO] [stdout]   |
[INFO] [stdout] 2 | extern crate owning_ref;
[INFO] [stdout]   | ^^^^^^^^^^^^^^^^^^^^^^^^ can't find crate
[INFO] [stdout] 
[INFO] [stdout] error: aborting due to previous error
[INFO] [stdout] 
[INFO] [stdout] For more information about this error, try `rustc --explain E0463`.
[INFO] [stdout] Couldn't compile the test.
[INFO] [stdout] ---- src/lib.rs - (line 219) stdout ----
[INFO] [stdout] error[E0463]: can't find crate for `owning_ref`
[INFO] [stdout]  --> src/lib.rs:220:1
[INFO] [stdout]   |
[INFO] [stdout] 2 | extern crate owning_ref;
[INFO] [stdout]   | ^^^^^^^^^^^^^^^^^^^^^^^^ can't find crate
[INFO] [stdout] 
[INFO] [stdout] error: aborting due to previous error
[INFO] [stdout] 
[INFO] [stdout] For more information about this error, try `rustc --explain E0463`.
[INFO] [stdout] Couldn't compile the test.
[INFO] [stdout] ---- src/lib.rs - (line 155) stdout ----
[INFO] [stdout] error[E0463]: can't find crate for `owning_ref`
[INFO] [stdout]  --> src/lib.rs:156:1
[INFO] [stdout]   |
[INFO] [stdout] 2 | extern crate owning_ref;
[INFO] [stdout]   | ^^^^^^^^^^^^^^^^^^^^^^^^ can't find crate
[INFO] [stdout] 
[INFO] [stdout] error: aborting due to previous error
[INFO] [stdout] 
[INFO] [stdout] For more information about this error, try `rustc --explain E0463`.
[INFO] [stdout] Couldn't compile the test.
[INFO] [stdout] ---- src/lib.rs - OwningRef<O,T>::try_map_with_owner (line 436) stdout ----
[INFO] [stdout] error[E0463]: can't find crate for `owning_ref`
[INFO] [stdout]  --> src/lib.rs:437:1
[INFO] [stdout]   |
[INFO] [stdout] 2 | extern crate owning_ref;
[INFO] [stdout]   | ^^^^^^^^^^^^^^^^^^^^^^^^ can't find crate
[INFO] [stdout] 
[INFO] [stdout] error: aborting due to previous error
[INFO] [stdout] 
[INFO] [stdout] For more information about this error, try `rustc --explain E0463`.
[INFO] [stdout] Couldn't compile the test.
[INFO] [stdout] ---- src/lib.rs - OwningRef<O,T>::map (line 342) stdout ----
[INFO] [stdout] error[E0463]: can't find crate for `owning_ref`
[INFO] [stdout]  --> src/lib.rs:343:1
[INFO] [stdout]   |
[INFO] [stdout] 2 | extern crate owning_ref;
[INFO] [stdout]   | ^^^^^^^^^^^^^^^^^^^^^^^^ can't find crate
[INFO] [stdout] 
[INFO] [stdout] error: aborting due to previous error
[INFO] [stdout] 
[INFO] [stdout] For more information about this error, try `rustc --explain E0463`.
[INFO] [stdout] Couldn't compile the test.
[INFO] [stdout] ---- src/lib.rs - (line 132) stdout ----
[INFO] [stdout] error[E0463]: can't find crate for `owning_ref`
[INFO] [stdout]  --> src/lib.rs:133:1
[INFO] [stdout]   |
[INFO] [stdout] 2 | extern crate owning_ref;
[INFO] [stdout]   | ^^^^^^^^^^^^^^^^^^^^^^^^ can't find crate
[INFO] [stdout] 
[INFO] [stdout] error: aborting due to previous error
[INFO] [stdout] 
[INFO] [stdout] For more information about this error, try `rustc --explain E0463`.
[INFO] [stdout] Couldn't compile the test.
[INFO] [stdout] ---- src/lib.rs - (line 78) stdout ----
[INFO] [stdout] error[E0463]: can't find crate for `owning_ref`
[INFO] [stdout]  --> src/lib.rs:79:1
[INFO] [stdout]   |
[INFO] [stdout] 2 | extern crate owning_ref;
[INFO] [stdout]   | ^^^^^^^^^^^^^^^^^^^^^^^^ can't find crate
[INFO] [stdout] 
[INFO] [stdout] error: aborting due to previous error
[INFO] [stdout] 
[INFO] [stdout] For more information about this error, try `rustc --explain E0463`.
[INFO] [stdout] Couldn't compile the test.
[INFO] [stdout] ---- src/lib.rs - OwningRef<O,T>::try_map (line 404) stdout ----
[INFO] [stdout] error[E0463]: can't find crate for `owning_ref`
[INFO] [stdout]  --> src/lib.rs:405:1
[INFO] [stdout]   |
[INFO] [stdout] 2 | extern crate owning_ref;
[INFO] [stdout]   | ^^^^^^^^^^^^^^^^^^^^^^^^ can't find crate
[INFO] [stdout] 
[INFO] [stdout] error: aborting due to previous error
[INFO] [stdout] 
[INFO] [stdout] For more information about this error, try `rustc --explain E0463`.
[INFO] [stdout] Couldn't compile the test.
[INFO] [stdout] ---- src/lib.rs - OwningRef<O,T>::new (line 302) stdout ----
[INFO] [stdout] error[E0463]: can't find crate for `owning_ref`
[INFO] [stdout]  --> src/lib.rs:303:1
[INFO] [stdout]   |
[INFO] [stdout] 2 | extern crate owning_ref;
[INFO] [stdout]   | ^^^^^^^^^^^^^^^^^^^^^^^^ can't find crate
[INFO] [stdout] 
[INFO] [stdout] error: aborting due to previous error
[INFO] [stdout] 
[INFO] [stdout] For more information about this error, try `rustc --explain E0463`.
[INFO] [stdout] Couldn't compile the test.
[INFO] [stdout] ---- src/lib.rs - OwningRef<O,T>::map_with_owner (line 372) stdout ----
[INFO] [stdout] error[E0463]: can't find crate for `owning_ref`
[INFO] [stdout]  --> src/lib.rs:373:1
[INFO] [stdout]   |
[INFO] [stdout] 2 | extern crate owning_ref;
[INFO] [stdout]   | ^^^^^^^^^^^^^^^^^^^^^^^^ can't find crate
[INFO] [stdout] 
[INFO] [stdout] error: aborting due to previous error
[INFO] [stdout] 
[INFO] [stdout] For more information about this error, try `rustc --explain E0463`.
[INFO] [stdout] Couldn't compile the test.
[INFO] [stdout] ---- src/lib.rs - OwningRefMut<O,T>::map (line 589) stdout ----
[INFO] [stdout] error[E0463]: can't find crate for `owning_ref`
[INFO] [stdout]  --> src/lib.rs:590:1
[INFO] [stdout]   |
[INFO] [stdout] 2 | extern crate owning_ref;
[INFO] [stdout]   | ^^^^^^^^^^^^^^^^^^^^^^^^ can't find crate
[INFO] [stdout] 
[INFO] [stdout] error: aborting due to previous error
[INFO] [stdout] 
[INFO] [stdout] For more information about this error, try `rustc --explain E0463`.
[INFO] [stdout] Couldn't compile the test.
[INFO] [stdout] ---- src/lib.rs - OwningRefMut<O,T>::map_mut (line 619) stdout ----
[INFO] [stdout] error[E0463]: can't find crate for `owning_ref`
[INFO] [stdout]  --> src/lib.rs:620:1
[INFO] [stdout]   |
[INFO] [stdout] 2 | extern crate owning_ref;
[INFO] [stdout]   | ^^^^^^^^^^^^^^^^^^^^^^^^ can't find crate
[INFO] [stdout] 
[INFO] [stdout] error: aborting due to previous error
[INFO] [stdout] 
[INFO] [stdout] For more information about this error, try `rustc --explain E0463`.
[INFO] [stdout] Couldn't compile the test.
[INFO] [stdout] ---- src/lib.rs - OwningRefMut<O,T>::new (line 549) stdout ----
[INFO] [stdout] error[E0463]: can't find crate for `owning_ref`
[INFO] [stdout]  --> src/lib.rs:550:1
[INFO] [stdout]   |
[INFO] [stdout] 2 | extern crate owning_ref;
[INFO] [stdout]   | ^^^^^^^^^^^^^^^^^^^^^^^^ can't find crate
[INFO] [stdout] 
[INFO] [stdout] error: aborting due to previous error
[INFO] [stdout] 
[INFO] [stdout] For more information about this error, try `rustc --explain E0463`.
[INFO] [stdout] Couldn't compile the test.
[INFO] [stdout] ---- src/lib.rs - OwningRefMut<O,T>::try_map (line 649) stdout ----
[INFO] [stdout] error[E0463]: can't find crate for `owning_ref`
[INFO] [stdout]  --> src/lib.rs:650:1
[INFO] [stdout]   |
[INFO] [stdout] 2 | extern crate owning_ref;
[INFO] [stdout]   | ^^^^^^^^^^^^^^^^^^^^^^^^ can't find crate
[INFO] [stdout] 
[INFO] [stdout] error: aborting due to previous error
[INFO] [stdout] 
[INFO] [stdout] For more information about this error, try `rustc --explain E0463`.
[INFO] [stdout] Couldn't compile the test.
[INFO] [stdout] ---- src/lib.rs - OwningRefMut<O,T>::try_map_mut (line 681) stdout ----
[INFO] [stdout] error[E0463]: can't find crate for `owning_ref`
[INFO] [stdout]  --> src/lib.rs:682:1
[INFO] [stdout]   |
[INFO] [stdout] 2 | extern crate owning_ref;
[INFO] [stdout]   | ^^^^^^^^^^^^^^^^^^^^^^^^ can't find crate
[INFO] [stdout] 
[INFO] [stdout] error: aborting due to previous error
[INFO] [stdout] 
[INFO] [stdout] For more information about this error, try `rustc --explain E0463`.
[INFO] [stdout] Couldn't compile the test.
[INFO] [stdout] ---- src/lib.rs - OwningRef<O,T>::erase_owner (line 495) stdout ----
[INFO] [stdout] error[E0463]: can't find crate for `owning_ref`
[INFO] [stdout]  --> src/lib.rs:496:1
[INFO] [stdout]   |
[INFO] [stdout] 2 | extern crate owning_ref;
[INFO] [stdout]   | ^^^^^^^^^^^^^^^^^^^^^^^^ can't find crate
[INFO] [stdout] 
[INFO] [stdout] error: aborting due to previous error
[INFO] [stdout] 
[INFO] [stdout] For more information about this error, try `rustc --explain E0463`.
[INFO] [stdout] Couldn't compile the test.
[INFO] [stdout] 
[INFO] [stdout] failures:
[INFO] [stdout]     src/lib.rs - (line 106)
[INFO] [stdout]     src/lib.rs - (line 118)
[INFO] [stdout]     src/lib.rs - (line 132)
[INFO] [stdout]     src/lib.rs - (line 155)
[INFO] [stdout]     src/lib.rs - (line 188)
[INFO] [stdout]     src/lib.rs - (line 219)
[INFO] [stdout]     src/lib.rs - (line 27)
[INFO] [stdout]     src/lib.rs - (line 56)
[INFO] [stdout]     src/lib.rs - (line 78)
[INFO] [stdout]     src/lib.rs - OwningRef<O,T>::erase_owner (line 495)
[INFO] [stdout]     src/lib.rs - OwningRef<O,T>::map (line 342)
[INFO] [stdout]     src/lib.rs - OwningRef<O,T>::map_with_owner (line 372)
[INFO] [stdout]     src/lib.rs - OwningRef<O,T>::new (line 302)
[INFO] [stdout]     src/lib.rs - OwningRef<O,T>::try_map (line 404)
[INFO] [stdout]     src/lib.rs - OwningRef<O,T>::try_map_with_owner (line 436)
[INFO] [stdout]     src/lib.rs - OwningRefMut<O,T>::erase_owner (line 739)
[INFO] [stdout]     src/lib.rs - OwningRefMut<O,T>::map (line 589)
[INFO] [stdout]     src/lib.rs - OwningRefMut<O,T>::map_mut (line 619)
[INFO] [stdout]     src/lib.rs - OwningRefMut<O,T>::new (line 549)
[INFO] [stdout]     src/lib.rs - OwningRefMut<O,T>::try_map (line 649)
[INFO] [stdout]     src/lib.rs - OwningRefMut<O,T>::try_map_mut (line 681)
[INFO] [stdout] 
[INFO] [stdout] test result: FAILED. 0 passed; 21 failed; 1 ignored; 0 measured; 0 filtered out; finished in 0.26s
[INFO] [stdout] 
[INFO] [stderr] error: doctest failed, to rerun pass `--doc`
[INFO] running `Command { std: "docker" "inspect" "1bee233f105e621d1c7ea9f023910637f126c60075350b678e15efc4c92c340b", kill_on_drop: false }`
[INFO] running `Command { std: "docker" "rm" "-f" "1bee233f105e621d1c7ea9f023910637f126c60075350b678e15efc4c92c340b", kill_on_drop: false }`
[INFO] [stdout] 1bee233f105e621d1c7ea9f023910637f126c60075350b678e15efc4c92c340b
[INFO] testing owning_ref_lockable-0.4.2 against beta-2023-12-22 for beta-1.76-1
[INFO] extracting crate owning_ref_lockable 0.4.2 into /workspace/builds/worker-0-tc2/source
[INFO] validating manifest of crates.io crate owning_ref_lockable 0.4.2 on toolchain beta-2023-12-22
[INFO] running `Command { std: CARGO_HOME="/workspace/cargo-home" RUSTUP_HOME="/workspace/rustup-home" "/workspace/cargo-home/bin/cargo" "+beta-2023-12-22" "metadata" "--manifest-path" "Cargo.toml" "--no-deps", kill_on_drop: false }`
[INFO] started tweaking crates.io crate owning_ref_lockable 0.4.2
[INFO] finished tweaking crates.io crate owning_ref_lockable 0.4.2
[INFO] tweaked toml for crates.io crate owning_ref_lockable 0.4.2 written to /workspace/builds/worker-0-tc2/source/Cargo.toml
[INFO] running `Command { std: CARGO_HOME="/workspace/cargo-home" RUSTUP_HOME="/workspace/rustup-home" "/workspace/cargo-home/bin/cargo" "+beta-2023-12-22" "generate-lockfile" "--manifest-path" "Cargo.toml", kill_on_drop: false }`
[INFO] [stderr]     Updating crates.io index
[INFO] running `Command { std: CARGO_HOME="/workspace/cargo-home" RUSTUP_HOME="/workspace/rustup-home" "/workspace/cargo-home/bin/cargo" "+beta-2023-12-22" "fetch" "--manifest-path" "Cargo.toml", kill_on_drop: false }`
[INFO] running `Command { std: "docker" "create" "-v" "/var/lib/crater-agent-workspace/builds/worker-0-tc2/target:/opt/rustwide/target:rw,Z" "-v" "/var/lib/crater-agent-workspace/builds/worker-0-tc2/source:/opt/rustwide/workdir:ro,Z" "-v" "/var/lib/crater-agent-workspace/cargo-home:/opt/rustwide/cargo-home:ro,Z" "-v" "/var/lib/crater-agent-workspace/rustup-home:/opt/rustwide/rustup-home:ro,Z" "-e" "SOURCE_DIR=/opt/rustwide/workdir" "-e" "CARGO_TARGET_DIR=/opt/rustwide/target" "-e" "CARGO_HOME=/opt/rustwide/cargo-home" "-e" "RUSTUP_HOME=/opt/rustwide/rustup-home" "-w" "/opt/rustwide/workdir" "-m" "1610612736" "--user" "0:0" "--network" "none" "ghcr.io/rust-lang/crates-build-env/linux@sha256:2788e3201cd34a07e3172128adcd8b3090168a8e3bcc40d7c032b9dda1df7d1c" "/opt/rustwide/cargo-home/bin/cargo" "+beta-2023-12-22" "metadata" "--no-deps" "--format-version=1", kill_on_drop: false }`
[INFO] [stdout] 0f4d6b3d53c457247eae3ac7c194685312bf13d39cf5b50c9eb6ed9a4cbdf88e
[INFO] running `Command { std: "docker" "start" "-a" "0f4d6b3d53c457247eae3ac7c194685312bf13d39cf5b50c9eb6ed9a4cbdf88e", kill_on_drop: false }`
[INFO] running `Command { std: "docker" "inspect" "0f4d6b3d53c457247eae3ac7c194685312bf13d39cf5b50c9eb6ed9a4cbdf88e", kill_on_drop: false }`
[INFO] running `Command { std: "docker" "rm" "-f" "0f4d6b3d53c457247eae3ac7c194685312bf13d39cf5b50c9eb6ed9a4cbdf88e", kill_on_drop: false }`
[INFO] [stdout] 0f4d6b3d53c457247eae3ac7c194685312bf13d39cf5b50c9eb6ed9a4cbdf88e
[INFO] running `Command { std: "docker" "create" "-v" "/var/lib/crater-agent-workspace/builds/worker-0-tc2/target:/opt/rustwide/target:rw,Z" "-v" "/var/lib/crater-agent-workspace/builds/worker-0-tc2/source:/opt/rustwide/workdir:ro,Z" "-v" "/var/lib/crater-agent-workspace/cargo-home:/opt/rustwide/cargo-home:ro,Z" "-v" "/var/lib/crater-agent-workspace/rustup-home:/opt/rustwide/rustup-home:ro,Z" "-e" "SOURCE_DIR=/opt/rustwide/workdir" "-e" "CARGO_TARGET_DIR=/opt/rustwide/target" "-e" "CARGO_INCREMENTAL=0" "-e" "RUST_BACKTRACE=full" "-e" "RUSTFLAGS=--cap-lints=warn" "-e" "RUSTDOCFLAGS=--cap-lints=warn" "-e" "CARGO_HOME=/opt/rustwide/cargo-home" "-e" "RUSTUP_HOME=/opt/rustwide/rustup-home" "-w" "/opt/rustwide/workdir" "-m" "1610612736" "--user" "0:0" "--network" "none" "ghcr.io/rust-lang/crates-build-env/linux@sha256:2788e3201cd34a07e3172128adcd8b3090168a8e3bcc40d7c032b9dda1df7d1c" "/opt/rustwide/cargo-home/bin/cargo" "+beta-2023-12-22" "build" "--frozen" "--message-format=json", kill_on_drop: false }`
[INFO] [stdout] 670a45c3bc3737221113011662028adedec9791f0caae1986b7b671814aca8ec
[INFO] running `Command { std: "docker" "start" "-a" "670a45c3bc3737221113011662028adedec9791f0caae1986b7b671814aca8ec", kill_on_drop: false }`
[INFO] [stderr]    Compiling stable_deref_trait v1.2.0
[INFO] [stderr]    Compiling owning_ref_lockable v0.4.2 (/opt/rustwide/workdir)
[INFO] [stdout] warning: unnecessary parentheses around type
[INFO] [stdout]     --> src/lib.rs:1130:28
[INFO] [stdout]      |
[INFO] [stdout] 1130 |     where O: Send, for<'a> (&'a T): Send {}
[INFO] [stdout]      |                            ^     ^
[INFO] [stdout]      |
[INFO] [stdout]      = note: `#[warn(unused_parens)]` on by default
[INFO] [stdout] help: remove these parentheses
[INFO] [stdout]      |
[INFO] [stdout] 1130 -     where O: Send, for<'a> (&'a T): Send {}
[INFO] [stdout] 1130 +     where O: Send, for<'a> &'a T: Send {}
[INFO] [stdout]      |
[INFO] [stdout] 
[INFO] [stdout] 
[INFO] [stdout] warning: unnecessary parentheses around type
[INFO] [stdout]     --> src/lib.rs:1132:28
[INFO] [stdout]      |
[INFO] [stdout] 1132 |     where O: Sync, for<'a> (&'a T): Sync {}
[INFO] [stdout]      |                            ^     ^
[INFO] [stdout]      |
[INFO] [stdout] help: remove these parentheses
[INFO] [stdout]      |
[INFO] [stdout] 1132 -     where O: Sync, for<'a> (&'a T): Sync {}
[INFO] [stdout] 1132 +     where O: Sync, for<'a> &'a T: Sync {}
[INFO] [stdout]      |
[INFO] [stdout] 
[INFO] [stdout] 
[INFO] [stdout] warning: unnecessary parentheses around type
[INFO] [stdout]     --> src/lib.rs:1135:28
[INFO] [stdout]      |
[INFO] [stdout] 1135 |     where O: Send, for<'a> (&'a mut T): Send {}
[INFO] [stdout]      |                            ^         ^
[INFO] [stdout]      |
[INFO] [stdout] help: remove these parentheses
[INFO] [stdout]      |
[INFO] [stdout] 1135 -     where O: Send, for<'a> (&'a mut T): Send {}
[INFO] [stdout] 1135 +     where O: Send, for<'a> &'a mut T: Send {}
[INFO] [stdout]      |
[INFO] [stdout] 
[INFO] [stdout] 
[INFO] [stdout] warning: unnecessary parentheses around type
[INFO] [stdout]     --> src/lib.rs:1137:28
[INFO] [stdout]      |
[INFO] [stdout] 1137 |     where O: Sync, for<'a> (&'a mut T): Sync {}
[INFO] [stdout]      |                            ^         ^
[INFO] [stdout]      |
[INFO] [stdout] help: remove these parentheses
[INFO] [stdout]      |
[INFO] [stdout] 1137 -     where O: Sync, for<'a> (&'a mut T): Sync {}
[INFO] [stdout] 1137 +     where O: Sync, for<'a> &'a mut T: Sync {}
[INFO] [stdout]      |
[INFO] [stdout] 
[INFO] [stdout] 
[INFO] [stdout] warning: 4 warnings emitted
[INFO] [stdout] 
[INFO] [stdout] 
[INFO] [stderr]     Finished dev [unoptimized + debuginfo] target(s) in 0.25s
[INFO] running `Command { std: "docker" "inspect" "670a45c3bc3737221113011662028adedec9791f0caae1986b7b671814aca8ec", kill_on_drop: false }`
[INFO] running `Command { std: "docker" "rm" "-f" "670a45c3bc3737221113011662028adedec9791f0caae1986b7b671814aca8ec", kill_on_drop: false }`
[INFO] [stdout] 670a45c3bc3737221113011662028adedec9791f0caae1986b7b671814aca8ec
[INFO] running `Command { std: "docker" "create" "-v" "/var/lib/crater-agent-workspace/builds/worker-0-tc2/target:/opt/rustwide/target:rw,Z" "-v" "/var/lib/crater-agent-workspace/builds/worker-0-tc2/source:/opt/rustwide/workdir:ro,Z" "-v" "/var/lib/crater-agent-workspace/cargo-home:/opt/rustwide/cargo-home:ro,Z" "-v" "/var/lib/crater-agent-workspace/rustup-home:/opt/rustwide/rustup-home:ro,Z" "-e" "SOURCE_DIR=/opt/rustwide/workdir" "-e" "CARGO_TARGET_DIR=/opt/rustwide/target" "-e" "CARGO_INCREMENTAL=0" "-e" "RUST_BACKTRACE=full" "-e" "RUSTFLAGS=--cap-lints=warn" "-e" "RUSTDOCFLAGS=--cap-lints=warn" "-e" "CARGO_HOME=/opt/rustwide/cargo-home" "-e" "RUSTUP_HOME=/opt/rustwide/rustup-home" "-w" "/opt/rustwide/workdir" "-m" "1610612736" "--user" "0:0" "--network" "none" "ghcr.io/rust-lang/crates-build-env/linux@sha256:2788e3201cd34a07e3172128adcd8b3090168a8e3bcc40d7c032b9dda1df7d1c" "/opt/rustwide/cargo-home/bin/cargo" "+beta-2023-12-22" "test" "--frozen" "--no-run" "--message-format=json", kill_on_drop: false }`
[INFO] [stdout] 9c3fc8540752dd52d758b57537b30c51883cdfc3eb95c28508deaf51762228d4
[INFO] running `Command { std: "docker" "start" "-a" "9c3fc8540752dd52d758b57537b30c51883cdfc3eb95c28508deaf51762228d4", kill_on_drop: false }`
[INFO] [stderr]    Compiling syn v2.0.48
[INFO] [stdout] warning: unnecessary parentheses around type
[INFO] [stdout]     --> src/lib.rs:1130:28
[INFO] [stdout]      |
[INFO] [stdout] 1130 |     where O: Send, for<'a> (&'a T): Send {}
[INFO] [stdout]      |                            ^     ^
[INFO] [stdout]      |
[INFO] [stdout]      = note: `#[warn(unused_parens)]` on by default
[INFO] [stdout] help: remove these parentheses
[INFO] [stdout]      |
[INFO] [stdout] 1130 -     where O: Send, for<'a> (&'a T): Send {}
[INFO] [stdout] 1130 +     where O: Send, for<'a> &'a T: Send {}
[INFO] [stdout]      |
[INFO] [stdout] 
[INFO] [stdout] 
[INFO] [stdout] warning: unnecessary parentheses around type
[INFO] [stdout]     --> src/lib.rs:1132:28
[INFO] [stdout]      |
[INFO] [stdout] 1132 |     where O: Sync, for<'a> (&'a T): Sync {}
[INFO] [stdout]      |                            ^     ^
[INFO] [stdout]      |
[INFO] [stdout] help: remove these parentheses
[INFO] [stdout]      |
[INFO] [stdout] 1132 -     where O: Sync, for<'a> (&'a T): Sync {}
[INFO] [stdout] 1132 +     where O: Sync, for<'a> &'a T: Sync {}
[INFO] [stdout]      |
[INFO] [stdout] 
[INFO] [stdout] 
[INFO] [stdout] warning: unnecessary parentheses around type
[INFO] [stdout]     --> src/lib.rs:1135:28
[INFO] [stdout]      |
[INFO] [stdout] 1135 |     where O: Send, for<'a> (&'a mut T): Send {}
[INFO] [stdout]      |                            ^         ^
[INFO] [stdout]      |
[INFO] [stdout] help: remove these parentheses
[INFO] [stdout]      |
[INFO] [stdout] 1135 -     where O: Send, for<'a> (&'a mut T): Send {}
[INFO] [stdout] 1135 +     where O: Send, for<'a> &'a mut T: Send {}
[INFO] [stdout]      |
[INFO] [stdout] 
[INFO] [stdout] 
[INFO] [stdout] warning: unnecessary parentheses around type
[INFO] [stdout]     --> src/lib.rs:1137:28
[INFO] [stdout]      |
[INFO] [stdout] 1137 |     where O: Sync, for<'a> (&'a mut T): Sync {}
[INFO] [stdout]      |                            ^         ^
[INFO] [stdout]      |
[INFO] [stdout] help: remove these parentheses
[INFO] [stdout]      |
[INFO] [stdout] 1137 -     where O: Sync, for<'a> (&'a mut T): Sync {}
[INFO] [stdout] 1137 +     where O: Sync, for<'a> &'a mut T: Sync {}
[INFO] [stdout]      |
[INFO] [stdout] 
[INFO] [stdout] 
[INFO] [stdout] warning: 4 warnings emitted
[INFO] [stdout] 
[INFO] [stdout] 
[INFO] [stderr]    Compiling tokio-macros v2.2.0
[INFO] [stderr]    Compiling tokio v1.35.1
[INFO] [stderr]    Compiling owning_ref_lockable v0.4.2 (/opt/rustwide/workdir)
[INFO] [stdout] warning: unnecessary parentheses around type
[INFO] [stdout]     --> src/lib.rs:1130:28
[INFO] [stdout]      |
[INFO] [stdout] 1130 |     where O: Send, for<'a> (&'a T): Send {}
[INFO] [stdout]      |                            ^     ^
[INFO] [stdout]      |
[INFO] [stdout]      = note: `#[warn(unused_parens)]` on by default
[INFO] [stdout] help: remove these parentheses
[INFO] [stdout]      |
[INFO] [stdout] 1130 -     where O: Send, for<'a> (&'a T): Send {}
[INFO] [stdout] 1130 +     where O: Send, for<'a> &'a T: Send {}
[INFO] [stdout]      |
[INFO] [stdout] 
[INFO] [stdout] 
[INFO] [stdout] warning: unnecessary parentheses around type
[INFO] [stdout]     --> src/lib.rs:1132:28
[INFO] [stdout]      |
[INFO] [stdout] 1132 |     where O: Sync, for<'a> (&'a T): Sync {}
[INFO] [stdout]      |                            ^     ^
[INFO] [stdout]      |
[INFO] [stdout] help: remove these parentheses
[INFO] [stdout]      |
[INFO] [stdout] 1132 -     where O: Sync, for<'a> (&'a T): Sync {}
[INFO] [stdout] 1132 +     where O: Sync, for<'a> &'a T: Sync {}
[INFO] [stdout]      |
[INFO] [stdout] 
[INFO] [stdout] 
[INFO] [stdout] warning: unnecessary parentheses around type
[INFO] [stdout]     --> src/lib.rs:1135:28
[INFO] [stdout]      |
[INFO] [stdout] 1135 |     where O: Send, for<'a> (&'a mut T): Send {}
[INFO] [stdout]      |                            ^         ^
[INFO] [stdout]      |
[INFO] [stdout] help: remove these parentheses
[INFO] [stdout]      |
[INFO] [stdout] 1135 -     where O: Send, for<'a> (&'a mut T): Send {}
[INFO] [stdout] 1135 +     where O: Send, for<'a> &'a mut T: Send {}
[INFO] [stdout]      |
[INFO] [stdout] 
[INFO] [stdout] 
[INFO] [stdout] warning: unnecessary parentheses around type
[INFO] [stdout]     --> src/lib.rs:1137:28
[INFO] [stdout]      |
[INFO] [stdout] 1137 |     where O: Sync, for<'a> (&'a mut T): Sync {}
[INFO] [stdout]      |                            ^         ^
[INFO] [stdout]      |
[INFO] [stdout] help: remove these parentheses
[INFO] [stdout]      |
[INFO] [stdout] 1137 -     where O: Sync, for<'a> (&'a mut T): Sync {}
[INFO] [stdout] 1137 +     where O: Sync, for<'a> &'a mut T: Sync {}
[INFO] [stdout]      |
[INFO] [stdout] 
[INFO] [stdout] 
[INFO] [stdout] warning: 4 warnings emitted
[INFO] [stdout] 
[INFO] [stdout] 
[INFO] [stderr]     Finished test [unoptimized + debuginfo] target(s) in 7.95s
[INFO] running `Command { std: "docker" "inspect" "9c3fc8540752dd52d758b57537b30c51883cdfc3eb95c28508deaf51762228d4", kill_on_drop: false }`
[INFO] running `Command { std: "docker" "rm" "-f" "9c3fc8540752dd52d758b57537b30c51883cdfc3eb95c28508deaf51762228d4", kill_on_drop: false }`
[INFO] [stdout] 9c3fc8540752dd52d758b57537b30c51883cdfc3eb95c28508deaf51762228d4
[INFO] running `Command { std: "docker" "create" "-v" "/var/lib/crater-agent-workspace/builds/worker-0-tc2/target:/opt/rustwide/target:rw,Z" "-v" "/var/lib/crater-agent-workspace/builds/worker-0-tc2/source:/opt/rustwide/workdir:ro,Z" "-v" "/var/lib/crater-agent-workspace/cargo-home:/opt/rustwide/cargo-home:ro,Z" "-v" "/var/lib/crater-agent-workspace/rustup-home:/opt/rustwide/rustup-home:ro,Z" "-e" "SOURCE_DIR=/opt/rustwide/workdir" "-e" "CARGO_TARGET_DIR=/opt/rustwide/target" "-e" "CARGO_INCREMENTAL=0" "-e" "RUST_BACKTRACE=full" "-e" "RUSTFLAGS=--cap-lints=warn" "-e" "RUSTDOCFLAGS=--cap-lints=warn" "-e" "CARGO_HOME=/opt/rustwide/cargo-home" "-e" "RUSTUP_HOME=/opt/rustwide/rustup-home" "-w" "/opt/rustwide/workdir" "-m" "1610612736" "--user" "0:0" "--network" "none" "ghcr.io/rust-lang/crates-build-env/linux@sha256:2788e3201cd34a07e3172128adcd8b3090168a8e3bcc40d7c032b9dda1df7d1c" "/opt/rustwide/cargo-home/bin/cargo" "+beta-2023-12-22" "test" "--frozen", kill_on_drop: false }`
[INFO] [stdout] 76c7a57231daf5cb6b35ee627eb3be5522b83542bc57abf9d153c99656162b91
[INFO] running `Command { std: "docker" "start" "-a" "76c7a57231daf5cb6b35ee627eb3be5522b83542bc57abf9d153c99656162b91", kill_on_drop: false }`
[INFO] [stderr] warning: unnecessary parentheses around type
[INFO] [stderr]     --> src/lib.rs:1130:28
[INFO] [stderr]      |
[INFO] [stderr] 1130 |     where O: Send, for<'a> (&'a T): Send {}
[INFO] [stderr]      |                            ^     ^
[INFO] [stderr]      |
[INFO] [stderr]      = note: `#[warn(unused_parens)]` on by default
[INFO] [stderr] help: remove these parentheses
[INFO] [stderr]      |
[INFO] [stderr] 1130 -     where O: Send, for<'a> (&'a T): Send {}
[INFO] [stderr] 1130 +     where O: Send, for<'a> &'a T: Send {}
[INFO] [stderr]      |
[INFO] [stderr] 
[INFO] [stderr] warning: unnecessary parentheses around type
[INFO] [stderr]     --> src/lib.rs:1132:28
[INFO] [stderr]      |
[INFO] [stderr] 1132 |     where O: Sync, for<'a> (&'a T): Sync {}
[INFO] [stderr]      |                            ^     ^
[INFO] [stderr]      |
[INFO] [stderr] help: remove these parentheses
[INFO] [stderr]      |
[INFO] [stderr] 1132 -     where O: Sync, for<'a> (&'a T): Sync {}
[INFO] [stderr] 1132 +     where O: Sync, for<'a> &'a T: Sync {}
[INFO] [stderr]      |
[INFO] [stderr] 
[INFO] [stderr] warning: unnecessary parentheses around type
[INFO] [stderr]     --> src/lib.rs:1135:28
[INFO] [stderr]      |
[INFO] [stderr] 1135 |     where O: Send, for<'a> (&'a mut T): Send {}
[INFO] [stderr]      |                            ^         ^
[INFO] [stderr]      |
[INFO] [stderr] help: remove these parentheses
[INFO] [stderr]      |
[INFO] [stderr] 1135 -     where O: Send, for<'a> (&'a mut T): Send {}
[INFO] [stderr] 1135 +     where O: Send, for<'a> &'a mut T: Send {}
[INFO] [stderr]      |
[INFO] [stderr] 
[INFO] [stderr] warning: unnecessary parentheses around type
[INFO] [stderr]     --> src/lib.rs:1137:28
[INFO] [stderr]      |
[INFO] [stderr] 1137 |     where O: Sync, for<'a> (&'a mut T): Sync {}
[INFO] [stderr]      |                            ^         ^
[INFO] [stderr]      |
[INFO] [stderr] help: remove these parentheses
[INFO] [stderr]      |
[INFO] [stderr] 1137 -     where O: Sync, for<'a> (&'a mut T): Sync {}
[INFO] [stderr] 1137 +     where O: Sync, for<'a> &'a mut T: Sync {}
[INFO] [stderr]      |
[INFO] [stderr] 
[INFO] [stderr] warning: `owning_ref_lockable` (lib) generated 4 warnings (run `cargo fix --lib -p owning_ref_lockable` to apply 4 suggestions)
[INFO] [stderr] warning: `owning_ref_lockable` (lib test) generated 4 warnings (4 duplicates)
[INFO] [stderr]     Finished test [unoptimized + debuginfo] target(s) in 0.02s
[INFO] [stderr]      Running unittests src/lib.rs (/opt/rustwide/target/debug/deps/owning_ref_lockable-e4af046bf12f360f)
[INFO] [stdout] 
[INFO] [stdout] running 70 tests
[INFO] [stdout] test tests::owning_handle::owning_handle ... ok
[INFO] [stdout] test tests::owning_handle::nested ... ok
[INFO] [stdout] test tests::owning_handle::nested_async ... ok
[INFO] [stdout] test tests::owning_handle::owning_handle_safe_2 ... ok
[INFO] [stdout] test tests::owning_ref::eq ... ok
[INFO] [stdout] test tests::owning_handle::try_owning_handle_ok ... ok
[INFO] [stdout] test tests::owning_ref::as_owner ... ok
[INFO] [stdout] test tests::owning_handle::try_owning_handle_err ... ok
[INFO] [stdout] test tests::owning_handle::owning_handle_safe ... ok
[INFO] [stdout] test tests::owning_ref::map_chained ... ok
[INFO] [stdout] test tests::owning_ref::fmt_debug ... ok
[INFO] [stdout] test tests::owning_handle::try_owning_handle_err_async ... ok
[INFO] [stdout] test tests::owning_handle::owning_handle_mut_safe ... ok
[INFO] [stdout] test tests::owning_ref::borrow ... ok
[INFO] [stdout] test tests::owning_ref::into ... ok
[INFO] [stdout] test tests::owning_handle::owning_handle_safe_2_async ... ok
[INFO] [stdout] test tests::owning_ref::cmp ... ok
[INFO] [stdout] test tests::owning_handle::try_owning_handle_ok_async ... ok
[INFO] [stdout] test tests::owning_ref::new_deref ... ok
[INFO] [stdout] test tests::owning_ref::hash ... ok
[INFO] [stdout] test tests::owning_ref::raii_locks ... ok
[INFO] [stdout] test tests::owning_ref::total_erase_box ... ok
[INFO] [stdout] test tests::owning_ref::erased_owner ... ok
[INFO] [stdout] test tests::owning_ref::map_offset_ref ... ok
[INFO] [stdout] test tests::owning_handle::owning_handle_map ... ok
[INFO] [stdout] test tests::owning_ref_mut::borrow ... ok
[INFO] [stdout] test tests::owning_ref::try_map1 ... ok
[INFO] [stdout] test tests::owning_ref::try_map_with_owner_ok ... ok
[INFO] [stdout] test tests::owning_ref::try_map_with_owner_err ... ok
[INFO] [stdout] test tests::owning_ref_mut::as_owner ... ok
[INFO] [stdout] test tests::owning_ref::map_heap_ref ... ok
[INFO] [stdout] test tests::owning_ref::map_chained_inference ... ok
[INFO] [stdout] test tests::owning_ref_mut::into_owner ... ok
[INFO] [stdout] test tests::owning_ref_mut::into ... ok
[INFO] [stdout] test tests::owning_ref_mut::cmp ... ok
[INFO] [stdout] test tests::owning_ref_mut::into_owning_ref ... ok
[INFO] [stdout] test tests::owning_ref_mut::hash ... ok
[INFO] [stdout] test tests::owning_ref_mut::fmt_debug ... ok
[INFO] [stdout] test tests::owning_ref_mut::eq ... ok
[INFO] [stdout] test tests::owning_ref::non_static_erased_owner ... ok
[INFO] [stdout] test tests::owning_ref::map_static_ref ... ok
[INFO] [stdout] test tests::owning_ref::total_erase ... ok
[INFO] [stdout] test tests::owning_ref::partial_cmp ... ok
[INFO] [stdout] test tests::owning_handle::owning_handle_async ... ok
[INFO] [stdout] test tests::owning_ref_mut::erased_owner ... ok
[INFO] [stdout] test tests::owning_ref::try_map2 ... ok
[INFO] [stdout] test tests::owning_ref::into_owner ... ok
[INFO] [stdout] test tests::owning_ref::map_with_owner ... ok
[INFO] [stdout] test tests::owning_ref_mut::map_mut_offset_ref ... ok
[INFO] [stdout] test tests::owning_ref_mut::map_chained_inference ... ok
[INFO] [stdout] test tests::owning_ref_mut::map_mut_chained ... ok
[INFO] [stdout] test tests::owning_ref_mut::map_mut_static_ref ... ok
[INFO] [stdout] test tests::owning_ref_mut::map_mut_heap_ref ... ok
[INFO] [stdout] test tests::owning_ref_mut::map_heap_ref ... ok
[INFO] [stdout] test tests::owning_ref_mut::ref_mut ... ok
[INFO] [stdout] test tests::owning_ref_mut::new_deref_mut ... ok
[INFO] [stdout] test tests::owning_ref_mut::try_map4 ... ok
[INFO] [stdout] test tests::owning_ref_mut::partial_cmp ... ok
[INFO] [stdout] test tests::owning_ref_mut::map_static_ref ... ok
[INFO] [stdout] test tests::owning_ref_mut::non_static_erased_owner ... ok
[INFO] [stdout] test tests::owning_ref_mut::mutate ... ok
[INFO] [stdout] test tests::owning_ref_mut::total_erase_box ... ok
[INFO] [stdout] test tests::owning_ref_mut::try_map1 ... ok
[INFO] [stdout] test tests::owning_ref_mut::try_map2 ... ok
[INFO] [stdout] test tests::owning_ref_mut::try_map3 ... ok
[INFO] [stdout] test tests::owning_ref_mut::try_map_mut ... ok
[INFO] [stdout] test tests::owning_ref_mut::map_offset_ref ... ok
[INFO] [stdout] test tests::owning_ref_mut::new_deref ... ok
[INFO] [stdout] test tests::owning_ref_mut::raii_locks ... ok
[INFO] [stdout] test tests::owning_ref_mut::total_erase ... ok
[INFO] [stdout] 
[INFO] [stdout] test result: ok. 70 passed; 0 failed; 0 ignored; 0 measured; 0 filtered out; finished in 0.19s
[INFO] [stdout] 
[INFO] [stderr]    Doc-tests owning_ref_lockable
[INFO] [stderr] warning: unnecessary parentheses around type
[INFO] [stderr]     --> src/lib.rs:1130:28
[INFO] [stderr]      |
[INFO] [stderr] 1130 |     where O: Send, for<'a> (&'a T): Send {}
[INFO] [stderr]      |                            ^     ^
[INFO] [stderr]      |
[INFO] [stderr]      = note: `#[warn(unused_parens)]` on by default
[INFO] [stderr] help: remove these parentheses
[INFO] [stderr]      |
[INFO] [stderr] 1130 -     where O: Send, for<'a> (&'a T): Send {}
[INFO] [stderr] 1130 +     where O: Send, for<'a> &'a T: Send {}
[INFO] [stderr]      |
[INFO] [stderr] 
[INFO] [stderr] warning: unnecessary parentheses around type
[INFO] [stderr]     --> src/lib.rs:1132:28
[INFO] [stderr]      |
[INFO] [stderr] 1132 |     where O: Sync, for<'a> (&'a T): Sync {}
[INFO] [stderr]      |                            ^     ^
[INFO] [stderr]      |
[INFO] [stderr] help: remove these parentheses
[INFO] [stderr]      |
[INFO] [stderr] 1132 -     where O: Sync, for<'a> (&'a T): Sync {}
[INFO] [stderr] 1132 +     where O: Sync, for<'a> &'a T: Sync {}
[INFO] [stderr]      |
[INFO] [stderr] 
[INFO] [stderr] warning: unnecessary parentheses around type
[INFO] [stderr]     --> src/lib.rs:1135:28
[INFO] [stderr]      |
[INFO] [stderr] 1135 |     where O: Send, for<'a> (&'a mut T): Send {}
[INFO] [stderr]      |                            ^         ^
[INFO] [stderr]      |
[INFO] [stderr] help: remove these parentheses
[INFO] [stderr]      |
[INFO] [stderr] 1135 -     where O: Send, for<'a> (&'a mut T): Send {}
[INFO] [stderr] 1135 +     where O: Send, for<'a> &'a mut T: Send {}
[INFO] [stderr]      |
[INFO] [stderr] 
[INFO] [stderr] warning: unnecessary parentheses around type
[INFO] [stderr]     --> src/lib.rs:1137:28
[INFO] [stderr]      |
[INFO] [stderr] 1137 |     where O: Sync, for<'a> (&'a mut T): Sync {}
[INFO] [stderr]      |                            ^         ^
[INFO] [stderr]      |
[INFO] [stderr] help: remove these parentheses
[INFO] [stderr]      |
[INFO] [stderr] 1137 -     where O: Sync, for<'a> (&'a mut T): Sync {}
[INFO] [stderr] 1137 +     where O: Sync, for<'a> &'a mut T: Sync {}
[INFO] [stderr]      |
[INFO] [stderr] 
[INFO] [stderr] warning: 4 warnings emitted
[INFO] [stderr] 
[INFO] [stdout] 
[INFO] [stdout] running 22 tests
[INFO] [stdout] test src/lib.rs - (line 12) ... ignored
[INFO] [stdout] test src/lib.rs - (line 106) ... FAILED
[INFO] [stdout] test src/lib.rs - (line 132) ... FAILED
[INFO] [stdout] test src/lib.rs - (line 118) ... FAILED
[INFO] [stdout] test src/lib.rs - (line 155) ... FAILED
[INFO] [stdout] test src/lib.rs - (line 78) ... FAILED
[INFO] [stdout] test src/lib.rs - OwningRef<O,T>::map (line 342) ... FAILED
[INFO] [stdout] test src/lib.rs - OwningRef<O,T>::try_map (line 404) ... FAILED
[INFO] [stdout] test src/lib.rs - OwningRefMut<O,T>::erase_owner (line 739) ... FAILED
[INFO] [stdout] test src/lib.rs - OwningRef<O,T>::new (line 302) ... FAILED
[INFO] [stdout] test src/lib.rs - OwningRef<O,T>::erase_owner (line 495) ... FAILED
[INFO] [stdout] test src/lib.rs - (line 219) ... FAILED
[INFO] [stdout] test src/lib.rs - OwningRefMut<O,T>::try_map_mut (line 681) ... FAILED
[INFO] [stdout] test src/lib.rs - (line 27) ... FAILED
[INFO] [stdout] test src/lib.rs - OwningRef<O,T>::map_with_owner (line 372) ... FAILED
[INFO] [stdout] test src/lib.rs - OwningRef<O,T>::try_map_with_owner (line 436) ... FAILED
[INFO] [stdout] test src/lib.rs - OwningRefMut<O,T>::map (line 589) ... FAILED
[INFO] [stdout] test src/lib.rs - (line 188) ... FAILED
[INFO] [stdout] test src/lib.rs - (line 56) ... FAILED
[INFO] [stdout] test src/lib.rs - OwningRefMut<O,T>::try_map (line 649) ... FAILED
[INFO] [stdout] test src/lib.rs - OwningRefMut<O,T>::map_mut (line 619) ... FAILED
[INFO] [stdout] test src/lib.rs - OwningRefMut<O,T>::new (line 549) ... FAILED
[INFO] [stdout] 
[INFO] [stdout] failures:
[INFO] [stdout] 
[INFO] [stdout] ---- src/lib.rs - (line 106) stdout ----
[INFO] [stdout] error[E0463]: can't find crate for `owning_ref`
[INFO] [stdout]  --> src/lib.rs:107:1
[INFO] [stdout]   |
[INFO] [stdout] 2 | extern crate owning_ref;
[INFO] [stdout]   | ^^^^^^^^^^^^^^^^^^^^^^^^ can't find crate
[INFO] [stdout] 
[INFO] [stdout] error: aborting due to 1 previous error
[INFO] [stdout] 
[INFO] [stdout] For more information about this error, try `rustc --explain E0463`.
[INFO] [stdout] Couldn't compile the test.
[INFO] [stdout] ---- src/lib.rs - (line 132) stdout ----
[INFO] [stdout] error[E0463]: can't find crate for `owning_ref`
[INFO] [stdout]  --> src/lib.rs:133:1
[INFO] [stdout]   |
[INFO] [stdout] 2 | extern crate owning_ref;
[INFO] [stdout]   | ^^^^^^^^^^^^^^^^^^^^^^^^ can't find crate
[INFO] [stdout] 
[INFO] [stdout] error: aborting due to 1 previous error
[INFO] [stdout] 
[INFO] [stdout] For more information about this error, try `rustc --explain E0463`.
[INFO] [stdout] Couldn't compile the test.
[INFO] [stdout] ---- src/lib.rs - (line 118) stdout ----
[INFO] [stdout] error[E0463]: can't find crate for `owning_ref`
[INFO] [stdout]  --> src/lib.rs:119:1
[INFO] [stdout]   |
[INFO] [stdout] 2 | extern crate owning_ref;
[INFO] [stdout]   | ^^^^^^^^^^^^^^^^^^^^^^^^ can't find crate
[INFO] [stdout] 
[INFO] [stdout] error: aborting due to 1 previous error
[INFO] [stdout] 
[INFO] [stdout] For more information about this error, try `rustc --explain E0463`.
[INFO] [stdout] Couldn't compile the test.
[INFO] [stdout] ---- src/lib.rs - (line 155) stdout ----
[INFO] [stdout] error[E0463]: can't find crate for `owning_ref`
[INFO] [stdout]  --> src/lib.rs:156:1
[INFO] [stdout]   |
[INFO] [stdout] 2 | extern crate owning_ref;
[INFO] [stdout]   | ^^^^^^^^^^^^^^^^^^^^^^^^ can't find crate
[INFO] [stdout] 
[INFO] [stdout] error: aborting due to 1 previous error
[INFO] [stdout] 
[INFO] [stdout] For more information about this error, try `rustc --explain E0463`.
[INFO] [stdout] Couldn't compile the test.
[INFO] [stdout] ---- src/lib.rs - (line 78) stdout ----
[INFO] [stdout] error[E0463]: can't find crate for `owning_ref`
[INFO] [stdout]  --> src/lib.rs:79:1
[INFO] [stdout]   |
[INFO] [stdout] 2 | extern crate owning_ref;
[INFO] [stdout]   | ^^^^^^^^^^^^^^^^^^^^^^^^ can't find crate
[INFO] [stdout] 
[INFO] [stdout] error: aborting due to 1 previous error
[INFO] [stdout] 
[INFO] [stdout] For more information about this error, try `rustc --explain E0463`.
[INFO] [stdout] Couldn't compile the test.
[INFO] [stdout] ---- src/lib.rs - OwningRef<O,T>::map (line 342) stdout ----
[INFO] [stdout] error[E0463]: can't find crate for `owning_ref`
[INFO] [stdout]  --> src/lib.rs:343:1
[INFO] [stdout]   |
[INFO] [stdout] 2 | extern crate owning_ref;
[INFO] [stdout]   | ^^^^^^^^^^^^^^^^^^^^^^^^ can't find crate
[INFO] [stdout] 
[INFO] [stdout] error: aborting due to 1 previous error
[INFO] [stdout] 
[INFO] [stdout] For more information about this error, try `rustc --explain E0463`.
[INFO] [stdout] Couldn't compile the test.
[INFO] [stdout] ---- src/lib.rs - OwningRef<O,T>::try_map (line 404) stdout ----
[INFO] [stdout] error[E0463]: can't find crate for `owning_ref`
[INFO] [stdout]  --> src/lib.rs:405:1
[INFO] [stdout]   |
[INFO] [stdout] 2 | extern crate owning_ref;
[INFO] [stdout]   | ^^^^^^^^^^^^^^^^^^^^^^^^ can't find crate
[INFO] [stdout] 
[INFO] [stdout] error: aborting due to 1 previous error
[INFO] [stdout] 
[INFO] [stdout] For more information about this error, try `rustc --explain E0463`.
[INFO] [stdout] Couldn't compile the test.
[INFO] [stdout] ---- src/lib.rs - OwningRefMut<O,T>::erase_owner (line 739) stdout ----
[INFO] [stdout] error[E0463]: can't find crate for `owning_ref`
[INFO] [stdout]  --> src/lib.rs:740:1
[INFO] [stdout]   |
[INFO] [stdout] 2 | extern crate owning_ref;
[INFO] [stdout]   | ^^^^^^^^^^^^^^^^^^^^^^^^ can't find crate
[INFO] [stdout] 
[INFO] [stdout] error: aborting due to 1 previous error
[INFO] [stdout] 
[INFO] [stdout] For more information about this error, try `rustc --explain E0463`.
[INFO] [stdout] Couldn't compile the test.
[INFO] [stdout] ---- src/lib.rs - OwningRef<O,T>::new (line 302) stdout ----
[INFO] [stdout] error[E0463]: can't find crate for `owning_ref`
[INFO] [stdout]  --> src/lib.rs:303:1
[INFO] [stdout]   |
[INFO] [stdout] 2 | extern crate owning_ref;
[INFO] [stdout]   | ^^^^^^^^^^^^^^^^^^^^^^^^ can't find crate
[INFO] [stdout] 
[INFO] [stdout] error: aborting due to 1 previous error
[INFO] [stdout] 
[INFO] [stdout] For more information about this error, try `rustc --explain E0463`.
[INFO] [stdout] Couldn't compile the test.
[INFO] [stdout] ---- src/lib.rs - OwningRef<O,T>::erase_owner (line 495) stdout ----
[INFO] [stdout] error[E0463]: can't find crate for `owning_ref`
[INFO] [stdout]  --> src/lib.rs:496:1
[INFO] [stdout]   |
[INFO] [stdout] 2 | extern crate owning_ref;
[INFO] [stdout]   | ^^^^^^^^^^^^^^^^^^^^^^^^ can't find crate
[INFO] [stdout] 
[INFO] [stdout] error: aborting due to 1 previous error
[INFO] [stdout] 
[INFO] [stdout] For more information about this error, try `rustc --explain E0463`.
[INFO] [stdout] Couldn't compile the test.
[INFO] [stdout] ---- src/lib.rs - (line 219) stdout ----
[INFO] [stdout] error[E0463]: can't find crate for `owning_ref`
[INFO] [stdout]  --> src/lib.rs:220:1
[INFO] [stdout]   |
[INFO] [stdout] 2 | extern crate owning_ref;
[INFO] [stdout]   | ^^^^^^^^^^^^^^^^^^^^^^^^ can't find crate
[INFO] [stdout] 
[INFO] [stdout] error: aborting due to 1 previous error
[INFO] [stdout] 
[INFO] [stdout] For more information about this error, try `rustc --explain E0463`.
[INFO] [stdout] Couldn't compile the test.
[INFO] [stdout] ---- src/lib.rs - OwningRefMut<O,T>::try_map_mut (line 681) stdout ----
[INFO] [stdout] error[E0463]: can't find crate for `owning_ref`
[INFO] [stdout]  --> src/lib.rs:682:1
[INFO] [stdout]   |
[INFO] [stdout] 2 | extern crate owning_ref;
[INFO] [stdout]   | ^^^^^^^^^^^^^^^^^^^^^^^^ can't find crate
[INFO] [stdout] 
[INFO] [stdout] error: aborting due to 1 previous error
[INFO] [stdout] 
[INFO] [stdout] For more information about this error, try `rustc --explain E0463`.
[INFO] [stdout] Couldn't compile the test.
[INFO] [stdout] ---- src/lib.rs - (line 27) stdout ----
[INFO] [stdout] error[E0463]: can't find crate for `owning_ref`
[INFO] [stdout]  --> src/lib.rs:28:1
[INFO] [stdout]   |
[INFO] [stdout] 2 | extern crate owning_ref;
[INFO] [stdout]   | ^^^^^^^^^^^^^^^^^^^^^^^^ can't find crate
[INFO] [stdout] 
[INFO] [stdout] error: aborting due to 1 previous error
[INFO] [stdout] 
[INFO] [stdout] For more information about this error, try `rustc --explain E0463`.
[INFO] [stdout] Couldn't compile the test.
[INFO] [stdout] ---- src/lib.rs - OwningRef<O,T>::map_with_owner (line 372) stdout ----
[INFO] [stdout] error[E0463]: can't find crate for `owning_ref`
[INFO] [stdout]  --> src/lib.rs:373:1
[INFO] [stdout]   |
[INFO] [stdout] 2 | extern crate owning_ref;
[INFO] [stdout]   | ^^^^^^^^^^^^^^^^^^^^^^^^ can't find crate
[INFO] [stdout] 
[INFO] [stdout] error: aborting due to 1 previous error
[INFO] [stdout] 
[INFO] [stdout] For more information about this error, try `rustc --explain E0463`.
[INFO] [stdout] Couldn't compile the test.
[INFO] [stdout] ---- src/lib.rs - OwningRef<O,T>::try_map_with_owner (line 436) stdout ----
[INFO] [stdout] error[E0463]: can't find crate for `owning_ref`
[INFO] [stdout]  --> src/lib.rs:437:1
[INFO] [stdout]   |
[INFO] [stdout] 2 | extern crate owning_ref;
[INFO] [stdout]   | ^^^^^^^^^^^^^^^^^^^^^^^^ can't find crate
[INFO] [stdout] 
[INFO] [stdout] error: aborting due to 1 previous error
[INFO] [stdout] 
[INFO] [stdout] For more information about this error, try `rustc --explain E0463`.
[INFO] [stdout] Couldn't compile the test.
[INFO] [stdout] ---- src/lib.rs - OwningRefMut<O,T>::map (line 589) stdout ----
[INFO] [stdout] error[E0463]: can't find crate for `owning_ref`
[INFO] [stdout]  --> src/lib.rs:590:1
[INFO] [stdout]   |
[INFO] [stdout] 2 | extern crate owning_ref;
[INFO] [stdout]   | ^^^^^^^^^^^^^^^^^^^^^^^^ can't find crate
[INFO] [stdout] 
[INFO] [stdout] error: aborting due to 1 previous error
[INFO] [stdout] 
[INFO] [stdout] For more information about this error, try `rustc --explain E0463`.
[INFO] [stdout] Couldn't compile the test.
[INFO] [stdout] ---- src/lib.rs - (line 188) stdout ----
[INFO] [stdout] error[E0463]: can't find crate for `owning_ref`
[INFO] [stdout]  --> src/lib.rs:189:1
[INFO] [stdout]   |
[INFO] [stdout] 2 | extern crate owning_ref;
[INFO] [stdout]   | ^^^^^^^^^^^^^^^^^^^^^^^^ can't find crate
[INFO] [stdout] 
[INFO] [stdout] error: aborting due to 1 previous error
[INFO] [stdout] 
[INFO] [stdout] For more information about this error, try `rustc --explain E0463`.
[INFO] [stdout] Couldn't compile the test.
[INFO] [stdout] ---- src/lib.rs - (line 56) stdout ----
[INFO] [stdout] error[E0463]: can't find crate for `owning_ref`
[INFO] [stdout]  --> src/lib.rs:57:1
[INFO] [stdout]   |
[INFO] [stdout] 2 | extern crate owning_ref;
[INFO] [stdout]   | ^^^^^^^^^^^^^^^^^^^^^^^^ can't find crate
[INFO] [stdout] 
[INFO] [stdout] error: aborting due to 1 previous error
[INFO] [stdout] 
[INFO] [stdout] For more information about this error, try `rustc --explain E0463`.
[INFO] [stdout] Couldn't compile the test.
[INFO] [stdout] ---- src/lib.rs - OwningRefMut<O,T>::try_map (line 649) stdout ----
[INFO] [stdout] error[E0463]: can't find crate for `owning_ref`
[INFO] [stdout]  --> src/lib.rs:650:1
[INFO] [stdout]   |
[INFO] [stdout] 2 | extern crate owning_ref;
[INFO] [stdout]   | ^^^^^^^^^^^^^^^^^^^^^^^^ can't find crate
[INFO] [stdout] 
[INFO] [stdout] error: aborting due to 1 previous error
[INFO] [stdout] 
[INFO] [stdout] For more information about this error, try `rustc --explain E0463`.
[INFO] [stdout] Couldn't compile the test.
[INFO] [stdout] ---- src/lib.rs - OwningRefMut<O,T>::map_mut (line 619) stdout ----
[INFO] [stdout] error[E0463]: can't find crate for `owning_ref`
[INFO] [stdout]  --> src/lib.rs:620:1
[INFO] [stdout]   |
[INFO] [stdout] 2 | extern crate owning_ref;
[INFO] [stdout]   | ^^^^^^^^^^^^^^^^^^^^^^^^ can't find crate
[INFO] [stdout] 
[INFO] [stdout] error: aborting due to 1 previous error
[INFO] [stdout] 
[INFO] [stdout] For more information about this error, try `rustc --explain E0463`.
[INFO] [stdout] Couldn't compile the test.
[INFO] [stdout] ---- src/lib.rs - OwningRefMut<O,T>::new (line 549) stdout ----
[INFO] [stdout] error[E0463]: can't find crate for `owning_ref`
[INFO] [stdout]  --> src/lib.rs:550:1
[INFO] [stdout]   |
[INFO] [stdout] 2 | extern crate owning_ref;
[INFO] [stdout]   | ^^^^^^^^^^^^^^^^^^^^^^^^ can't find crate
[INFO] [stdout] 
[INFO] [stdout] error: aborting due to 1 previous error
[INFO] [stdout] 
[INFO] [stdout] For more information about this error, try `rustc --explain E0463`.
[INFO] [stdout] Couldn't compile the test.
[INFO] [stdout] 
[INFO] [stdout] failures:
[INFO] [stdout]     src/lib.rs - (line 106)
[INFO] [stdout]     src/lib.rs - (line 118)
[INFO] [stdout]     src/lib.rs - (line 132)
[INFO] [stdout]     src/lib.rs - (line 155)
[INFO] [stdout]     src/lib.rs - (line 188)
[INFO] [stdout]     src/lib.rs - (line 219)
[INFO] [stdout]     src/lib.rs - (line 27)
[INFO] [stdout]     src/lib.rs - (line 56)
[INFO] [stdout]     src/lib.rs - (line 78)
[INFO] [stdout]     src/lib.rs - OwningRef<O,T>::erase_owner (line 495)
[INFO] [stdout]     src/lib.rs - OwningRef<O,T>::map (line 342)
[INFO] [stdout]     src/lib.rs - OwningRef<O,T>::map_with_owner (line 372)
[INFO] [stdout]     src/lib.rs - OwningRef<O,T>::new (line 302)
[INFO] [stdout]     src/lib.rs - OwningRef<O,T>::try_map (line 404)
[INFO] [stdout]     src/lib.rs - OwningRef<O,T>::try_map_with_owner (line 436)
[INFO] [stdout]     src/lib.rs - OwningRefMut<O,T>::erase_owner (line 739)
[INFO] [stdout]     src/lib.rs - OwningRefMut<O,T>::map (line 589)
[INFO] [stdout]     src/lib.rs - OwningRefMut<O,T>::map_mut (line 619)
[INFO] [stdout]     src/lib.rs - OwningRefMut<O,T>::new (line 549)
[INFO] [stdout]     src/lib.rs - OwningRefMut<O,T>::try_map (line 649)
[INFO] [stdout]     src/lib.rs - OwningRefMut<O,T>::try_map_mut (line 681)
[INFO] [stdout] 
[INFO] [stdout] test result: FAILED. 0 passed; 21 failed; 1 ignored; 0 measured; 0 filtered out; finished in 0.24s
[INFO] [stdout] 
[INFO] [stderr] error: doctest failed, to rerun pass `--doc`
[INFO] running `Command { std: "docker" "inspect" "76c7a57231daf5cb6b35ee627eb3be5522b83542bc57abf9d153c99656162b91", kill_on_drop: false }`
[INFO] running `Command { std: "docker" "rm" "-f" "76c7a57231daf5cb6b35ee627eb3be5522b83542bc57abf9d153c99656162b91", kill_on_drop: false }`
[INFO] [stdout] 76c7a57231daf5cb6b35ee627eb3be5522b83542bc57abf9d153c99656162b91
