[INFO] fetching crate owning_ref_async 0.4.5...
[INFO] testing owning_ref_async-0.4.5 against 1.75.0 for beta-1.76-1
[INFO] extracting crate owning_ref_async 0.4.5 into /workspace/builds/worker-0-tc1/source
[INFO] validating manifest of crates.io crate owning_ref_async 0.4.5 on toolchain 1.75.0
[INFO] running `Command { std: CARGO_HOME="/workspace/cargo-home" RUSTUP_HOME="/workspace/rustup-home" "/workspace/cargo-home/bin/cargo" "+1.75.0" "metadata" "--manifest-path" "Cargo.toml" "--no-deps", kill_on_drop: false }`
[INFO] started tweaking crates.io crate owning_ref_async 0.4.5
[INFO] finished tweaking crates.io crate owning_ref_async 0.4.5
[INFO] tweaked toml for crates.io crate owning_ref_async 0.4.5 written to /workspace/builds/worker-0-tc1/source/Cargo.toml
[INFO] running `Command { std: CARGO_HOME="/workspace/cargo-home" RUSTUP_HOME="/workspace/rustup-home" "/workspace/cargo-home/bin/cargo" "+1.75.0" "generate-lockfile" "--manifest-path" "Cargo.toml", kill_on_drop: false }`
[INFO] [stderr]     Updating crates.io index
[INFO] running `Command { std: CARGO_HOME="/workspace/cargo-home" RUSTUP_HOME="/workspace/rustup-home" "/workspace/cargo-home/bin/cargo" "+1.75.0" "fetch" "--manifest-path" "Cargo.toml", kill_on_drop: false }`
[INFO] running `Command { std: "docker" "create" "-v" "/var/lib/crater-agent-workspace/builds/worker-0-tc1/target:/opt/rustwide/target:rw,Z" "-v" "/var/lib/crater-agent-workspace/builds/worker-0-tc1/source:/opt/rustwide/workdir:ro,Z" "-v" "/var/lib/crater-agent-workspace/cargo-home:/opt/rustwide/cargo-home:ro,Z" "-v" "/var/lib/crater-agent-workspace/rustup-home:/opt/rustwide/rustup-home:ro,Z" "-e" "SOURCE_DIR=/opt/rustwide/workdir" "-e" "CARGO_TARGET_DIR=/opt/rustwide/target" "-e" "CARGO_HOME=/opt/rustwide/cargo-home" "-e" "RUSTUP_HOME=/opt/rustwide/rustup-home" "-w" "/opt/rustwide/workdir" "-m" "1610612736" "--user" "0:0" "--network" "none" "ghcr.io/rust-lang/crates-build-env/linux@sha256:2788e3201cd34a07e3172128adcd8b3090168a8e3bcc40d7c032b9dda1df7d1c" "/opt/rustwide/cargo-home/bin/cargo" "+1.75.0" "metadata" "--no-deps" "--format-version=1", kill_on_drop: false }`
[INFO] [stdout] 5e7ae0373dfee8766c8bacd66c88e2e6f33baebaa44b207f8f5495e5de4e5b50
[INFO] running `Command { std: "docker" "start" "-a" "5e7ae0373dfee8766c8bacd66c88e2e6f33baebaa44b207f8f5495e5de4e5b50", kill_on_drop: false }`
[INFO] running `Command { std: "docker" "inspect" "5e7ae0373dfee8766c8bacd66c88e2e6f33baebaa44b207f8f5495e5de4e5b50", kill_on_drop: false }`
[INFO] running `Command { std: "docker" "rm" "-f" "5e7ae0373dfee8766c8bacd66c88e2e6f33baebaa44b207f8f5495e5de4e5b50", kill_on_drop: false }`
[INFO] [stdout] 5e7ae0373dfee8766c8bacd66c88e2e6f33baebaa44b207f8f5495e5de4e5b50
[INFO] running `Command { std: "docker" "create" "-v" "/var/lib/crater-agent-workspace/builds/worker-0-tc1/target:/opt/rustwide/target:rw,Z" "-v" "/var/lib/crater-agent-workspace/builds/worker-0-tc1/source:/opt/rustwide/workdir:ro,Z" "-v" "/var/lib/crater-agent-workspace/cargo-home:/opt/rustwide/cargo-home:ro,Z" "-v" "/var/lib/crater-agent-workspace/rustup-home:/opt/rustwide/rustup-home:ro,Z" "-e" "SOURCE_DIR=/opt/rustwide/workdir" "-e" "CARGO_TARGET_DIR=/opt/rustwide/target" "-e" "CARGO_INCREMENTAL=0" "-e" "RUST_BACKTRACE=full" "-e" "RUSTFLAGS=--cap-lints=warn" "-e" "RUSTDOCFLAGS=--cap-lints=warn" "-e" "CARGO_HOME=/opt/rustwide/cargo-home" "-e" "RUSTUP_HOME=/opt/rustwide/rustup-home" "-w" "/opt/rustwide/workdir" "-m" "1610612736" "--user" "0:0" "--network" "none" "ghcr.io/rust-lang/crates-build-env/linux@sha256:2788e3201cd34a07e3172128adcd8b3090168a8e3bcc40d7c032b9dda1df7d1c" "/opt/rustwide/cargo-home/bin/cargo" "+1.75.0" "build" "--frozen" "--message-format=json", kill_on_drop: false }`
[INFO] [stdout] 4cca630702f88e8176dd0591f70512d39d098ba432dd36c33c8ef2adffd11e6e
[INFO] running `Command { std: "docker" "start" "-a" "4cca630702f88e8176dd0591f70512d39d098ba432dd36c33c8ef2adffd11e6e", kill_on_drop: false }`
[INFO] [stderr]    Compiling stable_deref_trait v1.2.0
[INFO] [stderr]    Compiling owning_ref_async v0.4.5 (/opt/rustwide/workdir)
[INFO] [stderr]     Finished dev [unoptimized + debuginfo] target(s) in 0.10s
[INFO] running `Command { std: "docker" "inspect" "4cca630702f88e8176dd0591f70512d39d098ba432dd36c33c8ef2adffd11e6e", kill_on_drop: false }`
[INFO] running `Command { std: "docker" "rm" "-f" "4cca630702f88e8176dd0591f70512d39d098ba432dd36c33c8ef2adffd11e6e", kill_on_drop: false }`
[INFO] [stdout] 4cca630702f88e8176dd0591f70512d39d098ba432dd36c33c8ef2adffd11e6e
[INFO] running `Command { std: "docker" "create" "-v" "/var/lib/crater-agent-workspace/builds/worker-0-tc1/target:/opt/rustwide/target:rw,Z" "-v" "/var/lib/crater-agent-workspace/builds/worker-0-tc1/source:/opt/rustwide/workdir:ro,Z" "-v" "/var/lib/crater-agent-workspace/cargo-home:/opt/rustwide/cargo-home:ro,Z" "-v" "/var/lib/crater-agent-workspace/rustup-home:/opt/rustwide/rustup-home:ro,Z" "-e" "SOURCE_DIR=/opt/rustwide/workdir" "-e" "CARGO_TARGET_DIR=/opt/rustwide/target" "-e" "CARGO_INCREMENTAL=0" "-e" "RUST_BACKTRACE=full" "-e" "RUSTFLAGS=--cap-lints=warn" "-e" "RUSTDOCFLAGS=--cap-lints=warn" "-e" "CARGO_HOME=/opt/rustwide/cargo-home" "-e" "RUSTUP_HOME=/opt/rustwide/rustup-home" "-w" "/opt/rustwide/workdir" "-m" "1610612736" "--user" "0:0" "--network" "none" "ghcr.io/rust-lang/crates-build-env/linux@sha256:2788e3201cd34a07e3172128adcd8b3090168a8e3bcc40d7c032b9dda1df7d1c" "/opt/rustwide/cargo-home/bin/cargo" "+1.75.0" "test" "--frozen" "--no-run" "--message-format=json", kill_on_drop: false }`
[INFO] [stdout] 3d5bd74f643fcd08609b068fb831466bef42235614b40cc7ce18402ab3bed579
[INFO] running `Command { std: "docker" "start" "-a" "3d5bd74f643fcd08609b068fb831466bef42235614b40cc7ce18402ab3bed579", kill_on_drop: false }`
[INFO] [stderr]    Compiling bytes v0.5.6
[INFO] [stderr]    Compiling pin-project-lite v0.1.12
[INFO] [stderr]    Compiling tokio-macros v0.2.6
[INFO] [stderr]    Compiling tokio v0.2.25
[INFO] [stderr]    Compiling owning_ref_async v0.4.5 (/opt/rustwide/workdir)
[INFO] [stdout] warning: unused import: `RefMut`
[INFO] [stdout]     --> src/lib.rs:1618:34
[INFO] [stdout]      |
[INFO] [stdout] 1618 |         use std::cell::{RefCell, RefMut};
[INFO] [stdout]      |                                  ^^^^^^
[INFO] [stdout]      |
[INFO] [stdout]      = note: `#[warn(unused_imports)]` on by default
[INFO] [stdout] 
[INFO] [stdout] 
[INFO] [stdout] warning: unused import: `tokio::time::Duration`
[INFO] [stdout]     --> src/lib.rs:1621:13
[INFO] [stdout]      |
[INFO] [stdout] 1621 |         use tokio::time::Duration;
[INFO] [stdout]      |             ^^^^^^^^^^^^^^^^^^^^^
[INFO] [stdout] 
[INFO] [stdout] 
[INFO] [stdout] warning: 2 warnings emitted
[INFO] [stdout] 
[INFO] [stdout] 
[INFO] [stderr]     Finished test [unoptimized + debuginfo] target(s) in 2.50s
[INFO] running `Command { std: "docker" "inspect" "3d5bd74f643fcd08609b068fb831466bef42235614b40cc7ce18402ab3bed579", kill_on_drop: false }`
[INFO] running `Command { std: "docker" "rm" "-f" "3d5bd74f643fcd08609b068fb831466bef42235614b40cc7ce18402ab3bed579", kill_on_drop: false }`
[INFO] [stdout] 3d5bd74f643fcd08609b068fb831466bef42235614b40cc7ce18402ab3bed579
[INFO] running `Command { std: "docker" "create" "-v" "/var/lib/crater-agent-workspace/builds/worker-0-tc1/target:/opt/rustwide/target:rw,Z" "-v" "/var/lib/crater-agent-workspace/builds/worker-0-tc1/source:/opt/rustwide/workdir:ro,Z" "-v" "/var/lib/crater-agent-workspace/cargo-home:/opt/rustwide/cargo-home:ro,Z" "-v" "/var/lib/crater-agent-workspace/rustup-home:/opt/rustwide/rustup-home:ro,Z" "-e" "SOURCE_DIR=/opt/rustwide/workdir" "-e" "CARGO_TARGET_DIR=/opt/rustwide/target" "-e" "CARGO_INCREMENTAL=0" "-e" "RUST_BACKTRACE=full" "-e" "RUSTFLAGS=--cap-lints=warn" "-e" "RUSTDOCFLAGS=--cap-lints=warn" "-e" "CARGO_HOME=/opt/rustwide/cargo-home" "-e" "RUSTUP_HOME=/opt/rustwide/rustup-home" "-w" "/opt/rustwide/workdir" "-m" "1610612736" "--user" "0:0" "--network" "none" "ghcr.io/rust-lang/crates-build-env/linux@sha256:2788e3201cd34a07e3172128adcd8b3090168a8e3bcc40d7c032b9dda1df7d1c" "/opt/rustwide/cargo-home/bin/cargo" "+1.75.0" "test" "--frozen", kill_on_drop: false }`
[INFO] [stdout] deda15b4694eef2c3fa36567d063dc358345a149b3fdcd8982c117867056d3c8
[INFO] running `Command { std: "docker" "start" "-a" "deda15b4694eef2c3fa36567d063dc358345a149b3fdcd8982c117867056d3c8", kill_on_drop: false }`
[INFO] [stderr] warning: unused import: `RefMut`
[INFO] [stderr]     --> src/lib.rs:1618:34
[INFO] [stderr]      |
[INFO] [stderr] 1618 |         use std::cell::{RefCell, RefMut};
[INFO] [stderr]      |                                  ^^^^^^
[INFO] [stderr]      |
[INFO] [stderr]      = note: `#[warn(unused_imports)]` on by default
[INFO] [stderr] 
[INFO] [stderr] warning: unused import: `tokio::time::Duration`
[INFO] [stderr]     --> src/lib.rs:1621:13
[INFO] [stderr]      |
[INFO] [stderr] 1621 |         use tokio::time::Duration;
[INFO] [stderr]      |             ^^^^^^^^^^^^^^^^^^^^^
[INFO] [stderr] 
[INFO] [stderr] warning: `owning_ref_async` (lib test) generated 2 warnings (run `cargo fix --lib -p owning_ref_async --tests` to apply 2 suggestions)
[INFO] [stderr]     Finished test [unoptimized + debuginfo] target(s) in 0.01s
[INFO] [stderr]      Running unittests src/lib.rs (/opt/rustwide/target/debug/deps/owning_ref_async-5b4fcbe1a36595b7)
[INFO] [stdout] 
[INFO] [stdout] running 66 tests
[INFO] [stdout] test tests::owning_handle::owning_handle_map ... ok
[INFO] [stdout] test tests::owning_handle::nested ... ok
[INFO] [stdout] test tests::owning_handle::owning_handle ... ok
[INFO] [stdout] test tests::owning_handle::owning_handle_safe ... ok
[INFO] [stdout] test tests::owning_handle::owning_handle_mut_safe ... ok
[INFO] [stdout] test tests::owning_handle::owning_hadle_consume ... ok
[INFO] [stdout] test tests::owning_handle::owning_handle_safe_2 ... ok
[INFO] [stdout] test tests::owning_handle::try_owning_handle_err ... ok
[INFO] [stdout] test tests::owning_handle::try_owning_handle_ok ... ok
[INFO] [stdout] test tests::owning_ref::as_owner ... ok
[INFO] [stdout] test tests::owning_ref::borrow ... ok
[INFO] [stdout] test tests::owning_ref::cmp ... ok
[INFO] [stdout] test tests::owning_ref::eq ... ok
[INFO] [stdout] test tests::owning_ref::erased_owner ... ok
[INFO] [stdout] test tests::owning_ref::fmt_debug ... ok
[INFO] [stdout] test tests::owning_ref::hash ... ok
[INFO] [stdout] test tests::owning_ref::into ... ok
[INFO] [stdout] test tests::owning_ref::into_owner ... ok
[INFO] [stdout] test tests::owning_ref::map_chained ... ok
[INFO] [stdout] test tests::owning_ref::map_chained_inference ... ok
[INFO] [stdout] test tests::owning_ref::map_heap_ref ... ok
[INFO] [stdout] test tests::owning_ref::map_offset_ref ... ok
[INFO] [stdout] test tests::owning_ref::map_with_owner ... ok
[INFO] [stdout] test tests::owning_ref::non_static_erased_owner ... ok
[INFO] [stdout] test tests::owning_ref::partial_cmp ... ok
[INFO] [stdout] test tests::owning_ref::raii_locks ... ok
[INFO] [stdout] test tests::owning_ref::map_static_ref ... ok
[INFO] [stdout] test tests::owning_ref::total_erase ... ok
[INFO] [stdout] test tests::owning_ref::total_erase_box ... ok
[INFO] [stdout] test tests::owning_ref::new_deref ... ok
[INFO] [stdout] test tests::owning_ref::try_map2 ... ok
[INFO] [stdout] test tests::owning_ref::try_map1 ... ok
[INFO] [stdout] test tests::owning_ref::try_map_with_owner_err ... ok
[INFO] [stdout] test tests::owning_ref_mut::borrow ... ok
[INFO] [stdout] test tests::owning_ref_mut::eq ... ok
[INFO] [stdout] test tests::owning_ref::try_map_with_owner_ok ... ok
[INFO] [stdout] test tests::owning_ref_mut::as_owner ... ok
[INFO] [stdout] test tests::owning_ref_mut::erased_owner ... ok
[INFO] [stdout] test tests::owning_ref_mut::hash ... ok
[INFO] [stdout] test tests::owning_ref_mut::cmp ... ok
[INFO] [stdout] test tests::owning_ref_mut::map_heap_ref ... ok
[INFO] [stdout] test tests::owning_ref_mut::map_mut_chained ... ok
[INFO] [stdout] test tests::owning_ref_mut::map_chained_inference ... ok
[INFO] [stdout] test tests::owning_ref_mut::map_mut_heap_ref ... ok
[INFO] [stdout] test tests::owning_ref_mut::into_owner ... ok
[INFO] [stdout] test tests::owning_ref_mut::into_owning_ref ... ok
[INFO] [stdout] test tests::owning_ref_mut::map_mut_offset_ref ... ok
[INFO] [stdout] test tests::owning_ref_mut::map_static_ref ... ok
[INFO] [stdout] test tests::owning_ref_mut::into ... ok
[INFO] [stdout] test tests::owning_ref_mut::mutate ... ok
[INFO] [stdout] test tests::owning_ref_mut::new_deref ... ok
[INFO] [stdout] test tests::owning_ref_mut::fmt_debug ... ok
[INFO] [stdout] test tests::owning_ref_mut::raii_locks ... ok
[INFO] [stdout] test tests::owning_ref_mut::map_mut_static_ref ... ok
[INFO] [stdout] test tests::owning_ref_mut::ref_mut ... ok
[INFO] [stdout] test tests::owning_ref_mut::total_erase ... ok
[INFO] [stdout] test tests::owning_ref_mut::total_erase_box ... ok
[INFO] [stdout] test tests::owning_ref_mut::try_map1 ... ok
[INFO] [stdout] test tests::owning_ref_mut::map_offset_ref ... ok
[INFO] [stdout] test tests::owning_ref_mut::try_map2 ... ok
[INFO] [stdout] test tests::owning_ref_mut::try_map3 ... ok
[INFO] [stdout] test tests::owning_ref_mut::try_map4 ... ok
[INFO] [stdout] test tests::owning_ref_mut::non_static_erased_owner ... ok
[INFO] [stdout] test tests::owning_ref_mut::partial_cmp ... ok
[INFO] [stdout] test tests::owning_ref_mut::new_deref_mut ... ok
[INFO] [stdout] test tests::owning_ref_mut::try_map_mut ... ok
[INFO] [stdout] 
[INFO] [stdout] test result: ok. 66 passed; 0 failed; 0 ignored; 0 measured; 0 filtered out; finished in 0.01s
[INFO] [stdout] 
[INFO] [stderr]    Doc-tests owning_ref_async
[INFO] [stdout] 
[INFO] [stdout] running 22 tests
[INFO] [stdout] test src/lib.rs - (line 12) ... ignored
[INFO] [stdout] test src/lib.rs - (line 155) ... FAILED
[INFO] [stdout] test src/lib.rs - (line 27) ... FAILED
[INFO] [stdout] test src/lib.rs - OwningRef<O,T>::map (line 344) ... FAILED
[INFO] [stdout] test src/lib.rs - (line 106) ... FAILED
[INFO] [stdout] test src/lib.rs - OwningRef<O,T>::map_with_owner (line 374) ... FAILED
[INFO] [stdout] test src/lib.rs - (line 118) ... FAILED
[INFO] [stdout] test src/lib.rs - (line 56) ... FAILED
[INFO] [stdout] test src/lib.rs - OwningRef<O,T>::try_map (line 406) ... FAILED
[INFO] [stdout] test src/lib.rs - (line 132) ... FAILED
[INFO] [stdout] test src/lib.rs - OwningRef<O,T>::erase_owner (line 497) ... FAILED
[INFO] [stdout] test src/lib.rs - (line 188) ... FAILED
[INFO] [stdout] test src/lib.rs - OwningRef<O,T>::new (line 304) ... FAILED
[INFO] [stdout] test src/lib.rs - (line 78) ... FAILED
[INFO] [stdout] test src/lib.rs - OwningRefMut<O,T>::erase_owner (line 741) ... FAILED
[INFO] [stdout] test src/lib.rs - (line 219) ... FAILED
[INFO] [stdout] test src/lib.rs - OwningRef<O,T>::try_map_with_owner (line 438) ... FAILED
[INFO] [stdout] test src/lib.rs - OwningRefMut<O,T>::map_mut (line 621) ... FAILED
[INFO] [stdout] test src/lib.rs - OwningRefMut<O,T>::map (line 591) ... FAILED
[INFO] [stdout] test src/lib.rs - OwningRefMut<O,T>::new (line 551) ... FAILED
[INFO] [stdout] test src/lib.rs - OwningRefMut<O,T>::try_map (line 651) ... FAILED
[INFO] [stdout] test src/lib.rs - OwningRefMut<O,T>::try_map_mut (line 683) ... FAILED
[INFO] [stdout] 
[INFO] [stdout] failures:
[INFO] [stdout] 
[INFO] [stdout] ---- src/lib.rs - (line 155) stdout ----
[INFO] [stdout] error[E0463]: can't find crate for `owning_ref`
[INFO] [stdout]  --> src/lib.rs:156:1
[INFO] [stdout]   |
[INFO] [stdout] 2 | extern crate owning_ref;
[INFO] [stdout]   | ^^^^^^^^^^^^^^^^^^^^^^^^ can't find crate
[INFO] [stdout] 
[INFO] [stdout] error: aborting due to previous error
[INFO] [stdout] 
[INFO] [stdout] For more information about this error, try `rustc --explain E0463`.
[INFO] [stdout] Couldn't compile the test.
[INFO] [stdout] ---- src/lib.rs - (line 27) stdout ----
[INFO] [stdout] error[E0463]: can't find crate for `owning_ref`
[INFO] [stdout]  --> src/lib.rs:28:1
[INFO] [stdout]   |
[INFO] [stdout] 2 | extern crate owning_ref;
[INFO] [stdout]   | ^^^^^^^^^^^^^^^^^^^^^^^^ can't find crate
[INFO] [stdout] 
[INFO] [stdout] error: aborting due to previous error
[INFO] [stdout] 
[INFO] [stdout] For more information about this error, try `rustc --explain E0463`.
[INFO] [stdout] Couldn't compile the test.
[INFO] [stdout] ---- src/lib.rs - OwningRef<O,T>::map (line 344) stdout ----
[INFO] [stdout] error[E0463]: can't find crate for `owning_ref`
[INFO] [stdout]  --> src/lib.rs:345:1
[INFO] [stdout]   |
[INFO] [stdout] 2 | extern crate owning_ref;
[INFO] [stdout]   | ^^^^^^^^^^^^^^^^^^^^^^^^ can't find crate
[INFO] [stdout] 
[INFO] [stdout] error: aborting due to previous error
[INFO] [stdout] 
[INFO] [stdout] For more information about this error, try `rustc --explain E0463`.
[INFO] [stdout] Couldn't compile the test.
[INFO] [stdout] ---- src/lib.rs - (line 106) stdout ----
[INFO] [stdout] error[E0463]: can't find crate for `owning_ref`
[INFO] [stdout]  --> src/lib.rs:107:1
[INFO] [stdout]   |
[INFO] [stdout] 2 | extern crate owning_ref;
[INFO] [stdout]   | ^^^^^^^^^^^^^^^^^^^^^^^^ can't find crate
[INFO] [stdout] 
[INFO] [stdout] error: aborting due to previous error
[INFO] [stdout] 
[INFO] [stdout] For more information about this error, try `rustc --explain E0463`.
[INFO] [stdout] Couldn't compile the test.
[INFO] [stdout] ---- src/lib.rs - OwningRef<O,T>::map_with_owner (line 374) stdout ----
[INFO] [stdout] error[E0463]: can't find crate for `owning_ref`
[INFO] [stdout]  --> src/lib.rs:375:1
[INFO] [stdout]   |
[INFO] [stdout] 2 | extern crate owning_ref;
[INFO] [stdout]   | ^^^^^^^^^^^^^^^^^^^^^^^^ can't find crate
[INFO] [stdout] 
[INFO] [stdout] error: aborting due to previous error
[INFO] [stdout] 
[INFO] [stdout] For more information about this error, try `rustc --explain E0463`.
[INFO] [stdout] Couldn't compile the test.
[INFO] [stdout] ---- src/lib.rs - (line 118) stdout ----
[INFO] [stdout] error[E0463]: can't find crate for `owning_ref`
[INFO] [stdout]  --> src/lib.rs:119:1
[INFO] [stdout]   |
[INFO] [stdout] 2 | extern crate owning_ref;
[INFO] [stdout]   | ^^^^^^^^^^^^^^^^^^^^^^^^ can't find crate
[INFO] [stdout] 
[INFO] [stdout] error: aborting due to previous error
[INFO] [stdout] 
[INFO] [stdout] For more information about this error, try `rustc --explain E0463`.
[INFO] [stdout] Couldn't compile the test.
[INFO] [stdout] ---- src/lib.rs - (line 56) stdout ----
[INFO] [stdout] error[E0463]: can't find crate for `owning_ref`
[INFO] [stdout]  --> src/lib.rs:57:1
[INFO] [stdout]   |
[INFO] [stdout] 2 | extern crate owning_ref;
[INFO] [stdout]   | ^^^^^^^^^^^^^^^^^^^^^^^^ can't find crate
[INFO] [stdout] 
[INFO] [stdout] error: aborting due to previous error
[INFO] [stdout] 
[INFO] [stdout] For more information about this error, try `rustc --explain E0463`.
[INFO] [stdout] Couldn't compile the test.
[INFO] [stdout] ---- src/lib.rs - OwningRef<O,T>::try_map (line 406) stdout ----
[INFO] [stdout] error[E0463]: can't find crate for `owning_ref`
[INFO] [stdout]  --> src/lib.rs:407:1
[INFO] [stdout]   |
[INFO] [stdout] 2 | extern crate owning_ref;
[INFO] [stdout]   | ^^^^^^^^^^^^^^^^^^^^^^^^ can't find crate
[INFO] [stdout] 
[INFO] [stdout] error: aborting due to previous error
[INFO] [stdout] 
[INFO] [stdout] For more information about this error, try `rustc --explain E0463`.
[INFO] [stdout] Couldn't compile the test.
[INFO] [stdout] ---- src/lib.rs - (line 132) stdout ----
[INFO] [stdout] error[E0463]: can't find crate for `owning_ref`
[INFO] [stdout]  --> src/lib.rs:133:1
[INFO] [stdout]   |
[INFO] [stdout] 2 | extern crate owning_ref;
[INFO] [stdout]   | ^^^^^^^^^^^^^^^^^^^^^^^^ can't find crate
[INFO] [stdout] 
[INFO] [stdout] error: aborting due to previous error
[INFO] [stdout] 
[INFO] [stdout] For more information about this error, try `rustc --explain E0463`.
[INFO] [stdout] Couldn't compile the test.
[INFO] [stdout] ---- src/lib.rs - OwningRef<O,T>::erase_owner (line 497) stdout ----
[INFO] [stdout] error[E0463]: can't find crate for `owning_ref`
[INFO] [stdout]  --> src/lib.rs:498:1
[INFO] [stdout]   |
[INFO] [stdout] 2 | extern crate owning_ref;
[INFO] [stdout]   | ^^^^^^^^^^^^^^^^^^^^^^^^ can't find crate
[INFO] [stdout] 
[INFO] [stdout] error: aborting due to previous error
[INFO] [stdout] 
[INFO] [stdout] For more information about this error, try `rustc --explain E0463`.
[INFO] [stdout] Couldn't compile the test.
[INFO] [stdout] ---- src/lib.rs - (line 188) stdout ----
[INFO] [stdout] error[E0463]: can't find crate for `owning_ref`
[INFO] [stdout]  --> src/lib.rs:189:1
[INFO] [stdout]   |
[INFO] [stdout] 2 | extern crate owning_ref;
[INFO] [stdout]   | ^^^^^^^^^^^^^^^^^^^^^^^^ can't find crate
[INFO] [stdout] 
[INFO] [stdout] error: aborting due to previous error
[INFO] [stdout] 
[INFO] [stdout] For more information about this error, try `rustc --explain E0463`.
[INFO] [stdout] Couldn't compile the test.
[INFO] [stdout] ---- src/lib.rs - OwningRef<O,T>::new (line 304) stdout ----
[INFO] [stdout] error[E0463]: can't find crate for `owning_ref`
[INFO] [stdout]  --> src/lib.rs:305:1
[INFO] [stdout]   |
[INFO] [stdout] 2 | extern crate owning_ref;
[INFO] [stdout]   | ^^^^^^^^^^^^^^^^^^^^^^^^ can't find crate
[INFO] [stdout] 
[INFO] [stdout] error: aborting due to previous error
[INFO] [stdout] 
[INFO] [stdout] For more information about this error, try `rustc --explain E0463`.
[INFO] [stdout] Couldn't compile the test.
[INFO] [stdout] ---- src/lib.rs - (line 78) stdout ----
[INFO] [stdout] error[E0463]: can't find crate for `owning_ref`
[INFO] [stdout]  --> src/lib.rs:79:1
[INFO] [stdout]   |
[INFO] [stdout] 2 | extern crate owning_ref;
[INFO] [stdout]   | ^^^^^^^^^^^^^^^^^^^^^^^^ can't find crate
[INFO] [stdout] 
[INFO] [stdout] error: aborting due to previous error
[INFO] [stdout] 
[INFO] [stdout] For more information about this error, try `rustc --explain E0463`.
[INFO] [stdout] Couldn't compile the test.
[INFO] [stdout] ---- src/lib.rs - OwningRefMut<O,T>::erase_owner (line 741) stdout ----
[INFO] [stdout] error[E0463]: can't find crate for `owning_ref`
[INFO] [stdout]  --> src/lib.rs:742:1
[INFO] [stdout]   |
[INFO] [stdout] 2 | extern crate owning_ref;
[INFO] [stdout]   | ^^^^^^^^^^^^^^^^^^^^^^^^ can't find crate
[INFO] [stdout] 
[INFO] [stdout] error: aborting due to previous error
[INFO] [stdout] 
[INFO] [stdout] For more information about this error, try `rustc --explain E0463`.
[INFO] [stdout] Couldn't compile the test.
[INFO] [stdout] ---- src/lib.rs - (line 219) stdout ----
[INFO] [stdout] error[E0463]: can't find crate for `owning_ref`
[INFO] [stdout]  --> src/lib.rs:220:1
[INFO] [stdout]   |
[INFO] [stdout] 2 | extern crate owning_ref;
[INFO] [stdout]   | ^^^^^^^^^^^^^^^^^^^^^^^^ can't find crate
[INFO] [stdout] 
[INFO] [stdout] error: aborting due to previous error
[INFO] [stdout] 
[INFO] [stdout] For more information about this error, try `rustc --explain E0463`.
[INFO] [stdout] Couldn't compile the test.
[INFO] [stdout] ---- src/lib.rs - OwningRef<O,T>::try_map_with_owner (line 438) stdout ----
[INFO] [stdout] error[E0463]: can't find crate for `owning_ref`
[INFO] [stdout]  --> src/lib.rs:439:1
[INFO] [stdout]   |
[INFO] [stdout] 2 | extern crate owning_ref;
[INFO] [stdout]   | ^^^^^^^^^^^^^^^^^^^^^^^^ can't find crate
[INFO] [stdout] 
[INFO] [stdout] error: aborting due to previous error
[INFO] [stdout] 
[INFO] [stdout] For more information about this error, try `rustc --explain E0463`.
[INFO] [stdout] Couldn't compile the test.
[INFO] [stdout] ---- src/lib.rs - OwningRefMut<O,T>::map_mut (line 621) stdout ----
[INFO] [stdout] error[E0463]: can't find crate for `owning_ref`
[INFO] [stdout]  --> src/lib.rs:622:1
[INFO] [stdout]   |
[INFO] [stdout] 2 | extern crate owning_ref;
[INFO] [stdout]   | ^^^^^^^^^^^^^^^^^^^^^^^^ can't find crate
[INFO] [stdout] 
[INFO] [stdout] error: aborting due to previous error
[INFO] [stdout] 
[INFO] [stdout] For more information about this error, try `rustc --explain E0463`.
[INFO] [stdout] Couldn't compile the test.
[INFO] [stdout] ---- src/lib.rs - OwningRefMut<O,T>::map (line 591) stdout ----
[INFO] [stdout] error[E0463]: can't find crate for `owning_ref`
[INFO] [stdout]  --> src/lib.rs:592:1
[INFO] [stdout]   |
[INFO] [stdout] 2 | extern crate owning_ref;
[INFO] [stdout]   | ^^^^^^^^^^^^^^^^^^^^^^^^ can't find crate
[INFO] [stdout] 
[INFO] [stdout] error: aborting due to previous error
[INFO] [stdout] 
[INFO] [stdout] For more information about this error, try `rustc --explain E0463`.
[INFO] [stdout] Couldn't compile the test.
[INFO] [stdout] ---- src/lib.rs - OwningRefMut<O,T>::new (line 551) stdout ----
[INFO] [stdout] error[E0463]: can't find crate for `owning_ref`
[INFO] [stdout]  --> src/lib.rs:552:1
[INFO] [stdout]   |
[INFO] [stdout] 2 | extern crate owning_ref;
[INFO] [stdout]   | ^^^^^^^^^^^^^^^^^^^^^^^^ can't find crate
[INFO] [stdout] 
[INFO] [stdout] error: aborting due to previous error
[INFO] [stdout] 
[INFO] [stdout] For more information about this error, try `rustc --explain E0463`.
[INFO] [stdout] Couldn't compile the test.
[INFO] [stdout] ---- src/lib.rs - OwningRefMut<O,T>::try_map (line 651) stdout ----
[INFO] [stdout] error[E0463]: can't find crate for `owning_ref`
[INFO] [stdout]  --> src/lib.rs:652:1
[INFO] [stdout]   |
[INFO] [stdout] 2 | extern crate owning_ref;
[INFO] [stdout]   | ^^^^^^^^^^^^^^^^^^^^^^^^ can't find crate
[INFO] [stdout] 
[INFO] [stdout] error: aborting due to previous error
[INFO] [stdout] 
[INFO] [stdout] For more information about this error, try `rustc --explain E0463`.
[INFO] [stdout] Couldn't compile the test.
[INFO] [stdout] ---- src/lib.rs - OwningRefMut<O,T>::try_map_mut (line 683) stdout ----
[INFO] [stdout] error[E0463]: can't find crate for `owning_ref`
[INFO] [stdout]  --> src/lib.rs:684:1
[INFO] [stdout]   |
[INFO] [stdout] 2 | extern crate owning_ref;
[INFO] [stdout]   | ^^^^^^^^^^^^^^^^^^^^^^^^ can't find crate
[INFO] [stdout] 
[INFO] [stdout] error: aborting due to previous error
[INFO] [stdout] 
[INFO] [stdout] For more information about this error, try `rustc --explain E0463`.
[INFO] [stdout] Couldn't compile the test.
[INFO] [stdout] 
[INFO] [stdout] failures:
[INFO] [stdout]     src/lib.rs - (line 106)
[INFO] [stdout]     src/lib.rs - (line 118)
[INFO] [stdout]     src/lib.rs - (line 132)
[INFO] [stdout]     src/lib.rs - (line 155)
[INFO] [stdout]     src/lib.rs - (line 188)
[INFO] [stdout]     src/lib.rs - (line 219)
[INFO] [stdout]     src/lib.rs - (line 27)
[INFO] [stdout]     src/lib.rs - (line 56)
[INFO] [stdout]     src/lib.rs - (line 78)
[INFO] [stdout]     src/lib.rs - OwningRef<O,T>::erase_owner (line 497)
[INFO] [stdout]     src/lib.rs - OwningRef<O,T>::map (line 344)
[INFO] [stdout]     src/lib.rs - OwningRef<O,T>::map_with_owner (line 374)
[INFO] [stdout]     src/lib.rs - OwningRef<O,T>::new (line 304)
[INFO] [stdout]     src/lib.rs - OwningRef<O,T>::try_map (line 406)
[INFO] [stdout]     src/lib.rs - OwningRef<O,T>::try_map_with_owner (line 438)
[INFO] [stdout]     src/lib.rs - OwningRefMut<O,T>::erase_owner (line 741)
[INFO] [stdout]     src/lib.rs - OwningRefMut<O,T>::map (line 591)
[INFO] [stdout]     src/lib.rs - OwningRefMut<O,T>::map_mut (line 621)
[INFO] [stdout]     src/lib.rs - OwningRefMut<O,T>::new (line 551)
[INFO] [stdout]     src/lib.rs - OwningRefMut<O,T>::try_map (line 651)
[INFO] [stdout]     src/lib.rs - OwningRefMut<O,T>::try_map_mut (line 683)
[INFO] [stdout] 
[INFO] [stdout] test result: FAILED. 0 passed; 21 failed; 1 ignored; 0 measured; 0 filtered out; finished in 0.09s
[INFO] [stdout] 
[INFO] [stderr] error: doctest failed, to rerun pass `--doc`
[INFO] running `Command { std: "docker" "inspect" "deda15b4694eef2c3fa36567d063dc358345a149b3fdcd8982c117867056d3c8", kill_on_drop: false }`
[INFO] running `Command { std: "docker" "rm" "-f" "deda15b4694eef2c3fa36567d063dc358345a149b3fdcd8982c117867056d3c8", kill_on_drop: false }`
[INFO] [stdout] deda15b4694eef2c3fa36567d063dc358345a149b3fdcd8982c117867056d3c8
