[INFO] fetching crate outsource-heap 0.1.2...
[INFO] testing outsource-heap-0.1.2 against 1.75.0 for beta-1.76-1
[INFO] extracting crate outsource-heap 0.1.2 into /workspace/builds/worker-2-tc1/source
[INFO] validating manifest of crates.io crate outsource-heap 0.1.2 on toolchain 1.75.0
[INFO] running `Command { std: CARGO_HOME="/workspace/cargo-home" RUSTUP_HOME="/workspace/rustup-home" "/workspace/cargo-home/bin/cargo" "+1.75.0" "metadata" "--manifest-path" "Cargo.toml" "--no-deps", kill_on_drop: false }`
[INFO] started tweaking crates.io crate outsource-heap 0.1.2
[INFO] finished tweaking crates.io crate outsource-heap 0.1.2
[INFO] tweaked toml for crates.io crate outsource-heap 0.1.2 written to /workspace/builds/worker-2-tc1/source/Cargo.toml
[INFO] running `Command { std: CARGO_HOME="/workspace/cargo-home" RUSTUP_HOME="/workspace/rustup-home" "/workspace/cargo-home/bin/cargo" "+1.75.0" "generate-lockfile" "--manifest-path" "Cargo.toml", kill_on_drop: false }`
[INFO] [stderr]     Updating crates.io index
[INFO] running `Command { std: CARGO_HOME="/workspace/cargo-home" RUSTUP_HOME="/workspace/rustup-home" "/workspace/cargo-home/bin/cargo" "+1.75.0" "fetch" "--manifest-path" "Cargo.toml", kill_on_drop: false }`
[INFO] [stderr]  Downloading crates ...
[INFO] [stderr]   Downloaded unwind_safe v0.1.0
[INFO] [stderr]   Downloaded linked_list_allocator v0.10.5
[INFO] running `Command { std: "docker" "create" "-v" "/var/lib/crater-agent-workspace/builds/worker-2-tc1/target:/opt/rustwide/target:rw,Z" "-v" "/var/lib/crater-agent-workspace/builds/worker-2-tc1/source:/opt/rustwide/workdir:ro,Z" "-v" "/var/lib/crater-agent-workspace/cargo-home:/opt/rustwide/cargo-home:ro,Z" "-v" "/var/lib/crater-agent-workspace/rustup-home:/opt/rustwide/rustup-home:ro,Z" "-e" "SOURCE_DIR=/opt/rustwide/workdir" "-e" "CARGO_TARGET_DIR=/opt/rustwide/target" "-e" "CARGO_HOME=/opt/rustwide/cargo-home" "-e" "RUSTUP_HOME=/opt/rustwide/rustup-home" "-w" "/opt/rustwide/workdir" "-m" "1610612736" "--user" "0:0" "--network" "none" "ghcr.io/rust-lang/crates-build-env/linux@sha256:2788e3201cd34a07e3172128adcd8b3090168a8e3bcc40d7c032b9dda1df7d1c" "/opt/rustwide/cargo-home/bin/cargo" "+1.75.0" "metadata" "--no-deps" "--format-version=1", kill_on_drop: false }`
[INFO] [stdout] ba3a7cfa9f71ea28a27b3f60f95d00f21ae71c0dd13b95e98058789f51284bb1
[INFO] running `Command { std: "docker" "start" "-a" "ba3a7cfa9f71ea28a27b3f60f95d00f21ae71c0dd13b95e98058789f51284bb1", kill_on_drop: false }`
[INFO] running `Command { std: "docker" "inspect" "ba3a7cfa9f71ea28a27b3f60f95d00f21ae71c0dd13b95e98058789f51284bb1", kill_on_drop: false }`
[INFO] running `Command { std: "docker" "rm" "-f" "ba3a7cfa9f71ea28a27b3f60f95d00f21ae71c0dd13b95e98058789f51284bb1", kill_on_drop: false }`
[INFO] [stdout] ba3a7cfa9f71ea28a27b3f60f95d00f21ae71c0dd13b95e98058789f51284bb1
[INFO] running `Command { std: "docker" "create" "-v" "/var/lib/crater-agent-workspace/builds/worker-2-tc1/target:/opt/rustwide/target:rw,Z" "-v" "/var/lib/crater-agent-workspace/builds/worker-2-tc1/source:/opt/rustwide/workdir:ro,Z" "-v" "/var/lib/crater-agent-workspace/cargo-home:/opt/rustwide/cargo-home:ro,Z" "-v" "/var/lib/crater-agent-workspace/rustup-home:/opt/rustwide/rustup-home:ro,Z" "-e" "SOURCE_DIR=/opt/rustwide/workdir" "-e" "CARGO_TARGET_DIR=/opt/rustwide/target" "-e" "CARGO_INCREMENTAL=0" "-e" "RUST_BACKTRACE=full" "-e" "RUSTFLAGS=--cap-lints=warn" "-e" "RUSTDOCFLAGS=--cap-lints=warn" "-e" "CARGO_HOME=/opt/rustwide/cargo-home" "-e" "RUSTUP_HOME=/opt/rustwide/rustup-home" "-w" "/opt/rustwide/workdir" "-m" "1610612736" "--user" "0:0" "--network" "none" "ghcr.io/rust-lang/crates-build-env/linux@sha256:2788e3201cd34a07e3172128adcd8b3090168a8e3bcc40d7c032b9dda1df7d1c" "/opt/rustwide/cargo-home/bin/cargo" "+1.75.0" "build" "--frozen" "--message-format=json", kill_on_drop: false }`
[INFO] [stdout] aacdf9435ed509c9956ca9e1473e2972cc03fdfadb0d38c9947424998a116031
[INFO] running `Command { std: "docker" "start" "-a" "aacdf9435ed509c9956ca9e1473e2972cc03fdfadb0d38c9947424998a116031", kill_on_drop: false }`
[INFO] [stderr]    Compiling memmap2 v0.5.10
[INFO] [stderr]    Compiling once_cell v1.19.0
[INFO] [stderr]    Compiling linked_list_allocator v0.10.5
[INFO] [stderr]    Compiling unwind_safe v0.1.0
[INFO] [stderr]    Compiling outsource-heap v0.1.2 (/opt/rustwide/workdir)
[INFO] [stderr]     Finished dev [unoptimized + debuginfo] target(s) in 0.29s
[INFO] running `Command { std: "docker" "inspect" "aacdf9435ed509c9956ca9e1473e2972cc03fdfadb0d38c9947424998a116031", kill_on_drop: false }`
[INFO] running `Command { std: "docker" "rm" "-f" "aacdf9435ed509c9956ca9e1473e2972cc03fdfadb0d38c9947424998a116031", kill_on_drop: false }`
[INFO] [stdout] aacdf9435ed509c9956ca9e1473e2972cc03fdfadb0d38c9947424998a116031
[INFO] running `Command { std: "docker" "create" "-v" "/var/lib/crater-agent-workspace/builds/worker-2-tc1/target:/opt/rustwide/target:rw,Z" "-v" "/var/lib/crater-agent-workspace/builds/worker-2-tc1/source:/opt/rustwide/workdir:ro,Z" "-v" "/var/lib/crater-agent-workspace/cargo-home:/opt/rustwide/cargo-home:ro,Z" "-v" "/var/lib/crater-agent-workspace/rustup-home:/opt/rustwide/rustup-home:ro,Z" "-e" "SOURCE_DIR=/opt/rustwide/workdir" "-e" "CARGO_TARGET_DIR=/opt/rustwide/target" "-e" "CARGO_INCREMENTAL=0" "-e" "RUST_BACKTRACE=full" "-e" "RUSTFLAGS=--cap-lints=warn" "-e" "RUSTDOCFLAGS=--cap-lints=warn" "-e" "CARGO_HOME=/opt/rustwide/cargo-home" "-e" "RUSTUP_HOME=/opt/rustwide/rustup-home" "-w" "/opt/rustwide/workdir" "-m" "1610612736" "--user" "0:0" "--network" "none" "ghcr.io/rust-lang/crates-build-env/linux@sha256:2788e3201cd34a07e3172128adcd8b3090168a8e3bcc40d7c032b9dda1df7d1c" "/opt/rustwide/cargo-home/bin/cargo" "+1.75.0" "test" "--frozen" "--no-run" "--message-format=json", kill_on_drop: false }`
[INFO] [stdout] e77a4c0f6c80b494c0eb340879fd16acdfea8db0d5951b276b6736d0cf96c134
[INFO] running `Command { std: "docker" "start" "-a" "e77a4c0f6c80b494c0eb340879fd16acdfea8db0d5951b276b6736d0cf96c134", kill_on_drop: false }`
[INFO] [stderr]    Compiling outsource-heap v0.1.2 (/opt/rustwide/workdir)
[INFO] [stderr]     Finished test [unoptimized + debuginfo] target(s) in 0.28s
[INFO] running `Command { std: "docker" "inspect" "e77a4c0f6c80b494c0eb340879fd16acdfea8db0d5951b276b6736d0cf96c134", kill_on_drop: false }`
[INFO] running `Command { std: "docker" "rm" "-f" "e77a4c0f6c80b494c0eb340879fd16acdfea8db0d5951b276b6736d0cf96c134", kill_on_drop: false }`
[INFO] [stdout] e77a4c0f6c80b494c0eb340879fd16acdfea8db0d5951b276b6736d0cf96c134
[INFO] running `Command { std: "docker" "create" "-v" "/var/lib/crater-agent-workspace/builds/worker-2-tc1/target:/opt/rustwide/target:rw,Z" "-v" "/var/lib/crater-agent-workspace/builds/worker-2-tc1/source:/opt/rustwide/workdir:ro,Z" "-v" "/var/lib/crater-agent-workspace/cargo-home:/opt/rustwide/cargo-home:ro,Z" "-v" "/var/lib/crater-agent-workspace/rustup-home:/opt/rustwide/rustup-home:ro,Z" "-e" "SOURCE_DIR=/opt/rustwide/workdir" "-e" "CARGO_TARGET_DIR=/opt/rustwide/target" "-e" "CARGO_INCREMENTAL=0" "-e" "RUST_BACKTRACE=full" "-e" "RUSTFLAGS=--cap-lints=warn" "-e" "RUSTDOCFLAGS=--cap-lints=warn" "-e" "CARGO_HOME=/opt/rustwide/cargo-home" "-e" "RUSTUP_HOME=/opt/rustwide/rustup-home" "-w" "/opt/rustwide/workdir" "-m" "1610612736" "--user" "0:0" "--network" "none" "ghcr.io/rust-lang/crates-build-env/linux@sha256:2788e3201cd34a07e3172128adcd8b3090168a8e3bcc40d7c032b9dda1df7d1c" "/opt/rustwide/cargo-home/bin/cargo" "+1.75.0" "test" "--frozen", kill_on_drop: false }`
[INFO] [stdout] 6620056cc2b16a74d3bf71ae7fbc67f21b9060924d4ad1aac622a52d6982fd6a
[INFO] running `Command { std: "docker" "start" "-a" "6620056cc2b16a74d3bf71ae7fbc67f21b9060924d4ad1aac622a52d6982fd6a", kill_on_drop: false }`
[INFO] [stderr]     Finished test [unoptimized + debuginfo] target(s) in 0.00s
[INFO] [stderr]      Running unittests src/lib.rs (/opt/rustwide/target/debug/deps/outsource_heap-c5fe50ce8f838c8a)
[INFO] [stdout] 
[INFO] [stdout] running 1 test
[INFO] [stdout] test tests::it_works ... ok
[INFO] [stdout] 
[INFO] [stdout] test result: ok. 1 passed; 0 failed; 0 ignored; 0 measured; 0 filtered out; finished in 0.00s
[INFO] [stdout] 
[INFO] [stderr]    Doc-tests outsource-heap
[INFO] [stdout] 
[INFO] [stdout] running 2 tests
[INFO] [stdout] test src/lib.rs - (line 17) ... FAILED
[INFO] [stdout] test src/bounded.rs - bounded (line 11) ... FAILED
[INFO] [stdout] 
[INFO] [stdout] failures:
[INFO] [stdout] 
[INFO] [stdout] ---- src/lib.rs - (line 17) stdout ----
[INFO] [stdout] error[E0107]: missing generics for struct `outsource_heap::Global`
[INFO] [stdout]    --> src/lib.rs:20:31
[INFO] [stdout]     |
[INFO] [stdout] 6   | static ALLOC: outsource_heap::Global = outsource_heap::Global::system();
[INFO] [stdout]     |                               ^^^^^^ expected 1 generic argument
[INFO] [stdout]     |
[INFO] [stdout] note: struct defined here, with 1 generic parameter: `T`
[INFO] [stdout]    --> /opt/rustwide/workdir/src/lib.rs:270:12
[INFO] [stdout]     |
[INFO] [stdout] 270 | pub struct Global<T> {
[INFO] [stdout]     |            ^^^^^^ -
[INFO] [stdout] help: add missing generic argument
[INFO] [stdout]     |
[INFO] [stdout] 6   | static ALLOC: outsource_heap::Global<T> = outsource_heap::Global::system();
[INFO] [stdout]     |                                     +++
[INFO] [stdout] 
[INFO] [stdout] error: aborting due to previous error
[INFO] [stdout] 
[INFO] [stdout] For more information about this error, try `rustc --explain E0107`.
[INFO] [stdout] Couldn't compile the test.
[INFO] [stdout] ---- src/bounded.rs - bounded (line 11) stdout ----
[INFO] [stdout] error[E0554]: `#![feature]` may not be used on the stable release channel
[INFO] [stdout]  --> src/bounded.rs:11:12
[INFO] [stdout]   |
[INFO] [stdout] 2 | #![feature(alloc_error_hook)]
[INFO] [stdout]   |            ^^^^^^^^^^^^^^^^
[INFO] [stdout] 
[INFO] [stdout] error: aborting due to previous error
[INFO] [stdout] 
[INFO] [stdout] For more information about this error, try `rustc --explain E0554`.
[INFO] [stdout] Couldn't compile the test.
[INFO] [stdout] 
[INFO] [stdout] failures:
[INFO] [stdout]     src/bounded.rs - bounded (line 11)
[INFO] [stdout]     src/lib.rs - (line 17)
[INFO] [stdout] 
[INFO] [stdout] test result: FAILED. 0 passed; 2 failed; 0 ignored; 0 measured; 0 filtered out; finished in 0.06s
[INFO] [stdout] 
[INFO] [stderr] error: doctest failed, to rerun pass `--doc`
[INFO] running `Command { std: "docker" "inspect" "6620056cc2b16a74d3bf71ae7fbc67f21b9060924d4ad1aac622a52d6982fd6a", kill_on_drop: false }`
[INFO] running `Command { std: "docker" "rm" "-f" "6620056cc2b16a74d3bf71ae7fbc67f21b9060924d4ad1aac622a52d6982fd6a", kill_on_drop: false }`
[INFO] [stdout] 6620056cc2b16a74d3bf71ae7fbc67f21b9060924d4ad1aac622a52d6982fd6a
