[INFO] fetching crate otter-solana-verify 1.0.2...
[INFO] testing otter-solana-verify-1.0.2 against 1.75.0 for beta-1.76-1
[INFO] extracting crate otter-solana-verify 1.0.2 into /workspace/builds/worker-3-tc1/source
[INFO] validating manifest of crates.io crate otter-solana-verify 1.0.2 on toolchain 1.75.0
[INFO] running `Command { std: CARGO_HOME="/workspace/cargo-home" RUSTUP_HOME="/workspace/rustup-home" "/workspace/cargo-home/bin/cargo" "+1.75.0" "metadata" "--manifest-path" "Cargo.toml" "--no-deps", kill_on_drop: false }`
[INFO] started tweaking crates.io crate otter-solana-verify 1.0.2
[INFO] finished tweaking crates.io crate otter-solana-verify 1.0.2
[INFO] tweaked toml for crates.io crate otter-solana-verify 1.0.2 written to /workspace/builds/worker-3-tc1/source/Cargo.toml
[INFO] running `Command { std: CARGO_HOME="/workspace/cargo-home" RUSTUP_HOME="/workspace/rustup-home" "/workspace/cargo-home/bin/cargo" "+1.75.0" "generate-lockfile" "--manifest-path" "Cargo.toml", kill_on_drop: false }`
[INFO] [stderr]     Blocking waiting for file lock on package cache
[INFO] [stderr]     Updating crates.io index
[INFO] running `Command { std: CARGO_HOME="/workspace/cargo-home" RUSTUP_HOME="/workspace/rustup-home" "/workspace/cargo-home/bin/cargo" "+1.75.0" "fetch" "--manifest-path" "Cargo.toml", kill_on_drop: false }`
[INFO] [stderr]     Blocking waiting for file lock on package cache
[INFO] running `Command { std: "docker" "create" "-v" "/var/lib/crater-agent-workspace/builds/worker-3-tc1/target:/opt/rustwide/target:rw,Z" "-v" "/var/lib/crater-agent-workspace/builds/worker-3-tc1/source:/opt/rustwide/workdir:ro,Z" "-v" "/var/lib/crater-agent-workspace/cargo-home:/opt/rustwide/cargo-home:ro,Z" "-v" "/var/lib/crater-agent-workspace/rustup-home:/opt/rustwide/rustup-home:ro,Z" "-e" "SOURCE_DIR=/opt/rustwide/workdir" "-e" "CARGO_TARGET_DIR=/opt/rustwide/target" "-e" "CARGO_HOME=/opt/rustwide/cargo-home" "-e" "RUSTUP_HOME=/opt/rustwide/rustup-home" "-w" "/opt/rustwide/workdir" "-m" "1610612736" "--user" "0:0" "--network" "none" "ghcr.io/rust-lang/crates-build-env/linux@sha256:2788e3201cd34a07e3172128adcd8b3090168a8e3bcc40d7c032b9dda1df7d1c" "/opt/rustwide/cargo-home/bin/cargo" "+1.75.0" "metadata" "--no-deps" "--format-version=1", kill_on_drop: false }`
[INFO] [stdout] 1ef55fd2b711809c9e04fde58d12cb99e6e9199ff10e474ca8d50a93a51d5189
[INFO] running `Command { std: "docker" "start" "-a" "1ef55fd2b711809c9e04fde58d12cb99e6e9199ff10e474ca8d50a93a51d5189", kill_on_drop: false }`
[INFO] running `Command { std: "docker" "inspect" "1ef55fd2b711809c9e04fde58d12cb99e6e9199ff10e474ca8d50a93a51d5189", kill_on_drop: false }`
[INFO] running `Command { std: "docker" "rm" "-f" "1ef55fd2b711809c9e04fde58d12cb99e6e9199ff10e474ca8d50a93a51d5189", kill_on_drop: false }`
[INFO] [stdout] 1ef55fd2b711809c9e04fde58d12cb99e6e9199ff10e474ca8d50a93a51d5189
[INFO] running `Command { std: "docker" "create" "-v" "/var/lib/crater-agent-workspace/builds/worker-3-tc1/target:/opt/rustwide/target:rw,Z" "-v" "/var/lib/crater-agent-workspace/builds/worker-3-tc1/source:/opt/rustwide/workdir:ro,Z" "-v" "/var/lib/crater-agent-workspace/cargo-home:/opt/rustwide/cargo-home:ro,Z" "-v" "/var/lib/crater-agent-workspace/rustup-home:/opt/rustwide/rustup-home:ro,Z" "-e" "SOURCE_DIR=/opt/rustwide/workdir" "-e" "CARGO_TARGET_DIR=/opt/rustwide/target" "-e" "CARGO_INCREMENTAL=0" "-e" "RUST_BACKTRACE=full" "-e" "RUSTFLAGS=--cap-lints=warn" "-e" "RUSTDOCFLAGS=--cap-lints=warn" "-e" "CARGO_HOME=/opt/rustwide/cargo-home" "-e" "RUSTUP_HOME=/opt/rustwide/rustup-home" "-w" "/opt/rustwide/workdir" "-m" "1610612736" "--user" "0:0" "--network" "none" "ghcr.io/rust-lang/crates-build-env/linux@sha256:2788e3201cd34a07e3172128adcd8b3090168a8e3bcc40d7c032b9dda1df7d1c" "/opt/rustwide/cargo-home/bin/cargo" "+1.75.0" "build" "--frozen" "--message-format=json", kill_on_drop: false }`
[INFO] [stdout] 12161e54dfc9062f805b723fa520e6451c3d3faa701a3796c026b62e8f8cb489
[INFO] running `Command { std: "docker" "start" "-a" "12161e54dfc9062f805b723fa520e6451c3d3faa701a3796c026b62e8f8cb489", kill_on_drop: false }`
[INFO] [stderr]    Compiling otter-solana-verify v1.0.2 (/opt/rustwide/workdir)
[INFO] [stderr]     Finished dev [unoptimized + debuginfo] target(s) in 0.40s
[INFO] running `Command { std: "docker" "inspect" "12161e54dfc9062f805b723fa520e6451c3d3faa701a3796c026b62e8f8cb489", kill_on_drop: false }`
[INFO] running `Command { std: "docker" "rm" "-f" "12161e54dfc9062f805b723fa520e6451c3d3faa701a3796c026b62e8f8cb489", kill_on_drop: false }`
[INFO] [stdout] 12161e54dfc9062f805b723fa520e6451c3d3faa701a3796c026b62e8f8cb489
[INFO] running `Command { std: "docker" "create" "-v" "/var/lib/crater-agent-workspace/builds/worker-3-tc1/target:/opt/rustwide/target:rw,Z" "-v" "/var/lib/crater-agent-workspace/builds/worker-3-tc1/source:/opt/rustwide/workdir:ro,Z" "-v" "/var/lib/crater-agent-workspace/cargo-home:/opt/rustwide/cargo-home:ro,Z" "-v" "/var/lib/crater-agent-workspace/rustup-home:/opt/rustwide/rustup-home:ro,Z" "-e" "SOURCE_DIR=/opt/rustwide/workdir" "-e" "CARGO_TARGET_DIR=/opt/rustwide/target" "-e" "CARGO_INCREMENTAL=0" "-e" "RUST_BACKTRACE=full" "-e" "RUSTFLAGS=--cap-lints=warn" "-e" "RUSTDOCFLAGS=--cap-lints=warn" "-e" "CARGO_HOME=/opt/rustwide/cargo-home" "-e" "RUSTUP_HOME=/opt/rustwide/rustup-home" "-w" "/opt/rustwide/workdir" "-m" "1610612736" "--user" "0:0" "--network" "none" "ghcr.io/rust-lang/crates-build-env/linux@sha256:2788e3201cd34a07e3172128adcd8b3090168a8e3bcc40d7c032b9dda1df7d1c" "/opt/rustwide/cargo-home/bin/cargo" "+1.75.0" "test" "--frozen" "--no-run" "--message-format=json", kill_on_drop: false }`
[INFO] [stdout] 65341fb9d7f9ad936277246474d683cc68d48a7a7a1d44e68a4fc3914f6c0401
[INFO] running `Command { std: "docker" "start" "-a" "65341fb9d7f9ad936277246474d683cc68d48a7a7a1d44e68a4fc3914f6c0401", kill_on_drop: false }`
[INFO] [stderr]    Compiling otter-solana-verify v1.0.2 (/opt/rustwide/workdir)
[INFO] [stderr]     Finished test [unoptimized + debuginfo] target(s) in 0.43s
[INFO] running `Command { std: "docker" "inspect" "65341fb9d7f9ad936277246474d683cc68d48a7a7a1d44e68a4fc3914f6c0401", kill_on_drop: false }`
[INFO] running `Command { std: "docker" "rm" "-f" "65341fb9d7f9ad936277246474d683cc68d48a7a7a1d44e68a4fc3914f6c0401", kill_on_drop: false }`
[INFO] [stdout] 65341fb9d7f9ad936277246474d683cc68d48a7a7a1d44e68a4fc3914f6c0401
[INFO] running `Command { std: "docker" "create" "-v" "/var/lib/crater-agent-workspace/builds/worker-3-tc1/target:/opt/rustwide/target:rw,Z" "-v" "/var/lib/crater-agent-workspace/builds/worker-3-tc1/source:/opt/rustwide/workdir:ro,Z" "-v" "/var/lib/crater-agent-workspace/cargo-home:/opt/rustwide/cargo-home:ro,Z" "-v" "/var/lib/crater-agent-workspace/rustup-home:/opt/rustwide/rustup-home:ro,Z" "-e" "SOURCE_DIR=/opt/rustwide/workdir" "-e" "CARGO_TARGET_DIR=/opt/rustwide/target" "-e" "CARGO_INCREMENTAL=0" "-e" "RUST_BACKTRACE=full" "-e" "RUSTFLAGS=--cap-lints=warn" "-e" "RUSTDOCFLAGS=--cap-lints=warn" "-e" "CARGO_HOME=/opt/rustwide/cargo-home" "-e" "RUSTUP_HOME=/opt/rustwide/rustup-home" "-w" "/opt/rustwide/workdir" "-m" "1610612736" "--user" "0:0" "--network" "none" "ghcr.io/rust-lang/crates-build-env/linux@sha256:2788e3201cd34a07e3172128adcd8b3090168a8e3bcc40d7c032b9dda1df7d1c" "/opt/rustwide/cargo-home/bin/cargo" "+1.75.0" "test" "--frozen", kill_on_drop: false }`
[INFO] [stdout] f9d8a603d863e83f20f65b87fb7b27f13a73c7ae037e517dfdcecb1aeae86a8e
[INFO] running `Command { std: "docker" "start" "-a" "f9d8a603d863e83f20f65b87fb7b27f13a73c7ae037e517dfdcecb1aeae86a8e", kill_on_drop: false }`
[INFO] [stderr]     Finished test [unoptimized + debuginfo] target(s) in 0.01s
[INFO] [stderr]      Running unittests src/lib.rs (/opt/rustwide/target/debug/deps/otter_solana_verify-4111982016fe4bff)
[INFO] [stdout] 
[INFO] [stdout] running 0 tests
[INFO] [stdout] 
[INFO] [stdout] test result: ok. 0 passed; 0 failed; 0 ignored; 0 measured; 0 filtered out; finished in 0.00s
[INFO] [stdout] 
[INFO] [stderr]    Doc-tests otter-solana-verify
[INFO] [stdout] 
[INFO] [stdout] running 3 tests
[INFO] [stdout] test src/lib.rs - (line 37) ... FAILED
[INFO] [stdout] test src/lib.rs - (line 10) ... FAILED
[INFO] [stderr] error: doctest failed, to rerun pass `--doc`
[INFO] [stdout] test src/lib.rs - (line 20) ... FAILED
[INFO] [stdout] 
[INFO] [stdout] failures:
[INFO] [stdout] 
[INFO] [stdout] ---- src/lib.rs - (line 37) stdout ----
[INFO] [stdout] error: cannot find attribute `account` in this scope
[INFO] [stdout]  --> src/lib.rs:38:3
[INFO] [stdout]   |
[INFO] [stdout] 3 | #[account]
[INFO] [stdout]   |   ^^^^^^^
[INFO] [stdout] 
[INFO] [stdout] error: cannot find attribute `invariant` in this scope
[INFO] [stdout]  --> src/lib.rs:39:7
[INFO] [stdout]   |
[INFO] [stdout] 4 |     #[invariant(
[INFO] [stdout]   |       ^^^^^^^^^
[INFO] [stdout]   |
[INFO] [stdout] help: consider importing this attribute macro
[INFO] [stdout]   |
[INFO] [stdout] 2 + use otter_solana_verify::invariant;
[INFO] [stdout]   |
[INFO] [stdout] 
[INFO] [stdout] error: aborting due to 2 previous errors
[INFO] [stdout] 
[INFO] [stdout] Couldn't compile the test.
[INFO] [stdout] ---- src/lib.rs - (line 10) stdout ----
[INFO] [stdout] error: unexpected token: `...`
[INFO] [stdout]  --> src/lib.rs:15:2
[INFO] [stdout]   |
[INFO] [stdout] 7 |  ...
[INFO] [stdout]   |  ^^^
[INFO] [stdout]   |
[INFO] [stdout] help: use `..` for an exclusive range
[INFO] [stdout]   |
[INFO] [stdout] 7 |  ..
[INFO] [stdout]   |
[INFO] [stdout] help: or `..=` for an inclusive range
[INFO] [stdout]   |
[INFO] [stdout] 7 |  ..=
[INFO] [stdout]   |
[INFO] [stdout] 
[INFO] [stdout] error[E0586]: inclusive range with no end
[INFO] [stdout]  --> src/lib.rs:15:2
[INFO] [stdout]   |
[INFO] [stdout] 7 |  ...
[INFO] [stdout]   |  ^^^ help: use `..` instead
[INFO] [stdout]   |
[INFO] [stdout]   = note: inclusive ranges must be bounded at the end (`..=b` or `a..=b`)
[INFO] [stdout] 
[INFO] [stdout] error: cannot find attribute `succeeds_if` in this scope
[INFO] [stdout]  --> src/lib.rs:11:3
[INFO] [stdout]   |
[INFO] [stdout] 3 | #[succeeds_if(
[INFO] [stdout]   |   ^^^^^^^^^^^
[INFO] [stdout]   |
[INFO] [stdout] help: consider importing this attribute macro
[INFO] [stdout]   |
[INFO] [stdout] 2 + use otter_solana_verify::succeeds_if;
[INFO] [stdout]   |
[INFO] [stdout] 
[INFO] [stdout] error[E0412]: cannot find type `Context` in this scope
[INFO] [stdout]  --> src/lib.rs:14:22
[INFO] [stdout]   |
[INFO] [stdout] 6 | pub fn withdraw(ctx: Context<Withdraw>, amount: u64) {
[INFO] [stdout]   |                      ^^^^^^^ not found in this scope
[INFO] [stdout]   |
[INFO] [stdout] help: consider importing one of these items
[INFO] [stdout]   |
[INFO] [stdout] 2 + use core::task::Context;
[INFO] [stdout]   |
[INFO] [stdout] 2 + use std::task::Context;
[INFO] [stdout]   |
[INFO] [stdout] 
[INFO] [stdout] error[E0412]: cannot find type `Withdraw` in this scope
[INFO] [stdout]  --> src/lib.rs:14:30
[INFO] [stdout]   |
[INFO] [stdout] 6 | pub fn withdraw(ctx: Context<Withdraw>, amount: u64) {
[INFO] [stdout]   |                              ^^^^^^^^ not found in this scope
[INFO] [stdout]   |
[INFO] [stdout] help: you might be missing a type parameter
[INFO] [stdout]   |
[INFO] [stdout] 6 | pub fn withdraw<Withdraw>(ctx: Context<Withdraw>, amount: u64) {
[INFO] [stdout]   |                ++++++++++
[INFO] [stdout] 
[INFO] [stdout] error: aborting due to 5 previous errors
[INFO] [stdout] 
[INFO] [stdout] Some errors have detailed explanations: E0412, E0586.
[INFO] [stdout] For more information about an error, try `rustc --explain E0412`.
[INFO] [stdout] Couldn't compile the test.
[INFO] [stdout] ---- src/lib.rs - (line 20) stdout ----
[INFO] [stdout] error: unexpected token: `...`
[INFO] [stdout]  --> src/lib.rs:25:7
[INFO] [stdout]   |
[INFO] [stdout] 7 |       ...
[INFO] [stdout]   |       ^^^
[INFO] [stdout]   |
[INFO] [stdout] help: use `..` for an exclusive range
[INFO] [stdout]   |
[INFO] [stdout] 7 |       ..
[INFO] [stdout]   |
[INFO] [stdout] help: or `..=` for an inclusive range
[INFO] [stdout]   |
[INFO] [stdout] 7 |       ..=
[INFO] [stdout]   |
[INFO] [stdout] 
[INFO] [stdout] error[E0586]: inclusive range with no end
[INFO] [stdout]  --> src/lib.rs:25:7
[INFO] [stdout]   |
[INFO] [stdout] 7 |       ...
[INFO] [stdout]   |       ^^^ help: use `..` instead
[INFO] [stdout]   |
[INFO] [stdout]   = note: inclusive ranges must be bounded at the end (`..=b` or `a..=b`)
[INFO] [stdout] 
[INFO] [stdout] error: cannot find attribute `errors_if` in this scope
[INFO] [stdout]  --> src/lib.rs:21:3
[INFO] [stdout]   |
[INFO] [stdout] 3 | #[errors_if(
[INFO] [stdout]   |   ^^^^^^^^^
[INFO] [stdout]   |
[INFO] [stdout] help: consider importing this attribute macro
[INFO] [stdout]   |
[INFO] [stdout] 2 + use otter_solana_verify::errors_if;
[INFO] [stdout]   |
[INFO] [stdout] 
[INFO] [stdout] error[E0412]: cannot find type `Context` in this scope
[INFO] [stdout]  --> src/lib.rs:24:24
[INFO] [stdout]   |
[INFO] [stdout] 6 |   pub fn withdraw(ctx: Context<Withdraw>, amount: u64) {
[INFO] [stdout]   |                        ^^^^^^^ not found in this scope
[INFO] [stdout]   |
[INFO] [stdout] help: consider importing one of these items
[INFO] [stdout]   |
[INFO] [stdout] 2 + use core::task::Context;
[INFO] [stdout]   |
[INFO] [stdout] 2 + use std::task::Context;
[INFO] [stdout]   |
[INFO] [stdout] 
[INFO] [stdout] error[E0412]: cannot find type `Withdraw` in this scope
[INFO] [stdout]  --> src/lib.rs:24:32
[INFO] [stdout]   |
[INFO] [stdout] 6 |   pub fn withdraw(ctx: Context<Withdraw>, amount: u64) {
[INFO] [stdout]   |                                ^^^^^^^^ not found in this scope
[INFO] [stdout]   |
[INFO] [stdout] help: you might be missing a type parameter
[INFO] [stdout]   |
[INFO] [stdout] 6 |   pub fn withdraw<Withdraw>(ctx: Context<Withdraw>, amount: u64) {
[INFO] [stdout]   |                  ++++++++++
[INFO] [stdout] 
[INFO] [stdout] error: aborting due to 5 previous errors
[INFO] [stdout] 
[INFO] [stdout] Some errors have detailed explanations: E0412, E0586.
[INFO] [stdout] For more information about an error, try `rustc --explain E0412`.
[INFO] [stdout] Couldn't compile the test.
[INFO] [stdout] 
[INFO] [stdout] failures:
[INFO] [stdout]     src/lib.rs - (line 10)
[INFO] [stdout]     src/lib.rs - (line 20)
[INFO] [stdout]     src/lib.rs - (line 37)
[INFO] [stdout] 
[INFO] [stdout] test result: FAILED. 0 passed; 3 failed; 0 ignored; 0 measured; 0 filtered out; finished in 0.15s
[INFO] [stdout] 
[INFO] running `Command { std: "docker" "inspect" "f9d8a603d863e83f20f65b87fb7b27f13a73c7ae037e517dfdcecb1aeae86a8e", kill_on_drop: false }`
[INFO] running `Command { std: "docker" "rm" "-f" "f9d8a603d863e83f20f65b87fb7b27f13a73c7ae037e517dfdcecb1aeae86a8e", kill_on_drop: false }`
[INFO] [stdout] f9d8a603d863e83f20f65b87fb7b27f13a73c7ae037e517dfdcecb1aeae86a8e
[INFO] testing otter-solana-verify-1.0.2 against beta-2023-12-22 for beta-1.76-1
[INFO] extracting crate otter-solana-verify 1.0.2 into /workspace/builds/worker-3-tc2/source
[INFO] validating manifest of crates.io crate otter-solana-verify 1.0.2 on toolchain beta-2023-12-22
[INFO] running `Command { std: CARGO_HOME="/workspace/cargo-home" RUSTUP_HOME="/workspace/rustup-home" "/workspace/cargo-home/bin/cargo" "+beta-2023-12-22" "metadata" "--manifest-path" "Cargo.toml" "--no-deps", kill_on_drop: false }`
[INFO] started tweaking crates.io crate otter-solana-verify 1.0.2
[INFO] finished tweaking crates.io crate otter-solana-verify 1.0.2
[INFO] tweaked toml for crates.io crate otter-solana-verify 1.0.2 written to /workspace/builds/worker-3-tc2/source/Cargo.toml
[INFO] running `Command { std: CARGO_HOME="/workspace/cargo-home" RUSTUP_HOME="/workspace/rustup-home" "/workspace/cargo-home/bin/cargo" "+beta-2023-12-22" "generate-lockfile" "--manifest-path" "Cargo.toml", kill_on_drop: false }`
[INFO] [stderr]     Updating crates.io index
[INFO] running `Command { std: CARGO_HOME="/workspace/cargo-home" RUSTUP_HOME="/workspace/rustup-home" "/workspace/cargo-home/bin/cargo" "+beta-2023-12-22" "fetch" "--manifest-path" "Cargo.toml", kill_on_drop: false }`
[INFO] running `Command { std: "docker" "create" "-v" "/var/lib/crater-agent-workspace/builds/worker-3-tc2/target:/opt/rustwide/target:rw,Z" "-v" "/var/lib/crater-agent-workspace/builds/worker-3-tc2/source:/opt/rustwide/workdir:ro,Z" "-v" "/var/lib/crater-agent-workspace/cargo-home:/opt/rustwide/cargo-home:ro,Z" "-v" "/var/lib/crater-agent-workspace/rustup-home:/opt/rustwide/rustup-home:ro,Z" "-e" "SOURCE_DIR=/opt/rustwide/workdir" "-e" "CARGO_TARGET_DIR=/opt/rustwide/target" "-e" "CARGO_HOME=/opt/rustwide/cargo-home" "-e" "RUSTUP_HOME=/opt/rustwide/rustup-home" "-w" "/opt/rustwide/workdir" "-m" "1610612736" "--user" "0:0" "--network" "none" "ghcr.io/rust-lang/crates-build-env/linux@sha256:2788e3201cd34a07e3172128adcd8b3090168a8e3bcc40d7c032b9dda1df7d1c" "/opt/rustwide/cargo-home/bin/cargo" "+beta-2023-12-22" "metadata" "--no-deps" "--format-version=1", kill_on_drop: false }`
[INFO] [stdout] f3f2f16a9752fc3753e28dca8d39ad2ae4e44aca1832494ccd4e454be21061f2
[INFO] running `Command { std: "docker" "start" "-a" "f3f2f16a9752fc3753e28dca8d39ad2ae4e44aca1832494ccd4e454be21061f2", kill_on_drop: false }`
[INFO] running `Command { std: "docker" "inspect" "f3f2f16a9752fc3753e28dca8d39ad2ae4e44aca1832494ccd4e454be21061f2", kill_on_drop: false }`
[INFO] running `Command { std: "docker" "rm" "-f" "f3f2f16a9752fc3753e28dca8d39ad2ae4e44aca1832494ccd4e454be21061f2", kill_on_drop: false }`
[INFO] [stdout] f3f2f16a9752fc3753e28dca8d39ad2ae4e44aca1832494ccd4e454be21061f2
[INFO] running `Command { std: "docker" "create" "-v" "/var/lib/crater-agent-workspace/builds/worker-3-tc2/target:/opt/rustwide/target:rw,Z" "-v" "/var/lib/crater-agent-workspace/builds/worker-3-tc2/source:/opt/rustwide/workdir:ro,Z" "-v" "/var/lib/crater-agent-workspace/cargo-home:/opt/rustwide/cargo-home:ro,Z" "-v" "/var/lib/crater-agent-workspace/rustup-home:/opt/rustwide/rustup-home:ro,Z" "-e" "SOURCE_DIR=/opt/rustwide/workdir" "-e" "CARGO_TARGET_DIR=/opt/rustwide/target" "-e" "CARGO_INCREMENTAL=0" "-e" "RUST_BACKTRACE=full" "-e" "RUSTFLAGS=--cap-lints=warn" "-e" "RUSTDOCFLAGS=--cap-lints=warn" "-e" "CARGO_HOME=/opt/rustwide/cargo-home" "-e" "RUSTUP_HOME=/opt/rustwide/rustup-home" "-w" "/opt/rustwide/workdir" "-m" "1610612736" "--user" "0:0" "--network" "none" "ghcr.io/rust-lang/crates-build-env/linux@sha256:2788e3201cd34a07e3172128adcd8b3090168a8e3bcc40d7c032b9dda1df7d1c" "/opt/rustwide/cargo-home/bin/cargo" "+beta-2023-12-22" "build" "--frozen" "--message-format=json", kill_on_drop: false }`
[INFO] [stdout] d4db9444d436a01f2bf8813467e12922c14e3f38a81abaaccfe0fe8e5aaed9af
[INFO] running `Command { std: "docker" "start" "-a" "d4db9444d436a01f2bf8813467e12922c14e3f38a81abaaccfe0fe8e5aaed9af", kill_on_drop: false }`
[INFO] [stderr]    Compiling otter-solana-verify v1.0.2 (/opt/rustwide/workdir)
[INFO] [stderr]     Finished dev [unoptimized + debuginfo] target(s) in 0.55s
[INFO] running `Command { std: "docker" "inspect" "d4db9444d436a01f2bf8813467e12922c14e3f38a81abaaccfe0fe8e5aaed9af", kill_on_drop: false }`
[INFO] running `Command { std: "docker" "rm" "-f" "d4db9444d436a01f2bf8813467e12922c14e3f38a81abaaccfe0fe8e5aaed9af", kill_on_drop: false }`
[INFO] [stdout] d4db9444d436a01f2bf8813467e12922c14e3f38a81abaaccfe0fe8e5aaed9af
[INFO] running `Command { std: "docker" "create" "-v" "/var/lib/crater-agent-workspace/builds/worker-3-tc2/target:/opt/rustwide/target:rw,Z" "-v" "/var/lib/crater-agent-workspace/builds/worker-3-tc2/source:/opt/rustwide/workdir:ro,Z" "-v" "/var/lib/crater-agent-workspace/cargo-home:/opt/rustwide/cargo-home:ro,Z" "-v" "/var/lib/crater-agent-workspace/rustup-home:/opt/rustwide/rustup-home:ro,Z" "-e" "SOURCE_DIR=/opt/rustwide/workdir" "-e" "CARGO_TARGET_DIR=/opt/rustwide/target" "-e" "CARGO_INCREMENTAL=0" "-e" "RUST_BACKTRACE=full" "-e" "RUSTFLAGS=--cap-lints=warn" "-e" "RUSTDOCFLAGS=--cap-lints=warn" "-e" "CARGO_HOME=/opt/rustwide/cargo-home" "-e" "RUSTUP_HOME=/opt/rustwide/rustup-home" "-w" "/opt/rustwide/workdir" "-m" "1610612736" "--user" "0:0" "--network" "none" "ghcr.io/rust-lang/crates-build-env/linux@sha256:2788e3201cd34a07e3172128adcd8b3090168a8e3bcc40d7c032b9dda1df7d1c" "/opt/rustwide/cargo-home/bin/cargo" "+beta-2023-12-22" "test" "--frozen" "--no-run" "--message-format=json", kill_on_drop: false }`
[INFO] [stdout] 60fd8a277063d8eb50a87d0299a3610b900d554190c5855b6c591fa0b1329199
[INFO] running `Command { std: "docker" "start" "-a" "60fd8a277063d8eb50a87d0299a3610b900d554190c5855b6c591fa0b1329199", kill_on_drop: false }`
[INFO] [stderr]    Compiling otter-solana-verify v1.0.2 (/opt/rustwide/workdir)
[INFO] [stderr]     Finished test [unoptimized + debuginfo] target(s) in 0.51s
[INFO] running `Command { std: "docker" "inspect" "60fd8a277063d8eb50a87d0299a3610b900d554190c5855b6c591fa0b1329199", kill_on_drop: false }`
[INFO] running `Command { std: "docker" "rm" "-f" "60fd8a277063d8eb50a87d0299a3610b900d554190c5855b6c591fa0b1329199", kill_on_drop: false }`
[INFO] [stdout] 60fd8a277063d8eb50a87d0299a3610b900d554190c5855b6c591fa0b1329199
[INFO] running `Command { std: "docker" "create" "-v" "/var/lib/crater-agent-workspace/builds/worker-3-tc2/target:/opt/rustwide/target:rw,Z" "-v" "/var/lib/crater-agent-workspace/builds/worker-3-tc2/source:/opt/rustwide/workdir:ro,Z" "-v" "/var/lib/crater-agent-workspace/cargo-home:/opt/rustwide/cargo-home:ro,Z" "-v" "/var/lib/crater-agent-workspace/rustup-home:/opt/rustwide/rustup-home:ro,Z" "-e" "SOURCE_DIR=/opt/rustwide/workdir" "-e" "CARGO_TARGET_DIR=/opt/rustwide/target" "-e" "CARGO_INCREMENTAL=0" "-e" "RUST_BACKTRACE=full" "-e" "RUSTFLAGS=--cap-lints=warn" "-e" "RUSTDOCFLAGS=--cap-lints=warn" "-e" "CARGO_HOME=/opt/rustwide/cargo-home" "-e" "RUSTUP_HOME=/opt/rustwide/rustup-home" "-w" "/opt/rustwide/workdir" "-m" "1610612736" "--user" "0:0" "--network" "none" "ghcr.io/rust-lang/crates-build-env/linux@sha256:2788e3201cd34a07e3172128adcd8b3090168a8e3bcc40d7c032b9dda1df7d1c" "/opt/rustwide/cargo-home/bin/cargo" "+beta-2023-12-22" "test" "--frozen", kill_on_drop: false }`
[INFO] [stdout] e595f71c367a4652113ad3fbe5b60c45f2ba64dc69c8b30226e767142ebc1246
[INFO] running `Command { std: "docker" "start" "-a" "e595f71c367a4652113ad3fbe5b60c45f2ba64dc69c8b30226e767142ebc1246", kill_on_drop: false }`
[INFO] [stderr]     Finished test [unoptimized + debuginfo] target(s) in 0.02s
[INFO] [stderr]      Running unittests src/lib.rs (/opt/rustwide/target/debug/deps/otter_solana_verify-3f84567e54c5652a)
[INFO] [stdout] 
[INFO] [stdout] running 0 tests
[INFO] [stdout] 
[INFO] [stdout] test result: ok. 0 passed; 0 failed; 0 ignored; 0 measured; 0 filtered out; finished in 0.00s
[INFO] [stdout] 
[INFO] [stderr]    Doc-tests otter-solana-verify
[INFO] [stdout] 
[INFO] [stdout] running 3 tests
[INFO] [stdout] test src/lib.rs - (line 37) ... FAILED
[INFO] [stdout] test src/lib.rs - (line 10) ... FAILED
[INFO] [stdout] test src/lib.rs - (line 20) ... FAILED
[INFO] [stdout] 
[INFO] [stdout] failures:
[INFO] [stdout] 
[INFO] [stdout] ---- src/lib.rs - (line 37) stdout ----
[INFO] [stdout] error: cannot find attribute `account` in this scope
[INFO] [stdout]  --> src/lib.rs:38:3
[INFO] [stdout]   |
[INFO] [stdout] 3 | #[account]
[INFO] [stdout]   |   ^^^^^^^
[INFO] [stdout] 
[INFO] [stdout] error: cannot find attribute `invariant` in this scope
[INFO] [stdout]  --> src/lib.rs:39:7
[INFO] [stdout]   |
[INFO] [stdout] 4 |     #[invariant(
[INFO] [stdout]   |       ^^^^^^^^^
[INFO] [stdout]   |
[INFO] [stdout] help: consider importing this attribute macro
[INFO] [stdout]   |
[INFO] [stdout] 2 + use otter_solana_verify::invariant;
[INFO] [stdout]   |
[INFO] [stdout] 
[INFO] [stdout] error: aborting due to 2 previous errors
[INFO] [stdout] 
[INFO] [stdout] Couldn't compile the test.
[INFO] [stdout] ---- src/lib.rs - (line 10) stdout ----
[INFO] [stdout] error: unexpected token: `...`
[INFO] [stdout]  --> src/lib.rs:15:2
[INFO] [stdout]   |
[INFO] [stdout] 7 |  ...
[INFO] [stdout]   |  ^^^
[INFO] [stdout]   |
[INFO] [stdout] help: use `..` for an exclusive range
[INFO] [stdout]   |
[INFO] [stdout] 7 |  ..
[INFO] [stdout]   |
[INFO] [stdout] help: or `..=` for an inclusive range
[INFO] [stdout]   |
[INFO] [stdout] 7 |  ..=
[INFO] [stdout]   |
[INFO] [stdout] 
[INFO] [stdout] error[E0586]: inclusive range with no end
[INFO] [stdout]  --> src/lib.rs:15:2
[INFO] [stdout]   |
[INFO] [stdout] 7 |  ...
[INFO] [stdout]   |  ^^^ help: use `..` instead
[INFO] [stdout]   |
[INFO] [stdout]   = note: inclusive ranges must be bounded at the end (`..=b` or `a..=b`)
[INFO] [stdout] 
[INFO] [stdout] error: cannot find attribute `succeeds_if` in this scope
[INFO] [stdout]  --> src/lib.rs:11:3
[INFO] [stdout]   |
[INFO] [stdout] 3 | #[succeeds_if(
[INFO] [stdout]   |   ^^^^^^^^^^^
[INFO] [stdout]   |
[INFO] [stdout] help: consider importing this attribute macro
[INFO] [stdout]   |
[INFO] [stdout] 2 + use otter_solana_verify::succeeds_if;
[INFO] [stdout]   |
[INFO] [stdout] 
[INFO] [stdout] error[E0412]: cannot find type `Context` in this scope
[INFO] [stdout]  --> src/lib.rs:14:22
[INFO] [stdout]   |
[INFO] [stdout] 6 | pub fn withdraw(ctx: Context<Withdraw>, amount: u64) {
[INFO] [stdout]   |                      ^^^^^^^ not found in this scope
[INFO] [stdout]   |
[INFO] [stdout] help: consider importing one of these items
[INFO] [stdout]   |
[INFO] [stdout] 2 + use core::task::Context;
[INFO] [stdout]   |
[INFO] [stdout] 2 + use std::task::Context;
[INFO] [stdout]   |
[INFO] [stdout] 
[INFO] [stdout] error[E0412]: cannot find type `Withdraw` in this scope
[INFO] [stdout]  --> src/lib.rs:14:30
[INFO] [stdout]   |
[INFO] [stdout] 6 | pub fn withdraw(ctx: Context<Withdraw>, amount: u64) {
[INFO] [stdout]   |                              ^^^^^^^^ not found in this scope
[INFO] [stdout]   |
[INFO] [stdout] help: you might be missing a type parameter
[INFO] [stdout]   |
[INFO] [stdout] 6 | pub fn withdraw<Withdraw>(ctx: Context<Withdraw>, amount: u64) {
[INFO] [stdout]   |                ++++++++++
[INFO] [stdout] 
[INFO] [stdout] error: aborting due to 5 previous errors
[INFO] [stdout] 
[INFO] [stdout] Some errors have detailed explanations: E0412, E0586.
[INFO] [stdout] For more information about an error, try `rustc --explain E0412`.
[INFO] [stdout] Couldn't compile the test.
[INFO] [stdout] ---- src/lib.rs - (line 20) stdout ----
[INFO] [stdout] error: unexpected token: `...`
[INFO] [stdout]  --> src/lib.rs:25:7
[INFO] [stdout]   |
[INFO] [stdout] 7 |       ...
[INFO] [stdout]   |       ^^^
[INFO] [stdout]   |
[INFO] [stdout] help: use `..` for an exclusive range
[INFO] [stdout]   |
[INFO] [stdout] 7 |       ..
[INFO] [stdout]   |
[INFO] [stdout] help: or `..=` for an inclusive range
[INFO] [stdout]   |
[INFO] [stdout] 7 |       ..=
[INFO] [stdout]   |
[INFO] [stdout] 
[INFO] [stdout] error[E0586]: inclusive range with no end
[INFO] [stdout]  --> src/lib.rs:25:7
[INFO] [stdout]   |
[INFO] [stdout] 7 |       ...
[INFO] [stdout]   |       ^^^ help: use `..` instead
[INFO] [stdout]   |
[INFO] [stdout]   = note: inclusive ranges must be bounded at the end (`..=b` or `a..=b`)
[INFO] [stdout] 
[INFO] [stdout] error: cannot find attribute `errors_if` in this scope
[INFO] [stdout]  --> src/lib.rs:21:3
[INFO] [stdout]   |
[INFO] [stdout] 3 | #[errors_if(
[INFO] [stdout]   |   ^^^^^^^^^
[INFO] [stdout]   |
[INFO] [stdout] help: consider importing this attribute macro
[INFO] [stdout]   |
[INFO] [stdout] 2 + use otter_solana_verify::errors_if;
[INFO] [stdout]   |
[INFO] [stdout] 
[INFO] [stdout] error[E0412]: cannot find type `Context` in this scope
[INFO] [stdout]  --> src/lib.rs:24:24
[INFO] [stdout]   |
[INFO] [stdout] 6 |   pub fn withdraw(ctx: Context<Withdraw>, amount: u64) {
[INFO] [stdout]   |                        ^^^^^^^ not found in this scope
[INFO] [stdout]   |
[INFO] [stdout] help: consider importing one of these items
[INFO] [stdout]   |
[INFO] [stdout] 2 + use core::task::Context;
[INFO] [stdout]   |
[INFO] [stdout] 2 + use std::task::Context;
[INFO] [stdout]   |
[INFO] [stdout] 
[INFO] [stdout] error[E0412]: cannot find type `Withdraw` in this scope
[INFO] [stdout]  --> src/lib.rs:24:32
[INFO] [stdout]   |
[INFO] [stdout] 6 |   pub fn withdraw(ctx: Context<Withdraw>, amount: u64) {
[INFO] [stdout]   |                                ^^^^^^^^ not found in this scope
[INFO] [stdout]   |
[INFO] [stdout] help: you might be missing a type parameter
[INFO] [stdout]   |
[INFO] [stdout] 6 |   pub fn withdraw<Withdraw>(ctx: Context<Withdraw>, amount: u64) {
[INFO] [stdout]   |                  ++++++++++
[INFO] [stdout] 
[INFO] [stdout] error: aborting due to 5 previous errors
[INFO] [stdout] 
[INFO] [stdout] Some errors have detailed explanations: E0412, E0586.
[INFO] [stdout] For more information about an error, try `rustc --explain E0412`.
[INFO] [stdout] Couldn't compile the test.
[INFO] [stdout] 
[INFO] [stdout] failures:
[INFO] [stdout]     src/lib.rs - (line 10)
[INFO] [stdout]     src/lib.rs - (line 20)
[INFO] [stdout]     src/lib.rs - (line 37)
[INFO] [stdout] 
[INFO] [stdout] test result: FAILED. 0 passed; 3 failed; 0 ignored; 0 measured; 0 filtered out; finished in 0.13s
[INFO] [stdout] 
[INFO] [stderr] error: doctest failed, to rerun pass `--doc`
[INFO] running `Command { std: "docker" "inspect" "e595f71c367a4652113ad3fbe5b60c45f2ba64dc69c8b30226e767142ebc1246", kill_on_drop: false }`
[INFO] running `Command { std: "docker" "rm" "-f" "e595f71c367a4652113ad3fbe5b60c45f2ba64dc69c8b30226e767142ebc1246", kill_on_drop: false }`
[INFO] [stdout] e595f71c367a4652113ad3fbe5b60c45f2ba64dc69c8b30226e767142ebc1246
