[INFO] fetching crate osrs-cache 0.2.2...
[INFO] testing osrs-cache-0.2.2 against 1.75.0 for beta-1.76-1
[INFO] extracting crate osrs-cache 0.2.2 into /workspace/builds/worker-4-tc1/source
[INFO] validating manifest of crates.io crate osrs-cache 0.2.2 on toolchain 1.75.0
[INFO] running `Command { std: CARGO_HOME="/workspace/cargo-home" RUSTUP_HOME="/workspace/rustup-home" "/workspace/cargo-home/bin/cargo" "+1.75.0" "metadata" "--manifest-path" "Cargo.toml" "--no-deps", kill_on_drop: false }`
[INFO] started tweaking crates.io crate osrs-cache 0.2.2
[INFO] finished tweaking crates.io crate osrs-cache 0.2.2
[INFO] tweaked toml for crates.io crate osrs-cache 0.2.2 written to /workspace/builds/worker-4-tc1/source/Cargo.toml
[INFO] crate crates.io crate osrs-cache 0.2.2 already has a lockfile, it will not be regenerated
[INFO] running `Command { std: CARGO_HOME="/workspace/cargo-home" RUSTUP_HOME="/workspace/rustup-home" "/workspace/cargo-home/bin/cargo" "+1.75.0" "fetch" "--manifest-path" "Cargo.toml", kill_on_drop: false }`
[INFO] [stderr]     Updating crates.io index
[INFO] [stderr]  Downloading crates ...
[INFO] [stderr]   Downloaded digest v0.10.1
[INFO] [stderr]   Downloaded crypto-common v0.1.1
[INFO] [stderr]   Downloaded whirlpool v0.10.0
[INFO] [stderr]   Downloaded memmap2 v0.5.0
[INFO] [stderr]   Downloaded syn v1.0.84
[INFO] [stderr]   Downloaded nom v7.1.0
[INFO] [stderr]   Downloaded rune-fs v0.1.2
[INFO] running `Command { std: "docker" "create" "-v" "/var/lib/crater-agent-workspace/builds/worker-4-tc1/target:/opt/rustwide/target:rw,Z" "-v" "/var/lib/crater-agent-workspace/builds/worker-4-tc1/source:/opt/rustwide/workdir:ro,Z" "-v" "/var/lib/crater-agent-workspace/cargo-home:/opt/rustwide/cargo-home:ro,Z" "-v" "/var/lib/crater-agent-workspace/rustup-home:/opt/rustwide/rustup-home:ro,Z" "-e" "SOURCE_DIR=/opt/rustwide/workdir" "-e" "CARGO_TARGET_DIR=/opt/rustwide/target" "-e" "CARGO_HOME=/opt/rustwide/cargo-home" "-e" "RUSTUP_HOME=/opt/rustwide/rustup-home" "-w" "/opt/rustwide/workdir" "-m" "1610612736" "--user" "0:0" "--network" "none" "ghcr.io/rust-lang/crates-build-env/linux@sha256:2788e3201cd34a07e3172128adcd8b3090168a8e3bcc40d7c032b9dda1df7d1c" "/opt/rustwide/cargo-home/bin/cargo" "+1.75.0" "metadata" "--no-deps" "--format-version=1", kill_on_drop: false }`
[INFO] [stdout] 371ba1ad7e0bafb9d89068eed8b8c7c3ec9de4a7d5f84b247a9aa2ca7a0170a0
[INFO] running `Command { std: "docker" "start" "-a" "371ba1ad7e0bafb9d89068eed8b8c7c3ec9de4a7d5f84b247a9aa2ca7a0170a0", kill_on_drop: false }`
[INFO] running `Command { std: "docker" "inspect" "371ba1ad7e0bafb9d89068eed8b8c7c3ec9de4a7d5f84b247a9aa2ca7a0170a0", kill_on_drop: false }`
[INFO] running `Command { std: "docker" "rm" "-f" "371ba1ad7e0bafb9d89068eed8b8c7c3ec9de4a7d5f84b247a9aa2ca7a0170a0", kill_on_drop: false }`
[INFO] [stdout] 371ba1ad7e0bafb9d89068eed8b8c7c3ec9de4a7d5f84b247a9aa2ca7a0170a0
[INFO] running `Command { std: "docker" "create" "-v" "/var/lib/crater-agent-workspace/builds/worker-4-tc1/target:/opt/rustwide/target:rw,Z" "-v" "/var/lib/crater-agent-workspace/builds/worker-4-tc1/source:/opt/rustwide/workdir:ro,Z" "-v" "/var/lib/crater-agent-workspace/cargo-home:/opt/rustwide/cargo-home:ro,Z" "-v" "/var/lib/crater-agent-workspace/rustup-home:/opt/rustwide/rustup-home:ro,Z" "-e" "SOURCE_DIR=/opt/rustwide/workdir" "-e" "CARGO_TARGET_DIR=/opt/rustwide/target" "-e" "CARGO_INCREMENTAL=0" "-e" "RUST_BACKTRACE=full" "-e" "RUSTFLAGS=--cap-lints=warn" "-e" "RUSTDOCFLAGS=--cap-lints=warn" "-e" "CARGO_HOME=/opt/rustwide/cargo-home" "-e" "RUSTUP_HOME=/opt/rustwide/rustup-home" "-w" "/opt/rustwide/workdir" "-m" "1610612736" "--user" "0:0" "--network" "none" "ghcr.io/rust-lang/crates-build-env/linux@sha256:2788e3201cd34a07e3172128adcd8b3090168a8e3bcc40d7c032b9dda1df7d1c" "/opt/rustwide/cargo-home/bin/cargo" "+1.75.0" "build" "--frozen" "--message-format=json", kill_on_drop: false }`
[INFO] [stdout] 1fdf00f6fa37eef6c0ff87600e9adfc2bbd22807e9bd2abff81fd8a3519b2d07
[INFO] running `Command { std: "docker" "start" "-a" "1fdf00f6fa37eef6c0ff87600e9adfc2bbd22807e9bd2abff81fd8a3519b2d07", kill_on_drop: false }`
[INFO] [stderr]    Compiling libc v0.2.112
[INFO] [stderr]    Compiling proc-macro2 v1.0.34
[INFO] [stderr]    Compiling unicode-xid v0.2.2
[INFO] [stderr]    Compiling syn v1.0.84
[INFO] [stderr]    Compiling cc v1.0.72
[INFO] [stderr]    Compiling pkg-config v0.3.24
[INFO] [stderr]    Compiling autocfg v1.0.1
[INFO] [stderr]    Compiling version_check v0.9.3
[INFO] [stderr]    Compiling crc32fast v1.3.0
[INFO] [stderr]    Compiling miniz_oxide v0.4.4
[INFO] [stderr]    Compiling memchr v2.4.1
[INFO] [stderr]    Compiling nom v7.1.0
[INFO] [stderr]    Compiling either v1.6.1
[INFO] [stderr]    Compiling itertools v0.10.3
[INFO] [stderr]    Compiling crc-catalog v1.1.1
[INFO] [stderr]    Compiling crc v2.1.0
[INFO] [stderr]    Compiling quote v1.0.10
[INFO] [stderr]    Compiling bzip2-sys v0.1.11+1.0.8
[INFO] [stderr]    Compiling memmap2 v0.5.0
[INFO] [stderr]    Compiling flate2 v1.0.22
[INFO] [stderr]    Compiling bzip2 v0.4.3
[INFO] [stderr]    Compiling thiserror-impl v1.0.30
[INFO] [stderr]    Compiling thiserror v1.0.30
[INFO] [stderr]    Compiling rune-fs v0.1.2
[INFO] [stderr]    Compiling osrs-cache v0.2.2 (/opt/rustwide/workdir)
[INFO] [stderr]     Finished dev [unoptimized + debuginfo] target(s) in 7.07s
[INFO] running `Command { std: "docker" "inspect" "1fdf00f6fa37eef6c0ff87600e9adfc2bbd22807e9bd2abff81fd8a3519b2d07", kill_on_drop: false }`
[INFO] running `Command { std: "docker" "rm" "-f" "1fdf00f6fa37eef6c0ff87600e9adfc2bbd22807e9bd2abff81fd8a3519b2d07", kill_on_drop: false }`
[INFO] [stdout] 1fdf00f6fa37eef6c0ff87600e9adfc2bbd22807e9bd2abff81fd8a3519b2d07
[INFO] running `Command { std: "docker" "create" "-v" "/var/lib/crater-agent-workspace/builds/worker-4-tc1/target:/opt/rustwide/target:rw,Z" "-v" "/var/lib/crater-agent-workspace/builds/worker-4-tc1/source:/opt/rustwide/workdir:ro,Z" "-v" "/var/lib/crater-agent-workspace/cargo-home:/opt/rustwide/cargo-home:ro,Z" "-v" "/var/lib/crater-agent-workspace/rustup-home:/opt/rustwide/rustup-home:ro,Z" "-e" "SOURCE_DIR=/opt/rustwide/workdir" "-e" "CARGO_TARGET_DIR=/opt/rustwide/target" "-e" "CARGO_INCREMENTAL=0" "-e" "RUST_BACKTRACE=full" "-e" "RUSTFLAGS=--cap-lints=warn" "-e" "RUSTDOCFLAGS=--cap-lints=warn" "-e" "CARGO_HOME=/opt/rustwide/cargo-home" "-e" "RUSTUP_HOME=/opt/rustwide/rustup-home" "-w" "/opt/rustwide/workdir" "-m" "1610612736" "--user" "0:0" "--network" "none" "ghcr.io/rust-lang/crates-build-env/linux@sha256:2788e3201cd34a07e3172128adcd8b3090168a8e3bcc40d7c032b9dda1df7d1c" "/opt/rustwide/cargo-home/bin/cargo" "+1.75.0" "test" "--frozen" "--no-run" "--message-format=json", kill_on_drop: false }`
[INFO] [stdout] b19e7a6dff7cc2c92804d2e984179768c3e9e11c30083d4bc4126a0da454643f
[INFO] running `Command { std: "docker" "start" "-a" "b19e7a6dff7cc2c92804d2e984179768c3e9e11c30083d4bc4126a0da454643f", kill_on_drop: false }`
[INFO] [stderr]    Compiling sha1_smol v1.0.0
[INFO] [stderr]    Compiling sha1 v0.6.1
[INFO] [stderr]    Compiling osrs-cache v0.2.2 (/opt/rustwide/workdir)
[INFO] [stderr]     Finished test [unoptimized + debuginfo] target(s) in 2.00s
[INFO] running `Command { std: "docker" "inspect" "b19e7a6dff7cc2c92804d2e984179768c3e9e11c30083d4bc4126a0da454643f", kill_on_drop: false }`
[INFO] running `Command { std: "docker" "rm" "-f" "b19e7a6dff7cc2c92804d2e984179768c3e9e11c30083d4bc4126a0da454643f", kill_on_drop: false }`
[INFO] [stdout] b19e7a6dff7cc2c92804d2e984179768c3e9e11c30083d4bc4126a0da454643f
[INFO] running `Command { std: "docker" "create" "-v" "/var/lib/crater-agent-workspace/builds/worker-4-tc1/target:/opt/rustwide/target:rw,Z" "-v" "/var/lib/crater-agent-workspace/builds/worker-4-tc1/source:/opt/rustwide/workdir:ro,Z" "-v" "/var/lib/crater-agent-workspace/cargo-home:/opt/rustwide/cargo-home:ro,Z" "-v" "/var/lib/crater-agent-workspace/rustup-home:/opt/rustwide/rustup-home:ro,Z" "-e" "SOURCE_DIR=/opt/rustwide/workdir" "-e" "CARGO_TARGET_DIR=/opt/rustwide/target" "-e" "CARGO_INCREMENTAL=0" "-e" "RUST_BACKTRACE=full" "-e" "RUSTFLAGS=--cap-lints=warn" "-e" "RUSTDOCFLAGS=--cap-lints=warn" "-e" "CARGO_HOME=/opt/rustwide/cargo-home" "-e" "RUSTUP_HOME=/opt/rustwide/rustup-home" "-w" "/opt/rustwide/workdir" "-m" "1610612736" "--user" "0:0" "--network" "none" "ghcr.io/rust-lang/crates-build-env/linux@sha256:2788e3201cd34a07e3172128adcd8b3090168a8e3bcc40d7c032b9dda1df7d1c" "/opt/rustwide/cargo-home/bin/cargo" "+1.75.0" "test" "--frozen", kill_on_drop: false }`
[INFO] [stdout] ea961d69279b9ff58fae9f81c014bd0aaff09ace604d27433fda3b7957a167be
[INFO] running `Command { std: "docker" "start" "-a" "ea961d69279b9ff58fae9f81c014bd0aaff09ace604d27433fda3b7957a167be", kill_on_drop: false }`
[INFO] [stderr]     Finished test [unoptimized + debuginfo] target(s) in 0.04s
[INFO] [stderr]      Running unittests src/lib.rs (/opt/rustwide/target/debug/deps/osrscache-a84ac3ec29d311ae)
[INFO] [stdout] 
[INFO] [stdout] running 29 tests
[INFO] [stdout] test loader::osrs::items::magic_logs ... FAILED
[INFO] [stdout] test checksum::invalid_len ... FAILED
[INFO] [stdout] test checksum::encode ... FAILED
[INFO] [stdout] test loader::osrs::npcs::last_valid_npc ... FAILED
[INFO] [stdout] test loader::osrs::npcs::non_existent ... FAILED
[INFO] [stdout] test loader::osrs::npcs::woodsman_tutor ... FAILED
[INFO] [stdout] test loader::osrs::objects::bank_table ... FAILED
[INFO] [stdout] test loader::osrs::objects::dungeon_door ... FAILED
[INFO] [stdout] test loader::osrs::objects::furnace ... FAILED
[INFO] [stdout] test loader::osrs::objects::law_rift ... FAILED
[INFO] [stdout] test loader::osrs::varbits::load_sample_varbit ... FAILED
[INFO] [stdout] test osrs::huffman_table ... FAILED
[INFO] [stdout] test checksum::new ... FAILED
[INFO] [stdout] test osrs::new_wrong_path ... ok
[INFO] [stdout] test loader::osrs::items::blue_partyhat ... FAILED
[INFO] [stdout] test loader::osrs::items::noted ... FAILED
[INFO] [stdout] test loader::osrs::items::non_existent ... FAILED
[INFO] [stdout] test loader::osrs::maps::lumbridge ... FAILED
[INFO] [stdout] test read::osrs::deep_archive ... FAILED
[INFO] [stdout] test loader::osrs::inventory::load_player_backpack ... FAILED
[INFO] [stdout] test read::osrs::double_data_len ... FAILED
[INFO] [stdout] test read::osrs::large_read ... FAILED
[INFO] [stdout] test loader::osrs::locations::lumbridge ... FAILED
[INFO] [stdout] test read::osrs::fails ... FAILED
[INFO] [stdout] test read::osrs::ref_table ... FAILED
[INFO] [stdout] test test_util::normal_types ... ok
[INFO] [stdout] test read::osrs::random_read ... FAILED
[INFO] [stdout] test read::osrs::single_data_len ... FAILED
[INFO] [stdout] test osrs::new ... FAILED
[INFO] [stdout] 
[INFO] [stdout] failures:
[INFO] [stdout] 
[INFO] [stdout] ---- loader::osrs::items::magic_logs stdout ----
[INFO] [stdout] Error: RuneFs(Io(Os { code: 2, kind: NotFound, message: "No such file or directory" }))
[INFO] [stdout] 
[INFO] [stdout] ---- checksum::invalid_len stdout ----
[INFO] [stdout] Error: RuneFs(Io(Os { code: 2, kind: NotFound, message: "No such file or directory" }))
[INFO] [stdout] 
[INFO] [stdout] ---- checksum::encode stdout ----
[INFO] [stdout] Error: RuneFs(Io(Os { code: 2, kind: NotFound, message: "No such file or directory" }))
[INFO] [stdout] 
[INFO] [stdout] ---- loader::osrs::npcs::last_valid_npc stdout ----
[INFO] [stdout] Error: RuneFs(Io(Os { code: 2, kind: NotFound, message: "No such file or directory" }))
[INFO] [stdout] 
[INFO] [stdout] ---- loader::osrs::npcs::non_existent stdout ----
[INFO] [stdout] Error: RuneFs(Io(Os { code: 2, kind: NotFound, message: "No such file or directory" }))
[INFO] [stdout] 
[INFO] [stdout] ---- loader::osrs::npcs::woodsman_tutor stdout ----
[INFO] [stdout] Error: RuneFs(Io(Os { code: 2, kind: NotFound, message: "No such file or directory" }))
[INFO] [stdout] 
[INFO] [stdout] ---- loader::osrs::objects::bank_table stdout ----
[INFO] [stdout] Error: RuneFs(Io(Os { code: 2, kind: NotFound, message: "No such file or directory" }))
[INFO] [stdout] 
[INFO] [stdout] ---- loader::osrs::objects::dungeon_door stdout ----
[INFO] [stdout] Error: RuneFs(Io(Os { code: 2, kind: NotFound, message: "No such file or directory" }))
[INFO] [stdout] 
[INFO] [stdout] ---- loader::osrs::objects::furnace stdout ----
[INFO] [stdout] Error: RuneFs(Io(Os { code: 2, kind: NotFound, message: "No such file or directory" }))
[INFO] [stdout] 
[INFO] [stdout] ---- loader::osrs::objects::law_rift stdout ----
[INFO] [stdout] Error: RuneFs(Io(Os { code: 2, kind: NotFound, message: "No such file or directory" }))
[INFO] [stdout] 
[INFO] [stdout] ---- loader::osrs::varbits::load_sample_varbit stdout ----
[INFO] [stdout] Error: RuneFs(Io(Os { code: 2, kind: NotFound, message: "No such file or directory" }))
[INFO] [stdout] 
[INFO] [stdout] ---- osrs::huffman_table stdout ----
[INFO] [stdout] Error: RuneFs(Io(Os { code: 2, kind: NotFound, message: "No such file or directory" }))
[INFO] [stdout] 
[INFO] [stdout] ---- checksum::new stdout ----
[INFO] [stdout] Error: RuneFs(Io(Os { code: 2, kind: NotFound, message: "No such file or directory" }))
[INFO] [stdout] 
[INFO] [stdout] ---- loader::osrs::items::blue_partyhat stdout ----
[INFO] [stdout] Error: RuneFs(Io(Os { code: 2, kind: NotFound, message: "No such file or directory" }))
[INFO] [stdout] 
[INFO] [stdout] ---- loader::osrs::items::noted stdout ----
[INFO] [stdout] Error: RuneFs(Io(Os { code: 2, kind: NotFound, message: "No such file or directory" }))
[INFO] [stdout] 
[INFO] [stdout] ---- loader::osrs::items::non_existent stdout ----
[INFO] [stdout] Error: RuneFs(Io(Os { code: 2, kind: NotFound, message: "No such file or directory" }))
[INFO] [stdout] 
[INFO] [stdout] ---- loader::osrs::maps::lumbridge stdout ----
[INFO] [stdout] Error: RuneFs(Io(Os { code: 2, kind: NotFound, message: "No such file or directory" }))
[INFO] [stdout] 
[INFO] [stdout] ---- read::osrs::deep_archive stdout ----
[INFO] [stdout] Error: RuneFs(Io(Os { code: 2, kind: NotFound, message: "No such file or directory" }))
[INFO] [stdout] 
[INFO] [stdout] ---- loader::osrs::inventory::load_player_backpack stdout ----
[INFO] [stdout] Error: RuneFs(Io(Os { code: 2, kind: NotFound, message: "No such file or directory" }))
[INFO] [stdout] 
[INFO] [stdout] ---- read::osrs::double_data_len stdout ----
[INFO] [stdout] Error: RuneFs(Io(Os { code: 2, kind: NotFound, message: "No such file or directory" }))
[INFO] [stdout] 
[INFO] [stdout] ---- read::osrs::large_read stdout ----
[INFO] [stdout] Error: RuneFs(Io(Os { code: 2, kind: NotFound, message: "No such file or directory" }))
[INFO] [stdout] 
[INFO] [stdout] ---- loader::osrs::locations::lumbridge stdout ----
[INFO] [stdout] Error: RuneFs(Io(Os { code: 2, kind: NotFound, message: "No such file or directory" }))
[INFO] [stdout] 
[INFO] [stdout] ---- read::osrs::fails stdout ----
[INFO] [stdout] Error: RuneFs(Io(Os { code: 2, kind: NotFound, message: "No such file or directory" }))
[INFO] [stdout] 
[INFO] [stdout] ---- read::osrs::ref_table stdout ----
[INFO] [stdout] Error: RuneFs(Io(Os { code: 2, kind: NotFound, message: "No such file or directory" }))
[INFO] [stdout] 
[INFO] [stdout] ---- read::osrs::random_read stdout ----
[INFO] [stdout] Error: RuneFs(Io(Os { code: 2, kind: NotFound, message: "No such file or directory" }))
[INFO] [stdout] 
[INFO] [stdout] ---- read::osrs::single_data_len stdout ----
[INFO] [stdout] Error: RuneFs(Io(Os { code: 2, kind: NotFound, message: "No such file or directory" }))
[INFO] [stdout] 
[INFO] [stdout] ---- osrs::new stdout ----
[INFO] [stdout] thread 'osrs::new' panicked at src/lib.rs:393:9:
[INFO] [stdout] assertion failed: Cache::new("./data/osrs_cache").is_ok()
[INFO] [stdout] stack backtrace:
[INFO] [stdout]    0:     0x55696962526c - std::backtrace_rs::backtrace::libunwind::trace::ha637c64ce894333a
[INFO] [stdout]                                at /rustc/82e1608dfa6e0b5569232559e3d385fea5a93112/library/std/src/../../backtrace/src/backtrace/libunwind.rs:104:5
[INFO] [stdout]    1:     0x55696962526c - std::backtrace_rs::backtrace::trace_unsynchronized::h47f62dea28e0c88d
[INFO] [stdout]                                at /rustc/82e1608dfa6e0b5569232559e3d385fea5a93112/library/std/src/../../backtrace/src/backtrace/mod.rs:66:5
[INFO] [stdout]    2:     0x55696962526c - std::sys_common::backtrace::_print_fmt::h9eef0abe20ede486
[INFO] [stdout]                                at /rustc/82e1608dfa6e0b5569232559e3d385fea5a93112/library/std/src/sys_common/backtrace.rs:67:5
[INFO] [stdout]    3:     0x55696962526c - <std::sys_common::backtrace::_print::DisplayBacktrace as core::fmt::Display>::fmt::hed7f999df88cc644
[INFO] [stdout]                                at /rustc/82e1608dfa6e0b5569232559e3d385fea5a93112/library/std/src/sys_common/backtrace.rs:44:22
[INFO] [stdout]    4:     0x55696964edd0 - core::fmt::rt::Argument::fmt::h1539a9308b8d058d
[INFO] [stdout]                                at /rustc/82e1608dfa6e0b5569232559e3d385fea5a93112/library/core/src/fmt/rt.rs:142:9
[INFO] [stdout]    5:     0x55696964edd0 - core::fmt::write::h3a39390d8560d9c9
[INFO] [stdout]                                at /rustc/82e1608dfa6e0b5569232559e3d385fea5a93112/library/core/src/fmt/mod.rs:1120:17
[INFO] [stdout]    6:     0x556969622a9f - std::io::Write::write_fmt::h040b369f3a0f9cbc
[INFO] [stdout]                                at /rustc/82e1608dfa6e0b5569232559e3d385fea5a93112/library/std/src/io/mod.rs:1762:15
[INFO] [stdout]    7:     0x556969625054 - std::sys_common::backtrace::_print::h894006fb5c6f3d45
[INFO] [stdout]                                at /rustc/82e1608dfa6e0b5569232559e3d385fea5a93112/library/std/src/sys_common/backtrace.rs:47:5
[INFO] [stdout]    8:     0x556969625054 - std::sys_common::backtrace::print::h23a2d212c6fff936
[INFO] [stdout]                                at /rustc/82e1608dfa6e0b5569232559e3d385fea5a93112/library/std/src/sys_common/backtrace.rs:34:9
[INFO] [stdout]    9:     0x556969626d17 - std::panicking::default_hook::{{closure}}::h8a1d2ee00185001a
[INFO] [stdout]   10:     0x556969626a03 - std::panicking::default_hook::h6038f2eba384e475
[INFO] [stdout]                                at /rustc/82e1608dfa6e0b5569232559e3d385fea5a93112/library/std/src/panicking.rs:289:9
[INFO] [stdout]   11:     0x556969574ad7 - <alloc::boxed::Box<F,A> as core::ops::function::Fn<Args>>::call::h0ad024c9bdc6d768
[INFO] [stdout]                                at /rustc/82e1608dfa6e0b5569232559e3d385fea5a93112/library/alloc/src/boxed.rs:2021:9
[INFO] [stdout]   12:     0x556969574ad7 - test::test_main::{{closure}}::h7500b54257359db6
[INFO] [stdout]                                at /rustc/82e1608dfa6e0b5569232559e3d385fea5a93112/library/test/src/lib.rs:138:21
[INFO] [stdout]   13:     0x556969627328 - <alloc::boxed::Box<F,A> as core::ops::function::Fn<Args>>::call::h1f8f335eaa9cfaee
[INFO] [stdout]                                at /rustc/82e1608dfa6e0b5569232559e3d385fea5a93112/library/alloc/src/boxed.rs:2021:9
[INFO] [stdout]   14:     0x556969627328 - std::panicking::rust_panic_with_hook::h2b5517d590cab22e
[INFO] [stdout]                                at /rustc/82e1608dfa6e0b5569232559e3d385fea5a93112/library/std/src/panicking.rs:783:13
[INFO] [stdout]   15:     0x556969627049 - std::panicking::begin_panic_handler::{{closure}}::h233112c06e0ef43e
[INFO] [stdout]                                at /rustc/82e1608dfa6e0b5569232559e3d385fea5a93112/library/std/src/panicking.rs:649:13
[INFO] [stdout]   16:     0x556969625736 - std::sys_common::backtrace::__rust_end_short_backtrace::h6e893f24d7ebbff8
[INFO] [stdout]                                at /rustc/82e1608dfa6e0b5569232559e3d385fea5a93112/library/std/src/sys_common/backtrace.rs:170:18
[INFO] [stdout]   17:     0x556969626de2 - rust_begin_unwind
[INFO] [stdout]                                at /rustc/82e1608dfa6e0b5569232559e3d385fea5a93112/library/std/src/panicking.rs:645:5
[INFO] [stdout]   18:     0x5569694fa165 - core::panicking::panic_fmt::hbf0e066aabfa482c
[INFO] [stdout]                                at /rustc/82e1608dfa6e0b5569232559e3d385fea5a93112/library/core/src/panicking.rs:72:14
[INFO] [stdout]   19:     0x5569694fa203 - core::panicking::panic::h195fc2a96298d4c3
[INFO] [stdout]                                at /rustc/82e1608dfa6e0b5569232559e3d385fea5a93112/library/core/src/panicking.rs:127:5
[INFO] [stdout]   20:     0x55696952f8ab - osrscache::osrs::new::h681f44eb3b6ca20e
[INFO] [stdout]                                at /opt/rustwide/workdir/src/lib.rs:393:9
[INFO] [stdout]   21:     0x55696952f817 - osrscache::osrs::new::{{closure}}::ha49d7a59875919cd
[INFO] [stdout]                                at /opt/rustwide/workdir/src/lib.rs:392:13
[INFO] [stdout]   22:     0x55696951c296 - core::ops::function::FnOnce::call_once::ha2715f3405c37bec
[INFO] [stdout]                                at /rustc/82e1608dfa6e0b5569232559e3d385fea5a93112/library/core/src/ops/function.rs:250:5
[INFO] [stdout]   23:     0x55696957a12f - core::ops::function::FnOnce::call_once::h2b5d431d5046312d
[INFO] [stdout]                                at /rustc/82e1608dfa6e0b5569232559e3d385fea5a93112/library/core/src/ops/function.rs:250:5
[INFO] [stdout]   24:     0x55696957a12f - test::__rust_begin_short_backtrace::h7714669af176e207
[INFO] [stdout]                                at /rustc/82e1608dfa6e0b5569232559e3d385fea5a93112/library/test/src/lib.rs:628:18
[INFO] [stdout]   25:     0x556969579145 - test::run_test_in_process::{{closure}}::h85218797dcbcec12
[INFO] [stdout]                                at /rustc/82e1608dfa6e0b5569232559e3d385fea5a93112/library/test/src/lib.rs:651:60
[INFO] [stdout]   26:     0x556969579145 - <core::panic::unwind_safe::AssertUnwindSafe<F> as core::ops::function::FnOnce<()>>::call_once::h76c106ea31c14d7b
[INFO] [stdout]                                at /rustc/82e1608dfa6e0b5569232559e3d385fea5a93112/library/core/src/panic/unwind_safe.rs:272:9
[INFO] [stdout]   27:     0x556969579145 - std::panicking::try::do_call::h3bd5d0f6620ee946
[INFO] [stdout]                                at /rustc/82e1608dfa6e0b5569232559e3d385fea5a93112/library/std/src/panicking.rs:552:40
[INFO] [stdout]   28:     0x556969579145 - std::panicking::try::h232e535e4744fe31
[INFO] [stdout]                                at /rustc/82e1608dfa6e0b5569232559e3d385fea5a93112/library/std/src/panicking.rs:516:19
[INFO] [stdout]   29:     0x556969579145 - std::panic::catch_unwind::h3ce3bd6ca8dbac68
[INFO] [stdout]                                at /rustc/82e1608dfa6e0b5569232559e3d385fea5a93112/library/std/src/panic.rs:142:14
[INFO] [stdout]   30:     0x556969579145 - test::run_test_in_process::hc97b257c9621286a
[INFO] [stdout]                                at /rustc/82e1608dfa6e0b5569232559e3d385fea5a93112/library/test/src/lib.rs:651:27
[INFO] [stdout]   31:     0x556969579145 - test::run_test::{{closure}}::h2aa798823a438d38
[INFO] [stdout]                                at /rustc/82e1608dfa6e0b5569232559e3d385fea5a93112/library/test/src/lib.rs:574:43
[INFO] [stdout]   32:     0x556969541406 - test::run_test::{{closure}}::h87d231c78fb59832
[INFO] [stdout]                                at /rustc/82e1608dfa6e0b5569232559e3d385fea5a93112/library/test/src/lib.rs:602:41
[INFO] [stdout]   33:     0x556969541406 - std::sys_common::backtrace::__rust_begin_short_backtrace::he6df152596625789
[INFO] [stdout]                                at /rustc/82e1608dfa6e0b5569232559e3d385fea5a93112/library/std/src/sys_common/backtrace.rs:154:18
[INFO] [stdout]   34:     0x5569695464b7 - std::thread::Builder::spawn_unchecked_::{{closure}}::{{closure}}::ha94be15d1e0acf36
[INFO] [stdout]                                at /rustc/82e1608dfa6e0b5569232559e3d385fea5a93112/library/std/src/thread/mod.rs:529:17
[INFO] [stdout]   35:     0x5569695464b7 - <core::panic::unwind_safe::AssertUnwindSafe<F> as core::ops::function::FnOnce<()>>::call_once::h9dc6bd6372f16606
[INFO] [stdout]                                at /rustc/82e1608dfa6e0b5569232559e3d385fea5a93112/library/core/src/panic/unwind_safe.rs:272:9
[INFO] [stdout]   36:     0x5569695464b7 - std::panicking::try::do_call::h9057517f80303cd4
[INFO] [stdout]                                at /rustc/82e1608dfa6e0b5569232559e3d385fea5a93112/library/std/src/panicking.rs:552:40
[INFO] [stdout]   37:     0x5569695464b7 - std::panicking::try::he3a30b11ee45340c
[INFO] [stdout]                                at /rustc/82e1608dfa6e0b5569232559e3d385fea5a93112/library/std/src/panicking.rs:516:19
[INFO] [stdout]   38:     0x5569695464b7 - std::panic::catch_unwind::h410458cfd3528b8b
[INFO] [stdout]                                at /rustc/82e1608dfa6e0b5569232559e3d385fea5a93112/library/std/src/panic.rs:142:14
[INFO] [stdout]   39:     0x5569695464b7 - std::thread::Builder::spawn_unchecked_::{{closure}}::h72ac3bdb567b737b
[INFO] [stdout]                                at /rustc/82e1608dfa6e0b5569232559e3d385fea5a93112/library/std/src/thread/mod.rs:528:30
[INFO] [stdout]   40:     0x5569695464b7 - core::ops::function::FnOnce::call_once{{vtable.shim}}::h38f34da3654a8344
[INFO] [stdout]                                at /rustc/82e1608dfa6e0b5569232559e3d385fea5a93112/library/core/src/ops/function.rs:250:5
[INFO] [stdout]   41:     0x55696962bdc5 - <alloc::boxed::Box<F,A> as core::ops::function::FnOnce<Args>>::call_once::hc7eafaff61e32df9
[INFO] [stdout]                                at /rustc/82e1608dfa6e0b5569232559e3d385fea5a93112/library/alloc/src/boxed.rs:2007:9
[INFO] [stdout]   42:     0x55696962bdc5 - <alloc::boxed::Box<F,A> as core::ops::function::FnOnce<Args>>::call_once::h6ba4a5de48dd2304
[INFO] [stdout]                                at /rustc/82e1608dfa6e0b5569232559e3d385fea5a93112/library/alloc/src/boxed.rs:2007:9
[INFO] [stdout]   43:     0x55696962bdc5 - std::sys::unix::thread::Thread::new::thread_start::he469335aef763e45
[INFO] [stdout]                                at /rustc/82e1608dfa6e0b5569232559e3d385fea5a93112/library/std/src/sys/unix/thread.rs:108:17
[INFO] [stdout]   44:     0x7f64dd4fbac3 - <unknown>
[INFO] [stdout]   45:     0x7f64dd58cbf4 - __clone
[INFO] [stdout]   46:                0x0 - <unknown>
[INFO] [stdout] 
[INFO] [stdout] 
[INFO] [stdout] failures:
[INFO] [stdout]     checksum::encode
[INFO] [stdout]     checksum::invalid_len
[INFO] [stdout]     checksum::new
[INFO] [stdout]     loader::osrs::inventory::load_player_backpack
[INFO] [stdout]     loader::osrs::items::blue_partyhat
[INFO] [stdout]     loader::osrs::items::magic_logs
[INFO] [stdout]     loader::osrs::items::non_existent
[INFO] [stdout]     loader::osrs::items::noted
[INFO] [stdout]     loader::osrs::locations::lumbridge
[INFO] [stdout]     loader::osrs::maps::lumbridge
[INFO] [stdout]     loader::osrs::npcs::last_valid_npc
[INFO] [stdout]     loader::osrs::npcs::non_existent
[INFO] [stdout]     loader::osrs::npcs::woodsman_tutor
[INFO] [stdout]     loader::osrs::objects::bank_table
[INFO] [stdout]     loader::osrs::objects::dungeon_door
[INFO] [stdout]     loader::osrs::objects::furnace
[INFO] [stdout]     loader::osrs::objects::law_rift
[INFO] [stdout]     loader::osrs::varbits::load_sample_varbit
[INFO] [stdout]     osrs::huffman_table
[INFO] [stdout]     osrs::new
[INFO] [stdout]     read::osrs::deep_archive
[INFO] [stdout]     read::osrs::double_data_len
[INFO] [stdout]     read::osrs::fails
[INFO] [stdout]     read::osrs::large_read
[INFO] [stdout]     read::osrs::random_read
[INFO] [stdout]     read::osrs::ref_table
[INFO] [stdout]     read::osrs::single_data_len
[INFO] [stdout] 
[INFO] [stdout] test result: FAILED. 2 passed; 27 failed; 0 ignored; 0 measured; 0 filtered out; finished in 0.04s
[INFO] [stdout] 
[INFO] [stderr] error: test failed, to rerun pass `--lib`
[INFO] running `Command { std: "docker" "inspect" "ea961d69279b9ff58fae9f81c014bd0aaff09ace604d27433fda3b7957a167be", kill_on_drop: false }`
[INFO] running `Command { std: "docker" "rm" "-f" "ea961d69279b9ff58fae9f81c014bd0aaff09ace604d27433fda3b7957a167be", kill_on_drop: false }`
[INFO] [stdout] ea961d69279b9ff58fae9f81c014bd0aaff09ace604d27433fda3b7957a167be
[INFO] testing osrs-cache-0.2.2 against beta-2023-12-22 for beta-1.76-1
[INFO] extracting crate osrs-cache 0.2.2 into /workspace/builds/worker-4-tc2/source
[INFO] validating manifest of crates.io crate osrs-cache 0.2.2 on toolchain beta-2023-12-22
[INFO] running `Command { std: CARGO_HOME="/workspace/cargo-home" RUSTUP_HOME="/workspace/rustup-home" "/workspace/cargo-home/bin/cargo" "+beta-2023-12-22" "metadata" "--manifest-path" "Cargo.toml" "--no-deps", kill_on_drop: false }`
[INFO] started tweaking crates.io crate osrs-cache 0.2.2
[INFO] finished tweaking crates.io crate osrs-cache 0.2.2
[INFO] tweaked toml for crates.io crate osrs-cache 0.2.2 written to /workspace/builds/worker-4-tc2/source/Cargo.toml
[INFO] crate crates.io crate osrs-cache 0.2.2 already has a lockfile, it will not be regenerated
[INFO] running `Command { std: CARGO_HOME="/workspace/cargo-home" RUSTUP_HOME="/workspace/rustup-home" "/workspace/cargo-home/bin/cargo" "+beta-2023-12-22" "fetch" "--manifest-path" "Cargo.toml", kill_on_drop: false }`
[INFO] running `Command { std: "docker" "create" "-v" "/var/lib/crater-agent-workspace/builds/worker-4-tc2/target:/opt/rustwide/target:rw,Z" "-v" "/var/lib/crater-agent-workspace/builds/worker-4-tc2/source:/opt/rustwide/workdir:ro,Z" "-v" "/var/lib/crater-agent-workspace/cargo-home:/opt/rustwide/cargo-home:ro,Z" "-v" "/var/lib/crater-agent-workspace/rustup-home:/opt/rustwide/rustup-home:ro,Z" "-e" "SOURCE_DIR=/opt/rustwide/workdir" "-e" "CARGO_TARGET_DIR=/opt/rustwide/target" "-e" "CARGO_HOME=/opt/rustwide/cargo-home" "-e" "RUSTUP_HOME=/opt/rustwide/rustup-home" "-w" "/opt/rustwide/workdir" "-m" "1610612736" "--user" "0:0" "--network" "none" "ghcr.io/rust-lang/crates-build-env/linux@sha256:2788e3201cd34a07e3172128adcd8b3090168a8e3bcc40d7c032b9dda1df7d1c" "/opt/rustwide/cargo-home/bin/cargo" "+beta-2023-12-22" "metadata" "--no-deps" "--format-version=1", kill_on_drop: false }`
[INFO] [stdout] f3dd6cabd8d67cc58fc8d9fa704d3f460f5e77e1a0fb6160a15dd271d8f68f45
[INFO] running `Command { std: "docker" "start" "-a" "f3dd6cabd8d67cc58fc8d9fa704d3f460f5e77e1a0fb6160a15dd271d8f68f45", kill_on_drop: false }`
[INFO] running `Command { std: "docker" "inspect" "f3dd6cabd8d67cc58fc8d9fa704d3f460f5e77e1a0fb6160a15dd271d8f68f45", kill_on_drop: false }`
[INFO] running `Command { std: "docker" "rm" "-f" "f3dd6cabd8d67cc58fc8d9fa704d3f460f5e77e1a0fb6160a15dd271d8f68f45", kill_on_drop: false }`
[INFO] [stdout] f3dd6cabd8d67cc58fc8d9fa704d3f460f5e77e1a0fb6160a15dd271d8f68f45
[INFO] running `Command { std: "docker" "create" "-v" "/var/lib/crater-agent-workspace/builds/worker-4-tc2/target:/opt/rustwide/target:rw,Z" "-v" "/var/lib/crater-agent-workspace/builds/worker-4-tc2/source:/opt/rustwide/workdir:ro,Z" "-v" "/var/lib/crater-agent-workspace/cargo-home:/opt/rustwide/cargo-home:ro,Z" "-v" "/var/lib/crater-agent-workspace/rustup-home:/opt/rustwide/rustup-home:ro,Z" "-e" "SOURCE_DIR=/opt/rustwide/workdir" "-e" "CARGO_TARGET_DIR=/opt/rustwide/target" "-e" "CARGO_INCREMENTAL=0" "-e" "RUST_BACKTRACE=full" "-e" "RUSTFLAGS=--cap-lints=warn" "-e" "RUSTDOCFLAGS=--cap-lints=warn" "-e" "CARGO_HOME=/opt/rustwide/cargo-home" "-e" "RUSTUP_HOME=/opt/rustwide/rustup-home" "-w" "/opt/rustwide/workdir" "-m" "1610612736" "--user" "0:0" "--network" "none" "ghcr.io/rust-lang/crates-build-env/linux@sha256:2788e3201cd34a07e3172128adcd8b3090168a8e3bcc40d7c032b9dda1df7d1c" "/opt/rustwide/cargo-home/bin/cargo" "+beta-2023-12-22" "build" "--frozen" "--message-format=json", kill_on_drop: false }`
[INFO] [stdout] a76864e25c79ceafdcf39b88d9db0e932b3b71d8e994b54dac9e1def6a05684b
[INFO] running `Command { std: "docker" "start" "-a" "a76864e25c79ceafdcf39b88d9db0e932b3b71d8e994b54dac9e1def6a05684b", kill_on_drop: false }`
[INFO] [stderr]    Compiling libc v0.2.112
[INFO] [stderr]    Compiling proc-macro2 v1.0.34
[INFO] [stderr]    Compiling unicode-xid v0.2.2
[INFO] [stderr]    Compiling cc v1.0.72
[INFO] [stderr]    Compiling pkg-config v0.3.24
[INFO] [stderr]    Compiling autocfg v1.0.1
[INFO] [stderr]    Compiling syn v1.0.84
[INFO] [stderr]    Compiling version_check v0.9.3
[INFO] [stderr]    Compiling crc32fast v1.3.0
[INFO] [stderr]    Compiling memchr v2.4.1
[INFO] [stderr]    Compiling nom v7.1.0
[INFO] [stderr]    Compiling miniz_oxide v0.4.4
[INFO] [stderr]    Compiling quote v1.0.10
[INFO] [stderr]    Compiling either v1.6.1
[INFO] [stderr]    Compiling crc-catalog v1.1.1
[INFO] [stderr]    Compiling itertools v0.10.3
[INFO] [stderr]    Compiling crc v2.1.0
[INFO] [stderr]    Compiling memmap2 v0.5.0
[INFO] [stderr]    Compiling bzip2-sys v0.1.11+1.0.8
[INFO] [stderr]    Compiling flate2 v1.0.22
[INFO] [stderr]    Compiling bzip2 v0.4.3
[INFO] [stderr]    Compiling thiserror-impl v1.0.30
[INFO] [stderr]    Compiling thiserror v1.0.30
[INFO] [stderr]    Compiling rune-fs v0.1.2
[INFO] [stderr]    Compiling osrs-cache v0.2.2 (/opt/rustwide/workdir)
[INFO] [stderr]     Finished dev [unoptimized + debuginfo] target(s) in 12.15s
[INFO] running `Command { std: "docker" "inspect" "a76864e25c79ceafdcf39b88d9db0e932b3b71d8e994b54dac9e1def6a05684b", kill_on_drop: false }`
[INFO] running `Command { std: "docker" "rm" "-f" "a76864e25c79ceafdcf39b88d9db0e932b3b71d8e994b54dac9e1def6a05684b", kill_on_drop: false }`
[INFO] [stdout] a76864e25c79ceafdcf39b88d9db0e932b3b71d8e994b54dac9e1def6a05684b
[INFO] running `Command { std: "docker" "create" "-v" "/var/lib/crater-agent-workspace/builds/worker-4-tc2/target:/opt/rustwide/target:rw,Z" "-v" "/var/lib/crater-agent-workspace/builds/worker-4-tc2/source:/opt/rustwide/workdir:ro,Z" "-v" "/var/lib/crater-agent-workspace/cargo-home:/opt/rustwide/cargo-home:ro,Z" "-v" "/var/lib/crater-agent-workspace/rustup-home:/opt/rustwide/rustup-home:ro,Z" "-e" "SOURCE_DIR=/opt/rustwide/workdir" "-e" "CARGO_TARGET_DIR=/opt/rustwide/target" "-e" "CARGO_INCREMENTAL=0" "-e" "RUST_BACKTRACE=full" "-e" "RUSTFLAGS=--cap-lints=warn" "-e" "RUSTDOCFLAGS=--cap-lints=warn" "-e" "CARGO_HOME=/opt/rustwide/cargo-home" "-e" "RUSTUP_HOME=/opt/rustwide/rustup-home" "-w" "/opt/rustwide/workdir" "-m" "1610612736" "--user" "0:0" "--network" "none" "ghcr.io/rust-lang/crates-build-env/linux@sha256:2788e3201cd34a07e3172128adcd8b3090168a8e3bcc40d7c032b9dda1df7d1c" "/opt/rustwide/cargo-home/bin/cargo" "+beta-2023-12-22" "test" "--frozen" "--no-run" "--message-format=json", kill_on_drop: false }`
[INFO] [stdout] b9e3a943ca3c33ad890550e0298f82cf688a8b460ad68a184785f70c16787f6f
[INFO] running `Command { std: "docker" "start" "-a" "b9e3a943ca3c33ad890550e0298f82cf688a8b460ad68a184785f70c16787f6f", kill_on_drop: false }`
[INFO] [stderr]    Compiling sha1_smol v1.0.0
[INFO] [stderr]    Compiling sha1 v0.6.1
[INFO] [stderr]    Compiling osrs-cache v0.2.2 (/opt/rustwide/workdir)
[INFO] [stderr]     Finished test [unoptimized + debuginfo] target(s) in 2.23s
[INFO] running `Command { std: "docker" "inspect" "b9e3a943ca3c33ad890550e0298f82cf688a8b460ad68a184785f70c16787f6f", kill_on_drop: false }`
[INFO] running `Command { std: "docker" "rm" "-f" "b9e3a943ca3c33ad890550e0298f82cf688a8b460ad68a184785f70c16787f6f", kill_on_drop: false }`
[INFO] [stdout] b9e3a943ca3c33ad890550e0298f82cf688a8b460ad68a184785f70c16787f6f
[INFO] running `Command { std: "docker" "create" "-v" "/var/lib/crater-agent-workspace/builds/worker-4-tc2/target:/opt/rustwide/target:rw,Z" "-v" "/var/lib/crater-agent-workspace/builds/worker-4-tc2/source:/opt/rustwide/workdir:ro,Z" "-v" "/var/lib/crater-agent-workspace/cargo-home:/opt/rustwide/cargo-home:ro,Z" "-v" "/var/lib/crater-agent-workspace/rustup-home:/opt/rustwide/rustup-home:ro,Z" "-e" "SOURCE_DIR=/opt/rustwide/workdir" "-e" "CARGO_TARGET_DIR=/opt/rustwide/target" "-e" "CARGO_INCREMENTAL=0" "-e" "RUST_BACKTRACE=full" "-e" "RUSTFLAGS=--cap-lints=warn" "-e" "RUSTDOCFLAGS=--cap-lints=warn" "-e" "CARGO_HOME=/opt/rustwide/cargo-home" "-e" "RUSTUP_HOME=/opt/rustwide/rustup-home" "-w" "/opt/rustwide/workdir" "-m" "1610612736" "--user" "0:0" "--network" "none" "ghcr.io/rust-lang/crates-build-env/linux@sha256:2788e3201cd34a07e3172128adcd8b3090168a8e3bcc40d7c032b9dda1df7d1c" "/opt/rustwide/cargo-home/bin/cargo" "+beta-2023-12-22" "test" "--frozen", kill_on_drop: false }`
[INFO] [stdout] 56bfd9da2ed9dd299a53486c3a9bbd600040fbdf45f36f19d76c39fdd426d633
[INFO] running `Command { std: "docker" "start" "-a" "56bfd9da2ed9dd299a53486c3a9bbd600040fbdf45f36f19d76c39fdd426d633", kill_on_drop: false }`
[INFO] [stderr]     Finished test [unoptimized + debuginfo] target(s) in 0.04s
[INFO] [stderr]      Running unittests src/lib.rs (/opt/rustwide/target/debug/deps/osrscache-c5212c44585bd28a)
[INFO] [stdout] 
[INFO] [stdout] running 29 tests
[INFO] [stdout] test checksum::new ... FAILED
[INFO] [stdout] test checksum::encode ... FAILED
[INFO] [stdout] test checksum::invalid_len ... FAILED
[INFO] [stdout] test loader::osrs::inventory::load_player_backpack ... FAILED
[INFO] [stdout] test loader::osrs::items::magic_logs ... FAILED
[INFO] [stdout] test loader::osrs::items::blue_partyhat ... FAILED
[INFO] [stdout] test loader::osrs::items::non_existent ... FAILED
[INFO] [stdout] test loader::osrs::items::noted ... FAILED
[INFO] [stdout] test loader::osrs::locations::lumbridge ... FAILED
[INFO] [stdout] test loader::osrs::npcs::woodsman_tutor ... FAILED
[INFO] [stdout] test loader::osrs::maps::lumbridge ... FAILED
[INFO] [stdout] test loader::osrs::npcs::last_valid_npc ... FAILED
[INFO] [stdout] test loader::osrs::objects::dungeon_door ... FAILED
[INFO] [stdout] test loader::osrs::objects::bank_table ... FAILED
[INFO] [stdout] test loader::osrs::npcs::non_existent ... FAILED
[INFO] [stdout] test loader::osrs::objects::law_rift ... FAILED
[INFO] [stdout] test loader::osrs::objects::furnace ... FAILED
[INFO] [stdout] test osrs::huffman_table ... FAILED
[INFO] [stdout] test osrs::new_wrong_path ... ok
[INFO] [stdout] test loader::osrs::varbits::load_sample_varbit ... FAILED
[INFO] [stdout] test read::osrs::deep_archive ... FAILED
[INFO] [stdout] test read::osrs::large_read ... FAILED
[INFO] [stdout] test read::osrs::random_read ... FAILED
[INFO] [stdout] test read::osrs::ref_table ... FAILED
[INFO] [stdout] test read::osrs::single_data_len ... FAILED
[INFO] [stdout] test read::osrs::fails ... FAILED
[INFO] [stdout] test read::osrs::double_data_len ... FAILED
[INFO] [stdout] test test_util::normal_types ... ok
[INFO] [stderr] error: test failed, to rerun pass `--lib`
[INFO] [stdout] test osrs::new ... FAILED
[INFO] [stdout] 
[INFO] [stdout] failures:
[INFO] [stdout] 
[INFO] [stdout] ---- checksum::new stdout ----
[INFO] [stdout] Error: RuneFs(Io(Os { code: 2, kind: NotFound, message: "No such file or directory" }))
[INFO] [stdout] 
[INFO] [stdout] ---- checksum::encode stdout ----
[INFO] [stdout] Error: RuneFs(Io(Os { code: 2, kind: NotFound, message: "No such file or directory" }))
[INFO] [stdout] 
[INFO] [stdout] ---- checksum::invalid_len stdout ----
[INFO] [stdout] Error: RuneFs(Io(Os { code: 2, kind: NotFound, message: "No such file or directory" }))
[INFO] [stdout] 
[INFO] [stdout] ---- loader::osrs::inventory::load_player_backpack stdout ----
[INFO] [stdout] Error: RuneFs(Io(Os { code: 2, kind: NotFound, message: "No such file or directory" }))
[INFO] [stdout] 
[INFO] [stdout] ---- loader::osrs::items::magic_logs stdout ----
[INFO] [stdout] Error: RuneFs(Io(Os { code: 2, kind: NotFound, message: "No such file or directory" }))
[INFO] [stdout] 
[INFO] [stdout] ---- loader::osrs::items::blue_partyhat stdout ----
[INFO] [stdout] Error: RuneFs(Io(Os { code: 2, kind: NotFound, message: "No such file or directory" }))
[INFO] [stdout] 
[INFO] [stdout] ---- loader::osrs::items::non_existent stdout ----
[INFO] [stdout] Error: RuneFs(Io(Os { code: 2, kind: NotFound, message: "No such file or directory" }))
[INFO] [stdout] 
[INFO] [stdout] ---- loader::osrs::items::noted stdout ----
[INFO] [stdout] Error: RuneFs(Io(Os { code: 2, kind: NotFound, message: "No such file or directory" }))
[INFO] [stdout] 
[INFO] [stdout] ---- loader::osrs::locations::lumbridge stdout ----
[INFO] [stdout] Error: RuneFs(Io(Os { code: 2, kind: NotFound, message: "No such file or directory" }))
[INFO] [stdout] 
[INFO] [stdout] ---- loader::osrs::npcs::woodsman_tutor stdout ----
[INFO] [stdout] Error: RuneFs(Io(Os { code: 2, kind: NotFound, message: "No such file or directory" }))
[INFO] [stdout] 
[INFO] [stdout] ---- loader::osrs::maps::lumbridge stdout ----
[INFO] [stdout] Error: RuneFs(Io(Os { code: 2, kind: NotFound, message: "No such file or directory" }))
[INFO] [stdout] 
[INFO] [stdout] ---- loader::osrs::npcs::last_valid_npc stdout ----
[INFO] [stdout] Error: RuneFs(Io(Os { code: 2, kind: NotFound, message: "No such file or directory" }))
[INFO] [stdout] 
[INFO] [stdout] ---- loader::osrs::objects::dungeon_door stdout ----
[INFO] [stdout] Error: RuneFs(Io(Os { code: 2, kind: NotFound, message: "No such file or directory" }))
[INFO] [stdout] 
[INFO] [stdout] ---- loader::osrs::objects::bank_table stdout ----
[INFO] [stdout] Error: RuneFs(Io(Os { code: 2, kind: NotFound, message: "No such file or directory" }))
[INFO] [stdout] 
[INFO] [stdout] ---- loader::osrs::npcs::non_existent stdout ----
[INFO] [stdout] Error: RuneFs(Io(Os { code: 2, kind: NotFound, message: "No such file or directory" }))
[INFO] [stdout] 
[INFO] [stdout] ---- loader::osrs::objects::law_rift stdout ----
[INFO] [stdout] Error: RuneFs(Io(Os { code: 2, kind: NotFound, message: "No such file or directory" }))
[INFO] [stdout] 
[INFO] [stdout] ---- loader::osrs::objects::furnace stdout ----
[INFO] [stdout] Error: RuneFs(Io(Os { code: 2, kind: NotFound, message: "No such file or directory" }))
[INFO] [stdout] 
[INFO] [stdout] ---- osrs::huffman_table stdout ----
[INFO] [stdout] Error: RuneFs(Io(Os { code: 2, kind: NotFound, message: "No such file or directory" }))
[INFO] [stdout] 
[INFO] [stdout] ---- loader::osrs::varbits::load_sample_varbit stdout ----
[INFO] [stdout] Error: RuneFs(Io(Os { code: 2, kind: NotFound, message: "No such file or directory" }))
[INFO] [stdout] 
[INFO] [stdout] ---- read::osrs::deep_archive stdout ----
[INFO] [stdout] Error: RuneFs(Io(Os { code: 2, kind: NotFound, message: "No such file or directory" }))
[INFO] [stdout] 
[INFO] [stdout] ---- read::osrs::large_read stdout ----
[INFO] [stdout] Error: RuneFs(Io(Os { code: 2, kind: NotFound, message: "No such file or directory" }))
[INFO] [stdout] 
[INFO] [stdout] ---- read::osrs::random_read stdout ----
[INFO] [stdout] Error: RuneFs(Io(Os { code: 2, kind: NotFound, message: "No such file or directory" }))
[INFO] [stdout] 
[INFO] [stdout] ---- read::osrs::ref_table stdout ----
[INFO] [stdout] Error: RuneFs(Io(Os { code: 2, kind: NotFound, message: "No such file or directory" }))
[INFO] [stdout] 
[INFO] [stdout] ---- read::osrs::single_data_len stdout ----
[INFO] [stdout] Error: RuneFs(Io(Os { code: 2, kind: NotFound, message: "No such file or directory" }))
[INFO] [stdout] 
[INFO] [stdout] ---- read::osrs::fails stdout ----
[INFO] [stdout] Error: RuneFs(Io(Os { code: 2, kind: NotFound, message: "No such file or directory" }))
[INFO] [stdout] 
[INFO] [stdout] ---- read::osrs::double_data_len stdout ----
[INFO] [stdout] Error: RuneFs(Io(Os { code: 2, kind: NotFound, message: "No such file or directory" }))
[INFO] [stdout] 
[INFO] [stdout] ---- osrs::new stdout ----
[INFO] [stdout] thread 'osrs::new' panicked at src/lib.rs:393:9:
[INFO] [stdout] assertion failed: Cache::new("./data/osrs_cache").is_ok()
[INFO] [stdout] stack backtrace:
[INFO] [stdout]    0:     0x561e7ec23466 - std::backtrace_rs::backtrace::libunwind::trace::h261606ad26a499c1
[INFO] [stdout]                                at /rustc/0e09125c6c3c2fd70d7de961bcf0e51575235fad/library/std/src/../../backtrace/src/backtrace/libunwind.rs:104:5
[INFO] [stdout]    1:     0x561e7ec23466 - std::backtrace_rs::backtrace::trace_unsynchronized::hd183f0625477fb28
[INFO] [stdout]                                at /rustc/0e09125c6c3c2fd70d7de961bcf0e51575235fad/library/std/src/../../backtrace/src/backtrace/mod.rs:66:5
[INFO] [stdout]    2:     0x561e7ec23466 - std::sys_common::backtrace::_print_fmt::hd7f8fef21b4eda67
[INFO] [stdout]                                at /rustc/0e09125c6c3c2fd70d7de961bcf0e51575235fad/library/std/src/sys_common/backtrace.rs:68:5
[INFO] [stdout]    3:     0x561e7ec23466 - <std::sys_common::backtrace::_print::DisplayBacktrace as core::fmt::Display>::fmt::h623d9b51f2f453f1
[INFO] [stdout]                                at /rustc/0e09125c6c3c2fd70d7de961bcf0e51575235fad/library/std/src/sys_common/backtrace.rs:44:22
[INFO] [stdout]    4:     0x561e7ec4c2d0 - core::fmt::rt::Argument::fmt::h9f417ac76a86f368
[INFO] [stdout]                                at /rustc/0e09125c6c3c2fd70d7de961bcf0e51575235fad/library/core/src/fmt/rt.rs:142:9
[INFO] [stdout]    5:     0x561e7ec4c2d0 - core::fmt::write::hc9b6faf4ac2aeff7
[INFO] [stdout]                                at /rustc/0e09125c6c3c2fd70d7de961bcf0e51575235fad/library/core/src/fmt/mod.rs:1120:17
[INFO] [stdout]    6:     0x561e7ec20d4f - std::io::Write::write_fmt::he04625a3a989fec3
[INFO] [stdout]                                at /rustc/0e09125c6c3c2fd70d7de961bcf0e51575235fad/library/std/src/io/mod.rs:1810:15
[INFO] [stdout]    7:     0x561e7ec23244 - std::sys_common::backtrace::_print::hd5d66399c7df88a2
[INFO] [stdout]                                at /rustc/0e09125c6c3c2fd70d7de961bcf0e51575235fad/library/std/src/sys_common/backtrace.rs:47:5
[INFO] [stdout]    8:     0x561e7ec23244 - std::sys_common::backtrace::print::he81ed2da642d37e5
[INFO] [stdout]                                at /rustc/0e09125c6c3c2fd70d7de961bcf0e51575235fad/library/std/src/sys_common/backtrace.rs:34:9
[INFO] [stdout]    9:     0x561e7ec24fb7 - std::panicking::default_hook::{{closure}}::h85773f4fa117163d
[INFO] [stdout]   10:     0x561e7ec24c9d - std::panicking::default_hook::h6a1694a91d09b278
[INFO] [stdout]                                at /rustc/0e09125c6c3c2fd70d7de961bcf0e51575235fad/library/std/src/panicking.rs:289:9
[INFO] [stdout]   11:     0x561e7eb74207 - <alloc::boxed::Box<F,A> as core::ops::function::Fn<Args>>::call::h616ac37fa3cd6c8f
[INFO] [stdout]                                at /rustc/0e09125c6c3c2fd70d7de961bcf0e51575235fad/library/alloc/src/boxed.rs:2029:9
[INFO] [stdout]   12:     0x561e7eb74207 - test::test_main::{{closure}}::h00d84697cefdcbb6
[INFO] [stdout]                                at /rustc/0e09125c6c3c2fd70d7de961bcf0e51575235fad/library/test/src/lib.rs:138:21
[INFO] [stdout]   13:     0x561e7ec255d6 - <alloc::boxed::Box<F,A> as core::ops::function::Fn<Args>>::call::hcb3fe3b9bb537ba8
[INFO] [stdout]                                at /rustc/0e09125c6c3c2fd70d7de961bcf0e51575235fad/library/alloc/src/boxed.rs:2029:9
[INFO] [stdout]   14:     0x561e7ec255d6 - std::panicking::rust_panic_with_hook::h0a7ad96e90f7145b
[INFO] [stdout]                                at /rustc/0e09125c6c3c2fd70d7de961bcf0e51575235fad/library/std/src/panicking.rs:783:13
[INFO] [stdout]   15:     0x561e7ec252e9 - std::panicking::begin_panic_handler::{{closure}}::h7919090525c6485e
[INFO] [stdout]                                at /rustc/0e09125c6c3c2fd70d7de961bcf0e51575235fad/library/std/src/panicking.rs:649:13
[INFO] [stdout]   16:     0x561e7ec23966 - std::sys_common::backtrace::__rust_end_short_backtrace::hf3289479464f7dfe
[INFO] [stdout]                                at /rustc/0e09125c6c3c2fd70d7de961bcf0e51575235fad/library/std/src/sys_common/backtrace.rs:171:18
[INFO] [stdout]   17:     0x561e7ec25080 - rust_begin_unwind
[INFO] [stdout]                                at /rustc/0e09125c6c3c2fd70d7de961bcf0e51575235fad/library/std/src/panicking.rs:645:5
[INFO] [stdout]   18:     0x561e7eaf6145 - core::panicking::panic_fmt::hcc9f77c5c132af55
[INFO] [stdout]                                at /rustc/0e09125c6c3c2fd70d7de961bcf0e51575235fad/library/core/src/panicking.rs:72:14
[INFO] [stdout]   19:     0x561e7eaf6203 - core::panicking::panic::h5a1259c1164bd480
[INFO] [stdout]                                at /rustc/0e09125c6c3c2fd70d7de961bcf0e51575235fad/library/core/src/panicking.rs:144:5
[INFO] [stdout]   20:     0x561e7eb1e3fb - osrscache::osrs::new::ha961fdd7a609cf30
[INFO] [stdout]                                at /opt/rustwide/workdir/src/lib.rs:393:9
[INFO] [stdout]   21:     0x561e7eb1e367 - osrscache::osrs::new::{{closure}}::h16d2f9f56a205731
[INFO] [stdout]                                at /opt/rustwide/workdir/src/lib.rs:392:13
[INFO] [stdout]   22:     0x561e7eb20656 - core::ops::function::FnOnce::call_once::hffd15b38a8d60679
[INFO] [stdout]                                at /rustc/0e09125c6c3c2fd70d7de961bcf0e51575235fad/library/core/src/ops/function.rs:250:5
[INFO] [stdout]   23:     0x561e7eb79adf - core::ops::function::FnOnce::call_once::hd64d26f405258157
[INFO] [stdout]                                at /rustc/0e09125c6c3c2fd70d7de961bcf0e51575235fad/library/core/src/ops/function.rs:250:5
[INFO] [stdout]   24:     0x561e7eb79adf - test::__rust_begin_short_backtrace::he21b0b7a6d731bf9
[INFO] [stdout]                                at /rustc/0e09125c6c3c2fd70d7de961bcf0e51575235fad/library/test/src/lib.rs:627:18
[INFO] [stdout]   25:     0x561e7eb78861 - test::run_test_in_process::{{closure}}::hf5c73986d7bdfde2
[INFO] [stdout]                                at /rustc/0e09125c6c3c2fd70d7de961bcf0e51575235fad/library/test/src/lib.rs:650:60
[INFO] [stdout]   26:     0x561e7eb78861 - <core::panic::unwind_safe::AssertUnwindSafe<F> as core::ops::function::FnOnce<()>>::call_once::h330011ad032aadc0
[INFO] [stdout]                                at /rustc/0e09125c6c3c2fd70d7de961bcf0e51575235fad/library/core/src/panic/unwind_safe.rs:272:9
[INFO] [stdout]   27:     0x561e7eb78861 - std::panicking::try::do_call::he61b0a958b795a41
[INFO] [stdout]                                at /rustc/0e09125c6c3c2fd70d7de961bcf0e51575235fad/library/std/src/panicking.rs:552:40
[INFO] [stdout]   28:     0x561e7eb78861 - std::panicking::try::h7309da130f906eb7
[INFO] [stdout]                                at /rustc/0e09125c6c3c2fd70d7de961bcf0e51575235fad/library/std/src/panicking.rs:516:19
[INFO] [stdout]   29:     0x561e7eb78861 - std::panic::catch_unwind::hc5c3a06fdaf0a92a
[INFO] [stdout]                                at /rustc/0e09125c6c3c2fd70d7de961bcf0e51575235fad/library/std/src/panic.rs:142:14
[INFO] [stdout]   30:     0x561e7eb78861 - test::run_test_in_process::h7e7b7c71c3324e0f
[INFO] [stdout]                                at /rustc/0e09125c6c3c2fd70d7de961bcf0e51575235fad/library/test/src/lib.rs:650:27
[INFO] [stdout]   31:     0x561e7eb78861 - test::run_test::{{closure}}::h1f509f28f5cf20b1
[INFO] [stdout]                                at /rustc/0e09125c6c3c2fd70d7de961bcf0e51575235fad/library/test/src/lib.rs:573:43
[INFO] [stdout]   32:     0x561e7eb3fb96 - test::run_test::{{closure}}::h1754218abf443f6d
[INFO] [stdout]                                at /rustc/0e09125c6c3c2fd70d7de961bcf0e51575235fad/library/test/src/lib.rs:601:41
[INFO] [stdout]   33:     0x561e7eb3fb96 - std::sys_common::backtrace::__rust_begin_short_backtrace::h2ee174b9d5954948
[INFO] [stdout]                                at /rustc/0e09125c6c3c2fd70d7de961bcf0e51575235fad/library/std/src/sys_common/backtrace.rs:155:18
[INFO] [stdout]   34:     0x561e7eb44bf7 - std::thread::Builder::spawn_unchecked_::{{closure}}::{{closure}}::hf60bee9c1a17ef09
[INFO] [stdout]                                at /rustc/0e09125c6c3c2fd70d7de961bcf0e51575235fad/library/std/src/thread/mod.rs:529:17
[INFO] [stdout]   35:     0x561e7eb44bf7 - <core::panic::unwind_safe::AssertUnwindSafe<F> as core::ops::function::FnOnce<()>>::call_once::h33d0dddec5216160
[INFO] [stdout]                                at /rustc/0e09125c6c3c2fd70d7de961bcf0e51575235fad/library/core/src/panic/unwind_safe.rs:272:9
[INFO] [stdout]   36:     0x561e7eb44bf7 - std::panicking::try::do_call::h144b3048b546f835
[INFO] [stdout]                                at /rustc/0e09125c6c3c2fd70d7de961bcf0e51575235fad/library/std/src/panicking.rs:552:40
[INFO] [stdout]   37:     0x561e7eb44bf7 - std::panicking::try::h978244d04646189f
[INFO] [stdout]                                at /rustc/0e09125c6c3c2fd70d7de961bcf0e51575235fad/library/std/src/panicking.rs:516:19
[INFO] [stdout]   38:     0x561e7eb44bf7 - std::panic::catch_unwind::hdf436369d188fe86
[INFO] [stdout]                                at /rustc/0e09125c6c3c2fd70d7de961bcf0e51575235fad/library/std/src/panic.rs:142:14
[INFO] [stdout]   39:     0x561e7eb44bf7 - std::thread::Builder::spawn_unchecked_::{{closure}}::h87329cbdd33c79ec
[INFO] [stdout]                                at /rustc/0e09125c6c3c2fd70d7de961bcf0e51575235fad/library/std/src/thread/mod.rs:528:30
[INFO] [stdout]   40:     0x561e7eb44bf7 - core::ops::function::FnOnce::call_once{{vtable.shim}}::h401abbe67897d450
[INFO] [stdout]                                at /rustc/0e09125c6c3c2fd70d7de961bcf0e51575235fad/library/core/src/ops/function.rs:250:5
[INFO] [stdout]   41:     0x561e7ec2a095 - <alloc::boxed::Box<F,A> as core::ops::function::FnOnce<Args>>::call_once::h5d7c8f150ab9c84c
[INFO] [stdout]                                at /rustc/0e09125c6c3c2fd70d7de961bcf0e51575235fad/library/alloc/src/boxed.rs:2015:9
[INFO] [stdout]   42:     0x561e7ec2a095 - <alloc::boxed::Box<F,A> as core::ops::function::FnOnce<Args>>::call_once::h570d5b005c242c15
[INFO] [stdout]                                at /rustc/0e09125c6c3c2fd70d7de961bcf0e51575235fad/library/alloc/src/boxed.rs:2015:9
[INFO] [stdout]   43:     0x561e7ec2a095 - std::sys::unix::thread::Thread::new::thread_start::h36b0a20c0b2361ad
[INFO] [stdout]                                at /rustc/0e09125c6c3c2fd70d7de961bcf0e51575235fad/library/std/src/sys/unix/thread.rs:108:17
[INFO] [stdout]   44:     0x7f0638f0bac3 - <unknown>
[INFO] [stdout]   45:     0x7f0638f9cbf4 - __clone
[INFO] [stdout]   46:                0x0 - <unknown>
[INFO] [stdout] 
[INFO] [stdout] 
[INFO] [stdout] failures:
[INFO] [stdout]     checksum::encode
[INFO] [stdout]     checksum::invalid_len
[INFO] [stdout]     checksum::new
[INFO] [stdout]     loader::osrs::inventory::load_player_backpack
[INFO] [stdout]     loader::osrs::items::blue_partyhat
[INFO] [stdout]     loader::osrs::items::magic_logs
[INFO] [stdout]     loader::osrs::items::non_existent
[INFO] [stdout]     loader::osrs::items::noted
[INFO] [stdout]     loader::osrs::locations::lumbridge
[INFO] [stdout]     loader::osrs::maps::lumbridge
[INFO] [stdout]     loader::osrs::npcs::last_valid_npc
[INFO] [stdout]     loader::osrs::npcs::non_existent
[INFO] [stdout]     loader::osrs::npcs::woodsman_tutor
[INFO] [stdout]     loader::osrs::objects::bank_table
[INFO] [stdout]     loader::osrs::objects::dungeon_door
[INFO] [stdout]     loader::osrs::objects::furnace
[INFO] [stdout]     loader::osrs::objects::law_rift
[INFO] [stdout]     loader::osrs::varbits::load_sample_varbit
[INFO] [stdout]     osrs::huffman_table
[INFO] [stdout]     osrs::new
[INFO] [stdout]     read::osrs::deep_archive
[INFO] [stdout]     read::osrs::double_data_len
[INFO] [stdout]     read::osrs::fails
[INFO] [stdout]     read::osrs::large_read
[INFO] [stdout]     read::osrs::random_read
[INFO] [stdout]     read::osrs::ref_table
[INFO] [stdout]     read::osrs::single_data_len
[INFO] [stdout] 
[INFO] [stdout] test result: FAILED. 2 passed; 27 failed; 0 ignored; 0 measured; 0 filtered out; finished in 0.10s
[INFO] [stdout] 
[INFO] running `Command { std: "docker" "inspect" "56bfd9da2ed9dd299a53486c3a9bbd600040fbdf45f36f19d76c39fdd426d633", kill_on_drop: false }`
[INFO] running `Command { std: "docker" "rm" "-f" "56bfd9da2ed9dd299a53486c3a9bbd600040fbdf45f36f19d76c39fdd426d633", kill_on_drop: false }`
[INFO] [stdout] 56bfd9da2ed9dd299a53486c3a9bbd600040fbdf45f36f19d76c39fdd426d633
