[INFO] fetching crate osi-src 0.2.6+0.108.9...
[INFO] testing osi-src-0.2.6+0.108.9 against 1.75.0 for beta-1.76-1
[INFO] extracting crate osi-src 0.2.6+0.108.9 into /workspace/builds/worker-5-tc1/source
[INFO] validating manifest of crates.io crate osi-src 0.2.6+0.108.9 on toolchain 1.75.0
[INFO] running `Command { std: CARGO_HOME="/workspace/cargo-home" RUSTUP_HOME="/workspace/rustup-home" "/workspace/cargo-home/bin/cargo" "+1.75.0" "metadata" "--manifest-path" "Cargo.toml" "--no-deps", kill_on_drop: false }`
[INFO] started tweaking crates.io crate osi-src 0.2.6+0.108.9
[INFO] finished tweaking crates.io crate osi-src 0.2.6+0.108.9
[INFO] tweaked toml for crates.io crate osi-src 0.2.6+0.108.9 written to /workspace/builds/worker-5-tc1/source/Cargo.toml
[INFO] running `Command { std: CARGO_HOME="/workspace/cargo-home" RUSTUP_HOME="/workspace/rustup-home" "/workspace/cargo-home/bin/cargo" "+1.75.0" "generate-lockfile" "--manifest-path" "Cargo.toml", kill_on_drop: false }`
[INFO] [stderr]     Updating crates.io index
[INFO] running `Command { std: CARGO_HOME="/workspace/cargo-home" RUSTUP_HOME="/workspace/rustup-home" "/workspace/cargo-home/bin/cargo" "+1.75.0" "fetch" "--manifest-path" "Cargo.toml", kill_on_drop: false }`
[INFO] [stderr]  Downloading crates ...
[INFO] [stderr]   Downloaded coin-build-tools v0.2.6
[INFO] [stderr]   Downloaded coinutils-src v0.2.6+2.11.10
[INFO] running `Command { std: "docker" "create" "-v" "/var/lib/crater-agent-workspace/builds/worker-5-tc1/target:/opt/rustwide/target:rw,Z" "-v" "/var/lib/crater-agent-workspace/builds/worker-5-tc1/source:/opt/rustwide/workdir:ro,Z" "-v" "/var/lib/crater-agent-workspace/cargo-home:/opt/rustwide/cargo-home:ro,Z" "-v" "/var/lib/crater-agent-workspace/rustup-home:/opt/rustwide/rustup-home:ro,Z" "-e" "SOURCE_DIR=/opt/rustwide/workdir" "-e" "CARGO_TARGET_DIR=/opt/rustwide/target" "-e" "CARGO_HOME=/opt/rustwide/cargo-home" "-e" "RUSTUP_HOME=/opt/rustwide/rustup-home" "-w" "/opt/rustwide/workdir" "-m" "1610612736" "--user" "0:0" "--network" "none" "ghcr.io/rust-lang/crates-build-env/linux@sha256:2788e3201cd34a07e3172128adcd8b3090168a8e3bcc40d7c032b9dda1df7d1c" "/opt/rustwide/cargo-home/bin/cargo" "+1.75.0" "metadata" "--no-deps" "--format-version=1", kill_on_drop: false }`
[INFO] [stdout] 908fc407795d3bb173d843567da9b4466e26ce32fc55cdc6886d37f1ab90dd23
[INFO] running `Command { std: "docker" "start" "-a" "908fc407795d3bb173d843567da9b4466e26ce32fc55cdc6886d37f1ab90dd23", kill_on_drop: false }`
[INFO] running `Command { std: "docker" "inspect" "908fc407795d3bb173d843567da9b4466e26ce32fc55cdc6886d37f1ab90dd23", kill_on_drop: false }`
[INFO] running `Command { std: "docker" "rm" "-f" "908fc407795d3bb173d843567da9b4466e26ce32fc55cdc6886d37f1ab90dd23", kill_on_drop: false }`
[INFO] [stdout] 908fc407795d3bb173d843567da9b4466e26ce32fc55cdc6886d37f1ab90dd23
[INFO] running `Command { std: "docker" "create" "-v" "/var/lib/crater-agent-workspace/builds/worker-5-tc1/target:/opt/rustwide/target:rw,Z" "-v" "/var/lib/crater-agent-workspace/builds/worker-5-tc1/source:/opt/rustwide/workdir:ro,Z" "-v" "/var/lib/crater-agent-workspace/cargo-home:/opt/rustwide/cargo-home:ro,Z" "-v" "/var/lib/crater-agent-workspace/rustup-home:/opt/rustwide/rustup-home:ro,Z" "-e" "SOURCE_DIR=/opt/rustwide/workdir" "-e" "CARGO_TARGET_DIR=/opt/rustwide/target" "-e" "CARGO_INCREMENTAL=0" "-e" "RUST_BACKTRACE=full" "-e" "RUSTFLAGS=--cap-lints=warn" "-e" "RUSTDOCFLAGS=--cap-lints=warn" "-e" "CARGO_HOME=/opt/rustwide/cargo-home" "-e" "RUSTUP_HOME=/opt/rustwide/rustup-home" "-w" "/opt/rustwide/workdir" "-m" "1610612736" "--user" "0:0" "--network" "none" "ghcr.io/rust-lang/crates-build-env/linux@sha256:2788e3201cd34a07e3172128adcd8b3090168a8e3bcc40d7c032b9dda1df7d1c" "/opt/rustwide/cargo-home/bin/cargo" "+1.75.0" "build" "--frozen" "--message-format=json", kill_on_drop: false }`
[INFO] [stdout] c3a2f51796584dec81487ce3b50219627e1223b7c43972050c0793903975fa78
[INFO] running `Command { std: "docker" "start" "-a" "c3a2f51796584dec81487ce3b50219627e1223b7c43972050c0793903975fa78", kill_on_drop: false }`
[INFO] [stderr]    Compiling libc v0.2.151
[INFO] [stderr]    Compiling pkg-config v0.3.28
[INFO] [stderr]    Compiling vcpkg v0.2.15
[INFO] [stderr]    Compiling jobserver v0.1.27
[INFO] [stderr]    Compiling cc v1.0.83
[INFO] [stderr]    Compiling coin-build-tools v0.2.6
[INFO] [stderr]    Compiling coinutils-src v0.2.6+2.11.10
[INFO] [stderr]    Compiling osi-src v0.2.6+0.108.9 (/opt/rustwide/workdir)
[INFO] [stderr]     Finished dev [unoptimized + debuginfo] target(s) in 9.08s
[INFO] running `Command { std: "docker" "inspect" "c3a2f51796584dec81487ce3b50219627e1223b7c43972050c0793903975fa78", kill_on_drop: false }`
[INFO] running `Command { std: "docker" "rm" "-f" "c3a2f51796584dec81487ce3b50219627e1223b7c43972050c0793903975fa78", kill_on_drop: false }`
[INFO] [stdout] c3a2f51796584dec81487ce3b50219627e1223b7c43972050c0793903975fa78
[INFO] running `Command { std: "docker" "create" "-v" "/var/lib/crater-agent-workspace/builds/worker-5-tc1/target:/opt/rustwide/target:rw,Z" "-v" "/var/lib/crater-agent-workspace/builds/worker-5-tc1/source:/opt/rustwide/workdir:ro,Z" "-v" "/var/lib/crater-agent-workspace/cargo-home:/opt/rustwide/cargo-home:ro,Z" "-v" "/var/lib/crater-agent-workspace/rustup-home:/opt/rustwide/rustup-home:ro,Z" "-e" "SOURCE_DIR=/opt/rustwide/workdir" "-e" "CARGO_TARGET_DIR=/opt/rustwide/target" "-e" "CARGO_INCREMENTAL=0" "-e" "RUST_BACKTRACE=full" "-e" "RUSTFLAGS=--cap-lints=warn" "-e" "RUSTDOCFLAGS=--cap-lints=warn" "-e" "CARGO_HOME=/opt/rustwide/cargo-home" "-e" "RUSTUP_HOME=/opt/rustwide/rustup-home" "-w" "/opt/rustwide/workdir" "-m" "1610612736" "--user" "0:0" "--network" "none" "ghcr.io/rust-lang/crates-build-env/linux@sha256:2788e3201cd34a07e3172128adcd8b3090168a8e3bcc40d7c032b9dda1df7d1c" "/opt/rustwide/cargo-home/bin/cargo" "+1.75.0" "test" "--frozen" "--no-run" "--message-format=json", kill_on_drop: false }`
[INFO] [stdout] 7e821b5314f52448ea075136338110ea1761a3861e698452b77dd596e274c5fe
[INFO] running `Command { std: "docker" "start" "-a" "7e821b5314f52448ea075136338110ea1761a3861e698452b77dd596e274c5fe", kill_on_drop: false }`
[INFO] [stderr]    Compiling osi-src v0.2.6+0.108.9 (/opt/rustwide/workdir)
[INFO] [stderr]     Finished test [unoptimized + debuginfo] target(s) in 0.74s
[INFO] running `Command { std: "docker" "inspect" "7e821b5314f52448ea075136338110ea1761a3861e698452b77dd596e274c5fe", kill_on_drop: false }`
[INFO] running `Command { std: "docker" "rm" "-f" "7e821b5314f52448ea075136338110ea1761a3861e698452b77dd596e274c5fe", kill_on_drop: false }`
[INFO] [stdout] 7e821b5314f52448ea075136338110ea1761a3861e698452b77dd596e274c5fe
[INFO] running `Command { std: "docker" "create" "-v" "/var/lib/crater-agent-workspace/builds/worker-5-tc1/target:/opt/rustwide/target:rw,Z" "-v" "/var/lib/crater-agent-workspace/builds/worker-5-tc1/source:/opt/rustwide/workdir:ro,Z" "-v" "/var/lib/crater-agent-workspace/cargo-home:/opt/rustwide/cargo-home:ro,Z" "-v" "/var/lib/crater-agent-workspace/rustup-home:/opt/rustwide/rustup-home:ro,Z" "-e" "SOURCE_DIR=/opt/rustwide/workdir" "-e" "CARGO_TARGET_DIR=/opt/rustwide/target" "-e" "CARGO_INCREMENTAL=0" "-e" "RUST_BACKTRACE=full" "-e" "RUSTFLAGS=--cap-lints=warn" "-e" "RUSTDOCFLAGS=--cap-lints=warn" "-e" "CARGO_HOME=/opt/rustwide/cargo-home" "-e" "RUSTUP_HOME=/opt/rustwide/rustup-home" "-w" "/opt/rustwide/workdir" "-m" "1610612736" "--user" "0:0" "--network" "none" "ghcr.io/rust-lang/crates-build-env/linux@sha256:2788e3201cd34a07e3172128adcd8b3090168a8e3bcc40d7c032b9dda1df7d1c" "/opt/rustwide/cargo-home/bin/cargo" "+1.75.0" "test" "--frozen", kill_on_drop: false }`
[INFO] [stdout] da9c7ba6401ee61bea2e44ea394e6a4bab3ec36815d4db4c770b0c89b1d654f7
[INFO] running `Command { std: "docker" "start" "-a" "da9c7ba6401ee61bea2e44ea394e6a4bab3ec36815d4db4c770b0c89b1d654f7", kill_on_drop: false }`
[INFO] [stderr]     Finished test [unoptimized + debuginfo] target(s) in 0.02s
[INFO] [stderr]      Running unittests src/lib.rs (/opt/rustwide/target/debug/deps/osi_src-6f0f5c400cc9b8ab)
[INFO] [stderr]    Doc-tests osi-src
[INFO] [stdout] 
[INFO] [stdout] running 0 tests
[INFO] [stdout] 
[INFO] [stdout] test result: ok. 0 passed; 0 failed; 0 ignored; 0 measured; 0 filtered out; finished in 0.00s
[INFO] [stdout] 
[INFO] [stdout] 
[INFO] [stdout] running 1 test
[INFO] [stdout] test src/lib.rs - (line 81) ... FAILED
[INFO] [stdout] 
[INFO] [stdout] failures:
[INFO] [stdout] 
[INFO] [stdout] ---- src/lib.rs - (line 81) stdout ----
[INFO] [stdout] error: character literal may only contain one codepoint
[INFO] [stdout]  --> src/lib.rs:82:11
[INFO] [stdout]   |
[INFO] [stdout] 3 | RUSTFLAGS='-C target-feature=+crt-static' cargo build --target x86_64-pc-windows-msvc
[INFO] [stdout]   |           ^^^^^^^^^^^^^^^^^^^^^^^^^^^^^^^
[INFO] [stdout]   |
[INFO] [stdout] help: if you meant to write a `str` literal, use double quotes
[INFO] [stdout]   |
[INFO] [stdout] 3 | RUSTFLAGS="-C target-feature=+crt-static" cargo build --target x86_64-pc-windows-msvc
[INFO] [stdout]   |           ~~~~~~~~~~~~~~~~~~~~~~~~~~~~~~~
[INFO] [stdout] 
[INFO] [stdout] error: expected one of `.`, `;`, `?`, `}`, or an operator, found `cargo`
[INFO] [stdout]  --> src/lib.rs:82:43
[INFO] [stdout]   |
[INFO] [stdout] 3 | RUSTFLAGS='-C target-feature=+crt-static' cargo build --target x86_64-pc-windows-msvc
[INFO] [stdout]   |                                           ^^^^^ expected one of `.`, `;`, `?`, `}`, or an operator
[INFO] [stdout] 
[INFO] [stdout] error: aborting due to 2 previous errors
[INFO] [stdout] 
[INFO] [stdout] Couldn't compile the test.
[INFO] [stdout] 
[INFO] [stdout] failures:
[INFO] [stdout]     src/lib.rs - (line 81)
[INFO] [stdout] 
[INFO] [stdout] test result: FAILED. 0 passed; 1 failed; 0 ignored; 0 measured; 0 filtered out; finished in 0.08s
[INFO] [stdout] 
[INFO] [stderr] error: doctest failed, to rerun pass `--doc`
[INFO] running `Command { std: "docker" "inspect" "da9c7ba6401ee61bea2e44ea394e6a4bab3ec36815d4db4c770b0c89b1d654f7", kill_on_drop: false }`
[INFO] running `Command { std: "docker" "rm" "-f" "da9c7ba6401ee61bea2e44ea394e6a4bab3ec36815d4db4c770b0c89b1d654f7", kill_on_drop: false }`
[INFO] [stdout] da9c7ba6401ee61bea2e44ea394e6a4bab3ec36815d4db4c770b0c89b1d654f7
[INFO] testing osi-src-0.2.6+0.108.9 against beta-2023-12-22 for beta-1.76-1
[INFO] extracting crate osi-src 0.2.6+0.108.9 into /workspace/builds/worker-5-tc2/source
[INFO] validating manifest of crates.io crate osi-src 0.2.6+0.108.9 on toolchain beta-2023-12-22
[INFO] running `Command { std: CARGO_HOME="/workspace/cargo-home" RUSTUP_HOME="/workspace/rustup-home" "/workspace/cargo-home/bin/cargo" "+beta-2023-12-22" "metadata" "--manifest-path" "Cargo.toml" "--no-deps", kill_on_drop: false }`
[INFO] started tweaking crates.io crate osi-src 0.2.6+0.108.9
[INFO] finished tweaking crates.io crate osi-src 0.2.6+0.108.9
[INFO] tweaked toml for crates.io crate osi-src 0.2.6+0.108.9 written to /workspace/builds/worker-5-tc2/source/Cargo.toml
[INFO] running `Command { std: CARGO_HOME="/workspace/cargo-home" RUSTUP_HOME="/workspace/rustup-home" "/workspace/cargo-home/bin/cargo" "+beta-2023-12-22" "generate-lockfile" "--manifest-path" "Cargo.toml", kill_on_drop: false }`
[INFO] [stderr]     Updating crates.io index
[INFO] running `Command { std: CARGO_HOME="/workspace/cargo-home" RUSTUP_HOME="/workspace/rustup-home" "/workspace/cargo-home/bin/cargo" "+beta-2023-12-22" "fetch" "--manifest-path" "Cargo.toml", kill_on_drop: false }`
[INFO] running `Command { std: "docker" "create" "-v" "/var/lib/crater-agent-workspace/builds/worker-5-tc2/target:/opt/rustwide/target:rw,Z" "-v" "/var/lib/crater-agent-workspace/builds/worker-5-tc2/source:/opt/rustwide/workdir:ro,Z" "-v" "/var/lib/crater-agent-workspace/cargo-home:/opt/rustwide/cargo-home:ro,Z" "-v" "/var/lib/crater-agent-workspace/rustup-home:/opt/rustwide/rustup-home:ro,Z" "-e" "SOURCE_DIR=/opt/rustwide/workdir" "-e" "CARGO_TARGET_DIR=/opt/rustwide/target" "-e" "CARGO_HOME=/opt/rustwide/cargo-home" "-e" "RUSTUP_HOME=/opt/rustwide/rustup-home" "-w" "/opt/rustwide/workdir" "-m" "1610612736" "--user" "0:0" "--network" "none" "ghcr.io/rust-lang/crates-build-env/linux@sha256:2788e3201cd34a07e3172128adcd8b3090168a8e3bcc40d7c032b9dda1df7d1c" "/opt/rustwide/cargo-home/bin/cargo" "+beta-2023-12-22" "metadata" "--no-deps" "--format-version=1", kill_on_drop: false }`
[INFO] [stdout] 87ffd4fa93f828ddfa9e518d8437615472a53266f8cb3e4e7b091f1d356e16a9
[INFO] running `Command { std: "docker" "start" "-a" "87ffd4fa93f828ddfa9e518d8437615472a53266f8cb3e4e7b091f1d356e16a9", kill_on_drop: false }`
[INFO] running `Command { std: "docker" "inspect" "87ffd4fa93f828ddfa9e518d8437615472a53266f8cb3e4e7b091f1d356e16a9", kill_on_drop: false }`
[INFO] running `Command { std: "docker" "rm" "-f" "87ffd4fa93f828ddfa9e518d8437615472a53266f8cb3e4e7b091f1d356e16a9", kill_on_drop: false }`
[INFO] [stdout] 87ffd4fa93f828ddfa9e518d8437615472a53266f8cb3e4e7b091f1d356e16a9
[INFO] running `Command { std: "docker" "create" "-v" "/var/lib/crater-agent-workspace/builds/worker-5-tc2/target:/opt/rustwide/target:rw,Z" "-v" "/var/lib/crater-agent-workspace/builds/worker-5-tc2/source:/opt/rustwide/workdir:ro,Z" "-v" "/var/lib/crater-agent-workspace/cargo-home:/opt/rustwide/cargo-home:ro,Z" "-v" "/var/lib/crater-agent-workspace/rustup-home:/opt/rustwide/rustup-home:ro,Z" "-e" "SOURCE_DIR=/opt/rustwide/workdir" "-e" "CARGO_TARGET_DIR=/opt/rustwide/target" "-e" "CARGO_INCREMENTAL=0" "-e" "RUST_BACKTRACE=full" "-e" "RUSTFLAGS=--cap-lints=warn" "-e" "RUSTDOCFLAGS=--cap-lints=warn" "-e" "CARGO_HOME=/opt/rustwide/cargo-home" "-e" "RUSTUP_HOME=/opt/rustwide/rustup-home" "-w" "/opt/rustwide/workdir" "-m" "1610612736" "--user" "0:0" "--network" "none" "ghcr.io/rust-lang/crates-build-env/linux@sha256:2788e3201cd34a07e3172128adcd8b3090168a8e3bcc40d7c032b9dda1df7d1c" "/opt/rustwide/cargo-home/bin/cargo" "+beta-2023-12-22" "build" "--frozen" "--message-format=json", kill_on_drop: false }`
[INFO] [stdout] d75aea39ab505d45d9a14fe68482e5c60dcc3553baac0f8f3881bd7ca6d8bb4d
[INFO] running `Command { std: "docker" "start" "-a" "d75aea39ab505d45d9a14fe68482e5c60dcc3553baac0f8f3881bd7ca6d8bb4d", kill_on_drop: false }`
[INFO] [stderr]    Compiling libc v0.2.151
[INFO] [stderr]    Compiling vcpkg v0.2.15
[INFO] [stderr]    Compiling pkg-config v0.3.28
[INFO] [stderr]    Compiling jobserver v0.1.27
[INFO] [stderr]    Compiling cc v1.0.83
[INFO] [stderr]    Compiling coin-build-tools v0.2.6
[INFO] [stderr]    Compiling coinutils-src v0.2.6+2.11.10
[INFO] [stderr]    Compiling osi-src v0.2.6+0.108.9 (/opt/rustwide/workdir)
[INFO] [stderr]     Finished dev [unoptimized + debuginfo] target(s) in 12.79s
[INFO] running `Command { std: "docker" "inspect" "d75aea39ab505d45d9a14fe68482e5c60dcc3553baac0f8f3881bd7ca6d8bb4d", kill_on_drop: false }`
[INFO] running `Command { std: "docker" "rm" "-f" "d75aea39ab505d45d9a14fe68482e5c60dcc3553baac0f8f3881bd7ca6d8bb4d", kill_on_drop: false }`
[INFO] [stdout] d75aea39ab505d45d9a14fe68482e5c60dcc3553baac0f8f3881bd7ca6d8bb4d
[INFO] running `Command { std: "docker" "create" "-v" "/var/lib/crater-agent-workspace/builds/worker-5-tc2/target:/opt/rustwide/target:rw,Z" "-v" "/var/lib/crater-agent-workspace/builds/worker-5-tc2/source:/opt/rustwide/workdir:ro,Z" "-v" "/var/lib/crater-agent-workspace/cargo-home:/opt/rustwide/cargo-home:ro,Z" "-v" "/var/lib/crater-agent-workspace/rustup-home:/opt/rustwide/rustup-home:ro,Z" "-e" "SOURCE_DIR=/opt/rustwide/workdir" "-e" "CARGO_TARGET_DIR=/opt/rustwide/target" "-e" "CARGO_INCREMENTAL=0" "-e" "RUST_BACKTRACE=full" "-e" "RUSTFLAGS=--cap-lints=warn" "-e" "RUSTDOCFLAGS=--cap-lints=warn" "-e" "CARGO_HOME=/opt/rustwide/cargo-home" "-e" "RUSTUP_HOME=/opt/rustwide/rustup-home" "-w" "/opt/rustwide/workdir" "-m" "1610612736" "--user" "0:0" "--network" "none" "ghcr.io/rust-lang/crates-build-env/linux@sha256:2788e3201cd34a07e3172128adcd8b3090168a8e3bcc40d7c032b9dda1df7d1c" "/opt/rustwide/cargo-home/bin/cargo" "+beta-2023-12-22" "test" "--frozen" "--no-run" "--message-format=json", kill_on_drop: false }`
[INFO] [stdout] 4443577a70cc537929181a84b5993665c1e305626e3634a46e0a96412a710220
[INFO] running `Command { std: "docker" "start" "-a" "4443577a70cc537929181a84b5993665c1e305626e3634a46e0a96412a710220", kill_on_drop: false }`
[INFO] [stderr]    Compiling osi-src v0.2.6+0.108.9 (/opt/rustwide/workdir)
[INFO] [stderr]     Finished test [unoptimized + debuginfo] target(s) in 0.50s
[INFO] running `Command { std: "docker" "inspect" "4443577a70cc537929181a84b5993665c1e305626e3634a46e0a96412a710220", kill_on_drop: false }`
[INFO] running `Command { std: "docker" "rm" "-f" "4443577a70cc537929181a84b5993665c1e305626e3634a46e0a96412a710220", kill_on_drop: false }`
[INFO] [stdout] 4443577a70cc537929181a84b5993665c1e305626e3634a46e0a96412a710220
[INFO] running `Command { std: "docker" "create" "-v" "/var/lib/crater-agent-workspace/builds/worker-5-tc2/target:/opt/rustwide/target:rw,Z" "-v" "/var/lib/crater-agent-workspace/builds/worker-5-tc2/source:/opt/rustwide/workdir:ro,Z" "-v" "/var/lib/crater-agent-workspace/cargo-home:/opt/rustwide/cargo-home:ro,Z" "-v" "/var/lib/crater-agent-workspace/rustup-home:/opt/rustwide/rustup-home:ro,Z" "-e" "SOURCE_DIR=/opt/rustwide/workdir" "-e" "CARGO_TARGET_DIR=/opt/rustwide/target" "-e" "CARGO_INCREMENTAL=0" "-e" "RUST_BACKTRACE=full" "-e" "RUSTFLAGS=--cap-lints=warn" "-e" "RUSTDOCFLAGS=--cap-lints=warn" "-e" "CARGO_HOME=/opt/rustwide/cargo-home" "-e" "RUSTUP_HOME=/opt/rustwide/rustup-home" "-w" "/opt/rustwide/workdir" "-m" "1610612736" "--user" "0:0" "--network" "none" "ghcr.io/rust-lang/crates-build-env/linux@sha256:2788e3201cd34a07e3172128adcd8b3090168a8e3bcc40d7c032b9dda1df7d1c" "/opt/rustwide/cargo-home/bin/cargo" "+beta-2023-12-22" "test" "--frozen", kill_on_drop: false }`
[INFO] [stdout] 433805b886a661bd77089b6bcb7d57555b1146528a1eb0d457aa6a61c13ba32c
[INFO] running `Command { std: "docker" "start" "-a" "433805b886a661bd77089b6bcb7d57555b1146528a1eb0d457aa6a61c13ba32c", kill_on_drop: false }`
[INFO] [stderr]     Finished test [unoptimized + debuginfo] target(s) in 0.01s
[INFO] [stderr]      Running unittests src/lib.rs (/opt/rustwide/target/debug/deps/osi_src-e54fe6cb45ba1cb1)
[INFO] [stdout] 
[INFO] [stdout] running 0 tests
[INFO] [stdout] 
[INFO] [stdout] test result: ok. 0 passed; 0 failed; 0 ignored; 0 measured; 0 filtered out; finished in 0.00s
[INFO] [stdout] 
[INFO] [stderr]    Doc-tests osi-src
[INFO] [stdout] 
[INFO] [stdout] running 1 test
[INFO] [stdout] test src/lib.rs - (line 81) ... FAILED
[INFO] [stdout] 
[INFO] [stdout] failures:
[INFO] [stdout] 
[INFO] [stdout] ---- src/lib.rs - (line 81) stdout ----
[INFO] [stdout] error: character literal may only contain one codepoint
[INFO] [stdout]  --> src/lib.rs:82:11
[INFO] [stdout]   |
[INFO] [stdout] 3 | RUSTFLAGS='-C target-feature=+crt-static' cargo build --target x86_64-pc-windows-msvc
[INFO] [stdout]   |           ^^^^^^^^^^^^^^^^^^^^^^^^^^^^^^^
[INFO] [stdout]   |
[INFO] [stdout] help: if you meant to write a `str` literal, use double quotes
[INFO] [stdout]   |
[INFO] [stdout] 3 | RUSTFLAGS="-C target-feature=+crt-static" cargo build --target x86_64-pc-windows-msvc
[INFO] [stdout]   |           ~~~~~~~~~~~~~~~~~~~~~~~~~~~~~~~
[INFO] [stdout] 
[INFO] [stdout] error: expected one of `.`, `;`, `?`, `}`, or an operator, found `cargo`
[INFO] [stdout]  --> src/lib.rs:82:43
[INFO] [stdout]   |
[INFO] [stdout] 3 | RUSTFLAGS='-C target-feature=+crt-static' cargo build --target x86_64-pc-windows-msvc
[INFO] [stdout]   |                                           ^^^^^ expected one of `.`, `;`, `?`, `}`, or an operator
[INFO] [stdout] 
[INFO] [stdout] error: aborting due to 2 previous errors
[INFO] [stdout] 
[INFO] [stdout] Couldn't compile the test.
[INFO] [stdout] 
[INFO] [stdout] failures:
[INFO] [stdout]     src/lib.rs - (line 81)
[INFO] [stdout] 
[INFO] [stdout] test result: FAILED. 0 passed; 1 failed; 0 ignored; 0 measured; 0 filtered out; finished in 0.05s
[INFO] [stdout] 
[INFO] [stderr] error: doctest failed, to rerun pass `--doc`
[INFO] running `Command { std: "docker" "inspect" "433805b886a661bd77089b6bcb7d57555b1146528a1eb0d457aa6a61c13ba32c", kill_on_drop: false }`
[INFO] running `Command { std: "docker" "rm" "-f" "433805b886a661bd77089b6bcb7d57555b1146528a1eb0d457aa6a61c13ba32c", kill_on_drop: false }`
[INFO] [stdout] 433805b886a661bd77089b6bcb7d57555b1146528a1eb0d457aa6a61c13ba32c
