[INFO] fetching crate orx-priority-queue 1.0.0...
[INFO] testing orx-priority-queue-1.0.0 against 1.75.0 for beta-1.76-1
[INFO] extracting crate orx-priority-queue 1.0.0 into /workspace/builds/worker-4-tc1/source
[INFO] validating manifest of crates.io crate orx-priority-queue 1.0.0 on toolchain 1.75.0
[INFO] running `Command { std: CARGO_HOME="/workspace/cargo-home" RUSTUP_HOME="/workspace/rustup-home" "/workspace/cargo-home/bin/cargo" "+1.75.0" "metadata" "--manifest-path" "Cargo.toml" "--no-deps", kill_on_drop: false }`
[INFO] started tweaking crates.io crate orx-priority-queue 1.0.0
[INFO] finished tweaking crates.io crate orx-priority-queue 1.0.0
[INFO] tweaked toml for crates.io crate orx-priority-queue 1.0.0 written to /workspace/builds/worker-4-tc1/source/Cargo.toml
[INFO] running `Command { std: CARGO_HOME="/workspace/cargo-home" RUSTUP_HOME="/workspace/rustup-home" "/workspace/cargo-home/bin/cargo" "+1.75.0" "generate-lockfile" "--manifest-path" "Cargo.toml", kill_on_drop: false }`
[INFO] [stderr]     Updating crates.io index
[INFO] running `Command { std: CARGO_HOME="/workspace/cargo-home" RUSTUP_HOME="/workspace/rustup-home" "/workspace/cargo-home/bin/cargo" "+1.75.0" "fetch" "--manifest-path" "Cargo.toml", kill_on_drop: false }`
[INFO] running `Command { std: "docker" "create" "-v" "/var/lib/crater-agent-workspace/builds/worker-4-tc1/target:/opt/rustwide/target:rw,Z" "-v" "/var/lib/crater-agent-workspace/builds/worker-4-tc1/source:/opt/rustwide/workdir:ro,Z" "-v" "/var/lib/crater-agent-workspace/cargo-home:/opt/rustwide/cargo-home:ro,Z" "-v" "/var/lib/crater-agent-workspace/rustup-home:/opt/rustwide/rustup-home:ro,Z" "-e" "SOURCE_DIR=/opt/rustwide/workdir" "-e" "CARGO_TARGET_DIR=/opt/rustwide/target" "-e" "CARGO_HOME=/opt/rustwide/cargo-home" "-e" "RUSTUP_HOME=/opt/rustwide/rustup-home" "-w" "/opt/rustwide/workdir" "-m" "1610612736" "--user" "0:0" "--network" "none" "ghcr.io/rust-lang/crates-build-env/linux@sha256:2788e3201cd34a07e3172128adcd8b3090168a8e3bcc40d7c032b9dda1df7d1c" "/opt/rustwide/cargo-home/bin/cargo" "+1.75.0" "metadata" "--no-deps" "--format-version=1", kill_on_drop: false }`
[INFO] [stdout] fe607f950f44bf4aea7398d2f288bf632565f5d7b869960b4c48e56fee15caa7
[INFO] running `Command { std: "docker" "start" "-a" "fe607f950f44bf4aea7398d2f288bf632565f5d7b869960b4c48e56fee15caa7", kill_on_drop: false }`
[INFO] running `Command { std: "docker" "inspect" "fe607f950f44bf4aea7398d2f288bf632565f5d7b869960b4c48e56fee15caa7", kill_on_drop: false }`
[INFO] running `Command { std: "docker" "rm" "-f" "fe607f950f44bf4aea7398d2f288bf632565f5d7b869960b4c48e56fee15caa7", kill_on_drop: false }`
[INFO] [stdout] fe607f950f44bf4aea7398d2f288bf632565f5d7b869960b4c48e56fee15caa7
[INFO] running `Command { std: "docker" "create" "-v" "/var/lib/crater-agent-workspace/builds/worker-4-tc1/target:/opt/rustwide/target:rw,Z" "-v" "/var/lib/crater-agent-workspace/builds/worker-4-tc1/source:/opt/rustwide/workdir:ro,Z" "-v" "/var/lib/crater-agent-workspace/cargo-home:/opt/rustwide/cargo-home:ro,Z" "-v" "/var/lib/crater-agent-workspace/rustup-home:/opt/rustwide/rustup-home:ro,Z" "-e" "SOURCE_DIR=/opt/rustwide/workdir" "-e" "CARGO_TARGET_DIR=/opt/rustwide/target" "-e" "CARGO_INCREMENTAL=0" "-e" "RUST_BACKTRACE=full" "-e" "RUSTFLAGS=--cap-lints=warn" "-e" "RUSTDOCFLAGS=--cap-lints=warn" "-e" "CARGO_HOME=/opt/rustwide/cargo-home" "-e" "RUSTUP_HOME=/opt/rustwide/rustup-home" "-w" "/opt/rustwide/workdir" "-m" "1610612736" "--user" "0:0" "--network" "none" "ghcr.io/rust-lang/crates-build-env/linux@sha256:2788e3201cd34a07e3172128adcd8b3090168a8e3bcc40d7c032b9dda1df7d1c" "/opt/rustwide/cargo-home/bin/cargo" "+1.75.0" "build" "--frozen" "--message-format=json", kill_on_drop: false }`
[INFO] [stdout] ef06c7efbc98316697e177d2114c9920f6c1a2fb597e51d7f510a31fb4eb0a88
[INFO] running `Command { std: "docker" "start" "-a" "ef06c7efbc98316697e177d2114c9920f6c1a2fb597e51d7f510a31fb4eb0a88", kill_on_drop: false }`
[INFO] [stderr]    Compiling orx-priority-queue v1.0.0 (/opt/rustwide/workdir)
[INFO] [stderr]     Finished dev [unoptimized + debuginfo] target(s) in 0.23s
[INFO] running `Command { std: "docker" "inspect" "ef06c7efbc98316697e177d2114c9920f6c1a2fb597e51d7f510a31fb4eb0a88", kill_on_drop: false }`
[INFO] running `Command { std: "docker" "rm" "-f" "ef06c7efbc98316697e177d2114c9920f6c1a2fb597e51d7f510a31fb4eb0a88", kill_on_drop: false }`
[INFO] [stdout] ef06c7efbc98316697e177d2114c9920f6c1a2fb597e51d7f510a31fb4eb0a88
[INFO] running `Command { std: "docker" "create" "-v" "/var/lib/crater-agent-workspace/builds/worker-4-tc1/target:/opt/rustwide/target:rw,Z" "-v" "/var/lib/crater-agent-workspace/builds/worker-4-tc1/source:/opt/rustwide/workdir:ro,Z" "-v" "/var/lib/crater-agent-workspace/cargo-home:/opt/rustwide/cargo-home:ro,Z" "-v" "/var/lib/crater-agent-workspace/rustup-home:/opt/rustwide/rustup-home:ro,Z" "-e" "SOURCE_DIR=/opt/rustwide/workdir" "-e" "CARGO_TARGET_DIR=/opt/rustwide/target" "-e" "CARGO_INCREMENTAL=0" "-e" "RUST_BACKTRACE=full" "-e" "RUSTFLAGS=--cap-lints=warn" "-e" "RUSTDOCFLAGS=--cap-lints=warn" "-e" "CARGO_HOME=/opt/rustwide/cargo-home" "-e" "RUSTUP_HOME=/opt/rustwide/rustup-home" "-w" "/opt/rustwide/workdir" "-m" "1610612736" "--user" "0:0" "--network" "none" "ghcr.io/rust-lang/crates-build-env/linux@sha256:2788e3201cd34a07e3172128adcd8b3090168a8e3bcc40d7c032b9dda1df7d1c" "/opt/rustwide/cargo-home/bin/cargo" "+1.75.0" "test" "--frozen" "--no-run" "--message-format=json", kill_on_drop: false }`
[INFO] [stdout] 1bea31b1ea601ae7fa9e594cfea36e5b69c7449a3f000e4c421e140826244df1
[INFO] running `Command { std: "docker" "start" "-a" "1bea31b1ea601ae7fa9e594cfea36e5b69c7449a3f000e4c421e140826244df1", kill_on_drop: false }`
[INFO] [stderr]    Compiling libc v0.2.151
[INFO] [stderr]    Compiling itertools v0.11.0
[INFO] [stderr]    Compiling getrandom v0.2.11
[INFO] [stderr]    Compiling rand_core v0.6.4
[INFO] [stderr]    Compiling rand_chacha v0.3.1
[INFO] [stderr]    Compiling rand v0.8.5
[INFO] [stderr]    Compiling orx-priority-queue v1.0.0 (/opt/rustwide/workdir)
[INFO] [stderr]     Finished test [unoptimized + debuginfo] target(s) in 7.86s
[INFO] running `Command { std: "docker" "inspect" "1bea31b1ea601ae7fa9e594cfea36e5b69c7449a3f000e4c421e140826244df1", kill_on_drop: false }`
[INFO] running `Command { std: "docker" "rm" "-f" "1bea31b1ea601ae7fa9e594cfea36e5b69c7449a3f000e4c421e140826244df1", kill_on_drop: false }`
[INFO] [stdout] 1bea31b1ea601ae7fa9e594cfea36e5b69c7449a3f000e4c421e140826244df1
[INFO] running `Command { std: "docker" "create" "-v" "/var/lib/crater-agent-workspace/builds/worker-4-tc1/target:/opt/rustwide/target:rw,Z" "-v" "/var/lib/crater-agent-workspace/builds/worker-4-tc1/source:/opt/rustwide/workdir:ro,Z" "-v" "/var/lib/crater-agent-workspace/cargo-home:/opt/rustwide/cargo-home:ro,Z" "-v" "/var/lib/crater-agent-workspace/rustup-home:/opt/rustwide/rustup-home:ro,Z" "-e" "SOURCE_DIR=/opt/rustwide/workdir" "-e" "CARGO_TARGET_DIR=/opt/rustwide/target" "-e" "CARGO_INCREMENTAL=0" "-e" "RUST_BACKTRACE=full" "-e" "RUSTFLAGS=--cap-lints=warn" "-e" "RUSTDOCFLAGS=--cap-lints=warn" "-e" "CARGO_HOME=/opt/rustwide/cargo-home" "-e" "RUSTUP_HOME=/opt/rustwide/rustup-home" "-w" "/opt/rustwide/workdir" "-m" "1610612736" "--user" "0:0" "--network" "none" "ghcr.io/rust-lang/crates-build-env/linux@sha256:2788e3201cd34a07e3172128adcd8b3090168a8e3bcc40d7c032b9dda1df7d1c" "/opt/rustwide/cargo-home/bin/cargo" "+1.75.0" "test" "--frozen", kill_on_drop: false }`
[INFO] [stdout] dda971e726a787a3169f80a21cbdf5da01b84251382e9adf762790c1ec6fcaef
[INFO] running `Command { std: "docker" "start" "-a" "dda971e726a787a3169f80a21cbdf5da01b84251382e9adf762790c1ec6fcaef", kill_on_drop: false }`
[INFO] [stderr]     Finished test [unoptimized + debuginfo] target(s) in 0.02s
[INFO] [stderr]      Running unittests src/lib.rs (/opt/rustwide/target/debug/deps/orx_priority_queue-edd4433bce4903df)
[INFO] [stdout] 
[INFO] [stdout] running 0 tests
[INFO] [stdout] 
[INFO] [stdout] test result: ok. 0 passed; 0 failed; 0 ignored; 0 measured; 0 filtered out; finished in 0.00s
[INFO] [stdout] 
[INFO] [stderr]      Running tests/daryheap.rs (/opt/rustwide/target/debug/deps/daryheap-93d3525255805323)
[INFO] [stdout] 
[INFO] [stdout] running 1 test
[INFO] [stdout] test test_dary_forall ... ok
[INFO] [stderr]      Running tests/daryheap_2.rs (/opt/rustwide/target/debug/deps/daryheap_2-c3b0c9a0207eaf1c)
[INFO] [stdout] 
[INFO] [stdout] test result: ok. 1 passed; 0 failed; 0 ignored; 0 measured; 0 filtered out; finished in 0.62s
[INFO] [stdout] 
[INFO] [stdout] 
[INFO] [stdout] running 9 tests
[INFO] [stdout] test clear ... ok
[INFO] [stdout] test as_slice ... ok
[INFO] [stdout] test is_empty ... ok
[INFO] [stdout] test push_pop ... ok
[INFO] [stdout] test len ... ok
[INFO] [stdout] test peek ... ok
[INFO] [stdout] test push_then_pop ... ok
[INFO] [stdout] test push_then_pop_randomized ... ok
[INFO] [stdout] test push_pop_randomized ... ok
[INFO] [stdout] 
[INFO] [stdout] test result: ok. 9 passed; 0 failed; 0 ignored; 0 measured; 0 filtered out; finished in 0.02s
[INFO] [stdout] 
[INFO] [stderr]      Running tests/daryheap_4.rs (/opt/rustwide/target/debug/deps/daryheap_4-909aba3604faba06)
[INFO] [stdout] 
[INFO] [stdout] running 9 tests
[INFO] [stdout] test is_empty ... ok
[INFO] [stdout] test push_then_pop ... ok
[INFO] [stdout] test len ... ok
[INFO] [stdout] test peek ... ok
[INFO] [stdout] test clear ... ok
[INFO] [stdout] test push_pop_randomized ... ok
[INFO] [stdout] test push_then_pop_randomized ... ok
[INFO] [stdout] test push_pop ... ok
[INFO] [stdout] test as_slice ... ok
[INFO] [stdout] 
[INFO] [stdout] test result: ok. 9 passed; 0 failed; 0 ignored; 0 measured; 0 filtered out; finished in 0.03s
[INFO] [stdout] 
[INFO] [stderr]      Running tests/daryheap_of_indices.rs (/opt/rustwide/target/debug/deps/daryheap_of_indices-9ac790f0c1fc05fc)
[INFO] [stdout] 
[INFO] [stdout] running 1 test
[INFO] [stdout] test test_dary_forall ... ok
[INFO] [stdout] 
[INFO] [stdout] test result: ok. 1 passed; 0 failed; 0 ignored; 0 measured; 0 filtered out; finished in 4.87s
[INFO] [stdout] 
[INFO] [stderr]      Running tests/daryheap_of_indices_2.rs (/opt/rustwide/target/debug/deps/daryheap_of_indices_2-6b9e5c77eacd2cee)
[INFO] [stdout] 
[INFO] [stdout] running 19 tests
[INFO] [stdout] test as_slice ... ok
[INFO] [stdout] test clear ... ok
[INFO] [stdout] test contains ... ok
[INFO] [stdout] test is_empty ... ok
[INFO] [stdout] test decrease_key ... ok
[INFO] [stdout] test decrease_key_or_push ... ok
[INFO] [stdout] test len ... ok
[INFO] [stdout] test key_of ... ok
[INFO] [stdout] test peek ... ok
[INFO] [stdout] test push_pop ... ok
[INFO] [stdout] test push_pop_randomized ... ok
[INFO] [stdout] test mixed ... ok
[INFO] [stdout] test push_then_pop ... ok
[INFO] [stdout] test push_then_pop_randomized ... ok
[INFO] [stdout] test remove ... ok
[INFO] [stdout] test try_decrease_key ... ok
[INFO] [stdout] test try_decrease_key_or_push ... ok
[INFO] [stdout] test update_key_or_push ... ok
[INFO] [stdout] test update_key ... ok
[INFO] [stdout] 
[INFO] [stdout] test result: ok. 19 passed; 0 failed; 0 ignored; 0 measured; 0 filtered out; finished in 0.01s
[INFO] [stdout] 
[INFO] [stderr]      Running tests/daryheap_of_indices_4.rs (/opt/rustwide/target/debug/deps/daryheap_of_indices_4-93a55ed6034ef213)
[INFO] [stdout] 
[INFO] [stdout] running 19 tests
[INFO] [stdout] test contains ... ok
[INFO] [stdout] test clear ... ok
[INFO] [stdout] test is_empty ... ok
[INFO] [stdout] test as_slice ... ok
[INFO] [stdout] test decrease_key ... ok
[INFO] [stdout] test key_of ... ok
[INFO] [stdout] test len ... ok
[INFO] [stdout] test peek ... ok
[INFO] [stdout] test push_then_pop ... ok
[INFO] [stdout] test push_pop ... ok
[INFO] [stdout] test decrease_key_or_push ... ok
[INFO] [stdout] test push_then_pop_randomized ... ok
[INFO] [stdout] test try_decrease_key ... ok
[INFO] [stdout] test try_decrease_key_or_push ... ok
[INFO] [stdout] test update_key ... ok
[INFO] [stdout] test push_pop_randomized ... ok
[INFO] [stdout] test update_key_or_push ... ok
[INFO] [stdout] test remove ... ok
[INFO] [stdout] test mixed ... ok
[INFO] [stdout] 
[INFO] [stdout] test result: ok. 19 passed; 0 failed; 0 ignored; 0 measured; 0 filtered out; finished in 0.01s
[INFO] [stdout] 
[INFO] [stderr]      Running tests/daryheap_with_map.rs (/opt/rustwide/target/debug/deps/daryheap_with_map-35487c80028716d3)
[INFO] [stdout] 
[INFO] [stdout] running 1 test
[INFO] [stdout] test test_dary_forall ... ok
[INFO] [stdout] 
[INFO] [stdout] test result: ok. 1 passed; 0 failed; 0 ignored; 0 measured; 0 filtered out; finished in 12.10s
[INFO] [stdout] 
[INFO] [stdout] 
[INFO] [stdout] running 19 tests
[INFO] [stdout] test len ... ok
[INFO] [stdout] test key_of ... ok
[INFO] [stdout] test contains ... ok
[INFO] [stdout] test mixed ... ok
[INFO] [stderr]      Running tests/daryheap_with_map_2.rs (/opt/rustwide/target/debug/deps/daryheap_with_map_2-1db5d281a56084b8)
[INFO] [stdout] test decrease_key_or_push ... ok
[INFO] [stdout] test clear ... ok
[INFO] [stdout] test peek ... ok
[INFO] [stdout] test is_empty ... ok
[INFO] [stdout] test push_pop ... ok
[INFO] [stdout] test as_slice ... ok
[INFO] [stdout] test decrease_key ... ok
[INFO] [stdout] test push_then_pop ... ok
[INFO] [stdout] test push_pop_randomized ... ok
[INFO] [stdout] test update_key ... ok
[INFO] [stdout] test try_decrease_key_or_push ... ok
[INFO] [stdout] test remove ... ok
[INFO] [stdout] test push_then_pop_randomized ... ok
[INFO] [stdout] test try_decrease_key ... ok
[INFO] [stdout] test update_key_or_push ... ok
[INFO] [stdout] 
[INFO] [stdout] test result: ok. 19 passed; 0 failed; 0 ignored; 0 measured; 0 filtered out; finished in 0.02s
[INFO] [stdout] 
[INFO] [stderr]      Running tests/daryheap_with_map_4.rs (/opt/rustwide/target/debug/deps/daryheap_with_map_4-4d0fead3e84d9b3f)
[INFO] [stdout] 
[INFO] [stdout] running 19 tests
[INFO] [stdout] test decrease_key ... ok
[INFO] [stdout] test as_slice ... ok
[INFO] [stdout] test len ... ok
[INFO] [stdout] test peek ... ok
[INFO] [stdout] test push_pop_randomized ... ok
[INFO] [stdout] test push_then_pop ... ok
[INFO] [stdout] test mixed ... ok
[INFO] [stdout] test clear ... ok
[INFO] [stdout] test is_empty ... ok
[INFO] [stdout] test key_of ... ok
[INFO] [stdout] test contains ... ok
[INFO] [stdout] test push_pop ... ok
[INFO] [stdout] test try_decrease_key ... ok
[INFO] [stdout] test push_then_pop_randomized ... ok
[INFO] [stdout] test remove ... ok
[INFO] [stdout] test decrease_key_or_push ... ok
[INFO] [stdout] test try_decrease_key_or_push ... ok
[INFO] [stdout] test update_key ... ok
[INFO] [stdout] test update_key_or_push ... ok
[INFO] [stderr]      Running tests/dijkstra.rs (/opt/rustwide/target/debug/deps/dijkstra-fe89047ee3642247)
[INFO] [stdout] 
[INFO] [stdout] test result: ok. 19 passed; 0 failed; 0 ignored; 0 measured; 0 filtered out; finished in 0.04s
[INFO] [stdout] 
[INFO] [stdout] 
[INFO] [stdout] running 1 test
[INFO] [stderr]    Doc-tests orx-priority-queue
[INFO] [stdout] test dijkstra ... ok
[INFO] [stdout] 
[INFO] [stdout] test result: ok. 1 passed; 0 failed; 0 ignored; 0 measured; 0 filtered out; finished in 0.00s
[INFO] [stdout] 
[INFO] [stdout] 
[INFO] [stdout] running 27 tests
[INFO] [stdout] test src/lib.rs - (line 58) ... FAILED
[INFO] [stdout] test src/dary/daryheap.rs - dary::daryheap::DaryHeap<N,K,D>::with_capacity (line 87) ... ok
[INFO] [stdout] test src/dary/daryheap_index.rs - dary::daryheap_index::DaryHeapOfIndices<N,K,D>::with_index_bound (line 158) ... ok
[INFO] [stdout] test src/dary/daryheap.rs - dary::daryheap::DaryHeap (line 23) ... ok
[INFO] [stdout] test src/dary/daryheap_index.rs - dary::daryheap_index::DaryHeapOfIndices (line 61) ... ok
[INFO] [stdout] test src/dary/daryheap_map.rs - dary::daryheap_map::DaryHeapWithMap (line 79) ... ok
[INFO] [stdout] test src/dary/daryheap_index.rs - dary::daryheap_index::DaryHeapOfIndices (line 97) ... ok
[INFO] [stdout] test src/priority_queue.rs - priority_queue::PriorityQueue::clear (line 89) ... ok
[INFO] [stdout] test src/dary/daryheap_map.rs - dary::daryheap_map::DaryHeapWithMap (line 39) ... ok
[INFO] [stdout] test src/priority_queue.rs - priority_queue::PriorityQueue::as_slice (line 50) ... ok
[INFO] [stdout] test src/priority_queue.rs - priority_queue::PriorityQueue::is_empty (line 32) ... ok
[INFO] [stdout] test src/priority_queue.rs - priority_queue::PriorityQueue::len (line 11) ... ok
[INFO] [stdout] test src/priority_queue.rs - priority_queue::PriorityQueue::peek (line 72) ... ok
[INFO] [stdout] test src/priority_queue.rs - priority_queue::PriorityQueue::pop_key (line 166) ... ok
[INFO] [stdout] test src/priority_queue.rs - priority_queue::PriorityQueue::pop (line 110) ... ok
[INFO] [stdout] test src/priority_queue.rs - priority_queue::PriorityQueue::push (line 194) ... ok
[INFO] [stdout] test src/priority_queue.rs - priority_queue::PriorityQueue::pop_node (line 138) ... ok
[INFO] [stdout] test src/priority_queue.rs - priority_queue::PriorityQueue::push_then_pop (line 216) ... ok
[INFO] [stdout] test src/priority_queue_deckey.rs - priority_queue_deckey::PriorityQueueDecKey::decrease_key (line 75) ... ok
[INFO] [stdout] test src/priority_queue_deckey.rs - priority_queue_deckey::PriorityQueueDecKey::decrease_key_or_push (line 191) ... ok
[INFO] [stdout] test src/priority_queue_deckey.rs - priority_queue_deckey::PriorityQueueDecKey::key_of (line 46) ... ok
[INFO] [stdout] test src/priority_queue_deckey.rs - priority_queue_deckey::PriorityQueueDecKey::contains (line 30) ... ok
[INFO] [stdout] test src/priority_queue_deckey.rs - priority_queue_deckey::PriorityQueueDecKey::remove (line 323) ... ok
[INFO] [stdout] test src/priority_queue_deckey.rs - priority_queue_deckey::PriorityQueueDecKey::try_decrease_key (line 139) ... ok
[INFO] [stdout] test src/priority_queue_deckey.rs - priority_queue_deckey::PriorityQueueDecKey::try_decrease_key_or_push (line 277) ... ok
[INFO] [stdout] test src/priority_queue_deckey.rs - priority_queue_deckey::PriorityQueueDecKey::update_key (line 105) ... ok
[INFO] [stdout] test src/priority_queue_deckey.rs - priority_queue_deckey::PriorityQueueDecKey::update_key_or_push (line 234) ... ok
[INFO] [stdout] 
[INFO] [stdout] failures:
[INFO] [stdout] 
[INFO] [stdout] ---- src/lib.rs - (line 58) stdout ----
[INFO] [stdout] error[E0599]: no function or associated item named `with_upper_limit` found for struct `orx_priority_queue::DaryHeapOfIndices` in the current scope
[INFO] [stdout]   --> src/lib.rs:131:42
[INFO] [stdout]    |
[INFO] [stdout] 76 | test_priority_queue(BinaryHeapOfIndices::with_upper_limit(100));
[INFO] [stdout]    |                                          ^^^^^^^^^^^^^^^^ function or associated item not found in `DaryHeapOfIndices<_, _>`
[INFO] [stdout] 
[INFO] [stdout] error[E0599]: no function or associated item named `with_upper_limit` found for struct `orx_priority_queue::DaryHeapOfIndices` in the current scope
[INFO] [stdout]   --> src/lib.rs:133:54
[INFO] [stdout]    |
[INFO] [stdout] 78 | test_priority_queue_deckey(QuarternaryHeapOfIndices::with_upper_limit(100));
[INFO] [stdout]    |                                                      ^^^^^^^^^^^^^^^^ function or associated item not found in `DaryHeapOfIndices<_, _, 4>`
[INFO] [stdout] 
[INFO] [stdout] error: aborting due to 2 previous errors
[INFO] [stdout] 
[INFO] [stdout] For more information about this error, try `rustc --explain E0599`.
[INFO] [stdout] Couldn't compile the test.
[INFO] [stdout] 
[INFO] [stdout] failures:
[INFO] [stdout]     src/lib.rs - (line 58)
[INFO] [stdout] 
[INFO] [stdout] test result: FAILED. 26 passed; 1 failed; 0 ignored; 0 measured; 0 filtered out; finished in 1.62s
[INFO] [stdout] 
[INFO] [stderr] error: doctest failed, to rerun pass `--doc`
[INFO] running `Command { std: "docker" "inspect" "dda971e726a787a3169f80a21cbdf5da01b84251382e9adf762790c1ec6fcaef", kill_on_drop: false }`
[INFO] running `Command { std: "docker" "rm" "-f" "dda971e726a787a3169f80a21cbdf5da01b84251382e9adf762790c1ec6fcaef", kill_on_drop: false }`
[INFO] [stdout] dda971e726a787a3169f80a21cbdf5da01b84251382e9adf762790c1ec6fcaef
[INFO] testing orx-priority-queue-1.0.0 against beta-2023-12-22 for beta-1.76-1
[INFO] extracting crate orx-priority-queue 1.0.0 into /workspace/builds/worker-4-tc2/source
[INFO] validating manifest of crates.io crate orx-priority-queue 1.0.0 on toolchain beta-2023-12-22
[INFO] running `Command { std: CARGO_HOME="/workspace/cargo-home" RUSTUP_HOME="/workspace/rustup-home" "/workspace/cargo-home/bin/cargo" "+beta-2023-12-22" "metadata" "--manifest-path" "Cargo.toml" "--no-deps", kill_on_drop: false }`
[INFO] started tweaking crates.io crate orx-priority-queue 1.0.0
[INFO] finished tweaking crates.io crate orx-priority-queue 1.0.0
[INFO] tweaked toml for crates.io crate orx-priority-queue 1.0.0 written to /workspace/builds/worker-4-tc2/source/Cargo.toml
[INFO] running `Command { std: CARGO_HOME="/workspace/cargo-home" RUSTUP_HOME="/workspace/rustup-home" "/workspace/cargo-home/bin/cargo" "+beta-2023-12-22" "generate-lockfile" "--manifest-path" "Cargo.toml", kill_on_drop: false }`
[INFO] [stderr]     Updating crates.io index
[INFO] running `Command { std: CARGO_HOME="/workspace/cargo-home" RUSTUP_HOME="/workspace/rustup-home" "/workspace/cargo-home/bin/cargo" "+beta-2023-12-22" "fetch" "--manifest-path" "Cargo.toml", kill_on_drop: false }`
[INFO] running `Command { std: "docker" "create" "-v" "/var/lib/crater-agent-workspace/builds/worker-4-tc2/target:/opt/rustwide/target:rw,Z" "-v" "/var/lib/crater-agent-workspace/builds/worker-4-tc2/source:/opt/rustwide/workdir:ro,Z" "-v" "/var/lib/crater-agent-workspace/cargo-home:/opt/rustwide/cargo-home:ro,Z" "-v" "/var/lib/crater-agent-workspace/rustup-home:/opt/rustwide/rustup-home:ro,Z" "-e" "SOURCE_DIR=/opt/rustwide/workdir" "-e" "CARGO_TARGET_DIR=/opt/rustwide/target" "-e" "CARGO_HOME=/opt/rustwide/cargo-home" "-e" "RUSTUP_HOME=/opt/rustwide/rustup-home" "-w" "/opt/rustwide/workdir" "-m" "1610612736" "--user" "0:0" "--network" "none" "ghcr.io/rust-lang/crates-build-env/linux@sha256:2788e3201cd34a07e3172128adcd8b3090168a8e3bcc40d7c032b9dda1df7d1c" "/opt/rustwide/cargo-home/bin/cargo" "+beta-2023-12-22" "metadata" "--no-deps" "--format-version=1", kill_on_drop: false }`
[INFO] [stdout] 9a0461f6e9c0188209690d91584cf75c01ba4fdc9cdf37c8886397a78b8d833d
[INFO] running `Command { std: "docker" "start" "-a" "9a0461f6e9c0188209690d91584cf75c01ba4fdc9cdf37c8886397a78b8d833d", kill_on_drop: false }`
[INFO] running `Command { std: "docker" "inspect" "9a0461f6e9c0188209690d91584cf75c01ba4fdc9cdf37c8886397a78b8d833d", kill_on_drop: false }`
[INFO] running `Command { std: "docker" "rm" "-f" "9a0461f6e9c0188209690d91584cf75c01ba4fdc9cdf37c8886397a78b8d833d", kill_on_drop: false }`
[INFO] [stdout] 9a0461f6e9c0188209690d91584cf75c01ba4fdc9cdf37c8886397a78b8d833d
[INFO] running `Command { std: "docker" "create" "-v" "/var/lib/crater-agent-workspace/builds/worker-4-tc2/target:/opt/rustwide/target:rw,Z" "-v" "/var/lib/crater-agent-workspace/builds/worker-4-tc2/source:/opt/rustwide/workdir:ro,Z" "-v" "/var/lib/crater-agent-workspace/cargo-home:/opt/rustwide/cargo-home:ro,Z" "-v" "/var/lib/crater-agent-workspace/rustup-home:/opt/rustwide/rustup-home:ro,Z" "-e" "SOURCE_DIR=/opt/rustwide/workdir" "-e" "CARGO_TARGET_DIR=/opt/rustwide/target" "-e" "CARGO_INCREMENTAL=0" "-e" "RUST_BACKTRACE=full" "-e" "RUSTFLAGS=--cap-lints=warn" "-e" "RUSTDOCFLAGS=--cap-lints=warn" "-e" "CARGO_HOME=/opt/rustwide/cargo-home" "-e" "RUSTUP_HOME=/opt/rustwide/rustup-home" "-w" "/opt/rustwide/workdir" "-m" "1610612736" "--user" "0:0" "--network" "none" "ghcr.io/rust-lang/crates-build-env/linux@sha256:2788e3201cd34a07e3172128adcd8b3090168a8e3bcc40d7c032b9dda1df7d1c" "/opt/rustwide/cargo-home/bin/cargo" "+beta-2023-12-22" "build" "--frozen" "--message-format=json", kill_on_drop: false }`
[INFO] [stdout] 007aca3dbf494d95adb7373e73173d7ff7bfdeeda4ad493cb6bdeb7a42bb5f2d
[INFO] running `Command { std: "docker" "start" "-a" "007aca3dbf494d95adb7373e73173d7ff7bfdeeda4ad493cb6bdeb7a42bb5f2d", kill_on_drop: false }`
[INFO] [stderr]    Compiling orx-priority-queue v1.0.0 (/opt/rustwide/workdir)
[INFO] [stderr]     Finished dev [unoptimized + debuginfo] target(s) in 0.20s
[INFO] running `Command { std: "docker" "inspect" "007aca3dbf494d95adb7373e73173d7ff7bfdeeda4ad493cb6bdeb7a42bb5f2d", kill_on_drop: false }`
[INFO] running `Command { std: "docker" "rm" "-f" "007aca3dbf494d95adb7373e73173d7ff7bfdeeda4ad493cb6bdeb7a42bb5f2d", kill_on_drop: false }`
[INFO] [stdout] 007aca3dbf494d95adb7373e73173d7ff7bfdeeda4ad493cb6bdeb7a42bb5f2d
[INFO] running `Command { std: "docker" "create" "-v" "/var/lib/crater-agent-workspace/builds/worker-4-tc2/target:/opt/rustwide/target:rw,Z" "-v" "/var/lib/crater-agent-workspace/builds/worker-4-tc2/source:/opt/rustwide/workdir:ro,Z" "-v" "/var/lib/crater-agent-workspace/cargo-home:/opt/rustwide/cargo-home:ro,Z" "-v" "/var/lib/crater-agent-workspace/rustup-home:/opt/rustwide/rustup-home:ro,Z" "-e" "SOURCE_DIR=/opt/rustwide/workdir" "-e" "CARGO_TARGET_DIR=/opt/rustwide/target" "-e" "CARGO_INCREMENTAL=0" "-e" "RUST_BACKTRACE=full" "-e" "RUSTFLAGS=--cap-lints=warn" "-e" "RUSTDOCFLAGS=--cap-lints=warn" "-e" "CARGO_HOME=/opt/rustwide/cargo-home" "-e" "RUSTUP_HOME=/opt/rustwide/rustup-home" "-w" "/opt/rustwide/workdir" "-m" "1610612736" "--user" "0:0" "--network" "none" "ghcr.io/rust-lang/crates-build-env/linux@sha256:2788e3201cd34a07e3172128adcd8b3090168a8e3bcc40d7c032b9dda1df7d1c" "/opt/rustwide/cargo-home/bin/cargo" "+beta-2023-12-22" "test" "--frozen" "--no-run" "--message-format=json", kill_on_drop: false }`
[INFO] [stdout] decd9cb69fd6ee6ae8d4b651a1492aba4bd0a71dbf45d7b607e2830de078bffb
[INFO] running `Command { std: "docker" "start" "-a" "decd9cb69fd6ee6ae8d4b651a1492aba4bd0a71dbf45d7b607e2830de078bffb", kill_on_drop: false }`
[INFO] [stderr]    Compiling libc v0.2.151
[INFO] [stderr]    Compiling itertools v0.11.0
[INFO] [stderr]    Compiling getrandom v0.2.11
[INFO] [stderr]    Compiling rand_core v0.6.4
[INFO] [stderr]    Compiling rand_chacha v0.3.1
[INFO] [stderr]    Compiling rand v0.8.5
[INFO] [stderr]    Compiling orx-priority-queue v1.0.0 (/opt/rustwide/workdir)
[INFO] [stderr]     Finished test [unoptimized + debuginfo] target(s) in 7.18s
[INFO] running `Command { std: "docker" "inspect" "decd9cb69fd6ee6ae8d4b651a1492aba4bd0a71dbf45d7b607e2830de078bffb", kill_on_drop: false }`
[INFO] running `Command { std: "docker" "rm" "-f" "decd9cb69fd6ee6ae8d4b651a1492aba4bd0a71dbf45d7b607e2830de078bffb", kill_on_drop: false }`
[INFO] [stdout] decd9cb69fd6ee6ae8d4b651a1492aba4bd0a71dbf45d7b607e2830de078bffb
[INFO] running `Command { std: "docker" "create" "-v" "/var/lib/crater-agent-workspace/builds/worker-4-tc2/target:/opt/rustwide/target:rw,Z" "-v" "/var/lib/crater-agent-workspace/builds/worker-4-tc2/source:/opt/rustwide/workdir:ro,Z" "-v" "/var/lib/crater-agent-workspace/cargo-home:/opt/rustwide/cargo-home:ro,Z" "-v" "/var/lib/crater-agent-workspace/rustup-home:/opt/rustwide/rustup-home:ro,Z" "-e" "SOURCE_DIR=/opt/rustwide/workdir" "-e" "CARGO_TARGET_DIR=/opt/rustwide/target" "-e" "CARGO_INCREMENTAL=0" "-e" "RUST_BACKTRACE=full" "-e" "RUSTFLAGS=--cap-lints=warn" "-e" "RUSTDOCFLAGS=--cap-lints=warn" "-e" "CARGO_HOME=/opt/rustwide/cargo-home" "-e" "RUSTUP_HOME=/opt/rustwide/rustup-home" "-w" "/opt/rustwide/workdir" "-m" "1610612736" "--user" "0:0" "--network" "none" "ghcr.io/rust-lang/crates-build-env/linux@sha256:2788e3201cd34a07e3172128adcd8b3090168a8e3bcc40d7c032b9dda1df7d1c" "/opt/rustwide/cargo-home/bin/cargo" "+beta-2023-12-22" "test" "--frozen", kill_on_drop: false }`
[INFO] [stdout] 4f9be63a6673cece9232e87fa626ea5a9eed167d5a97eabb4d4a60fad81c6b48
[INFO] running `Command { std: "docker" "start" "-a" "4f9be63a6673cece9232e87fa626ea5a9eed167d5a97eabb4d4a60fad81c6b48", kill_on_drop: false }`
[INFO] [stderr]     Finished test [unoptimized + debuginfo] target(s) in 0.02s
[INFO] [stderr]      Running unittests src/lib.rs (/opt/rustwide/target/debug/deps/orx_priority_queue-ce8ccebc0c8831ce)
[INFO] [stderr]      Running tests/daryheap.rs (/opt/rustwide/target/debug/deps/daryheap-ed66f44d0241f302)
[INFO] [stdout] 
[INFO] [stdout] running 0 tests
[INFO] [stdout] 
[INFO] [stdout] test result: ok. 0 passed; 0 failed; 0 ignored; 0 measured; 0 filtered out; finished in 0.00s
[INFO] [stdout] 
[INFO] [stdout] 
[INFO] [stdout] running 1 test
[INFO] [stderr]      Running tests/daryheap_2.rs (/opt/rustwide/target/debug/deps/daryheap_2-6be47a0eec3b1542)
[INFO] [stdout] test test_dary_forall ... ok
[INFO] [stdout] 
[INFO] [stdout] test result: ok. 1 passed; 0 failed; 0 ignored; 0 measured; 0 filtered out; finished in 0.68s
[INFO] [stdout] 
[INFO] [stdout] 
[INFO] [stdout] running 9 tests
[INFO] [stdout] test as_slice ... ok
[INFO] [stdout] test peek ... ok
[INFO] [stdout] test len ... ok
[INFO] [stdout] test is_empty ... ok
[INFO] [stdout] test clear ... ok
[INFO] [stdout] test push_pop ... ok
[INFO] [stdout] test push_then_pop ... ok
[INFO] [stdout] test push_then_pop_randomized ... ok
[INFO] [stdout] test push_pop_randomized ... ok
[INFO] [stdout] 
[INFO] [stdout] test result: ok. 9 passed; 0 failed; 0 ignored; 0 measured; 0 filtered out; finished in 0.04s
[INFO] [stdout] 
[INFO] [stderr]      Running tests/daryheap_4.rs (/opt/rustwide/target/debug/deps/daryheap_4-b2f48f2a8ccedc42)
[INFO] [stdout] 
[INFO] [stdout] running 9 tests
[INFO] [stdout] test clear ... ok
[INFO] [stdout] test is_empty ... ok
[INFO] [stdout] test push_then_pop_randomized ... ok
[INFO] [stdout] test len ... ok
[INFO] [stdout] test push_pop ... ok
[INFO] [stdout] test push_then_pop ... ok
[INFO] [stdout] test push_pop_randomized ... ok
[INFO] [stdout] test peek ... ok
[INFO] [stdout] test as_slice ... ok
[INFO] [stdout] 
[INFO] [stdout] test result: ok. 9 passed; 0 failed; 0 ignored; 0 measured; 0 filtered out; finished in 0.03s
[INFO] [stdout] 
[INFO] [stderr]      Running tests/daryheap_of_indices.rs (/opt/rustwide/target/debug/deps/daryheap_of_indices-8039e63dbad7b4ce)
[INFO] [stdout] 
[INFO] [stdout] running 1 test
[INFO] [stdout] test test_dary_forall ... ok
[INFO] [stdout] 
[INFO] [stdout] test result: ok. 1 passed; 0 failed; 0 ignored; 0 measured; 0 filtered out; finished in 6.07s
[INFO] [stdout] 
[INFO] [stderr]      Running tests/daryheap_of_indices_2.rs (/opt/rustwide/target/debug/deps/daryheap_of_indices_2-ea217f6d249bc36c)
[INFO] [stdout] 
[INFO] [stdout] running 19 tests
[INFO] [stdout] test as_slice ... ok
[INFO] [stdout] test clear ... ok
[INFO] [stdout] test contains ... ok
[INFO] [stdout] test push_pop ... ok
[INFO] [stdout] test is_empty ... ok
[INFO] [stdout] test mixed ... ok
[INFO] [stdout] test key_of ... ok
[INFO] [stdout] test len ... ok
[INFO] [stdout] test peek ... ok
[INFO] [stdout] test decrease_key ... ok
[INFO] [stdout] test push_then_pop_randomized ... ok
[INFO] [stdout] test decrease_key_or_push ... ok
[INFO] [stdout] test push_then_pop ... ok
[INFO] [stdout] test try_decrease_key ... ok
[INFO] [stdout] test remove ... ok
[INFO] [stdout] test push_pop_randomized ... ok
[INFO] [stdout] test try_decrease_key_or_push ... ok
[INFO] [stdout] test update_key ... ok
[INFO] [stdout] test update_key_or_push ... ok
[INFO] [stdout] 
[INFO] [stdout] test result: ok. 19 passed; 0 failed; 0 ignored; 0 measured; 0 filtered out; finished in 0.05s
[INFO] [stdout] 
[INFO] [stderr]      Running tests/daryheap_of_indices_4.rs (/opt/rustwide/target/debug/deps/daryheap_of_indices_4-2501d8a4e75cf925)
[INFO] [stdout] 
[INFO] [stdout] running 19 tests
[INFO] [stdout] test key_of ... ok
[INFO] [stdout] test len ... ok
[INFO] [stdout] test is_empty ... ok
[INFO] [stdout] test as_slice ... ok
[INFO] [stdout] test peek ... ok
[INFO] [stdout] test push_pop ... ok
[INFO] [stdout] test push_pop_randomized ... ok
[INFO] [stdout] test push_then_pop ... ok
[INFO] [stdout] test remove ... ok
[INFO] [stdout] test clear ... ok
[INFO] [stdout] test push_then_pop_randomized ... ok
[INFO] [stdout] test decrease_key ... ok
[INFO] [stdout] test try_decrease_key_or_push ... ok
[INFO] [stdout] test mixed ... ok
[INFO] [stdout] test contains ... ok
[INFO] [stdout] test update_key ... ok
[INFO] [stdout] test decrease_key_or_push ... ok
[INFO] [stdout] test try_decrease_key ... ok
[INFO] [stdout] test update_key_or_push ... ok
[INFO] [stdout] 
[INFO] [stdout] test result: ok. 19 passed; 0 failed; 0 ignored; 0 measured; 0 filtered out; finished in 0.03s
[INFO] [stdout] 
[INFO] [stderr]      Running tests/daryheap_with_map.rs (/opt/rustwide/target/debug/deps/daryheap_with_map-2b590db90a8293b9)
[INFO] [stdout] 
[INFO] [stdout] running 1 test
[INFO] [stdout] test test_dary_forall ... ok
[INFO] [stdout] 
[INFO] [stdout] test result: ok. 1 passed; 0 failed; 0 ignored; 0 measured; 0 filtered out; finished in 11.83s
[INFO] [stdout] 
[INFO] [stderr]      Running tests/daryheap_with_map_2.rs (/opt/rustwide/target/debug/deps/daryheap_with_map_2-61b8aa6eeebac4f9)
[INFO] [stdout] 
[INFO] [stdout] running 19 tests
[INFO] [stdout] test contains ... ok
[INFO] [stdout] test as_slice ... ok
[INFO] [stdout] test clear ... ok
[INFO] [stdout] test decrease_key ... ok
[INFO] [stdout] test is_empty ... ok
[INFO] [stdout] test peek ... ok
[INFO] [stdout] test push_pop ... ok
[INFO] [stdout] test push_pop_randomized ... ok
[INFO] [stdout] test push_then_pop_randomized ... ok
[INFO] [stdout] test decrease_key_or_push ... ok
[INFO] [stdout] test len ... ok
[INFO] [stdout] test push_then_pop ... ok
[INFO] [stdout] test key_of ... ok
[INFO] [stdout] test update_key ... ok
[INFO] [stdout] test update_key_or_push ... ok
[INFO] [stdout] test remove ... ok
[INFO] [stdout] test mixed ... ok
[INFO] [stdout] test try_decrease_key ... ok
[INFO] [stdout] test try_decrease_key_or_push ... ok
[INFO] [stdout] 
[INFO] [stdout] test result: ok. 19 passed; 0 failed; 0 ignored; 0 measured; 0 filtered out; finished in 0.02s
[INFO] [stdout] 
[INFO] [stderr]      Running tests/daryheap_with_map_4.rs (/opt/rustwide/target/debug/deps/daryheap_with_map_4-9a3574e18acb8b84)
[INFO] [stdout] 
[INFO] [stdout] running 19 tests
[INFO] [stdout] test contains ... ok
[INFO] [stdout] test clear ... ok
[INFO] [stdout] test len ... ok
[INFO] [stdout] test is_empty ... ok
[INFO] [stdout] test key_of ... ok
[INFO] [stdout] test peek ... ok
[INFO] [stdout] test push_pop ... ok
[INFO] [stdout] test decrease_key_or_push ... ok
[INFO] [stdout] test as_slice ... ok
[INFO] [stdout] test push_pop_randomized ... ok
[INFO] [stdout] test try_decrease_key ... ok
[INFO] [stdout] test remove ... ok
[INFO] [stdout] test push_then_pop_randomized ... ok
[INFO] [stdout] test decrease_key ... ok
[INFO] [stdout] test push_then_pop ... ok
[INFO] [stdout] test mixed ... ok
[INFO] [stdout] test try_decrease_key_or_push ... ok
[INFO] [stdout] test update_key_or_push ... ok
[INFO] [stdout] test update_key ... ok
[INFO] [stdout] 
[INFO] [stdout] test result: ok. 19 passed; 0 failed; 0 ignored; 0 measured; 0 filtered out; finished in 0.02s
[INFO] [stdout] 
[INFO] [stderr]      Running tests/dijkstra.rs (/opt/rustwide/target/debug/deps/dijkstra-4e2cf4f77bc4b290)
[INFO] [stdout] 
[INFO] [stdout] running 1 test
[INFO] [stdout] test dijkstra ... ok
[INFO] [stdout] 
[INFO] [stdout] test result: ok. 1 passed; 0 failed; 0 ignored; 0 measured; 0 filtered out; finished in 0.00s
[INFO] [stdout] 
[INFO] [stderr]    Doc-tests orx-priority-queue
[INFO] [stdout] 
[INFO] [stdout] running 27 tests
[INFO] [stdout] test src/lib.rs - (line 58) ... FAILED
[INFO] [stdout] test src/dary/daryheap.rs - dary::daryheap::DaryHeap<N,K,D>::with_capacity (line 87) ... ok
[INFO] [stdout] test src/dary/daryheap.rs - dary::daryheap::DaryHeap (line 23) ... ok
[INFO] [stdout] test src/dary/daryheap_index.rs - dary::daryheap_index::DaryHeapOfIndices (line 61) ... ok
[INFO] [stdout] test src/dary/daryheap_map.rs - dary::daryheap_map::DaryHeapWithMap (line 39) ... ok
[INFO] [stdout] test src/dary/daryheap_index.rs - dary::daryheap_index::DaryHeapOfIndices (line 97) ... ok
[INFO] [stdout] test src/priority_queue.rs - priority_queue::PriorityQueue::as_slice (line 50) ... ok
[INFO] [stdout] test src/dary/daryheap_index.rs - dary::daryheap_index::DaryHeapOfIndices<N,K,D>::with_index_bound (line 158) ... ok
[INFO] [stdout] test src/priority_queue.rs - priority_queue::PriorityQueue::clear (line 89) ... ok
[INFO] [stdout] test src/dary/daryheap_map.rs - dary::daryheap_map::DaryHeapWithMap (line 79) ... ok
[INFO] [stdout] test src/priority_queue.rs - priority_queue::PriorityQueue::len (line 11) ... ok
[INFO] [stdout] test src/priority_queue.rs - priority_queue::PriorityQueue::is_empty (line 32) ... ok
[INFO] [stdout] test src/priority_queue.rs - priority_queue::PriorityQueue::pop (line 110) ... ok
[INFO] [stdout] test src/priority_queue.rs - priority_queue::PriorityQueue::peek (line 72) ... ok
[INFO] [stdout] test src/priority_queue.rs - priority_queue::PriorityQueue::pop_node (line 138) ... ok
[INFO] [stdout] test src/priority_queue.rs - priority_queue::PriorityQueue::push (line 194) ... ok
[INFO] [stdout] test src/priority_queue.rs - priority_queue::PriorityQueue::pop_key (line 166) ... ok
[INFO] [stdout] test src/priority_queue.rs - priority_queue::PriorityQueue::push_then_pop (line 216) ... ok
[INFO] [stdout] test src/priority_queue_deckey.rs - priority_queue_deckey::PriorityQueueDecKey::contains (line 30) ... ok
[INFO] [stdout] test src/priority_queue_deckey.rs - priority_queue_deckey::PriorityQueueDecKey::decrease_key_or_push (line 191) ... ok
[INFO] [stdout] test src/priority_queue_deckey.rs - priority_queue_deckey::PriorityQueueDecKey::decrease_key (line 75) ... ok
[INFO] [stdout] test src/priority_queue_deckey.rs - priority_queue_deckey::PriorityQueueDecKey::key_of (line 46) ... ok
[INFO] [stdout] test src/priority_queue_deckey.rs - priority_queue_deckey::PriorityQueueDecKey::try_decrease_key_or_push (line 277) ... ok
[INFO] [stdout] test src/priority_queue_deckey.rs - priority_queue_deckey::PriorityQueueDecKey::remove (line 323) ... ok
[INFO] [stdout] test src/priority_queue_deckey.rs - priority_queue_deckey::PriorityQueueDecKey::try_decrease_key (line 139) ... ok
[INFO] [stdout] test src/priority_queue_deckey.rs - priority_queue_deckey::PriorityQueueDecKey::update_key_or_push (line 234) ... ok
[INFO] [stdout] test src/priority_queue_deckey.rs - priority_queue_deckey::PriorityQueueDecKey::update_key (line 105) ... ok
[INFO] [stdout] 
[INFO] [stdout] failures:
[INFO] [stdout] 
[INFO] [stdout] ---- src/lib.rs - (line 58) stdout ----
[INFO] [stdout] error[E0599]: no function or associated item named `with_upper_limit` found for struct `orx_priority_queue::DaryHeapOfIndices` in the current scope
[INFO] [stdout]   --> src/lib.rs:131:42
[INFO] [stdout]    |
[INFO] [stdout] 76 | test_priority_queue(BinaryHeapOfIndices::with_upper_limit(100));
[INFO] [stdout]    |                                          ^^^^^^^^^^^^^^^^ function or associated item not found in `DaryHeapOfIndices<_, _>`
[INFO] [stdout] 
[INFO] [stdout] error[E0599]: no function or associated item named `with_upper_limit` found for struct `orx_priority_queue::DaryHeapOfIndices` in the current scope
[INFO] [stdout]   --> src/lib.rs:133:54
[INFO] [stdout]    |
[INFO] [stdout] 78 | test_priority_queue_deckey(QuarternaryHeapOfIndices::with_upper_limit(100));
[INFO] [stdout]    |                                                      ^^^^^^^^^^^^^^^^ function or associated item not found in `DaryHeapOfIndices<_, _, 4>`
[INFO] [stdout] 
[INFO] [stdout] error: aborting due to 2 previous errors
[INFO] [stdout] 
[INFO] [stdout] For more information about this error, try `rustc --explain E0599`.
[INFO] [stdout] Couldn't compile the test.
[INFO] [stdout] 
[INFO] [stdout] failures:
[INFO] [stdout]     src/lib.rs - (line 58)
[INFO] [stdout] 
[INFO] [stdout] test result: FAILED. 26 passed; 1 failed; 0 ignored; 0 measured; 0 filtered out; finished in 1.68s
[INFO] [stdout] 
[INFO] [stderr] error: doctest failed, to rerun pass `--doc`
[INFO] running `Command { std: "docker" "inspect" "4f9be63a6673cece9232e87fa626ea5a9eed167d5a97eabb4d4a60fad81c6b48", kill_on_drop: false }`
[INFO] running `Command { std: "docker" "rm" "-f" "4f9be63a6673cece9232e87fa626ea5a9eed167d5a97eabb4d4a60fad81c6b48", kill_on_drop: false }`
[INFO] [stdout] 4f9be63a6673cece9232e87fa626ea5a9eed167d5a97eabb4d4a60fad81c6b48
