[INFO] fetching crate ordpath 0.1.0...
[INFO] testing ordpath-0.1.0 against 1.75.0 for beta-1.76-1
[INFO] extracting crate ordpath 0.1.0 into /workspace/builds/worker-6-tc1/source
[INFO] validating manifest of crates.io crate ordpath 0.1.0 on toolchain 1.75.0
[INFO] running `Command { std: CARGO_HOME="/workspace/cargo-home" RUSTUP_HOME="/workspace/rustup-home" "/workspace/cargo-home/bin/cargo" "+1.75.0" "metadata" "--manifest-path" "Cargo.toml" "--no-deps", kill_on_drop: false }`
[INFO] started tweaking crates.io crate ordpath 0.1.0
[INFO] finished tweaking crates.io crate ordpath 0.1.0
[INFO] tweaked toml for crates.io crate ordpath 0.1.0 written to /workspace/builds/worker-6-tc1/source/Cargo.toml
[INFO] running `Command { std: CARGO_HOME="/workspace/cargo-home" RUSTUP_HOME="/workspace/rustup-home" "/workspace/cargo-home/bin/cargo" "+1.75.0" "generate-lockfile" "--manifest-path" "Cargo.toml", kill_on_drop: false }`
[INFO] running `Command { std: CARGO_HOME="/workspace/cargo-home" RUSTUP_HOME="/workspace/rustup-home" "/workspace/cargo-home/bin/cargo" "+1.75.0" "fetch" "--manifest-path" "Cargo.toml", kill_on_drop: false }`
[INFO] running `Command { std: "docker" "create" "-v" "/var/lib/crater-agent-workspace/builds/worker-6-tc1/target:/opt/rustwide/target:rw,Z" "-v" "/var/lib/crater-agent-workspace/builds/worker-6-tc1/source:/opt/rustwide/workdir:ro,Z" "-v" "/var/lib/crater-agent-workspace/cargo-home:/opt/rustwide/cargo-home:ro,Z" "-v" "/var/lib/crater-agent-workspace/rustup-home:/opt/rustwide/rustup-home:ro,Z" "-e" "SOURCE_DIR=/opt/rustwide/workdir" "-e" "CARGO_TARGET_DIR=/opt/rustwide/target" "-e" "CARGO_HOME=/opt/rustwide/cargo-home" "-e" "RUSTUP_HOME=/opt/rustwide/rustup-home" "-w" "/opt/rustwide/workdir" "-m" "1610612736" "--user" "0:0" "--network" "none" "ghcr.io/rust-lang/crates-build-env/linux@sha256:2788e3201cd34a07e3172128adcd8b3090168a8e3bcc40d7c032b9dda1df7d1c" "/opt/rustwide/cargo-home/bin/cargo" "+1.75.0" "metadata" "--no-deps" "--format-version=1", kill_on_drop: false }`
[INFO] [stdout] cba78936b2e1db0899f6564879d3138dde1254575e30ef783358adcee7317813
[INFO] running `Command { std: "docker" "start" "-a" "cba78936b2e1db0899f6564879d3138dde1254575e30ef783358adcee7317813", kill_on_drop: false }`
[INFO] running `Command { std: "docker" "inspect" "cba78936b2e1db0899f6564879d3138dde1254575e30ef783358adcee7317813", kill_on_drop: false }`
[INFO] running `Command { std: "docker" "rm" "-f" "cba78936b2e1db0899f6564879d3138dde1254575e30ef783358adcee7317813", kill_on_drop: false }`
[INFO] [stdout] cba78936b2e1db0899f6564879d3138dde1254575e30ef783358adcee7317813
[INFO] running `Command { std: "docker" "create" "-v" "/var/lib/crater-agent-workspace/builds/worker-6-tc1/target:/opt/rustwide/target:rw,Z" "-v" "/var/lib/crater-agent-workspace/builds/worker-6-tc1/source:/opt/rustwide/workdir:ro,Z" "-v" "/var/lib/crater-agent-workspace/cargo-home:/opt/rustwide/cargo-home:ro,Z" "-v" "/var/lib/crater-agent-workspace/rustup-home:/opt/rustwide/rustup-home:ro,Z" "-e" "SOURCE_DIR=/opt/rustwide/workdir" "-e" "CARGO_TARGET_DIR=/opt/rustwide/target" "-e" "CARGO_INCREMENTAL=0" "-e" "RUST_BACKTRACE=full" "-e" "RUSTFLAGS=--cap-lints=warn" "-e" "RUSTDOCFLAGS=--cap-lints=warn" "-e" "CARGO_HOME=/opt/rustwide/cargo-home" "-e" "RUSTUP_HOME=/opt/rustwide/rustup-home" "-w" "/opt/rustwide/workdir" "-m" "1610612736" "--user" "0:0" "--network" "none" "ghcr.io/rust-lang/crates-build-env/linux@sha256:2788e3201cd34a07e3172128adcd8b3090168a8e3bcc40d7c032b9dda1df7d1c" "/opt/rustwide/cargo-home/bin/cargo" "+1.75.0" "build" "--frozen" "--message-format=json", kill_on_drop: false }`
[INFO] [stdout] 2e4903f52815e83a2eb9330ae09ed5df9bdc45bac0c19b4707e08c3fe76503ed
[INFO] running `Command { std: "docker" "start" "-a" "2e4903f52815e83a2eb9330ae09ed5df9bdc45bac0c19b4707e08c3fe76503ed", kill_on_drop: false }`
[INFO] [stderr]    Compiling ordpath v0.1.0 (/opt/rustwide/workdir)
[INFO] [stderr]     Finished dev [unoptimized + debuginfo] target(s) in 0.22s
[INFO] running `Command { std: "docker" "inspect" "2e4903f52815e83a2eb9330ae09ed5df9bdc45bac0c19b4707e08c3fe76503ed", kill_on_drop: false }`
[INFO] running `Command { std: "docker" "rm" "-f" "2e4903f52815e83a2eb9330ae09ed5df9bdc45bac0c19b4707e08c3fe76503ed", kill_on_drop: false }`
[INFO] [stdout] 2e4903f52815e83a2eb9330ae09ed5df9bdc45bac0c19b4707e08c3fe76503ed
[INFO] running `Command { std: "docker" "create" "-v" "/var/lib/crater-agent-workspace/builds/worker-6-tc1/target:/opt/rustwide/target:rw,Z" "-v" "/var/lib/crater-agent-workspace/builds/worker-6-tc1/source:/opt/rustwide/workdir:ro,Z" "-v" "/var/lib/crater-agent-workspace/cargo-home:/opt/rustwide/cargo-home:ro,Z" "-v" "/var/lib/crater-agent-workspace/rustup-home:/opt/rustwide/rustup-home:ro,Z" "-e" "SOURCE_DIR=/opt/rustwide/workdir" "-e" "CARGO_TARGET_DIR=/opt/rustwide/target" "-e" "CARGO_INCREMENTAL=0" "-e" "RUST_BACKTRACE=full" "-e" "RUSTFLAGS=--cap-lints=warn" "-e" "RUSTDOCFLAGS=--cap-lints=warn" "-e" "CARGO_HOME=/opt/rustwide/cargo-home" "-e" "RUSTUP_HOME=/opt/rustwide/rustup-home" "-w" "/opt/rustwide/workdir" "-m" "1610612736" "--user" "0:0" "--network" "none" "ghcr.io/rust-lang/crates-build-env/linux@sha256:2788e3201cd34a07e3172128adcd8b3090168a8e3bcc40d7c032b9dda1df7d1c" "/opt/rustwide/cargo-home/bin/cargo" "+1.75.0" "test" "--frozen" "--no-run" "--message-format=json", kill_on_drop: false }`
[INFO] [stdout] fd6782db8fc83bc33e132591d63dbe210d9d5b22550a0e73b4a11e1ca868aad5
[INFO] running `Command { std: "docker" "start" "-a" "fd6782db8fc83bc33e132591d63dbe210d9d5b22550a0e73b4a11e1ca868aad5", kill_on_drop: false }`
[INFO] [stderr]    Compiling ordpath v0.1.0 (/opt/rustwide/workdir)
[INFO] [stderr]     Finished test [unoptimized + debuginfo] target(s) in 0.61s
[INFO] running `Command { std: "docker" "inspect" "fd6782db8fc83bc33e132591d63dbe210d9d5b22550a0e73b4a11e1ca868aad5", kill_on_drop: false }`
[INFO] running `Command { std: "docker" "rm" "-f" "fd6782db8fc83bc33e132591d63dbe210d9d5b22550a0e73b4a11e1ca868aad5", kill_on_drop: false }`
[INFO] [stdout] fd6782db8fc83bc33e132591d63dbe210d9d5b22550a0e73b4a11e1ca868aad5
[INFO] running `Command { std: "docker" "create" "-v" "/var/lib/crater-agent-workspace/builds/worker-6-tc1/target:/opt/rustwide/target:rw,Z" "-v" "/var/lib/crater-agent-workspace/builds/worker-6-tc1/source:/opt/rustwide/workdir:ro,Z" "-v" "/var/lib/crater-agent-workspace/cargo-home:/opt/rustwide/cargo-home:ro,Z" "-v" "/var/lib/crater-agent-workspace/rustup-home:/opt/rustwide/rustup-home:ro,Z" "-e" "SOURCE_DIR=/opt/rustwide/workdir" "-e" "CARGO_TARGET_DIR=/opt/rustwide/target" "-e" "CARGO_INCREMENTAL=0" "-e" "RUST_BACKTRACE=full" "-e" "RUSTFLAGS=--cap-lints=warn" "-e" "RUSTDOCFLAGS=--cap-lints=warn" "-e" "CARGO_HOME=/opt/rustwide/cargo-home" "-e" "RUSTUP_HOME=/opt/rustwide/rustup-home" "-w" "/opt/rustwide/workdir" "-m" "1610612736" "--user" "0:0" "--network" "none" "ghcr.io/rust-lang/crates-build-env/linux@sha256:2788e3201cd34a07e3172128adcd8b3090168a8e3bcc40d7c032b9dda1df7d1c" "/opt/rustwide/cargo-home/bin/cargo" "+1.75.0" "test" "--frozen", kill_on_drop: false }`
[INFO] [stdout] d07e55d40c710b4314c90c49cc876aa3396d202bd0c975ff24d20affd14ae97b
[INFO] running `Command { std: "docker" "start" "-a" "d07e55d40c710b4314c90c49cc876aa3396d202bd0c975ff24d20affd14ae97b", kill_on_drop: false }`
[INFO] [stderr]     Finished test [unoptimized + debuginfo] target(s) in 0.01s
[INFO] [stderr]      Running unittests src/lib.rs (/opt/rustwide/target/debug/deps/ordpath-d939a9632aa1b409)
[INFO] [stdout] 
[INFO] [stdout] running 8 tests
[INFO] [stdout] test tests::path_from_str ... ok
[INFO] [stdout] test tests::default_encoding ... ok
[INFO] [stdout] test tests::path_clone ... ok
[INFO] [stdout] test tests::path_from_slice ... ok
[INFO] [stdout] test tests::path_ordering ... ok
[INFO] [stdout] test tests::path_is_empty ... ok
[INFO] [stdout] test tests::path_to_string ... ok
[INFO] [stdout] test tests::path_is_ancestor ... ok
[INFO] [stdout] 
[INFO] [stdout] test result: ok. 8 passed; 0 failed; 0 ignored; 0 measured; 0 filtered out; finished in 0.03s
[INFO] [stdout] 
[INFO] [stderr]    Doc-tests ordpath
[INFO] [stdout] 
[INFO] [stdout] running 2 tests
[INFO] [stdout] test src/lib.rs - OrdPath<E>::is_ancestor_of (line 148) ... FAILED
[INFO] [stderr] error: doctest failed, to rerun pass `--doc`
[INFO] [stdout] test src/lib.rs - OrdPath<E>::is_empty (line 136) ... FAILED
[INFO] [stdout] 
[INFO] [stdout] failures:
[INFO] [stdout] 
[INFO] [stdout] ---- src/lib.rs - OrdPath<E>::is_ancestor_of (line 148) stdout ----
[INFO] [stdout] error: expected `;`, found `assert`
[INFO] [stdout]  --> src/lib.rs:151:26
[INFO] [stdout]   |
[INFO] [stdout] 6 | let c = ordpath![1, 2, 3]
[INFO] [stdout]   |                          ^ help: add `;` here
[INFO] [stdout] 7 | assert!(a.is_ancestor_of(c));
[INFO] [stdout]   | ------ unexpected token
[INFO] [stdout] 
[INFO] [stdout] error: cannot find macro `ordpath` in this scope
[INFO] [stdout]  --> src/lib.rs:151:9
[INFO] [stdout]   |
[INFO] [stdout] 6 | let c = ordpath![1, 2, 3]
[INFO] [stdout]   |         ^^^^^^^
[INFO] [stdout]   |
[INFO] [stdout] note: `ordpath` is imported here, but it is a crate, not a macro
[INFO] [stdout]  --> src/lib.rs:148:1
[INFO] [stdout]   |
[INFO] [stdout] 3 | extern crate r#ordpath;
[INFO] [stdout]   | ^^^^^^^^^^^^^^^^^^^^^^^
[INFO] [stdout] help: consider importing this macro
[INFO] [stdout]   |
[INFO] [stdout] 2 + use ordpath::ordpath;
[INFO] [stdout]   |
[INFO] [stdout] 
[INFO] [stdout] error: cannot find macro `ordpath` in this scope
[INFO] [stdout]  --> src/lib.rs:150:9
[INFO] [stdout]   |
[INFO] [stdout] 5 | let a = ordpath![1, 2];
[INFO] [stdout]   |         ^^^^^^^
[INFO] [stdout]   |
[INFO] [stdout] note: `ordpath` is imported here, but it is a crate, not a macro
[INFO] [stdout]  --> src/lib.rs:148:1
[INFO] [stdout]   |
[INFO] [stdout] 3 | extern crate r#ordpath;
[INFO] [stdout]   | ^^^^^^^^^^^^^^^^^^^^^^^
[INFO] [stdout] help: consider importing this macro
[INFO] [stdout]   |
[INFO] [stdout] 2 + use ordpath::ordpath;
[INFO] [stdout]   |
[INFO] [stdout] 
[INFO] [stdout] error: aborting due to 3 previous errors
[INFO] [stdout] 
[INFO] [stdout] Couldn't compile the test.
[INFO] [stdout] ---- src/lib.rs - OrdPath<E>::is_empty (line 136) stdout ----
[INFO] [stdout] error: cannot find macro `ordpath` in this scope
[INFO] [stdout]  --> src/lib.rs:138:9
[INFO] [stdout]   |
[INFO] [stdout] 5 | let p = ordpath![1, 2, 3];
[INFO] [stdout]   |         ^^^^^^^
[INFO] [stdout]   |
[INFO] [stdout] note: `ordpath` is imported here, but it is a crate, not a macro
[INFO] [stdout]  --> src/lib.rs:136:1
[INFO] [stdout]   |
[INFO] [stdout] 3 | extern crate r#ordpath;
[INFO] [stdout]   | ^^^^^^^^^^^^^^^^^^^^^^^
[INFO] [stdout] help: consider importing this macro
[INFO] [stdout]   |
[INFO] [stdout] 2 + use ordpath::ordpath;
[INFO] [stdout]   |
[INFO] [stdout] 
[INFO] [stdout] error: aborting due to previous error
[INFO] [stdout] 
[INFO] [stdout] Couldn't compile the test.
[INFO] [stdout] 
[INFO] [stdout] failures:
[INFO] [stdout]     src/lib.rs - OrdPath<E>::is_ancestor_of (line 148)
[INFO] [stdout]     src/lib.rs - OrdPath<E>::is_empty (line 136)
[INFO] [stdout] 
[INFO] [stdout] test result: FAILED. 0 passed; 2 failed; 0 ignored; 0 measured; 0 filtered out; finished in 0.07s
[INFO] [stdout] 
[INFO] running `Command { std: "docker" "inspect" "d07e55d40c710b4314c90c49cc876aa3396d202bd0c975ff24d20affd14ae97b", kill_on_drop: false }`
[INFO] running `Command { std: "docker" "rm" "-f" "d07e55d40c710b4314c90c49cc876aa3396d202bd0c975ff24d20affd14ae97b", kill_on_drop: false }`
[INFO] [stdout] d07e55d40c710b4314c90c49cc876aa3396d202bd0c975ff24d20affd14ae97b
