[INFO] fetching crate orchidlang 0.2.2...
[INFO] testing orchidlang-0.2.2 against 1.75.0 for beta-1.76-1
[INFO] extracting crate orchidlang 0.2.2 into /workspace/builds/worker-6-tc1/source
[INFO] validating manifest of crates.io crate orchidlang 0.2.2 on toolchain 1.75.0
[INFO] running `Command { std: CARGO_HOME="/workspace/cargo-home" RUSTUP_HOME="/workspace/rustup-home" "/workspace/cargo-home/bin/cargo" "+1.75.0" "metadata" "--manifest-path" "Cargo.toml" "--no-deps", kill_on_drop: false }`
[INFO] removed /workspace/builds/worker-6-tc1/source/rust-toolchain.toml
[INFO] started tweaking crates.io crate orchidlang 0.2.2
[INFO] finished tweaking crates.io crate orchidlang 0.2.2
[INFO] tweaked toml for crates.io crate orchidlang 0.2.2 written to /workspace/builds/worker-6-tc1/source/Cargo.toml
[INFO] crate crates.io crate orchidlang 0.2.2 already has a lockfile, it will not be regenerated
[INFO] running `Command { std: CARGO_HOME="/workspace/cargo-home" RUSTUP_HOME="/workspace/rustup-home" "/workspace/cargo-home/bin/cargo" "+1.75.0" "fetch" "--manifest-path" "Cargo.toml", kill_on_drop: false }`
[INFO] [stderr]  Downloading crates ...
[INFO] [stderr]   Downloaded chumsky v0.9.2
[INFO] [stderr]   Downloaded ordered-float v3.6.0
[INFO] running `Command { std: "docker" "create" "-v" "/var/lib/crater-agent-workspace/builds/worker-6-tc1/target:/opt/rustwide/target:rw,Z" "-v" "/var/lib/crater-agent-workspace/builds/worker-6-tc1/source:/opt/rustwide/workdir:ro,Z" "-v" "/var/lib/crater-agent-workspace/cargo-home:/opt/rustwide/cargo-home:ro,Z" "-v" "/var/lib/crater-agent-workspace/rustup-home:/opt/rustwide/rustup-home:ro,Z" "-e" "SOURCE_DIR=/opt/rustwide/workdir" "-e" "CARGO_TARGET_DIR=/opt/rustwide/target" "-e" "CARGO_HOME=/opt/rustwide/cargo-home" "-e" "RUSTUP_HOME=/opt/rustwide/rustup-home" "-w" "/opt/rustwide/workdir" "-m" "1610612736" "--user" "0:0" "--network" "none" "ghcr.io/rust-lang/crates-build-env/linux@sha256:2788e3201cd34a07e3172128adcd8b3090168a8e3bcc40d7c032b9dda1df7d1c" "/opt/rustwide/cargo-home/bin/cargo" "+1.75.0" "metadata" "--no-deps" "--format-version=1", kill_on_drop: false }`
[INFO] [stdout] 805a80ead7e2bd3791ec0a13eb521edced328d5861edf86bd9981bc40087d83d
[INFO] running `Command { std: "docker" "start" "-a" "805a80ead7e2bd3791ec0a13eb521edced328d5861edf86bd9981bc40087d83d", kill_on_drop: false }`
[INFO] running `Command { std: "docker" "inspect" "805a80ead7e2bd3791ec0a13eb521edced328d5861edf86bd9981bc40087d83d", kill_on_drop: false }`
[INFO] running `Command { std: "docker" "rm" "-f" "805a80ead7e2bd3791ec0a13eb521edced328d5861edf86bd9981bc40087d83d", kill_on_drop: false }`
[INFO] [stdout] 805a80ead7e2bd3791ec0a13eb521edced328d5861edf86bd9981bc40087d83d
[INFO] running `Command { std: "docker" "create" "-v" "/var/lib/crater-agent-workspace/builds/worker-6-tc1/target:/opt/rustwide/target:rw,Z" "-v" "/var/lib/crater-agent-workspace/builds/worker-6-tc1/source:/opt/rustwide/workdir:ro,Z" "-v" "/var/lib/crater-agent-workspace/cargo-home:/opt/rustwide/cargo-home:ro,Z" "-v" "/var/lib/crater-agent-workspace/rustup-home:/opt/rustwide/rustup-home:ro,Z" "-e" "SOURCE_DIR=/opt/rustwide/workdir" "-e" "CARGO_TARGET_DIR=/opt/rustwide/target" "-e" "CARGO_INCREMENTAL=0" "-e" "RUST_BACKTRACE=full" "-e" "RUSTFLAGS=--cap-lints=warn" "-e" "RUSTDOCFLAGS=--cap-lints=warn" "-e" "CARGO_HOME=/opt/rustwide/cargo-home" "-e" "RUSTUP_HOME=/opt/rustwide/rustup-home" "-w" "/opt/rustwide/workdir" "-m" "1610612736" "--user" "0:0" "--network" "none" "ghcr.io/rust-lang/crates-build-env/linux@sha256:2788e3201cd34a07e3172128adcd8b3090168a8e3bcc40d7c032b9dda1df7d1c" "/opt/rustwide/cargo-home/bin/cargo" "+1.75.0" "build" "--frozen" "--message-format=json", kill_on_drop: false }`
[INFO] [stdout] d6664961bd7444101b7cf7f938441b60af52d1e7d89fafbad0773376282705a7
[INFO] running `Command { std: "docker" "start" "-a" "d6664961bd7444101b7cf7f938441b60af52d1e7d89fafbad0773376282705a7", kill_on_drop: false }`
[INFO] [stderr]    Compiling libc v0.2.142
[INFO] [stderr]    Compiling proc-macro2 v1.0.56
[INFO] [stderr]    Compiling quote v1.0.26
[INFO] [stderr]    Compiling unicode-ident v1.0.8
[INFO] [stderr]    Compiling io-lifetimes v1.0.10
[INFO] [stderr]    Compiling cc v1.0.79
[INFO] [stderr]    Compiling rustix v0.37.19
[INFO] [stderr]    Compiling once_cell v1.17.1
[INFO] [stderr]    Compiling linux-raw-sys v0.3.7
[INFO] [stderr]    Compiling utf8parse v0.2.1
[INFO] [stderr]    Compiling syn v1.0.109
[INFO] [stderr]    Compiling anstyle v1.0.0
[INFO] [stderr]    Compiling ahash v0.7.6
[INFO] [stderr]    Compiling num-traits v0.2.15
[INFO] [stderr]    Compiling ahash v0.8.3
[INFO] [stderr]    Compiling anstyle-query v1.0.0
[INFO] [stderr]    Compiling anstyle-parse v0.2.0
[INFO] [stderr]    Compiling colorchoice v1.0.0
[INFO] [stderr]    Compiling thiserror v1.0.40
[INFO] [stderr]    Compiling heck v0.4.1
[INFO] [stderr]    Compiling strsim v0.10.0
[INFO] [stderr]    Compiling clap_lex v0.4.1
[INFO] [stderr]    Compiling either v1.8.1
[INFO] [stderr]    Compiling dyn-clone v1.0.11
[INFO] [stderr]    Compiling itertools v0.10.5
[INFO] [stderr]    Compiling hashbrown v0.13.2
[INFO] [stderr]    Compiling psm v0.1.21
[INFO] [stderr]    Compiling stacker v0.1.15
[INFO] [stderr]    Compiling syn v2.0.13
[INFO] [stderr]    Compiling ordered-float v3.6.0
[INFO] [stderr]    Compiling getrandom v0.2.8
[INFO] [stderr]    Compiling hashbrown v0.12.3
[INFO] [stderr]    Compiling chumsky v0.9.2
[INFO] [stderr]    Compiling trait-set v0.3.0
[INFO] [stderr]    Compiling is-terminal v0.4.7
[INFO] [stderr]    Compiling anstream v0.3.2
[INFO] [stderr]    Compiling clap_builder v4.2.7
[INFO] [stderr]    Compiling thiserror-impl v1.0.40
[INFO] [stderr]    Compiling clap_derive v4.2.0
[INFO] [stderr]    Compiling clap v4.2.7
[INFO] [stderr]    Compiling orchidlang v0.2.2 (/opt/rustwide/workdir)
[INFO] [stdout] warning: unused import: `Lexeme`
[INFO] [stdout]   --> src/parse/mod.rs:17:31
[INFO] [stdout]    |
[INFO] [stdout] 17 | pub use lexer::{lexer, Entry, Lexeme};
[INFO] [stdout]    |                               ^^^^^^
[INFO] [stdout]    |
[INFO] [stdout]    = note: `#[warn(unused_imports)]` on by default
[INFO] [stdout] 
[INFO] [stdout] 
[INFO] [stdout] warning: unused imports: `OpsResult`, `collect_exported_ops`
[INFO] [stdout]  --> src/pipeline/project_tree/collect_ops/mod.rs:5:3
[INFO] [stdout]   |
[INFO] [stdout] 5 |   collect_exported_ops, mk_cache, ExportedOpsCache, InjectedOperatorsFn,
[INFO] [stdout]   |   ^^^^^^^^^^^^^^^^^^^^
[INFO] [stdout] 6 |   OpsResult,
[INFO] [stdout]   |   ^^^^^^^^^
[INFO] [stdout] 
[INFO] [stdout] 
[INFO] [stdout] warning: unused import: `collect_ops::InjectedOperatorsFn`
[INFO] [stdout]   --> src/pipeline/project_tree/mod.rs:26:9
[INFO] [stdout]    |
[INFO] [stdout] 26 | pub use collect_ops::InjectedOperatorsFn;
[INFO] [stdout]    |         ^^^^^^^^^^^^^^^^^^^^^^^^^^^^^^^^
[INFO] [stdout] 
[INFO] [stdout] 
[INFO] [stdout] warning: unused import: `preparse::Preparsed`
[INFO] [stdout]   --> src/pipeline/source_loader/mod.rs:24:9
[INFO] [stdout]    |
[INFO] [stdout] 24 | pub use preparse::Preparsed;
[INFO] [stdout]    |         ^^^^^^^^^^^^^^^^^^^
[INFO] [stdout] 
[INFO] [stdout] 
[INFO] [stdout] warning: unused imports: `Stackframe`, `SubstackIterator`
[INFO] [stdout]   --> src/utils/mod.rs:15:20
[INFO] [stdout]    |
[INFO] [stdout] 15 | pub use substack::{Stackframe, Substack, SubstackIterator};
[INFO] [stdout]    |                    ^^^^^^^^^^            ^^^^^^^^^^^^^^^^
[INFO] [stdout] 
[INFO] [stdout] 
[INFO] [stdout] warning: unused return value of `Box::<T>::from_raw` that must be used
[INFO] [stdout]   --> src/interner/monotype.rs:94:16
[INFO] [stdout]    |
[INFO] [stdout] 94 |       unsafe { Box::from_raw((item as *const T).cast_mut()) };
[INFO] [stdout]    |                ^^^^^^^^^^^^^^^^^^^^^^^^^^^^^^^^^^^^^^^^^^^^
[INFO] [stdout]    |
[INFO] [stdout]    = note: call `drop(Box::from_raw(ptr))` if you intend to drop the `Box`
[INFO] [stdout]    = note: `#[warn(unused_must_use)]` on by default
[INFO] [stdout] help: use `let _ = ...` to ignore the resulting value
[INFO] [stdout]    |
[INFO] [stdout] 94 |       unsafe { let _ = Box::from_raw((item as *const T).cast_mut()); };
[INFO] [stdout]    |                +++++++                                             +
[INFO] [stdout] 
[INFO] [stdout] 
[INFO] [stdout] warning: 6 warnings emitted
[INFO] [stdout] 
[INFO] [stdout] 
[INFO] [stderr]     Finished dev [unoptimized + debuginfo] target(s) in 16.06s
[INFO] running `Command { std: "docker" "inspect" "d6664961bd7444101b7cf7f938441b60af52d1e7d89fafbad0773376282705a7", kill_on_drop: false }`
[INFO] running `Command { std: "docker" "rm" "-f" "d6664961bd7444101b7cf7f938441b60af52d1e7d89fafbad0773376282705a7", kill_on_drop: false }`
[INFO] [stdout] d6664961bd7444101b7cf7f938441b60af52d1e7d89fafbad0773376282705a7
[INFO] running `Command { std: "docker" "create" "-v" "/var/lib/crater-agent-workspace/builds/worker-6-tc1/target:/opt/rustwide/target:rw,Z" "-v" "/var/lib/crater-agent-workspace/builds/worker-6-tc1/source:/opt/rustwide/workdir:ro,Z" "-v" "/var/lib/crater-agent-workspace/cargo-home:/opt/rustwide/cargo-home:ro,Z" "-v" "/var/lib/crater-agent-workspace/rustup-home:/opt/rustwide/rustup-home:ro,Z" "-e" "SOURCE_DIR=/opt/rustwide/workdir" "-e" "CARGO_TARGET_DIR=/opt/rustwide/target" "-e" "CARGO_INCREMENTAL=0" "-e" "RUST_BACKTRACE=full" "-e" "RUSTFLAGS=--cap-lints=warn" "-e" "RUSTDOCFLAGS=--cap-lints=warn" "-e" "CARGO_HOME=/opt/rustwide/cargo-home" "-e" "RUSTUP_HOME=/opt/rustwide/rustup-home" "-w" "/opt/rustwide/workdir" "-m" "1610612736" "--user" "0:0" "--network" "none" "ghcr.io/rust-lang/crates-build-env/linux@sha256:2788e3201cd34a07e3172128adcd8b3090168a8e3bcc40d7c032b9dda1df7d1c" "/opt/rustwide/cargo-home/bin/cargo" "+1.75.0" "test" "--frozen" "--no-run" "--message-format=json", kill_on_drop: false }`
[INFO] [stdout] 6206e34060f4c6f2c3ed08aa43abeae9cac50e3af8e2616d8662fd95262251e3
[INFO] running `Command { std: "docker" "start" "-a" "6206e34060f4c6f2c3ed08aa43abeae9cac50e3af8e2616d8662fd95262251e3", kill_on_drop: false }`
[INFO] [stdout] warning: unused import: `Lexeme`
[INFO] [stdout]   --> src/parse/mod.rs:17:31
[INFO] [stdout]    |
[INFO] [stdout] 17 | pub use lexer::{lexer, Entry, Lexeme};
[INFO] [stdout]    |                               ^^^^^^
[INFO] [stdout]    |
[INFO] [stdout]    = note: `#[warn(unused_imports)]` on by default
[INFO] [stdout] 
[INFO] [stdout] 
[INFO] [stdout] warning: unused imports: `OpsResult`, `collect_exported_ops`
[INFO] [stdout]  --> src/pipeline/project_tree/collect_ops/mod.rs:5:3
[INFO] [stdout]   |
[INFO] [stdout] 5 |   collect_exported_ops, mk_cache, ExportedOpsCache, InjectedOperatorsFn,
[INFO] [stdout]   |   ^^^^^^^^^^^^^^^^^^^^
[INFO] [stdout] 6 |   OpsResult,
[INFO] [stdout]   |   ^^^^^^^^^
[INFO] [stdout] 
[INFO] [stdout] 
[INFO] [stdout] warning: unused import: `collect_ops::InjectedOperatorsFn`
[INFO] [stdout]   --> src/pipeline/project_tree/mod.rs:26:9
[INFO] [stdout]    |
[INFO] [stdout] 26 | pub use collect_ops::InjectedOperatorsFn;
[INFO] [stdout]    |         ^^^^^^^^^^^^^^^^^^^^^^^^^^^^^^^^
[INFO] [stdout] 
[INFO] [stdout] 
[INFO] [stdout] warning: unused import: `preparse::Preparsed`
[INFO] [stdout]   --> src/pipeline/source_loader/mod.rs:24:9
[INFO] [stdout]    |
[INFO] [stdout] 24 | pub use preparse::Preparsed;
[INFO] [stdout]    |         ^^^^^^^^^^^^^^^^^^^
[INFO] [stdout] 
[INFO] [stdout] 
[INFO] [stderr]    Compiling orchidlang v0.2.2 (/opt/rustwide/workdir)
[INFO] [stdout] warning: unused imports: `Stackframe`, `SubstackIterator`
[INFO] [stdout]   --> src/utils/mod.rs:15:20
[INFO] [stdout]    |
[INFO] [stdout] 15 | pub use substack::{Stackframe, Substack, SubstackIterator};
[INFO] [stdout]    |                    ^^^^^^^^^^            ^^^^^^^^^^^^^^^^
[INFO] [stdout] 
[INFO] [stdout] 
[INFO] [stdout] warning: unused return value of `Box::<T>::from_raw` that must be used
[INFO] [stdout]   --> src/interner/monotype.rs:94:16
[INFO] [stdout]    |
[INFO] [stdout] 94 |       unsafe { Box::from_raw((item as *const T).cast_mut()) };
[INFO] [stdout]    |                ^^^^^^^^^^^^^^^^^^^^^^^^^^^^^^^^^^^^^^^^^^^^
[INFO] [stdout]    |
[INFO] [stdout]    = note: call `drop(Box::from_raw(ptr))` if you intend to drop the `Box`
[INFO] [stdout]    = note: `#[warn(unused_must_use)]` on by default
[INFO] [stdout] help: use `let _ = ...` to ignore the resulting value
[INFO] [stdout]    |
[INFO] [stdout] 94 |       unsafe { let _ = Box::from_raw((item as *const T).cast_mut()); };
[INFO] [stdout]    |                +++++++                                             +
[INFO] [stdout] 
[INFO] [stdout] 
[INFO] [stdout] warning: 6 warnings emitted
[INFO] [stdout] 
[INFO] [stdout] 
[INFO] [stdout] warning: unused import: `Lexeme`
[INFO] [stdout]   --> src/parse/mod.rs:17:31
[INFO] [stdout]    |
[INFO] [stdout] 17 | pub use lexer::{lexer, Entry, Lexeme};
[INFO] [stdout]    |                               ^^^^^^
[INFO] [stdout]    |
[INFO] [stdout]    = note: `#[warn(unused_imports)]` on by default
[INFO] [stdout] 
[INFO] [stdout] 
[INFO] [stdout] warning: unused imports: `OpsResult`, `collect_exported_ops`
[INFO] [stdout]  --> src/pipeline/project_tree/collect_ops/mod.rs:5:3
[INFO] [stdout]   |
[INFO] [stdout] 5 |   collect_exported_ops, mk_cache, ExportedOpsCache, InjectedOperatorsFn,
[INFO] [stdout]   |   ^^^^^^^^^^^^^^^^^^^^
[INFO] [stdout] 6 |   OpsResult,
[INFO] [stdout]   |   ^^^^^^^^^
[INFO] [stdout] 
[INFO] [stdout] 
[INFO] [stdout] warning: unused import: `collect_ops::InjectedOperatorsFn`
[INFO] [stdout]   --> src/pipeline/project_tree/mod.rs:26:9
[INFO] [stdout]    |
[INFO] [stdout] 26 | pub use collect_ops::InjectedOperatorsFn;
[INFO] [stdout]    |         ^^^^^^^^^^^^^^^^^^^^^^^^^^^^^^^^
[INFO] [stdout] 
[INFO] [stdout] 
[INFO] [stdout] warning: unused import: `preparse::Preparsed`
[INFO] [stdout]   --> src/pipeline/source_loader/mod.rs:24:9
[INFO] [stdout]    |
[INFO] [stdout] 24 | pub use preparse::Preparsed;
[INFO] [stdout]    |         ^^^^^^^^^^^^^^^^^^^
[INFO] [stdout] 
[INFO] [stdout] 
[INFO] [stdout] warning: unused imports: `Stackframe`, `SubstackIterator`
[INFO] [stdout]   --> src/utils/mod.rs:15:20
[INFO] [stdout]    |
[INFO] [stdout] 15 | pub use substack::{Stackframe, Substack, SubstackIterator};
[INFO] [stdout]    |                    ^^^^^^^^^^            ^^^^^^^^^^^^^^^^
[INFO] [stdout] 
[INFO] [stdout] 
[INFO] [stdout] warning: unused return value of `Box::<T>::from_raw` that must be used
[INFO] [stdout]   --> src/interner/monotype.rs:94:16
[INFO] [stdout]    |
[INFO] [stdout] 94 |       unsafe { Box::from_raw((item as *const T).cast_mut()) };
[INFO] [stdout]    |                ^^^^^^^^^^^^^^^^^^^^^^^^^^^^^^^^^^^^^^^^^^^^
[INFO] [stdout]    |
[INFO] [stdout]    = note: call `drop(Box::from_raw(ptr))` if you intend to drop the `Box`
[INFO] [stdout]    = note: `#[warn(unused_must_use)]` on by default
[INFO] [stdout] help: use `let _ = ...` to ignore the resulting value
[INFO] [stdout]    |
[INFO] [stdout] 94 |       unsafe { let _ = Box::from_raw((item as *const T).cast_mut()); };
[INFO] [stdout]    |                +++++++                                             +
[INFO] [stdout] 
[INFO] [stdout] 
[INFO] [stdout] warning: 6 warnings emitted
[INFO] [stdout] 
[INFO] [stdout] 
[INFO] [stderr]     Finished test [unoptimized + debuginfo] target(s) in 1.87s
[INFO] running `Command { std: "docker" "inspect" "6206e34060f4c6f2c3ed08aa43abeae9cac50e3af8e2616d8662fd95262251e3", kill_on_drop: false }`
[INFO] running `Command { std: "docker" "rm" "-f" "6206e34060f4c6f2c3ed08aa43abeae9cac50e3af8e2616d8662fd95262251e3", kill_on_drop: false }`
[INFO] [stdout] 6206e34060f4c6f2c3ed08aa43abeae9cac50e3af8e2616d8662fd95262251e3
[INFO] running `Command { std: "docker" "create" "-v" "/var/lib/crater-agent-workspace/builds/worker-6-tc1/target:/opt/rustwide/target:rw,Z" "-v" "/var/lib/crater-agent-workspace/builds/worker-6-tc1/source:/opt/rustwide/workdir:ro,Z" "-v" "/var/lib/crater-agent-workspace/cargo-home:/opt/rustwide/cargo-home:ro,Z" "-v" "/var/lib/crater-agent-workspace/rustup-home:/opt/rustwide/rustup-home:ro,Z" "-e" "SOURCE_DIR=/opt/rustwide/workdir" "-e" "CARGO_TARGET_DIR=/opt/rustwide/target" "-e" "CARGO_INCREMENTAL=0" "-e" "RUST_BACKTRACE=full" "-e" "RUSTFLAGS=--cap-lints=warn" "-e" "RUSTDOCFLAGS=--cap-lints=warn" "-e" "CARGO_HOME=/opt/rustwide/cargo-home" "-e" "RUSTUP_HOME=/opt/rustwide/rustup-home" "-w" "/opt/rustwide/workdir" "-m" "1610612736" "--user" "0:0" "--network" "none" "ghcr.io/rust-lang/crates-build-env/linux@sha256:2788e3201cd34a07e3172128adcd8b3090168a8e3bcc40d7c032b9dda1df7d1c" "/opt/rustwide/cargo-home/bin/cargo" "+1.75.0" "test" "--frozen", kill_on_drop: false }`
[INFO] [stdout] 5e3326d8d51bb31bf3d3eaf7f108856cad5795c688ce6d4fb484ef137da12aca
[INFO] running `Command { std: "docker" "start" "-a" "5e3326d8d51bb31bf3d3eaf7f108856cad5795c688ce6d4fb484ef137da12aca", kill_on_drop: false }`
[INFO] [stderr] warning: unused import: `Lexeme`
[INFO] [stderr]   --> src/parse/mod.rs:17:31
[INFO] [stderr]    |
[INFO] [stderr] 17 | pub use lexer::{lexer, Entry, Lexeme};
[INFO] [stderr]    |                               ^^^^^^
[INFO] [stderr]    |
[INFO] [stderr]    = note: `#[warn(unused_imports)]` on by default
[INFO] [stderr] 
[INFO] [stderr] warning: unused imports: `OpsResult`, `collect_exported_ops`
[INFO] [stderr]  --> src/pipeline/project_tree/collect_ops/mod.rs:5:3
[INFO] [stderr]   |
[INFO] [stderr] 5 |   collect_exported_ops, mk_cache, ExportedOpsCache, InjectedOperatorsFn,
[INFO] [stderr]   |   ^^^^^^^^^^^^^^^^^^^^
[INFO] [stderr] 6 |   OpsResult,
[INFO] [stderr]   |   ^^^^^^^^^
[INFO] [stderr] 
[INFO] [stderr] warning: unused import: `collect_ops::InjectedOperatorsFn`
[INFO] [stderr]   --> src/pipeline/project_tree/mod.rs:26:9
[INFO] [stderr]    |
[INFO] [stderr] 26 | pub use collect_ops::InjectedOperatorsFn;
[INFO] [stderr]    |         ^^^^^^^^^^^^^^^^^^^^^^^^^^^^^^^^
[INFO] [stderr] 
[INFO] [stderr] warning: unused import: `preparse::Preparsed`
[INFO] [stderr]   --> src/pipeline/source_loader/mod.rs:24:9
[INFO] [stderr]    |
[INFO] [stderr] 24 | pub use preparse::Preparsed;
[INFO] [stderr]    |         ^^^^^^^^^^^^^^^^^^^
[INFO] [stderr] 
[INFO] [stderr] warning: unused imports: `Stackframe`, `SubstackIterator`
[INFO] [stderr]   --> src/utils/mod.rs:15:20
[INFO] [stderr]    |
[INFO] [stderr] 15 | pub use substack::{Stackframe, Substack, SubstackIterator};
[INFO] [stderr]    |                    ^^^^^^^^^^            ^^^^^^^^^^^^^^^^
[INFO] [stderr] 
[INFO] [stderr] warning: unused return value of `Box::<T>::from_raw` that must be used
[INFO] [stderr]   --> src/interner/monotype.rs:94:16
[INFO] [stderr]    |
[INFO] [stderr] 94 |       unsafe { Box::from_raw((item as *const T).cast_mut()) };
[INFO] [stderr]    |                ^^^^^^^^^^^^^^^^^^^^^^^^^^^^^^^^^^^^^^^^^^^^
[INFO] [stderr]    |
[INFO] [stderr]    = note: call `drop(Box::from_raw(ptr))` if you intend to drop the `Box`
[INFO] [stderr]    = note: `#[warn(unused_must_use)]` on by default
[INFO] [stderr] help: use `let _ = ...` to ignore the resulting value
[INFO] [stderr]    |
[INFO] [stderr] 94 |       unsafe { let _ = Box::from_raw((item as *const T).cast_mut()); };
[INFO] [stderr]    |                +++++++                                             +
[INFO] [stderr] 
[INFO] [stderr] warning: `orchidlang` (lib) generated 6 warnings (run `cargo fix --lib -p orchidlang` to apply 5 suggestions)
[INFO] [stderr] warning: `orchidlang` (lib test) generated 6 warnings (6 duplicates)
[INFO] [stderr]     Finished test [unoptimized + debuginfo] target(s) in 0.04s
[INFO] [stderr]      Running unittests src/lib.rs (/opt/rustwide/target/debug/deps/orchidlang-68e962333a33746a)
[INFO] [stdout] 
[INFO] [stdout] running 7 tests
[INFO] [stdout] test interner::multitype::test::test_slice ... ok
[INFO] [stdout] test representations::path_set::tests::test_extend_clone ... ok
[INFO] [stdout] test interner::multitype::test::test_string ... ok
[INFO] [stdout] test representations::path_set::tests::test_combine ... ok
[INFO] [stdout] test representations::path_set::tests::test_extend_noclone ... ok
[INFO] [stdout] test utils::side::test::test_walk ... ok
[INFO] [stdout] test rule::matcher_vectree::build::test::test_scan ... ok
[INFO] [stdout] 
[INFO] [stdout] test result: ok. 7 passed; 0 failed; 0 ignored; 0 measured; 0 filtered out; finished in 0.00s
[INFO] [stdout] 
[INFO] [stderr]      Running unittests src/bin/main.rs (/opt/rustwide/target/debug/deps/orcx-6950b6fd4f40816f)
[INFO] [stdout] 
[INFO] [stdout] running 0 tests
[INFO] [stdout] 
[INFO] [stdout] test result: ok. 0 passed; 0 failed; 0 ignored; 0 measured; 0 filtered out; finished in 0.00s
[INFO] [stdout] 
[INFO] [stderr]    Doc-tests orchidlang
[INFO] [stdout] 
[INFO] [stdout] running 2 tests
[INFO] [stdout] test src/foreign_macros/atomic_impl.rs - foreign_macros::atomic_impl::atomic_impl (line 37) ... FAILED
[INFO] [stdout] test src/foreign_macros/atomic_impl.rs - foreign_macros::atomic_impl::atomic_impl (line 29) ... FAILED
[INFO] [stdout] 
[INFO] [stdout] failures:
[INFO] [stdout] 
[INFO] [stdout] ---- src/foreign_macros/atomic_impl.rs - foreign_macros::atomic_impl::atomic_impl (line 37) stdout ----
[INFO] [stdout] error: cannot find macro `atomic_impl` in this scope
[INFO] [stdout]  --> src/foreign_macros/atomic_impl.rs:39:1
[INFO] [stdout]   |
[INFO] [stdout] 4 | atomic_impl!(Multiply0, |Self(a, cls): &Self| {
[INFO] [stdout]   | ^^^^^^^^^^^
[INFO] [stdout]   |
[INFO] [stdout] help: consider importing this macro
[INFO] [stdout]   |
[INFO] [stdout] 3 + use orchidlang::atomic_impl;
[INFO] [stdout]   |
[INFO] [stdout] 
[INFO] [stdout] error: aborting due to previous error
[INFO] [stdout] 
[INFO] [stdout] Couldn't compile the test.
[INFO] [stdout] ---- src/foreign_macros/atomic_impl.rs - foreign_macros::atomic_impl::atomic_impl (line 29) stdout ----
[INFO] [stdout] error: cannot find macro `atomic_impl` in this scope
[INFO] [stdout]  --> src/foreign_macros/atomic_impl.rs:30:1
[INFO] [stdout]   |
[INFO] [stdout] 3 | atomic_impl!(Multiply1)
[INFO] [stdout]   | ^^^^^^^^^^^
[INFO] [stdout]   |
[INFO] [stdout] help: consider importing this macro
[INFO] [stdout]   |
[INFO] [stdout] 2 + use orchidlang::atomic_impl;
[INFO] [stdout]   |
[INFO] [stdout] 
[INFO] [stdout] error: aborting due to previous error
[INFO] [stdout] 
[INFO] [stdout] Couldn't compile the test.
[INFO] [stdout] 
[INFO] [stdout] failures:
[INFO] [stdout]     src/foreign_macros/atomic_impl.rs - foreign_macros::atomic_impl::atomic_impl (line 29)
[INFO] [stdout]     src/foreign_macros/atomic_impl.rs - foreign_macros::atomic_impl::atomic_impl (line 37)
[INFO] [stdout] 
[INFO] [stdout] test result: FAILED. 0 passed; 2 failed; 0 ignored; 0 measured; 0 filtered out; finished in 0.05s
[INFO] [stdout] 
[INFO] [stderr] error: doctest failed, to rerun pass `--doc`
[INFO] running `Command { std: "docker" "inspect" "5e3326d8d51bb31bf3d3eaf7f108856cad5795c688ce6d4fb484ef137da12aca", kill_on_drop: false }`
[INFO] running `Command { std: "docker" "rm" "-f" "5e3326d8d51bb31bf3d3eaf7f108856cad5795c688ce6d4fb484ef137da12aca", kill_on_drop: false }`
[INFO] [stdout] 5e3326d8d51bb31bf3d3eaf7f108856cad5795c688ce6d4fb484ef137da12aca
[INFO] testing orchidlang-0.2.2 against beta-2023-12-22 for beta-1.76-1
[INFO] extracting crate orchidlang 0.2.2 into /workspace/builds/worker-6-tc2/source
[INFO] validating manifest of crates.io crate orchidlang 0.2.2 on toolchain beta-2023-12-22
[INFO] running `Command { std: CARGO_HOME="/workspace/cargo-home" RUSTUP_HOME="/workspace/rustup-home" "/workspace/cargo-home/bin/cargo" "+beta-2023-12-22" "metadata" "--manifest-path" "Cargo.toml" "--no-deps", kill_on_drop: false }`
[INFO] removed /workspace/builds/worker-6-tc2/source/rust-toolchain.toml
[INFO] started tweaking crates.io crate orchidlang 0.2.2
[INFO] finished tweaking crates.io crate orchidlang 0.2.2
[INFO] tweaked toml for crates.io crate orchidlang 0.2.2 written to /workspace/builds/worker-6-tc2/source/Cargo.toml
[INFO] crate crates.io crate orchidlang 0.2.2 already has a lockfile, it will not be regenerated
[INFO] running `Command { std: CARGO_HOME="/workspace/cargo-home" RUSTUP_HOME="/workspace/rustup-home" "/workspace/cargo-home/bin/cargo" "+beta-2023-12-22" "fetch" "--manifest-path" "Cargo.toml", kill_on_drop: false }`
[INFO] running `Command { std: "docker" "create" "-v" "/var/lib/crater-agent-workspace/builds/worker-6-tc2/target:/opt/rustwide/target:rw,Z" "-v" "/var/lib/crater-agent-workspace/builds/worker-6-tc2/source:/opt/rustwide/workdir:ro,Z" "-v" "/var/lib/crater-agent-workspace/cargo-home:/opt/rustwide/cargo-home:ro,Z" "-v" "/var/lib/crater-agent-workspace/rustup-home:/opt/rustwide/rustup-home:ro,Z" "-e" "SOURCE_DIR=/opt/rustwide/workdir" "-e" "CARGO_TARGET_DIR=/opt/rustwide/target" "-e" "CARGO_HOME=/opt/rustwide/cargo-home" "-e" "RUSTUP_HOME=/opt/rustwide/rustup-home" "-w" "/opt/rustwide/workdir" "-m" "1610612736" "--user" "0:0" "--network" "none" "ghcr.io/rust-lang/crates-build-env/linux@sha256:2788e3201cd34a07e3172128adcd8b3090168a8e3bcc40d7c032b9dda1df7d1c" "/opt/rustwide/cargo-home/bin/cargo" "+beta-2023-12-22" "metadata" "--no-deps" "--format-version=1", kill_on_drop: false }`
[INFO] [stdout] 771e826c2c040fb7f0822c8f21e5219896a61316174e9dce02e0a348c684374e
[INFO] running `Command { std: "docker" "start" "-a" "771e826c2c040fb7f0822c8f21e5219896a61316174e9dce02e0a348c684374e", kill_on_drop: false }`
[INFO] running `Command { std: "docker" "inspect" "771e826c2c040fb7f0822c8f21e5219896a61316174e9dce02e0a348c684374e", kill_on_drop: false }`
[INFO] running `Command { std: "docker" "rm" "-f" "771e826c2c040fb7f0822c8f21e5219896a61316174e9dce02e0a348c684374e", kill_on_drop: false }`
[INFO] [stdout] 771e826c2c040fb7f0822c8f21e5219896a61316174e9dce02e0a348c684374e
[INFO] running `Command { std: "docker" "create" "-v" "/var/lib/crater-agent-workspace/builds/worker-6-tc2/target:/opt/rustwide/target:rw,Z" "-v" "/var/lib/crater-agent-workspace/builds/worker-6-tc2/source:/opt/rustwide/workdir:ro,Z" "-v" "/var/lib/crater-agent-workspace/cargo-home:/opt/rustwide/cargo-home:ro,Z" "-v" "/var/lib/crater-agent-workspace/rustup-home:/opt/rustwide/rustup-home:ro,Z" "-e" "SOURCE_DIR=/opt/rustwide/workdir" "-e" "CARGO_TARGET_DIR=/opt/rustwide/target" "-e" "CARGO_INCREMENTAL=0" "-e" "RUST_BACKTRACE=full" "-e" "RUSTFLAGS=--cap-lints=warn" "-e" "RUSTDOCFLAGS=--cap-lints=warn" "-e" "CARGO_HOME=/opt/rustwide/cargo-home" "-e" "RUSTUP_HOME=/opt/rustwide/rustup-home" "-w" "/opt/rustwide/workdir" "-m" "1610612736" "--user" "0:0" "--network" "none" "ghcr.io/rust-lang/crates-build-env/linux@sha256:2788e3201cd34a07e3172128adcd8b3090168a8e3bcc40d7c032b9dda1df7d1c" "/opt/rustwide/cargo-home/bin/cargo" "+beta-2023-12-22" "build" "--frozen" "--message-format=json", kill_on_drop: false }`
[INFO] [stdout] f15926550cc5b3618fcf66286eb7ed1998ff9774a7e63dc99605e279b3c432f9
[INFO] running `Command { std: "docker" "start" "-a" "f15926550cc5b3618fcf66286eb7ed1998ff9774a7e63dc99605e279b3c432f9", kill_on_drop: false }`
[INFO] [stderr]    Compiling libc v0.2.142
[INFO] [stderr]    Compiling proc-macro2 v1.0.56
[INFO] [stderr]    Compiling unicode-ident v1.0.8
[INFO] [stderr]    Compiling quote v1.0.26
[INFO] [stderr]    Compiling cc v1.0.79
[INFO] [stderr]    Compiling io-lifetimes v1.0.10
[INFO] [stderr]    Compiling rustix v0.37.19
[INFO] [stderr]    Compiling once_cell v1.17.1
[INFO] [stderr]    Compiling linux-raw-sys v0.3.7
[INFO] [stderr]    Compiling utf8parse v0.2.1
[INFO] [stderr]    Compiling anstyle v1.0.0
[INFO] [stderr]    Compiling anstyle-query v1.0.0
[INFO] [stderr]    Compiling ahash v0.7.6
[INFO] [stderr]    Compiling num-traits v0.2.15
[INFO] [stderr]    Compiling ahash v0.8.3
[INFO] [stderr]    Compiling colorchoice v1.0.0
[INFO] [stderr]    Compiling anstyle-parse v0.2.0
[INFO] [stderr]    Compiling syn v1.0.109
[INFO] [stderr]    Compiling heck v0.4.1
[INFO] [stderr]    Compiling clap_lex v0.4.1
[INFO] [stderr]    Compiling strsim v0.10.0
[INFO] [stderr]    Compiling thiserror v1.0.40
[INFO] [stderr]    Compiling either v1.8.1
[INFO] [stderr]    Compiling dyn-clone v1.0.11
[INFO] [stderr]    Compiling itertools v0.10.5
[INFO] [stderr]    Compiling hashbrown v0.13.2
[INFO] [stderr]    Compiling psm v0.1.21
[INFO] [stderr]    Compiling stacker v0.1.15
[INFO] [stderr]    Compiling syn v2.0.13
[INFO] [stderr]    Compiling ordered-float v3.6.0
[INFO] [stderr]    Compiling getrandom v0.2.8
[INFO] [stderr]    Compiling hashbrown v0.12.3
[INFO] [stderr]    Compiling chumsky v0.9.2
[INFO] [stderr]    Compiling is-terminal v0.4.7
[INFO] [stderr]    Compiling anstream v0.3.2
[INFO] [stderr]    Compiling trait-set v0.3.0
[INFO] [stderr]    Compiling clap_builder v4.2.7
[INFO] [stderr]    Compiling clap_derive v4.2.0
[INFO] [stderr]    Compiling thiserror-impl v1.0.40
[INFO] [stderr]    Compiling clap v4.2.7
[INFO] [stderr]    Compiling orchidlang v0.2.2 (/opt/rustwide/workdir)
[INFO] [stdout] warning: unused import: `Lexeme`
[INFO] [stdout]   --> src/parse/mod.rs:17:31
[INFO] [stdout]    |
[INFO] [stdout] 17 | pub use lexer::{lexer, Entry, Lexeme};
[INFO] [stdout]    |                               ^^^^^^
[INFO] [stdout]    |
[INFO] [stdout]    = note: `#[warn(unused_imports)]` on by default
[INFO] [stdout] 
[INFO] [stdout] 
[INFO] [stdout] warning: unused imports: `OpsResult`, `collect_exported_ops`
[INFO] [stdout]  --> src/pipeline/project_tree/collect_ops/mod.rs:5:3
[INFO] [stdout]   |
[INFO] [stdout] 5 |   collect_exported_ops, mk_cache, ExportedOpsCache, InjectedOperatorsFn,
[INFO] [stdout]   |   ^^^^^^^^^^^^^^^^^^^^
[INFO] [stdout] 6 |   OpsResult,
[INFO] [stdout]   |   ^^^^^^^^^
[INFO] [stdout] 
[INFO] [stdout] 
[INFO] [stdout] warning: unused import: `collect_ops::InjectedOperatorsFn`
[INFO] [stdout]   --> src/pipeline/project_tree/mod.rs:26:9
[INFO] [stdout]    |
[INFO] [stdout] 26 | pub use collect_ops::InjectedOperatorsFn;
[INFO] [stdout]    |         ^^^^^^^^^^^^^^^^^^^^^^^^^^^^^^^^
[INFO] [stdout] 
[INFO] [stdout] 
[INFO] [stdout] warning: unused import: `preparse::Preparsed`
[INFO] [stdout]   --> src/pipeline/source_loader/mod.rs:24:9
[INFO] [stdout]    |
[INFO] [stdout] 24 | pub use preparse::Preparsed;
[INFO] [stdout]    |         ^^^^^^^^^^^^^^^^^^^
[INFO] [stdout] 
[INFO] [stdout] 
[INFO] [stdout] warning: unused imports: `Stackframe`, `SubstackIterator`
[INFO] [stdout]   --> src/utils/mod.rs:15:20
[INFO] [stdout]    |
[INFO] [stdout] 15 | pub use substack::{Stackframe, Substack, SubstackIterator};
[INFO] [stdout]    |                    ^^^^^^^^^^            ^^^^^^^^^^^^^^^^
[INFO] [stdout] 
[INFO] [stdout] 
[INFO] [stdout] warning: unused return value of `Box::<T>::from_raw` that must be used
[INFO] [stdout]   --> src/interner/monotype.rs:94:16
[INFO] [stdout]    |
[INFO] [stdout] 94 |       unsafe { Box::from_raw((item as *const T).cast_mut()) };
[INFO] [stdout]    |                ^^^^^^^^^^^^^^^^^^^^^^^^^^^^^^^^^^^^^^^^^^^^
[INFO] [stdout]    |
[INFO] [stdout]    = note: call `drop(Box::from_raw(ptr))` if you intend to drop the `Box`
[INFO] [stdout]    = note: `#[warn(unused_must_use)]` on by default
[INFO] [stdout] help: use `let _ = ...` to ignore the resulting value
[INFO] [stdout]    |
[INFO] [stdout] 94 |       unsafe { let _ = Box::from_raw((item as *const T).cast_mut()); };
[INFO] [stdout]    |                +++++++                                             +
[INFO] [stdout] 
[INFO] [stdout] 
[INFO] [stdout] warning: 6 warnings emitted
[INFO] [stdout] 
[INFO] [stdout] 
[INFO] [stderr]     Finished dev [unoptimized + debuginfo] target(s) in 17.41s
[INFO] running `Command { std: "docker" "inspect" "f15926550cc5b3618fcf66286eb7ed1998ff9774a7e63dc99605e279b3c432f9", kill_on_drop: false }`
[INFO] running `Command { std: "docker" "rm" "-f" "f15926550cc5b3618fcf66286eb7ed1998ff9774a7e63dc99605e279b3c432f9", kill_on_drop: false }`
[INFO] [stdout] f15926550cc5b3618fcf66286eb7ed1998ff9774a7e63dc99605e279b3c432f9
[INFO] running `Command { std: "docker" "create" "-v" "/var/lib/crater-agent-workspace/builds/worker-6-tc2/target:/opt/rustwide/target:rw,Z" "-v" "/var/lib/crater-agent-workspace/builds/worker-6-tc2/source:/opt/rustwide/workdir:ro,Z" "-v" "/var/lib/crater-agent-workspace/cargo-home:/opt/rustwide/cargo-home:ro,Z" "-v" "/var/lib/crater-agent-workspace/rustup-home:/opt/rustwide/rustup-home:ro,Z" "-e" "SOURCE_DIR=/opt/rustwide/workdir" "-e" "CARGO_TARGET_DIR=/opt/rustwide/target" "-e" "CARGO_INCREMENTAL=0" "-e" "RUST_BACKTRACE=full" "-e" "RUSTFLAGS=--cap-lints=warn" "-e" "RUSTDOCFLAGS=--cap-lints=warn" "-e" "CARGO_HOME=/opt/rustwide/cargo-home" "-e" "RUSTUP_HOME=/opt/rustwide/rustup-home" "-w" "/opt/rustwide/workdir" "-m" "1610612736" "--user" "0:0" "--network" "none" "ghcr.io/rust-lang/crates-build-env/linux@sha256:2788e3201cd34a07e3172128adcd8b3090168a8e3bcc40d7c032b9dda1df7d1c" "/opt/rustwide/cargo-home/bin/cargo" "+beta-2023-12-22" "test" "--frozen" "--no-run" "--message-format=json", kill_on_drop: false }`
[INFO] [stdout] 847ddcfb097dca876c5d1f8489ccce30a5b98a9a4a2bde6dfdcfd31bad6fe618
[INFO] running `Command { std: "docker" "start" "-a" "847ddcfb097dca876c5d1f8489ccce30a5b98a9a4a2bde6dfdcfd31bad6fe618", kill_on_drop: false }`
[INFO] [stdout] warning: unused import: `Lexeme`
[INFO] [stdout]   --> src/parse/mod.rs:17:31
[INFO] [stdout]    |
[INFO] [stdout] 17 | pub use lexer::{lexer, Entry, Lexeme};
[INFO] [stdout]    |                               ^^^^^^
[INFO] [stdout]    |
[INFO] [stdout]    = note: `#[warn(unused_imports)]` on by default
[INFO] [stdout] 
[INFO] [stdout] 
[INFO] [stderr]    Compiling orchidlang v0.2.2 (/opt/rustwide/workdir)
[INFO] [stdout] warning: unused imports: `OpsResult`, `collect_exported_ops`
[INFO] [stdout]  --> src/pipeline/project_tree/collect_ops/mod.rs:5:3
[INFO] [stdout]   |
[INFO] [stdout] 5 |   collect_exported_ops, mk_cache, ExportedOpsCache, InjectedOperatorsFn,
[INFO] [stdout]   |   ^^^^^^^^^^^^^^^^^^^^
[INFO] [stdout] 6 |   OpsResult,
[INFO] [stdout]   |   ^^^^^^^^^
[INFO] [stdout] 
[INFO] [stdout] 
[INFO] [stdout] warning: unused import: `collect_ops::InjectedOperatorsFn`
[INFO] [stdout]   --> src/pipeline/project_tree/mod.rs:26:9
[INFO] [stdout]    |
[INFO] [stdout] 26 | pub use collect_ops::InjectedOperatorsFn;
[INFO] [stdout]    |         ^^^^^^^^^^^^^^^^^^^^^^^^^^^^^^^^
[INFO] [stdout] 
[INFO] [stdout] 
[INFO] [stdout] warning: unused import: `preparse::Preparsed`
[INFO] [stdout]   --> src/pipeline/source_loader/mod.rs:24:9
[INFO] [stdout]    |
[INFO] [stdout] 24 | pub use preparse::Preparsed;
[INFO] [stdout]    |         ^^^^^^^^^^^^^^^^^^^
[INFO] [stdout] 
[INFO] [stdout] 
[INFO] [stdout] warning: unused imports: `Stackframe`, `SubstackIterator`
[INFO] [stdout]   --> src/utils/mod.rs:15:20
[INFO] [stdout]    |
[INFO] [stdout] 15 | pub use substack::{Stackframe, Substack, SubstackIterator};
[INFO] [stdout]    |                    ^^^^^^^^^^            ^^^^^^^^^^^^^^^^
[INFO] [stdout] 
[INFO] [stdout] 
[INFO] [stdout] warning: unused return value of `Box::<T>::from_raw` that must be used
[INFO] [stdout]   --> src/interner/monotype.rs:94:16
[INFO] [stdout]    |
[INFO] [stdout] 94 |       unsafe { Box::from_raw((item as *const T).cast_mut()) };
[INFO] [stdout]    |                ^^^^^^^^^^^^^^^^^^^^^^^^^^^^^^^^^^^^^^^^^^^^
[INFO] [stdout]    |
[INFO] [stdout]    = note: call `drop(Box::from_raw(ptr))` if you intend to drop the `Box`
[INFO] [stdout]    = note: `#[warn(unused_must_use)]` on by default
[INFO] [stdout] help: use `let _ = ...` to ignore the resulting value
[INFO] [stdout]    |
[INFO] [stdout] 94 |       unsafe { let _ = Box::from_raw((item as *const T).cast_mut()); };
[INFO] [stdout]    |                +++++++                                             +
[INFO] [stdout] 
[INFO] [stdout] 
[INFO] [stdout] warning: 6 warnings emitted
[INFO] [stdout] 
[INFO] [stdout] 
[INFO] [stdout] warning: unused import: `Lexeme`
[INFO] [stdout]   --> src/parse/mod.rs:17:31
[INFO] [stdout]    |
[INFO] [stdout] 17 | pub use lexer::{lexer, Entry, Lexeme};
[INFO] [stdout]    |                               ^^^^^^
[INFO] [stdout]    |
[INFO] [stdout]    = note: `#[warn(unused_imports)]` on by default
[INFO] [stdout] 
[INFO] [stdout] 
[INFO] [stdout] warning: unused imports: `OpsResult`, `collect_exported_ops`
[INFO] [stdout]  --> src/pipeline/project_tree/collect_ops/mod.rs:5:3
[INFO] [stdout]   |
[INFO] [stdout] 5 |   collect_exported_ops, mk_cache, ExportedOpsCache, InjectedOperatorsFn,
[INFO] [stdout]   |   ^^^^^^^^^^^^^^^^^^^^
[INFO] [stdout] 6 |   OpsResult,
[INFO] [stdout]   |   ^^^^^^^^^
[INFO] [stdout] 
[INFO] [stdout] 
[INFO] [stdout] warning: unused import: `collect_ops::InjectedOperatorsFn`
[INFO] [stdout]   --> src/pipeline/project_tree/mod.rs:26:9
[INFO] [stdout]    |
[INFO] [stdout] 26 | pub use collect_ops::InjectedOperatorsFn;
[INFO] [stdout]    |         ^^^^^^^^^^^^^^^^^^^^^^^^^^^^^^^^
[INFO] [stdout] 
[INFO] [stdout] 
[INFO] [stdout] warning: unused import: `preparse::Preparsed`
[INFO] [stdout]   --> src/pipeline/source_loader/mod.rs:24:9
[INFO] [stdout]    |
[INFO] [stdout] 24 | pub use preparse::Preparsed;
[INFO] [stdout]    |         ^^^^^^^^^^^^^^^^^^^
[INFO] [stdout] 
[INFO] [stdout] 
[INFO] [stdout] warning: unused imports: `Stackframe`, `SubstackIterator`
[INFO] [stdout]   --> src/utils/mod.rs:15:20
[INFO] [stdout]    |
[INFO] [stdout] 15 | pub use substack::{Stackframe, Substack, SubstackIterator};
[INFO] [stdout]    |                    ^^^^^^^^^^            ^^^^^^^^^^^^^^^^
[INFO] [stdout] 
[INFO] [stdout] 
[INFO] [stdout] warning: unused return value of `Box::<T>::from_raw` that must be used
[INFO] [stdout]   --> src/interner/monotype.rs:94:16
[INFO] [stdout]    |
[INFO] [stdout] 94 |       unsafe { Box::from_raw((item as *const T).cast_mut()) };
[INFO] [stdout]    |                ^^^^^^^^^^^^^^^^^^^^^^^^^^^^^^^^^^^^^^^^^^^^
[INFO] [stdout]    |
[INFO] [stdout]    = note: call `drop(Box::from_raw(ptr))` if you intend to drop the `Box`
[INFO] [stdout]    = note: `#[warn(unused_must_use)]` on by default
[INFO] [stdout] help: use `let _ = ...` to ignore the resulting value
[INFO] [stdout]    |
[INFO] [stdout] 94 |       unsafe { let _ = Box::from_raw((item as *const T).cast_mut()); };
[INFO] [stdout]    |                +++++++                                             +
[INFO] [stdout] 
[INFO] [stdout] 
[INFO] [stdout] warning: 6 warnings emitted
[INFO] [stdout] 
[INFO] [stdout] 
[INFO] [stderr]     Finished test [unoptimized + debuginfo] target(s) in 2.08s
[INFO] running `Command { std: "docker" "inspect" "847ddcfb097dca876c5d1f8489ccce30a5b98a9a4a2bde6dfdcfd31bad6fe618", kill_on_drop: false }`
[INFO] running `Command { std: "docker" "rm" "-f" "847ddcfb097dca876c5d1f8489ccce30a5b98a9a4a2bde6dfdcfd31bad6fe618", kill_on_drop: false }`
[INFO] [stdout] 847ddcfb097dca876c5d1f8489ccce30a5b98a9a4a2bde6dfdcfd31bad6fe618
[INFO] running `Command { std: "docker" "create" "-v" "/var/lib/crater-agent-workspace/builds/worker-6-tc2/target:/opt/rustwide/target:rw,Z" "-v" "/var/lib/crater-agent-workspace/builds/worker-6-tc2/source:/opt/rustwide/workdir:ro,Z" "-v" "/var/lib/crater-agent-workspace/cargo-home:/opt/rustwide/cargo-home:ro,Z" "-v" "/var/lib/crater-agent-workspace/rustup-home:/opt/rustwide/rustup-home:ro,Z" "-e" "SOURCE_DIR=/opt/rustwide/workdir" "-e" "CARGO_TARGET_DIR=/opt/rustwide/target" "-e" "CARGO_INCREMENTAL=0" "-e" "RUST_BACKTRACE=full" "-e" "RUSTFLAGS=--cap-lints=warn" "-e" "RUSTDOCFLAGS=--cap-lints=warn" "-e" "CARGO_HOME=/opt/rustwide/cargo-home" "-e" "RUSTUP_HOME=/opt/rustwide/rustup-home" "-w" "/opt/rustwide/workdir" "-m" "1610612736" "--user" "0:0" "--network" "none" "ghcr.io/rust-lang/crates-build-env/linux@sha256:2788e3201cd34a07e3172128adcd8b3090168a8e3bcc40d7c032b9dda1df7d1c" "/opt/rustwide/cargo-home/bin/cargo" "+beta-2023-12-22" "test" "--frozen", kill_on_drop: false }`
[INFO] [stdout] d7774b4df080a18bdaa434ddd253f54370d20ea7969e80eee6d87ab9d156fce9
[INFO] running `Command { std: "docker" "start" "-a" "d7774b4df080a18bdaa434ddd253f54370d20ea7969e80eee6d87ab9d156fce9", kill_on_drop: false }`
[INFO] [stderr] warning: unused import: `Lexeme`
[INFO] [stderr]   --> src/parse/mod.rs:17:31
[INFO] [stderr]    |
[INFO] [stderr] 17 | pub use lexer::{lexer, Entry, Lexeme};
[INFO] [stderr]    |                               ^^^^^^
[INFO] [stderr]    |
[INFO] [stderr]    = note: `#[warn(unused_imports)]` on by default
[INFO] [stderr] 
[INFO] [stderr] warning: unused imports: `OpsResult`, `collect_exported_ops`
[INFO] [stderr]  --> src/pipeline/project_tree/collect_ops/mod.rs:5:3
[INFO] [stderr]   |
[INFO] [stderr] 5 |   collect_exported_ops, mk_cache, ExportedOpsCache, InjectedOperatorsFn,
[INFO] [stderr]   |   ^^^^^^^^^^^^^^^^^^^^
[INFO] [stderr] 6 |   OpsResult,
[INFO] [stderr]   |   ^^^^^^^^^
[INFO] [stderr] 
[INFO] [stderr] warning: unused import: `collect_ops::InjectedOperatorsFn`
[INFO] [stderr]   --> src/pipeline/project_tree/mod.rs:26:9
[INFO] [stderr]    |
[INFO] [stderr] 26 | pub use collect_ops::InjectedOperatorsFn;
[INFO] [stderr]    |         ^^^^^^^^^^^^^^^^^^^^^^^^^^^^^^^^
[INFO] [stderr] 
[INFO] [stderr] warning: unused import: `preparse::Preparsed`
[INFO] [stderr]   --> src/pipeline/source_loader/mod.rs:24:9
[INFO] [stderr]    |
[INFO] [stderr] 24 | pub use preparse::Preparsed;
[INFO] [stderr]    |         ^^^^^^^^^^^^^^^^^^^
[INFO] [stderr] 
[INFO] [stderr] warning: unused imports: `Stackframe`, `SubstackIterator`
[INFO] [stderr]   --> src/utils/mod.rs:15:20
[INFO] [stderr]    |
[INFO] [stderr] 15 | pub use substack::{Stackframe, Substack, SubstackIterator};
[INFO] [stderr]    |                    ^^^^^^^^^^            ^^^^^^^^^^^^^^^^
[INFO] [stderr] 
[INFO] [stderr] warning: unused return value of `Box::<T>::from_raw` that must be used
[INFO] [stderr]   --> src/interner/monotype.rs:94:16
[INFO] [stderr]    |
[INFO] [stderr] 94 |       unsafe { Box::from_raw((item as *const T).cast_mut()) };
[INFO] [stderr]    |                ^^^^^^^^^^^^^^^^^^^^^^^^^^^^^^^^^^^^^^^^^^^^
[INFO] [stderr]    |
[INFO] [stderr]    = note: call `drop(Box::from_raw(ptr))` if you intend to drop the `Box`
[INFO] [stderr]    = note: `#[warn(unused_must_use)]` on by default
[INFO] [stderr] help: use `let _ = ...` to ignore the resulting value
[INFO] [stderr]    |
[INFO] [stderr] 94 |       unsafe { let _ = Box::from_raw((item as *const T).cast_mut()); };
[INFO] [stderr]    |                +++++++                                             +
[INFO] [stderr] 
[INFO] [stderr] warning: `orchidlang` (lib) generated 6 warnings (run `cargo fix --lib -p orchidlang` to apply 5 suggestions)
[INFO] [stderr] warning: `orchidlang` (lib test) generated 6 warnings (6 duplicates)
[INFO] [stderr]     Finished test [unoptimized + debuginfo] target(s) in 0.04s
[INFO] [stderr]      Running unittests src/lib.rs (/opt/rustwide/target/debug/deps/orchidlang-bdaa225a72aa19d1)
[INFO] [stdout] 
[INFO] [stdout] running 7 tests
[INFO] [stdout] test interner::multitype::test::test_slice ... ok
[INFO] [stdout] test interner::multitype::test::test_string ... ok
[INFO] [stdout] test representations::path_set::tests::test_combine ... ok
[INFO] [stdout] test representations::path_set::tests::test_extend_clone ... ok
[INFO] [stdout] test representations::path_set::tests::test_extend_noclone ... ok
[INFO] [stdout] test utils::side::test::test_walk ... ok
[INFO] [stdout] test rule::matcher_vectree::build::test::test_scan ... ok
[INFO] [stdout] 
[INFO] [stdout] test result: ok. 7 passed; 0 failed; 0 ignored; 0 measured; 0 filtered out; finished in 0.00s
[INFO] [stdout] 
[INFO] [stderr]      Running unittests src/bin/main.rs (/opt/rustwide/target/debug/deps/orcx-d0f6277e0b71f2aa)
[INFO] [stdout] 
[INFO] [stdout] running 0 tests
[INFO] [stdout] 
[INFO] [stdout] test result: ok. 0 passed; 0 failed; 0 ignored; 0 measured; 0 filtered out; finished in 0.00s
[INFO] [stdout] 
[INFO] [stderr]    Doc-tests orchidlang
[INFO] [stdout] 
[INFO] [stdout] running 2 tests
[INFO] [stdout] test src/foreign_macros/atomic_impl.rs - foreign_macros::atomic_impl::atomic_impl (line 29) ... FAILED
[INFO] [stdout] test src/foreign_macros/atomic_impl.rs - foreign_macros::atomic_impl::atomic_impl (line 37) ... FAILED
[INFO] [stdout] 
[INFO] [stdout] failures:
[INFO] [stdout] 
[INFO] [stdout] ---- src/foreign_macros/atomic_impl.rs - foreign_macros::atomic_impl::atomic_impl (line 29) stdout ----
[INFO] [stdout] error: cannot find macro `atomic_impl` in this scope
[INFO] [stdout]  --> src/foreign_macros/atomic_impl.rs:30:1
[INFO] [stdout]   |
[INFO] [stdout] 3 | atomic_impl!(Multiply1)
[INFO] [stdout]   | ^^^^^^^^^^^
[INFO] [stdout]   |
[INFO] [stdout] help: consider importing this macro
[INFO] [stdout]   |
[INFO] [stdout] 2 + use orchidlang::atomic_impl;
[INFO] [stdout]   |
[INFO] [stdout] 
[INFO] [stdout] error: aborting due to 1 previous error
[INFO] [stdout] 
[INFO] [stdout] Couldn't compile the test.
[INFO] [stdout] ---- src/foreign_macros/atomic_impl.rs - foreign_macros::atomic_impl::atomic_impl (line 37) stdout ----
[INFO] [stdout] error: cannot find macro `atomic_impl` in this scope
[INFO] [stdout]  --> src/foreign_macros/atomic_impl.rs:39:1
[INFO] [stdout]   |
[INFO] [stdout] 4 | atomic_impl!(Multiply0, |Self(a, cls): &Self| {
[INFO] [stdout]   | ^^^^^^^^^^^
[INFO] [stdout]   |
[INFO] [stdout] help: consider importing this macro
[INFO] [stdout]   |
[INFO] [stdout] 3 + use orchidlang::atomic_impl;
[INFO] [stdout]   |
[INFO] [stdout] 
[INFO] [stdout] error: aborting due to 1 previous error
[INFO] [stdout] 
[INFO] [stdout] Couldn't compile the test.
[INFO] [stdout] 
[INFO] [stdout] failures:
[INFO] [stdout]     src/foreign_macros/atomic_impl.rs - foreign_macros::atomic_impl::atomic_impl (line 29)
[INFO] [stdout]     src/foreign_macros/atomic_impl.rs - foreign_macros::atomic_impl::atomic_impl (line 37)
[INFO] [stdout] 
[INFO] [stdout] test result: FAILED. 0 passed; 2 failed; 0 ignored; 0 measured; 0 filtered out; finished in 0.06s
[INFO] [stdout] 
[INFO] [stderr] error: doctest failed, to rerun pass `--doc`
[INFO] running `Command { std: "docker" "inspect" "d7774b4df080a18bdaa434ddd253f54370d20ea7969e80eee6d87ab9d156fce9", kill_on_drop: false }`
[INFO] running `Command { std: "docker" "rm" "-f" "d7774b4df080a18bdaa434ddd253f54370d20ea7969e80eee6d87ab9d156fce9", kill_on_drop: false }`
[INFO] [stdout] d7774b4df080a18bdaa434ddd253f54370d20ea7969e80eee6d87ab9d156fce9
