[INFO] fetching crate opencc-rs 0.3.2...
[INFO] testing opencc-rs-0.3.2 against 1.75.0 for beta-1.76-1
[INFO] extracting crate opencc-rs 0.3.2 into /workspace/builds/worker-5-tc1/source
[INFO] validating manifest of crates.io crate opencc-rs 0.3.2 on toolchain 1.75.0
[INFO] running `Command { std: CARGO_HOME="/workspace/cargo-home" RUSTUP_HOME="/workspace/rustup-home" "/workspace/cargo-home/bin/cargo" "+1.75.0" "metadata" "--manifest-path" "Cargo.toml" "--no-deps", kill_on_drop: false }`
[INFO] removed /workspace/builds/worker-5-tc1/source/.cargo/config.toml
[INFO] started tweaking crates.io crate opencc-rs 0.3.2
[INFO] finished tweaking crates.io crate opencc-rs 0.3.2
[INFO] tweaked toml for crates.io crate opencc-rs 0.3.2 written to /workspace/builds/worker-5-tc1/source/Cargo.toml
[INFO] crate crates.io crate opencc-rs 0.3.2 already has a lockfile, it will not be regenerated
[INFO] running `Command { std: CARGO_HOME="/workspace/cargo-home" RUSTUP_HOME="/workspace/rustup-home" "/workspace/cargo-home/bin/cargo" "+1.75.0" "fetch" "--manifest-path" "Cargo.toml", kill_on_drop: false }`
[INFO] [stderr]     Updating crates.io index
[INFO] [stderr]  Downloading crates ...
[INFO] [stderr]   Downloaded tempfile v3.7.0
[INFO] [stderr]   Downloaded opencc-sys v0.1.9+1.1.6
[INFO] running `Command { std: "docker" "create" "-v" "/var/lib/crater-agent-workspace/builds/worker-5-tc1/target:/opt/rustwide/target:rw,Z" "-v" "/var/lib/crater-agent-workspace/builds/worker-5-tc1/source:/opt/rustwide/workdir:ro,Z" "-v" "/var/lib/crater-agent-workspace/cargo-home:/opt/rustwide/cargo-home:ro,Z" "-v" "/var/lib/crater-agent-workspace/rustup-home:/opt/rustwide/rustup-home:ro,Z" "-e" "SOURCE_DIR=/opt/rustwide/workdir" "-e" "CARGO_TARGET_DIR=/opt/rustwide/target" "-e" "CARGO_HOME=/opt/rustwide/cargo-home" "-e" "RUSTUP_HOME=/opt/rustwide/rustup-home" "-w" "/opt/rustwide/workdir" "-m" "1610612736" "--user" "0:0" "--network" "none" "ghcr.io/rust-lang/crates-build-env/linux@sha256:2788e3201cd34a07e3172128adcd8b3090168a8e3bcc40d7c032b9dda1df7d1c" "/opt/rustwide/cargo-home/bin/cargo" "+1.75.0" "metadata" "--no-deps" "--format-version=1", kill_on_drop: false }`
[INFO] [stdout] 1bbaadf3354cbb1b3ea26c27772496a83705ae8280b059fc2401b8bc20aafad2
[INFO] running `Command { std: "docker" "start" "-a" "1bbaadf3354cbb1b3ea26c27772496a83705ae8280b059fc2401b8bc20aafad2", kill_on_drop: false }`
[INFO] running `Command { std: "docker" "inspect" "1bbaadf3354cbb1b3ea26c27772496a83705ae8280b059fc2401b8bc20aafad2", kill_on_drop: false }`
[INFO] running `Command { std: "docker" "rm" "-f" "1bbaadf3354cbb1b3ea26c27772496a83705ae8280b059fc2401b8bc20aafad2", kill_on_drop: false }`
[INFO] [stdout] 1bbaadf3354cbb1b3ea26c27772496a83705ae8280b059fc2401b8bc20aafad2
[INFO] running `Command { std: "docker" "create" "-v" "/var/lib/crater-agent-workspace/builds/worker-5-tc1/target:/opt/rustwide/target:rw,Z" "-v" "/var/lib/crater-agent-workspace/builds/worker-5-tc1/source:/opt/rustwide/workdir:ro,Z" "-v" "/var/lib/crater-agent-workspace/cargo-home:/opt/rustwide/cargo-home:ro,Z" "-v" "/var/lib/crater-agent-workspace/rustup-home:/opt/rustwide/rustup-home:ro,Z" "-e" "SOURCE_DIR=/opt/rustwide/workdir" "-e" "CARGO_TARGET_DIR=/opt/rustwide/target" "-e" "CARGO_INCREMENTAL=0" "-e" "RUST_BACKTRACE=full" "-e" "RUSTFLAGS=--cap-lints=warn" "-e" "RUSTDOCFLAGS=--cap-lints=warn" "-e" "CARGO_HOME=/opt/rustwide/cargo-home" "-e" "RUSTUP_HOME=/opt/rustwide/rustup-home" "-w" "/opt/rustwide/workdir" "-m" "1610612736" "--user" "0:0" "--network" "none" "ghcr.io/rust-lang/crates-build-env/linux@sha256:2788e3201cd34a07e3172128adcd8b3090168a8e3bcc40d7c032b9dda1df7d1c" "/opt/rustwide/cargo-home/bin/cargo" "+1.75.0" "build" "--frozen" "--message-format=json", kill_on_drop: false }`
[INFO] [stdout] 12470bf51362402ea38b77134a694ce7de9f4e13b8122af88c5257586b2ba2d9
[INFO] running `Command { std: "docker" "start" "-a" "12470bf51362402ea38b77134a694ce7de9f4e13b8122af88c5257586b2ba2d9", kill_on_drop: false }`
[INFO] [stderr]    Compiling proc-macro2 v1.0.66
[INFO] [stderr]    Compiling unicode-ident v1.0.11
[INFO] [stderr]    Compiling memchr v2.5.0
[INFO] [stderr]    Compiling glob v0.3.1
[INFO] [stderr]    Compiling minimal-lexical v0.2.1
[INFO] [stderr]    Compiling regex-syntax v0.7.4
[INFO] [stderr]    Compiling either v1.9.0
[INFO] [stderr]    Compiling bindgen v0.66.1
[INFO] [stderr]    Compiling lazycell v1.3.0
[INFO] [stderr]    Compiling rustc-hash v1.1.0
[INFO] [stderr]    Compiling lazy_static v1.4.0
[INFO] [stderr]    Compiling shlex v1.1.0
[INFO] [stderr]    Compiling bitflags v2.3.3
[INFO] [stderr]    Compiling libc v0.2.147
[INFO] [stderr]    Compiling libloading v0.7.4
[INFO] [stderr]    Compiling link-cplusplus v1.0.9
[INFO] [stderr]    Compiling peeking_take_while v0.1.2
[INFO] [stderr]    Compiling cmake v0.1.50
[INFO] [stderr]    Compiling rustix v0.38.4
[INFO] [stderr]    Compiling thiserror v1.0.44
[INFO] [stderr]    Compiling once_cell v1.18.0
[INFO] [stderr]    Compiling fastrand v2.0.0
[INFO] [stderr]    Compiling clang-sys v1.6.1
[INFO] [stderr]    Compiling nom v7.1.3
[INFO] [stderr]    Compiling which v4.4.0
[INFO] [stderr]    Compiling quote v1.0.32
[INFO] [stderr]    Compiling syn v2.0.28
[INFO] [stderr]    Compiling regex-automata v0.3.4
[INFO] [stderr]    Compiling tempfile v3.7.0
[INFO] [stderr]    Compiling cexpr v0.6.0
[INFO] [stderr]    Compiling regex v1.9.1
[INFO] [stderr]    Compiling thiserror-impl v1.0.44
[INFO] [stderr]    Compiling opencc-sys v0.1.9+1.1.6
[INFO] [stderr]    Compiling opencc-rs v0.3.2 (/opt/rustwide/workdir)
[INFO] [stderr]     Finished dev [unoptimized + debuginfo] target(s) in 15.44s
[INFO] running `Command { std: "docker" "inspect" "12470bf51362402ea38b77134a694ce7de9f4e13b8122af88c5257586b2ba2d9", kill_on_drop: false }`
[INFO] running `Command { std: "docker" "rm" "-f" "12470bf51362402ea38b77134a694ce7de9f4e13b8122af88c5257586b2ba2d9", kill_on_drop: false }`
[INFO] [stdout] 12470bf51362402ea38b77134a694ce7de9f4e13b8122af88c5257586b2ba2d9
[INFO] running `Command { std: "docker" "create" "-v" "/var/lib/crater-agent-workspace/builds/worker-5-tc1/target:/opt/rustwide/target:rw,Z" "-v" "/var/lib/crater-agent-workspace/builds/worker-5-tc1/source:/opt/rustwide/workdir:ro,Z" "-v" "/var/lib/crater-agent-workspace/cargo-home:/opt/rustwide/cargo-home:ro,Z" "-v" "/var/lib/crater-agent-workspace/rustup-home:/opt/rustwide/rustup-home:ro,Z" "-e" "SOURCE_DIR=/opt/rustwide/workdir" "-e" "CARGO_TARGET_DIR=/opt/rustwide/target" "-e" "CARGO_INCREMENTAL=0" "-e" "RUST_BACKTRACE=full" "-e" "RUSTFLAGS=--cap-lints=warn" "-e" "RUSTDOCFLAGS=--cap-lints=warn" "-e" "CARGO_HOME=/opt/rustwide/cargo-home" "-e" "RUSTUP_HOME=/opt/rustwide/rustup-home" "-w" "/opt/rustwide/workdir" "-m" "1610612736" "--user" "0:0" "--network" "none" "ghcr.io/rust-lang/crates-build-env/linux@sha256:2788e3201cd34a07e3172128adcd8b3090168a8e3bcc40d7c032b9dda1df7d1c" "/opt/rustwide/cargo-home/bin/cargo" "+1.75.0" "test" "--frozen" "--no-run" "--message-format=json", kill_on_drop: false }`
[INFO] [stdout] 575716c7cb3e6e847056f61e877fd517280dfb43cca6d01393b785232410d4e9
[INFO] running `Command { std: "docker" "start" "-a" "575716c7cb3e6e847056f61e877fd517280dfb43cca6d01393b785232410d4e9", kill_on_drop: false }`
[INFO] [stderr]    Compiling yansi v0.5.1
[INFO] [stderr]    Compiling diff v0.1.13
[INFO] [stderr]    Compiling pretty_assertions v1.4.0
[INFO] [stderr]    Compiling opencc-rs v0.3.2 (/opt/rustwide/workdir)
[INFO] [stderr]     Finished test [unoptimized + debuginfo] target(s) in 0.95s
[INFO] running `Command { std: "docker" "inspect" "575716c7cb3e6e847056f61e877fd517280dfb43cca6d01393b785232410d4e9", kill_on_drop: false }`
[INFO] running `Command { std: "docker" "rm" "-f" "575716c7cb3e6e847056f61e877fd517280dfb43cca6d01393b785232410d4e9", kill_on_drop: false }`
[INFO] [stdout] 575716c7cb3e6e847056f61e877fd517280dfb43cca6d01393b785232410d4e9
[INFO] running `Command { std: "docker" "create" "-v" "/var/lib/crater-agent-workspace/builds/worker-5-tc1/target:/opt/rustwide/target:rw,Z" "-v" "/var/lib/crater-agent-workspace/builds/worker-5-tc1/source:/opt/rustwide/workdir:ro,Z" "-v" "/var/lib/crater-agent-workspace/cargo-home:/opt/rustwide/cargo-home:ro,Z" "-v" "/var/lib/crater-agent-workspace/rustup-home:/opt/rustwide/rustup-home:ro,Z" "-e" "SOURCE_DIR=/opt/rustwide/workdir" "-e" "CARGO_TARGET_DIR=/opt/rustwide/target" "-e" "CARGO_INCREMENTAL=0" "-e" "RUST_BACKTRACE=full" "-e" "RUSTFLAGS=--cap-lints=warn" "-e" "RUSTDOCFLAGS=--cap-lints=warn" "-e" "CARGO_HOME=/opt/rustwide/cargo-home" "-e" "RUSTUP_HOME=/opt/rustwide/rustup-home" "-w" "/opt/rustwide/workdir" "-m" "1610612736" "--user" "0:0" "--network" "none" "ghcr.io/rust-lang/crates-build-env/linux@sha256:2788e3201cd34a07e3172128adcd8b3090168a8e3bcc40d7c032b9dda1df7d1c" "/opt/rustwide/cargo-home/bin/cargo" "+1.75.0" "test" "--frozen", kill_on_drop: false }`
[INFO] [stdout] 865fc7a66ae2dcd52dc7443b55273a3cc95e93d849db2b521ec863327a451f4e
[INFO] running `Command { std: "docker" "start" "-a" "865fc7a66ae2dcd52dc7443b55273a3cc95e93d849db2b521ec863327a451f4e", kill_on_drop: false }`
[INFO] [stderr]     Finished test [unoptimized + debuginfo] target(s) in 0.03s
[INFO] [stderr]      Running unittests src/lib.rs (/opt/rustwide/target/debug/deps/opencc_rs-384f0a9cbaf89714)
[INFO] [stdout] 
[INFO] [stdout] running 0 tests
[INFO] [stdout] 
[INFO] [stdout] test result: ok. 0 passed; 0 failed; 0 ignored; 0 measured; 0 filtered out; finished in 0.00s
[INFO] [stdout] 
[INFO] [stderr]      Running tests/opencc.rs (/opt/rustwide/target/debug/deps/opencc-4a12010633b5cc30)
[INFO] [stdout] 
[INFO] [stdout] running 15 tests
[INFO] [stdout] test hk2t ... FAILED
[INFO] [stdout] test t2hk ... FAILED
[INFO] [stdout] test t2tw ... FAILED
[INFO] [stdout] test jp2t ... FAILED
[INFO] [stdout] test t2jp ... FAILED
[INFO] [stdout] test tw2t ... FAILED
[INFO] [stdout] test t2s ... FAILED
[INFO] [stdout] test tw2sp ... FAILED
[INFO] [stdout] test tw2s ... FAILED
[INFO] [stdout] test hk2s ... FAILED
[INFO] [stdout] test jp2t2s ... FAILED
[INFO] [stdout] test s2tw ... FAILED
[INFO] [stdout] test s2t ... FAILED
[INFO] [stdout] test s2twp ... FAILED
[INFO] [stdout] test s2hk ... FAILED
[INFO] [stdout] 
[INFO] [stdout] failures:
[INFO] [stdout] 
[INFO] [stdout] ---- hk2t stdout ----
[INFO] [stdout] Error: StdIO(Os { code: 2, kind: NotFound, message: "No such file or directory" })
[INFO] [stdout] 
[INFO] [stdout] ---- t2hk stdout ----
[INFO] [stdout] Error: StdIO(Os { code: 2, kind: NotFound, message: "No such file or directory" })
[INFO] [stdout] 
[INFO] [stdout] ---- t2tw stdout ----
[INFO] [stdout] Error: StdIO(Os { code: 2, kind: NotFound, message: "No such file or directory" })
[INFO] [stdout] 
[INFO] [stdout] ---- jp2t stdout ----
[INFO] [stdout] Error: StdIO(Os { code: 2, kind: NotFound, message: "No such file or directory" })
[INFO] [stdout] 
[INFO] [stdout] ---- t2jp stdout ----
[INFO] [stdout] Error: StdIO(Os { code: 2, kind: NotFound, message: "No such file or directory" })
[INFO] [stdout] 
[INFO] [stdout] ---- tw2t stdout ----
[INFO] [stdout] Error: StdIO(Os { code: 2, kind: NotFound, message: "No such file or directory" })
[INFO] [stdout] 
[INFO] [stdout] ---- t2s stdout ----
[INFO] [stdout] Error: StdIO(Os { code: 2, kind: NotFound, message: "No such file or directory" })
[INFO] [stdout] 
[INFO] [stdout] ---- tw2sp stdout ----
[INFO] [stdout] Error: StdIO(Os { code: 2, kind: NotFound, message: "No such file or directory" })
[INFO] [stdout] 
[INFO] [stdout] ---- tw2s stdout ----
[INFO] [stdout] Error: StdIO(Os { code: 2, kind: NotFound, message: "No such file or directory" })
[INFO] [stdout] 
[INFO] [stdout] ---- hk2s stdout ----
[INFO] [stdout] Error: StdIO(Os { code: 2, kind: NotFound, message: "No such file or directory" })
[INFO] [stdout] 
[INFO] [stdout] ---- jp2t2s stdout ----
[INFO] [stdout] Error: StdIO(Os { code: 2, kind: NotFound, message: "No such file or directory" })
[INFO] [stdout] 
[INFO] [stdout] ---- s2tw stdout ----
[INFO] [stdout] Error: StdIO(Os { code: 2, kind: NotFound, message: "No such file or directory" })
[INFO] [stdout] 
[INFO] [stdout] ---- s2t stdout ----
[INFO] [stdout] Error: StdIO(Os { code: 2, kind: NotFound, message: "No such file or directory" })
[INFO] [stdout] 
[INFO] [stdout] ---- s2twp stdout ----
[INFO] [stdout] Error: StdIO(Os { code: 2, kind: NotFound, message: "No such file or directory" })
[INFO] [stdout] 
[INFO] [stdout] ---- s2hk stdout ----
[INFO] [stdout] Error: StdIO(Os { code: 2, kind: NotFound, message: "No such file or directory" })
[INFO] [stdout] 
[INFO] [stdout] 
[INFO] [stdout] failures:
[INFO] [stdout]     hk2s
[INFO] [stdout]     hk2t
[INFO] [stdout]     jp2t
[INFO] [stdout]     jp2t2s
[INFO] [stdout]     s2hk
[INFO] [stdout]     s2t
[INFO] [stdout]     s2tw
[INFO] [stdout]     s2twp
[INFO] [stdout]     t2hk
[INFO] [stdout]     t2jp
[INFO] [stdout]     t2s
[INFO] [stdout]     t2tw
[INFO] [stdout]     tw2s
[INFO] [stdout]     tw2sp
[INFO] [stdout]     tw2t
[INFO] [stdout] 
[INFO] [stdout] test result: FAILED. 0 passed; 15 failed; 0 ignored; 0 measured; 0 filtered out; finished in 0.15s
[INFO] [stdout] 
[INFO] [stderr] error: test failed, to rerun pass `--test opencc`
[INFO] running `Command { std: "docker" "inspect" "865fc7a66ae2dcd52dc7443b55273a3cc95e93d849db2b521ec863327a451f4e", kill_on_drop: false }`
[INFO] running `Command { std: "docker" "rm" "-f" "865fc7a66ae2dcd52dc7443b55273a3cc95e93d849db2b521ec863327a451f4e", kill_on_drop: false }`
[INFO] [stdout] 865fc7a66ae2dcd52dc7443b55273a3cc95e93d849db2b521ec863327a451f4e
