[INFO] fetching crate openai-rs-api 1.1.3...
[INFO] testing openai-rs-api-1.1.3 against 1.75.0 for beta-1.76-1
[INFO] extracting crate openai-rs-api 1.1.3 into /workspace/builds/worker-3-tc1/source
[INFO] validating manifest of crates.io crate openai-rs-api 1.1.3 on toolchain 1.75.0
[INFO] running `Command { std: CARGO_HOME="/workspace/cargo-home" RUSTUP_HOME="/workspace/rustup-home" "/workspace/cargo-home/bin/cargo" "+1.75.0" "metadata" "--manifest-path" "Cargo.toml" "--no-deps", kill_on_drop: false }`
[INFO] started tweaking crates.io crate openai-rs-api 1.1.3
[INFO] finished tweaking crates.io crate openai-rs-api 1.1.3
[INFO] tweaked toml for crates.io crate openai-rs-api 1.1.3 written to /workspace/builds/worker-3-tc1/source/Cargo.toml
[INFO] running `Command { std: CARGO_HOME="/workspace/cargo-home" RUSTUP_HOME="/workspace/rustup-home" "/workspace/cargo-home/bin/cargo" "+1.75.0" "generate-lockfile" "--manifest-path" "Cargo.toml", kill_on_drop: false }`
[INFO] [stderr]     Updating crates.io index
[INFO] running `Command { std: CARGO_HOME="/workspace/cargo-home" RUSTUP_HOME="/workspace/rustup-home" "/workspace/cargo-home/bin/cargo" "+1.75.0" "fetch" "--manifest-path" "Cargo.toml", kill_on_drop: false }`
[INFO] running `Command { std: "docker" "create" "-v" "/var/lib/crater-agent-workspace/builds/worker-3-tc1/target:/opt/rustwide/target:rw,Z" "-v" "/var/lib/crater-agent-workspace/builds/worker-3-tc1/source:/opt/rustwide/workdir:ro,Z" "-v" "/var/lib/crater-agent-workspace/cargo-home:/opt/rustwide/cargo-home:ro,Z" "-v" "/var/lib/crater-agent-workspace/rustup-home:/opt/rustwide/rustup-home:ro,Z" "-e" "SOURCE_DIR=/opt/rustwide/workdir" "-e" "CARGO_TARGET_DIR=/opt/rustwide/target" "-e" "CARGO_HOME=/opt/rustwide/cargo-home" "-e" "RUSTUP_HOME=/opt/rustwide/rustup-home" "-w" "/opt/rustwide/workdir" "-m" "1610612736" "--user" "0:0" "--network" "none" "ghcr.io/rust-lang/crates-build-env/linux@sha256:2788e3201cd34a07e3172128adcd8b3090168a8e3bcc40d7c032b9dda1df7d1c" "/opt/rustwide/cargo-home/bin/cargo" "+1.75.0" "metadata" "--no-deps" "--format-version=1", kill_on_drop: false }`
[INFO] [stdout] ff2cacf1d9c2eab958e5d0491d96f072593c84b15d73b004960efba05fcd3a37
[INFO] running `Command { std: "docker" "start" "-a" "ff2cacf1d9c2eab958e5d0491d96f072593c84b15d73b004960efba05fcd3a37", kill_on_drop: false }`
[INFO] running `Command { std: "docker" "inspect" "ff2cacf1d9c2eab958e5d0491d96f072593c84b15d73b004960efba05fcd3a37", kill_on_drop: false }`
[INFO] running `Command { std: "docker" "rm" "-f" "ff2cacf1d9c2eab958e5d0491d96f072593c84b15d73b004960efba05fcd3a37", kill_on_drop: false }`
[INFO] [stdout] ff2cacf1d9c2eab958e5d0491d96f072593c84b15d73b004960efba05fcd3a37
[INFO] running `Command { std: "docker" "create" "-v" "/var/lib/crater-agent-workspace/builds/worker-3-tc1/target:/opt/rustwide/target:rw,Z" "-v" "/var/lib/crater-agent-workspace/builds/worker-3-tc1/source:/opt/rustwide/workdir:ro,Z" "-v" "/var/lib/crater-agent-workspace/cargo-home:/opt/rustwide/cargo-home:ro,Z" "-v" "/var/lib/crater-agent-workspace/rustup-home:/opt/rustwide/rustup-home:ro,Z" "-e" "SOURCE_DIR=/opt/rustwide/workdir" "-e" "CARGO_TARGET_DIR=/opt/rustwide/target" "-e" "CARGO_INCREMENTAL=0" "-e" "RUST_BACKTRACE=full" "-e" "RUSTFLAGS=--cap-lints=warn" "-e" "RUSTDOCFLAGS=--cap-lints=warn" "-e" "CARGO_HOME=/opt/rustwide/cargo-home" "-e" "RUSTUP_HOME=/opt/rustwide/rustup-home" "-w" "/opt/rustwide/workdir" "-m" "1610612736" "--user" "0:0" "--network" "none" "ghcr.io/rust-lang/crates-build-env/linux@sha256:2788e3201cd34a07e3172128adcd8b3090168a8e3bcc40d7c032b9dda1df7d1c" "/opt/rustwide/cargo-home/bin/cargo" "+1.75.0" "build" "--frozen" "--message-format=json", kill_on_drop: false }`
[INFO] [stdout] 294a1ae704f99af0c7e7c719ecf998e47f35cbdf60cef09e5c27852228254ef1
[INFO] running `Command { std: "docker" "start" "-a" "294a1ae704f99af0c7e7c719ecf998e47f35cbdf60cef09e5c27852228254ef1", kill_on_drop: false }`
[INFO] [stderr]    Compiling spin v0.9.8
[INFO] [stderr]    Compiling jobserver v0.1.27
[INFO] [stderr]    Compiling parking_lot_core v0.9.9
[INFO] [stderr]    Compiling untrusted v0.9.0
[INFO] [stderr]    Compiling signal-hook-registry v1.4.1
[INFO] [stderr]    Compiling syn v2.0.48
[INFO] [stderr]    Compiling socket2 v0.5.5
[INFO] [stderr]    Compiling mio v0.8.10
[INFO] [stderr]    Compiling generic-array v0.14.7
[INFO] [stderr]    Compiling tracing v0.1.40
[INFO] [stderr]    Compiling cc v1.0.83
[INFO] [stderr]    Compiling parking_lot v0.12.1
[INFO] [stderr]    Compiling paste v1.0.14
[INFO] [stderr]    Compiling crc32fast v1.3.2
[INFO] [stderr]    Compiling zstd-safe v7.0.0
[INFO] [stderr]    Compiling syn v1.0.109
[INFO] [stderr]    Compiling strsim v0.10.0
[INFO] [stderr]    Compiling local-waker v0.1.4
[INFO] [stderr]    Compiling alloc-no-stdlib v2.0.4
[INFO] [stderr]    Compiling alloc-stdlib v0.2.2
[INFO] [stderr]    Compiling ahash v0.8.7
[INFO] [stderr]    Compiling rustls v0.21.10
[INFO] [stderr]    Compiling time-core v0.1.2
[INFO] [stderr]    Compiling powerfmt v0.2.0
[INFO] [stderr]    Compiling block-buffer v0.10.4
[INFO] [stderr]    Compiling crypto-common v0.1.6
[INFO] [stderr]    Compiling futures-task v0.3.30
[INFO] [stderr]    Compiling futures-util v0.3.30
[INFO] [stderr]    Compiling digest v0.10.7
[INFO] [stderr]    Compiling miniz_oxide v0.7.1
[INFO] [stderr]    Compiling deranged v0.3.11
[INFO] [stderr]    Compiling time-macros v0.2.16
[INFO] [stderr]    Compiling brotli-decompressor v2.5.1
[INFO] [stderr]    Compiling actix-service v2.0.2
[INFO] [stderr]    Compiling ring v0.17.7
[INFO] [stderr]    Compiling ring v0.16.20
[INFO] [stderr]    Compiling zstd-sys v2.0.9+zstd.1.5.5
[INFO] [stderr]    Compiling actix-utils v3.0.1
[INFO] [stderr]    Compiling cookie v0.16.2
[INFO] [stderr]    Compiling zerocopy v0.7.32
[INFO] [stderr]    Compiling sha1 v0.10.6
[INFO] [stderr]    Compiling time v0.3.31
[INFO] [stderr]    Compiling darling_core v0.20.3
[INFO] [stderr]    Compiling flate2 v1.0.28
[INFO] [stderr]    Compiling brotli v3.4.0
[INFO] [stderr]    Compiling local-channel v0.1.5
[INFO] [stderr]    Compiling bytestring v1.3.1
[INFO] [stderr]    Compiling bitflags v2.4.1
[INFO] [stderr]    Compiling impl-more v0.1.6
[INFO] [stderr]    Compiling rustls v0.20.9
[INFO] [stderr]    Compiling derive_more v0.99.17
[INFO] [stderr]    Compiling tokio-macros v2.2.0
[INFO] [stderr]    Compiling serde_derive v1.0.194
[INFO] [stderr]    Compiling async-trait v0.1.77
[INFO] [stderr]    Compiling tokio v1.35.1
[INFO] [stderr]    Compiling darling_macro v0.20.3
[INFO] [stderr]    Compiling rustls-webpki v0.100.3
[INFO] [stderr]    Compiling webpki-roots v0.23.1
[INFO] [stderr]    Compiling darling v0.20.3
[INFO] [stderr]    Compiling serde_with_macros v3.4.0
[INFO] [stderr]    Compiling serde v1.0.194
[INFO] [stderr]    Compiling tokio-util v0.7.10
[INFO] [stderr]    Compiling actix-rt v2.9.0
[INFO] [stderr]    Compiling h2 v0.3.22
[INFO] [stderr]    Compiling actix-codec v0.5.1
[INFO] [stderr]    Compiling serde_urlencoded v0.7.1
[INFO] [stderr]    Compiling serde_json v1.0.111
[INFO] [stderr]    Compiling serde_with v3.4.0
[INFO] [stderr]    Compiling sct v0.7.1
[INFO] [stderr]    Compiling webpki v0.22.4
[INFO] [stderr]    Compiling rustls-webpki v0.101.7
[INFO] [stderr]    Compiling webpki-roots v0.22.6
[INFO] [stderr]    Compiling zstd v0.13.0
[INFO] [stderr]    Compiling actix-http v3.5.1
[INFO] [stderr]    Compiling tokio-rustls v0.23.4
[INFO] [stderr]    Compiling actix-tls v3.1.1
[INFO] [stderr]    Compiling awc v3.3.0
[INFO] [stderr]    Compiling openai-rs-api v1.1.3 (/opt/rustwide/workdir)
[INFO] [stderr]     Finished dev [unoptimized + debuginfo] target(s) in 51.30s
[INFO] running `Command { std: "docker" "inspect" "294a1ae704f99af0c7e7c719ecf998e47f35cbdf60cef09e5c27852228254ef1", kill_on_drop: false }`
[INFO] running `Command { std: "docker" "rm" "-f" "294a1ae704f99af0c7e7c719ecf998e47f35cbdf60cef09e5c27852228254ef1", kill_on_drop: false }`
[INFO] [stdout] 294a1ae704f99af0c7e7c719ecf998e47f35cbdf60cef09e5c27852228254ef1
[INFO] running `Command { std: "docker" "create" "-v" "/var/lib/crater-agent-workspace/builds/worker-3-tc1/target:/opt/rustwide/target:rw,Z" "-v" "/var/lib/crater-agent-workspace/builds/worker-3-tc1/source:/opt/rustwide/workdir:ro,Z" "-v" "/var/lib/crater-agent-workspace/cargo-home:/opt/rustwide/cargo-home:ro,Z" "-v" "/var/lib/crater-agent-workspace/rustup-home:/opt/rustwide/rustup-home:ro,Z" "-e" "SOURCE_DIR=/opt/rustwide/workdir" "-e" "CARGO_TARGET_DIR=/opt/rustwide/target" "-e" "CARGO_INCREMENTAL=0" "-e" "RUST_BACKTRACE=full" "-e" "RUSTFLAGS=--cap-lints=warn" "-e" "RUSTDOCFLAGS=--cap-lints=warn" "-e" "CARGO_HOME=/opt/rustwide/cargo-home" "-e" "RUSTUP_HOME=/opt/rustwide/rustup-home" "-w" "/opt/rustwide/workdir" "-m" "1610612736" "--user" "0:0" "--network" "none" "ghcr.io/rust-lang/crates-build-env/linux@sha256:2788e3201cd34a07e3172128adcd8b3090168a8e3bcc40d7c032b9dda1df7d1c" "/opt/rustwide/cargo-home/bin/cargo" "+1.75.0" "test" "--frozen" "--no-run" "--message-format=json", kill_on_drop: false }`
[INFO] [stdout] a5cf170e58d4dc28dd8f2f41772671a09528a03b200745ad29b4e12a7141ddbb
[INFO] running `Command { std: "docker" "start" "-a" "a5cf170e58d4dc28dd8f2f41772671a09528a03b200745ad29b4e12a7141ddbb", kill_on_drop: false }`
[INFO] [stderr]    Compiling openai-rs-api v1.1.3 (/opt/rustwide/workdir)
[INFO] [stderr]     Finished test [unoptimized + debuginfo] target(s) in 2.04s
[INFO] running `Command { std: "docker" "inspect" "a5cf170e58d4dc28dd8f2f41772671a09528a03b200745ad29b4e12a7141ddbb", kill_on_drop: false }`
[INFO] running `Command { std: "docker" "rm" "-f" "a5cf170e58d4dc28dd8f2f41772671a09528a03b200745ad29b4e12a7141ddbb", kill_on_drop: false }`
[INFO] [stdout] a5cf170e58d4dc28dd8f2f41772671a09528a03b200745ad29b4e12a7141ddbb
[INFO] running `Command { std: "docker" "create" "-v" "/var/lib/crater-agent-workspace/builds/worker-3-tc1/target:/opt/rustwide/target:rw,Z" "-v" "/var/lib/crater-agent-workspace/builds/worker-3-tc1/source:/opt/rustwide/workdir:ro,Z" "-v" "/var/lib/crater-agent-workspace/cargo-home:/opt/rustwide/cargo-home:ro,Z" "-v" "/var/lib/crater-agent-workspace/rustup-home:/opt/rustwide/rustup-home:ro,Z" "-e" "SOURCE_DIR=/opt/rustwide/workdir" "-e" "CARGO_TARGET_DIR=/opt/rustwide/target" "-e" "CARGO_INCREMENTAL=0" "-e" "RUST_BACKTRACE=full" "-e" "RUSTFLAGS=--cap-lints=warn" "-e" "RUSTDOCFLAGS=--cap-lints=warn" "-e" "CARGO_HOME=/opt/rustwide/cargo-home" "-e" "RUSTUP_HOME=/opt/rustwide/rustup-home" "-w" "/opt/rustwide/workdir" "-m" "1610612736" "--user" "0:0" "--network" "none" "ghcr.io/rust-lang/crates-build-env/linux@sha256:2788e3201cd34a07e3172128adcd8b3090168a8e3bcc40d7c032b9dda1df7d1c" "/opt/rustwide/cargo-home/bin/cargo" "+1.75.0" "test" "--frozen", kill_on_drop: false }`
[INFO] [stdout] 0044fcd1f3d845a3add21ecc3c92afc6d12aa40b7c9711eb82f5fb756187c14e
[INFO] running `Command { std: "docker" "start" "-a" "0044fcd1f3d845a3add21ecc3c92afc6d12aa40b7c9711eb82f5fb756187c14e", kill_on_drop: false }`
[INFO] [stderr]     Finished test [unoptimized + debuginfo] target(s) in 0.14s
[INFO] [stderr]      Running unittests src/lib.rs (/opt/rustwide/target/debug/deps/openai_rs_api-c6ba005e1d3bc369)
[INFO] [stdout] 
[INFO] [stdout] running 0 tests
[INFO] [stdout] 
[INFO] [stderr]    Doc-tests openai-rs-api
[INFO] [stdout] test result: ok. 0 passed; 0 failed; 0 ignored; 0 measured; 0 filtered out; finished in 0.00s
[INFO] [stdout] 
[INFO] [stdout] 
[INFO] [stdout] running 1 test
[INFO] [stdout] test src/core/models.rs - core::models::completions::CompletionParameters::model (line 172) ... FAILED
[INFO] [stdout] 
[INFO] [stdout] failures:
[INFO] [stdout] 
[INFO] [stdout] ---- src/core/models.rs - core::models::completions::CompletionParameters::model (line 172) stdout ----
[INFO] [stdout] error[E0308]: arguments to this function are incorrect
[INFO] [stdout]   --> src/core/models.rs:179:18
[INFO] [stdout]    |
[INFO] [stdout] 9  |     let openai = OpenAI::new("your_api_key", "your_organization_id");
[INFO] [stdout]    |                  ^^^^^^^^^^^ --------------  ---------------------- expected `String`, found `&str`
[INFO] [stdout]    |                              |
[INFO] [stdout]    |                              expected `String`, found `&str`
[INFO] [stdout]    |
[INFO] [stdout] note: associated function defined here
[INFO] [stdout]   --> /opt/rustwide/workdir/src/core/mod.rs:47:12
[INFO] [stdout]    |
[INFO] [stdout] 47 |     pub fn new(token: String, oia_org: String) -> Self {
[INFO] [stdout]    |            ^^^
[INFO] [stdout] help: try using a conversion method
[INFO] [stdout]    |
[INFO] [stdout] 9  |     let openai = OpenAI::new("your_api_key".to_string(), "your_organization_id");
[INFO] [stdout]    |                                            ++++++++++++
[INFO] [stdout] help: try using a conversion method
[INFO] [stdout]    |
[INFO] [stdout] 9  |     let openai = OpenAI::new("your_api_key", "your_organization_id".to_string());
[INFO] [stdout]    |                                                                    ++++++++++++
[INFO] [stdout] 
[INFO] [stdout] error[E0277]: the `?` operator can only be used in an async block that returns `Result` or `Option` (or another type that implements `FromResidual`)
[INFO] [stdout]   --> src/core/models.rs:180:55
[INFO] [stdout]    |
[INFO] [stdout] 7  | #[tokio::main]
[INFO] [stdout]    | -------------- this function should return `Result` or `Option` to accept `?`
[INFO] [stdout] ...
[INFO] [stdout] 10 |     let models: ModelList = openai.list_models().await?;
[INFO] [stdout]    |                                                       ^ cannot use the `?` operator in an async block that returns `()`
[INFO] [stdout]    |
[INFO] [stdout]    = help: the trait `FromResidual<Result<Infallible, Box<dyn std::error::Error>>>` is not implemented for `()`
[INFO] [stdout] 
[INFO] [stdout] error[E0308]: mismatched types
[INFO] [stdout]   --> src/core/models.rs:181:5
[INFO] [stdout]    |
[INFO] [stdout] 8  | async fn main() -> Result<(), Box<dyn std::error::Error>> {
[INFO] [stdout]    |                    -------------------------------------- expected `Result<(), Box<(dyn std::error::Error + 'static)>>` because of return type
[INFO] [stdout] ...
[INFO] [stdout] 11 |     println!("{:#?}", models);
[INFO] [stdout]    |     ^^^^^^^^^^^^^^^^^^^^^^^^^^ expected `Result<(), Box<dyn Error>>`, found `()`
[INFO] [stdout]    |
[INFO] [stdout]    = note:   expected enum `Result<(), Box<(dyn std::error::Error + 'static)>>`
[INFO] [stdout]            found unit type `()`
[INFO] [stdout] help: try adding an expression at the end of the block
[INFO] [stdout]    |
[INFO] [stdout] 11 ~     println!("{:#?}", models);;
[INFO] [stdout] 12 +     Ok(())
[INFO] [stdout]    |
[INFO] [stdout] 
[INFO] [stdout] error: aborting due to 3 previous errors
[INFO] [stdout] 
[INFO] [stdout] Some errors have detailed explanations: E0277, E0308.
[INFO] [stdout] For more information about an error, try `rustc --explain E0277`.
[INFO] [stdout] Couldn't compile the test.
[INFO] [stdout] 
[INFO] [stdout] failures:
[INFO] [stdout]     src/core/models.rs - core::models::completions::CompletionParameters::model (line 172)
[INFO] [stdout] 
[INFO] [stdout] test result: FAILED. 0 passed; 1 failed; 0 ignored; 0 measured; 0 filtered out; finished in 0.18s
[INFO] [stdout] 
[INFO] [stderr] error: doctest failed, to rerun pass `--doc`
[INFO] running `Command { std: "docker" "inspect" "0044fcd1f3d845a3add21ecc3c92afc6d12aa40b7c9711eb82f5fb756187c14e", kill_on_drop: false }`
[INFO] running `Command { std: "docker" "rm" "-f" "0044fcd1f3d845a3add21ecc3c92afc6d12aa40b7c9711eb82f5fb756187c14e", kill_on_drop: false }`
[INFO] [stdout] 0044fcd1f3d845a3add21ecc3c92afc6d12aa40b7c9711eb82f5fb756187c14e
[INFO] testing openai-rs-api-1.1.3 against beta-2023-12-22 for beta-1.76-1
[INFO] extracting crate openai-rs-api 1.1.3 into /workspace/builds/worker-3-tc2/source
[INFO] validating manifest of crates.io crate openai-rs-api 1.1.3 on toolchain beta-2023-12-22
[INFO] running `Command { std: CARGO_HOME="/workspace/cargo-home" RUSTUP_HOME="/workspace/rustup-home" "/workspace/cargo-home/bin/cargo" "+beta-2023-12-22" "metadata" "--manifest-path" "Cargo.toml" "--no-deps", kill_on_drop: false }`
[INFO] started tweaking crates.io crate openai-rs-api 1.1.3
[INFO] finished tweaking crates.io crate openai-rs-api 1.1.3
[INFO] tweaked toml for crates.io crate openai-rs-api 1.1.3 written to /workspace/builds/worker-3-tc2/source/Cargo.toml
[INFO] running `Command { std: CARGO_HOME="/workspace/cargo-home" RUSTUP_HOME="/workspace/rustup-home" "/workspace/cargo-home/bin/cargo" "+beta-2023-12-22" "generate-lockfile" "--manifest-path" "Cargo.toml", kill_on_drop: false }`
[INFO] [stderr]     Updating crates.io index
[INFO] running `Command { std: CARGO_HOME="/workspace/cargo-home" RUSTUP_HOME="/workspace/rustup-home" "/workspace/cargo-home/bin/cargo" "+beta-2023-12-22" "fetch" "--manifest-path" "Cargo.toml", kill_on_drop: false }`
[INFO] running `Command { std: "docker" "create" "-v" "/var/lib/crater-agent-workspace/builds/worker-3-tc2/target:/opt/rustwide/target:rw,Z" "-v" "/var/lib/crater-agent-workspace/builds/worker-3-tc2/source:/opt/rustwide/workdir:ro,Z" "-v" "/var/lib/crater-agent-workspace/cargo-home:/opt/rustwide/cargo-home:ro,Z" "-v" "/var/lib/crater-agent-workspace/rustup-home:/opt/rustwide/rustup-home:ro,Z" "-e" "SOURCE_DIR=/opt/rustwide/workdir" "-e" "CARGO_TARGET_DIR=/opt/rustwide/target" "-e" "CARGO_HOME=/opt/rustwide/cargo-home" "-e" "RUSTUP_HOME=/opt/rustwide/rustup-home" "-w" "/opt/rustwide/workdir" "-m" "1610612736" "--user" "0:0" "--network" "none" "ghcr.io/rust-lang/crates-build-env/linux@sha256:2788e3201cd34a07e3172128adcd8b3090168a8e3bcc40d7c032b9dda1df7d1c" "/opt/rustwide/cargo-home/bin/cargo" "+beta-2023-12-22" "metadata" "--no-deps" "--format-version=1", kill_on_drop: false }`
[INFO] [stdout] 7139c7b713260b4af6259b272e70ed51499e832a978d4fca768a07095d2be602
[INFO] running `Command { std: "docker" "start" "-a" "7139c7b713260b4af6259b272e70ed51499e832a978d4fca768a07095d2be602", kill_on_drop: false }`
[INFO] running `Command { std: "docker" "inspect" "7139c7b713260b4af6259b272e70ed51499e832a978d4fca768a07095d2be602", kill_on_drop: false }`
[INFO] running `Command { std: "docker" "rm" "-f" "7139c7b713260b4af6259b272e70ed51499e832a978d4fca768a07095d2be602", kill_on_drop: false }`
[INFO] [stdout] 7139c7b713260b4af6259b272e70ed51499e832a978d4fca768a07095d2be602
[INFO] running `Command { std: "docker" "create" "-v" "/var/lib/crater-agent-workspace/builds/worker-3-tc2/target:/opt/rustwide/target:rw,Z" "-v" "/var/lib/crater-agent-workspace/builds/worker-3-tc2/source:/opt/rustwide/workdir:ro,Z" "-v" "/var/lib/crater-agent-workspace/cargo-home:/opt/rustwide/cargo-home:ro,Z" "-v" "/var/lib/crater-agent-workspace/rustup-home:/opt/rustwide/rustup-home:ro,Z" "-e" "SOURCE_DIR=/opt/rustwide/workdir" "-e" "CARGO_TARGET_DIR=/opt/rustwide/target" "-e" "CARGO_INCREMENTAL=0" "-e" "RUST_BACKTRACE=full" "-e" "RUSTFLAGS=--cap-lints=warn" "-e" "RUSTDOCFLAGS=--cap-lints=warn" "-e" "CARGO_HOME=/opt/rustwide/cargo-home" "-e" "RUSTUP_HOME=/opt/rustwide/rustup-home" "-w" "/opt/rustwide/workdir" "-m" "1610612736" "--user" "0:0" "--network" "none" "ghcr.io/rust-lang/crates-build-env/linux@sha256:2788e3201cd34a07e3172128adcd8b3090168a8e3bcc40d7c032b9dda1df7d1c" "/opt/rustwide/cargo-home/bin/cargo" "+beta-2023-12-22" "build" "--frozen" "--message-format=json", kill_on_drop: false }`
[INFO] [stdout] 442cf92da347a18180d50102ab3b64172a36da9b31528a39d82b5e255a80f81b
[INFO] running `Command { std: "docker" "start" "-a" "442cf92da347a18180d50102ab3b64172a36da9b31528a39d82b5e255a80f81b", kill_on_drop: false }`
[INFO] [stderr]    Compiling jobserver v0.1.27
[INFO] [stderr]    Compiling spin v0.9.8
[INFO] [stderr]    Compiling untrusted v0.9.0
[INFO] [stderr]    Compiling parking_lot_core v0.9.9
[INFO] [stderr]    Compiling socket2 v0.5.5
[INFO] [stderr]    Compiling syn v2.0.48
[INFO] [stderr]    Compiling mio v0.8.10
[INFO] [stderr]    Compiling signal-hook-registry v1.4.1
[INFO] [stderr]    Compiling generic-array v0.14.7
[INFO] [stderr]    Compiling tracing v0.1.40
[INFO] [stderr]    Compiling cc v1.0.83
[INFO] [stderr]    Compiling parking_lot v0.12.1
[INFO] [stderr]    Compiling paste v1.0.14
[INFO] [stderr]    Compiling alloc-no-stdlib v2.0.4
[INFO] [stderr]    Compiling syn v1.0.109
[INFO] [stderr]    Compiling strsim v0.10.0
[INFO] [stderr]    Compiling zstd-safe v7.0.0
[INFO] [stderr]    Compiling crc32fast v1.3.2
[INFO] [stderr]    Compiling local-waker v0.1.4
[INFO] [stderr]    Compiling alloc-stdlib v0.2.2
[INFO] [stderr]    Compiling ahash v0.8.7
[INFO] [stderr]    Compiling rustls v0.21.10
[INFO] [stderr]    Compiling futures-task v0.3.30
[INFO] [stderr]    Compiling powerfmt v0.2.0
[INFO] [stderr]    Compiling block-buffer v0.10.4
[INFO] [stderr]    Compiling crypto-common v0.1.6
[INFO] [stderr]    Compiling time-core v0.1.2
[INFO] [stderr]    Compiling time-macros v0.2.16
[INFO] [stderr]    Compiling futures-util v0.3.30
[INFO] [stderr]    Compiling digest v0.10.7
[INFO] [stderr]    Compiling deranged v0.3.11
[INFO] [stderr]    Compiling brotli-decompressor v2.5.1
[INFO] [stderr]    Compiling miniz_oxide v0.7.1
[INFO] [stderr]    Compiling actix-service v2.0.2
[INFO] [stderr]    Compiling ring v0.17.7
[INFO] [stderr]    Compiling ring v0.16.20
[INFO] [stderr]    Compiling zstd-sys v2.0.9+zstd.1.5.5
[INFO] [stderr]    Compiling actix-utils v3.0.1
[INFO] [stderr]    Compiling cookie v0.16.2
[INFO] [stderr]    Compiling zerocopy v0.7.32
[INFO] [stderr]    Compiling sha1 v0.10.6
[INFO] [stderr]    Compiling flate2 v1.0.28
[INFO] [stderr]    Compiling time v0.3.31
[INFO] [stderr]    Compiling brotli v3.4.0
[INFO] [stderr]    Compiling darling_core v0.20.3
[INFO] [stderr]    Compiling local-channel v0.1.5
[INFO] [stderr]    Compiling bytestring v1.3.1
[INFO] [stderr]    Compiling impl-more v0.1.6
[INFO] [stderr]    Compiling bitflags v2.4.1
[INFO] [stderr]    Compiling rustls v0.20.9
[INFO] [stderr]    Compiling tokio-macros v2.2.0
[INFO] [stderr]    Compiling serde_derive v1.0.194
[INFO] [stderr]    Compiling rustls-webpki v0.100.3
[INFO] [stderr]    Compiling darling_macro v0.20.3
[INFO] [stderr]    Compiling tokio v1.35.1
[INFO] [stderr]    Compiling derive_more v0.99.17
[INFO] [stderr]    Compiling webpki-roots v0.23.1
[INFO] [stderr]    Compiling async-trait v0.1.77
[INFO] [stderr]    Compiling darling v0.20.3
[INFO] [stderr]    Compiling serde_with_macros v3.4.0
[INFO] [stderr]    Compiling serde v1.0.194
[INFO] [stderr]    Compiling tokio-util v0.7.10
[INFO] [stderr]    Compiling actix-rt v2.9.0
[INFO] [stderr]    Compiling actix-codec v0.5.1
[INFO] [stderr]    Compiling h2 v0.3.22
[INFO] [stderr]    Compiling serde_json v1.0.111
[INFO] [stderr]    Compiling serde_urlencoded v0.7.1
[INFO] [stderr]    Compiling serde_with v3.4.0
[INFO] [stderr]    Compiling webpki v0.22.4
[INFO] [stderr]    Compiling sct v0.7.1
[INFO] [stderr]    Compiling rustls-webpki v0.101.7
[INFO] [stderr]    Compiling zstd v0.13.0
[INFO] [stderr]    Compiling webpki-roots v0.22.6
[INFO] [stderr]    Compiling tokio-rustls v0.23.4
[INFO] [stderr]    Compiling actix-http v3.5.1
[INFO] [stderr]    Compiling actix-tls v3.1.1
[INFO] [stderr]    Compiling awc v3.3.0
[INFO] [stderr]    Compiling openai-rs-api v1.1.3 (/opt/rustwide/workdir)
[INFO] [stderr]     Finished dev [unoptimized + debuginfo] target(s) in 45.46s
[INFO] running `Command { std: "docker" "inspect" "442cf92da347a18180d50102ab3b64172a36da9b31528a39d82b5e255a80f81b", kill_on_drop: false }`
[INFO] running `Command { std: "docker" "rm" "-f" "442cf92da347a18180d50102ab3b64172a36da9b31528a39d82b5e255a80f81b", kill_on_drop: false }`
[INFO] [stdout] 442cf92da347a18180d50102ab3b64172a36da9b31528a39d82b5e255a80f81b
[INFO] running `Command { std: "docker" "create" "-v" "/var/lib/crater-agent-workspace/builds/worker-3-tc2/target:/opt/rustwide/target:rw,Z" "-v" "/var/lib/crater-agent-workspace/builds/worker-3-tc2/source:/opt/rustwide/workdir:ro,Z" "-v" "/var/lib/crater-agent-workspace/cargo-home:/opt/rustwide/cargo-home:ro,Z" "-v" "/var/lib/crater-agent-workspace/rustup-home:/opt/rustwide/rustup-home:ro,Z" "-e" "SOURCE_DIR=/opt/rustwide/workdir" "-e" "CARGO_TARGET_DIR=/opt/rustwide/target" "-e" "CARGO_INCREMENTAL=0" "-e" "RUST_BACKTRACE=full" "-e" "RUSTFLAGS=--cap-lints=warn" "-e" "RUSTDOCFLAGS=--cap-lints=warn" "-e" "CARGO_HOME=/opt/rustwide/cargo-home" "-e" "RUSTUP_HOME=/opt/rustwide/rustup-home" "-w" "/opt/rustwide/workdir" "-m" "1610612736" "--user" "0:0" "--network" "none" "ghcr.io/rust-lang/crates-build-env/linux@sha256:2788e3201cd34a07e3172128adcd8b3090168a8e3bcc40d7c032b9dda1df7d1c" "/opt/rustwide/cargo-home/bin/cargo" "+beta-2023-12-22" "test" "--frozen" "--no-run" "--message-format=json", kill_on_drop: false }`
[INFO] [stdout] ae243eccc9672d035b8ff9f774c523673dfe0252cdd0e6c470d861222bb7a71c
[INFO] running `Command { std: "docker" "start" "-a" "ae243eccc9672d035b8ff9f774c523673dfe0252cdd0e6c470d861222bb7a71c", kill_on_drop: false }`
[INFO] [stderr]    Compiling openai-rs-api v1.1.3 (/opt/rustwide/workdir)
[INFO] [stderr]     Finished test [unoptimized + debuginfo] target(s) in 1.60s
[INFO] running `Command { std: "docker" "inspect" "ae243eccc9672d035b8ff9f774c523673dfe0252cdd0e6c470d861222bb7a71c", kill_on_drop: false }`
[INFO] running `Command { std: "docker" "rm" "-f" "ae243eccc9672d035b8ff9f774c523673dfe0252cdd0e6c470d861222bb7a71c", kill_on_drop: false }`
[INFO] [stdout] ae243eccc9672d035b8ff9f774c523673dfe0252cdd0e6c470d861222bb7a71c
[INFO] running `Command { std: "docker" "create" "-v" "/var/lib/crater-agent-workspace/builds/worker-3-tc2/target:/opt/rustwide/target:rw,Z" "-v" "/var/lib/crater-agent-workspace/builds/worker-3-tc2/source:/opt/rustwide/workdir:ro,Z" "-v" "/var/lib/crater-agent-workspace/cargo-home:/opt/rustwide/cargo-home:ro,Z" "-v" "/var/lib/crater-agent-workspace/rustup-home:/opt/rustwide/rustup-home:ro,Z" "-e" "SOURCE_DIR=/opt/rustwide/workdir" "-e" "CARGO_TARGET_DIR=/opt/rustwide/target" "-e" "CARGO_INCREMENTAL=0" "-e" "RUST_BACKTRACE=full" "-e" "RUSTFLAGS=--cap-lints=warn" "-e" "RUSTDOCFLAGS=--cap-lints=warn" "-e" "CARGO_HOME=/opt/rustwide/cargo-home" "-e" "RUSTUP_HOME=/opt/rustwide/rustup-home" "-w" "/opt/rustwide/workdir" "-m" "1610612736" "--user" "0:0" "--network" "none" "ghcr.io/rust-lang/crates-build-env/linux@sha256:2788e3201cd34a07e3172128adcd8b3090168a8e3bcc40d7c032b9dda1df7d1c" "/opt/rustwide/cargo-home/bin/cargo" "+beta-2023-12-22" "test" "--frozen", kill_on_drop: false }`
[INFO] [stdout] 67e23e18178cc4509adcfbe56d2e2e72cdc866bc01e3756e33ef220635ad4718
[INFO] running `Command { std: "docker" "start" "-a" "67e23e18178cc4509adcfbe56d2e2e72cdc866bc01e3756e33ef220635ad4718", kill_on_drop: false }`
[INFO] [stderr]     Finished test [unoptimized + debuginfo] target(s) in 0.08s
[INFO] [stderr]      Running unittests src/lib.rs (/opt/rustwide/target/debug/deps/openai_rs_api-aa56fc273165ed16)
[INFO] [stdout] 
[INFO] [stdout] running 0 tests
[INFO] [stdout] 
[INFO] [stdout] test result: ok. 0 passed; 0 failed; 0 ignored; 0 measured; 0 filtered out; finished in 0.00s
[INFO] [stdout] 
[INFO] [stderr]    Doc-tests openai-rs-api
[INFO] [stdout] 
[INFO] [stdout] running 1 test
[INFO] [stdout] test src/core/models.rs - core::models::completions::CompletionParameters::model (line 172) ... FAILED
[INFO] [stdout] 
[INFO] [stdout] failures:
[INFO] [stdout] 
[INFO] [stdout] ---- src/core/models.rs - core::models::completions::CompletionParameters::model (line 172) stdout ----
[INFO] [stdout] error[E0308]: arguments to this function are incorrect
[INFO] [stdout]   --> src/core/models.rs:179:18
[INFO] [stdout]    |
[INFO] [stdout] 9  |     let openai = OpenAI::new("your_api_key", "your_organization_id");
[INFO] [stdout]    |                  ^^^^^^^^^^^ --------------  ---------------------- expected `String`, found `&str`
[INFO] [stdout]    |                              |
[INFO] [stdout]    |                              expected `String`, found `&str`
[INFO] [stdout]    |
[INFO] [stdout] note: associated function defined here
[INFO] [stdout]   --> /opt/rustwide/workdir/src/core/mod.rs:47:12
[INFO] [stdout]    |
[INFO] [stdout] 47 |     pub fn new(token: String, oia_org: String) -> Self {
[INFO] [stdout]    |            ^^^
[INFO] [stdout] help: try using a conversion method
[INFO] [stdout]    |
[INFO] [stdout] 9  |     let openai = OpenAI::new("your_api_key".to_string(), "your_organization_id");
[INFO] [stdout]    |                                            ++++++++++++
[INFO] [stdout] help: try using a conversion method
[INFO] [stdout]    |
[INFO] [stdout] 9  |     let openai = OpenAI::new("your_api_key", "your_organization_id".to_string());
[INFO] [stdout]    |                                                                    ++++++++++++
[INFO] [stdout] 
[INFO] [stdout] error[E0277]: the `?` operator can only be used in an async block that returns `Result` or `Option` (or another type that implements `FromResidual`)
[INFO] [stdout]   --> src/core/models.rs:180:55
[INFO] [stdout]    |
[INFO] [stdout] 7  | #[tokio::main]
[INFO] [stdout]    | -------------- this function should return `Result` or `Option` to accept `?`
[INFO] [stdout] ...
[INFO] [stdout] 10 |     let models: ModelList = openai.list_models().await?;
[INFO] [stdout]    |                                                       ^ cannot use the `?` operator in an async block that returns `()`
[INFO] [stdout]    |
[INFO] [stdout]    = help: the trait `FromResidual<Result<Infallible, Box<dyn std::error::Error>>>` is not implemented for `()`
[INFO] [stdout] 
[INFO] [stdout] error[E0308]: mismatched types
[INFO] [stdout]   --> src/core/models.rs:181:5
[INFO] [stdout]    |
[INFO] [stdout] 8  | async fn main() -> Result<(), Box<dyn std::error::Error>> {
[INFO] [stdout]    |                    -------------------------------------- expected `Result<(), Box<(dyn std::error::Error + 'static)>>` because of return type
[INFO] [stdout] ...
[INFO] [stdout] 11 |     println!("{:#?}", models);
[INFO] [stdout]    |     ^^^^^^^^^^^^^^^^^^^^^^^^^^ expected `Result<(), Box<dyn Error>>`, found `()`
[INFO] [stdout]    |
[INFO] [stdout]    = note:   expected enum `Result<(), Box<(dyn std::error::Error + 'static)>>`
[INFO] [stdout]            found unit type `()`
[INFO] [stdout] help: try adding an expression at the end of the block
[INFO] [stdout]    |
[INFO] [stdout] 11 ~     println!("{:#?}", models);;
[INFO] [stdout] 12 +     Ok(())
[INFO] [stdout]    |
[INFO] [stdout] 
[INFO] [stdout] error: aborting due to 3 previous errors
[INFO] [stdout] 
[INFO] [stdout] Some errors have detailed explanations: E0277, E0308.
[INFO] [stdout] For more information about an error, try `rustc --explain E0277`.
[INFO] [stdout] Couldn't compile the test.
[INFO] [stdout] 
[INFO] [stdout] failures:
[INFO] [stdout]     src/core/models.rs - core::models::completions::CompletionParameters::model (line 172)
[INFO] [stdout] 
[INFO] [stdout] test result: FAILED. 0 passed; 1 failed; 0 ignored; 0 measured; 0 filtered out; finished in 0.14s
[INFO] [stdout] 
[INFO] [stderr] error: doctest failed, to rerun pass `--doc`
[INFO] running `Command { std: "docker" "inspect" "67e23e18178cc4509adcfbe56d2e2e72cdc866bc01e3756e33ef220635ad4718", kill_on_drop: false }`
[INFO] running `Command { std: "docker" "rm" "-f" "67e23e18178cc4509adcfbe56d2e2e72cdc866bc01e3756e33ef220635ad4718", kill_on_drop: false }`
[INFO] [stdout] 67e23e18178cc4509adcfbe56d2e2e72cdc866bc01e3756e33ef220635ad4718
