[INFO] fetching crate openai-func-enums-macros 0.2.2...
[INFO] testing openai-func-enums-macros-0.2.2 against 1.75.0 for beta-1.76-1
[INFO] extracting crate openai-func-enums-macros 0.2.2 into /workspace/builds/worker-2-tc1/source
[INFO] validating manifest of crates.io crate openai-func-enums-macros 0.2.2 on toolchain 1.75.0
[INFO] running `Command { std: CARGO_HOME="/workspace/cargo-home" RUSTUP_HOME="/workspace/rustup-home" "/workspace/cargo-home/bin/cargo" "+1.75.0" "metadata" "--manifest-path" "Cargo.toml" "--no-deps", kill_on_drop: false }`
[INFO] started tweaking crates.io crate openai-func-enums-macros 0.2.2
[INFO] finished tweaking crates.io crate openai-func-enums-macros 0.2.2
[INFO] tweaked toml for crates.io crate openai-func-enums-macros 0.2.2 written to /workspace/builds/worker-2-tc1/source/Cargo.toml
[INFO] running `Command { std: CARGO_HOME="/workspace/cargo-home" RUSTUP_HOME="/workspace/rustup-home" "/workspace/cargo-home/bin/cargo" "+1.75.0" "generate-lockfile" "--manifest-path" "Cargo.toml", kill_on_drop: false }`
[INFO] [stderr]     Updating crates.io index
[INFO] running `Command { std: CARGO_HOME="/workspace/cargo-home" RUSTUP_HOME="/workspace/rustup-home" "/workspace/cargo-home/bin/cargo" "+1.75.0" "fetch" "--manifest-path" "Cargo.toml", kill_on_drop: false }`
[INFO] [stderr]  Downloading crates ...
[INFO] [stderr]   Downloaded tiktoken-rs v0.4.5
[INFO] running `Command { std: "docker" "create" "-v" "/var/lib/crater-agent-workspace/builds/worker-2-tc1/target:/opt/rustwide/target:rw,Z" "-v" "/var/lib/crater-agent-workspace/builds/worker-2-tc1/source:/opt/rustwide/workdir:ro,Z" "-v" "/var/lib/crater-agent-workspace/cargo-home:/opt/rustwide/cargo-home:ro,Z" "-v" "/var/lib/crater-agent-workspace/rustup-home:/opt/rustwide/rustup-home:ro,Z" "-e" "SOURCE_DIR=/opt/rustwide/workdir" "-e" "CARGO_TARGET_DIR=/opt/rustwide/target" "-e" "CARGO_HOME=/opt/rustwide/cargo-home" "-e" "RUSTUP_HOME=/opt/rustwide/rustup-home" "-w" "/opt/rustwide/workdir" "-m" "1610612736" "--user" "0:0" "--network" "none" "ghcr.io/rust-lang/crates-build-env/linux@sha256:2788e3201cd34a07e3172128adcd8b3090168a8e3bcc40d7c032b9dda1df7d1c" "/opt/rustwide/cargo-home/bin/cargo" "+1.75.0" "metadata" "--no-deps" "--format-version=1", kill_on_drop: false }`
[INFO] [stdout] 5737b6296662358f305313b200f98dd79d5a9e36e404f8da95eb6ff579c5ba18
[INFO] running `Command { std: "docker" "start" "-a" "5737b6296662358f305313b200f98dd79d5a9e36e404f8da95eb6ff579c5ba18", kill_on_drop: false }`
[INFO] running `Command { std: "docker" "inspect" "5737b6296662358f305313b200f98dd79d5a9e36e404f8da95eb6ff579c5ba18", kill_on_drop: false }`
[INFO] running `Command { std: "docker" "rm" "-f" "5737b6296662358f305313b200f98dd79d5a9e36e404f8da95eb6ff579c5ba18", kill_on_drop: false }`
[INFO] [stdout] 5737b6296662358f305313b200f98dd79d5a9e36e404f8da95eb6ff579c5ba18
[INFO] running `Command { std: "docker" "create" "-v" "/var/lib/crater-agent-workspace/builds/worker-2-tc1/target:/opt/rustwide/target:rw,Z" "-v" "/var/lib/crater-agent-workspace/builds/worker-2-tc1/source:/opt/rustwide/workdir:ro,Z" "-v" "/var/lib/crater-agent-workspace/cargo-home:/opt/rustwide/cargo-home:ro,Z" "-v" "/var/lib/crater-agent-workspace/rustup-home:/opt/rustwide/rustup-home:ro,Z" "-e" "SOURCE_DIR=/opt/rustwide/workdir" "-e" "CARGO_TARGET_DIR=/opt/rustwide/target" "-e" "CARGO_INCREMENTAL=0" "-e" "RUST_BACKTRACE=full" "-e" "RUSTFLAGS=--cap-lints=warn" "-e" "RUSTDOCFLAGS=--cap-lints=warn" "-e" "CARGO_HOME=/opt/rustwide/cargo-home" "-e" "RUSTUP_HOME=/opt/rustwide/rustup-home" "-w" "/opt/rustwide/workdir" "-m" "1610612736" "--user" "0:0" "--network" "none" "ghcr.io/rust-lang/crates-build-env/linux@sha256:2788e3201cd34a07e3172128adcd8b3090168a8e3bcc40d7c032b9dda1df7d1c" "/opt/rustwide/cargo-home/bin/cargo" "+1.75.0" "build" "--frozen" "--message-format=json", kill_on_drop: false }`
[INFO] [stdout] 37cae316616ba9fbd895ac7fea14e2b3a1518e5991744037bc04394e408aef1a
[INFO] running `Command { std: "docker" "start" "-a" "37cae316616ba9fbd895ac7fea14e2b3a1518e5991744037bc04394e408aef1a", kill_on_drop: false }`
[INFO] [stderr]    Compiling memchr v2.7.1
[INFO] [stderr]    Compiling parking_lot_core v0.9.9
[INFO] [stderr]    Compiling smallvec v1.11.2
[INFO] [stderr]    Compiling bit-vec v0.6.3
[INFO] [stderr]    Compiling scopeguard v1.2.0
[INFO] [stderr]    Compiling base64 v0.21.5
[INFO] [stderr]    Compiling libc v0.2.151
[INFO] [stderr]    Compiling anyhow v1.0.79
[INFO] [stderr]    Compiling lock_api v0.4.11
[INFO] [stderr]    Compiling syn v2.0.48
[INFO] [stderr]    Compiling bit-set v0.5.3
[INFO] [stderr]    Compiling aho-corasick v1.1.2
[INFO] [stderr]    Compiling parking_lot v0.12.1
[INFO] [stderr]    Compiling regex-automata v0.4.3
[INFO] [stderr]    Compiling regex v1.10.2
[INFO] [stderr]    Compiling bstr v1.9.0
[INFO] [stderr]    Compiling fancy-regex v0.11.0
[INFO] [stderr]    Compiling tiktoken-rs v0.4.5
[INFO] [stderr]    Compiling openai-func-enums-macros v0.2.2 (/opt/rustwide/workdir)
[INFO] [stderr]     Finished dev [unoptimized + debuginfo] target(s) in 8.85s
[INFO] running `Command { std: "docker" "inspect" "37cae316616ba9fbd895ac7fea14e2b3a1518e5991744037bc04394e408aef1a", kill_on_drop: false }`
[INFO] running `Command { std: "docker" "rm" "-f" "37cae316616ba9fbd895ac7fea14e2b3a1518e5991744037bc04394e408aef1a", kill_on_drop: false }`
[INFO] [stdout] 37cae316616ba9fbd895ac7fea14e2b3a1518e5991744037bc04394e408aef1a
[INFO] running `Command { std: "docker" "create" "-v" "/var/lib/crater-agent-workspace/builds/worker-2-tc1/target:/opt/rustwide/target:rw,Z" "-v" "/var/lib/crater-agent-workspace/builds/worker-2-tc1/source:/opt/rustwide/workdir:ro,Z" "-v" "/var/lib/crater-agent-workspace/cargo-home:/opt/rustwide/cargo-home:ro,Z" "-v" "/var/lib/crater-agent-workspace/rustup-home:/opt/rustwide/rustup-home:ro,Z" "-e" "SOURCE_DIR=/opt/rustwide/workdir" "-e" "CARGO_TARGET_DIR=/opt/rustwide/target" "-e" "CARGO_INCREMENTAL=0" "-e" "RUST_BACKTRACE=full" "-e" "RUSTFLAGS=--cap-lints=warn" "-e" "RUSTDOCFLAGS=--cap-lints=warn" "-e" "CARGO_HOME=/opt/rustwide/cargo-home" "-e" "RUSTUP_HOME=/opt/rustwide/rustup-home" "-w" "/opt/rustwide/workdir" "-m" "1610612736" "--user" "0:0" "--network" "none" "ghcr.io/rust-lang/crates-build-env/linux@sha256:2788e3201cd34a07e3172128adcd8b3090168a8e3bcc40d7c032b9dda1df7d1c" "/opt/rustwide/cargo-home/bin/cargo" "+1.75.0" "test" "--frozen" "--no-run" "--message-format=json", kill_on_drop: false }`
[INFO] [stdout] aa282607721fffa656dbf710ba10c7af0a6b3f35448f89e84e973f9315867593
[INFO] running `Command { std: "docker" "start" "-a" "aa282607721fffa656dbf710ba10c7af0a6b3f35448f89e84e973f9315867593", kill_on_drop: false }`
[INFO] [stderr]    Compiling openai-func-enums-macros v0.2.2 (/opt/rustwide/workdir)
[INFO] [stderr]     Finished test [unoptimized + debuginfo] target(s) in 2.29s
[INFO] running `Command { std: "docker" "inspect" "aa282607721fffa656dbf710ba10c7af0a6b3f35448f89e84e973f9315867593", kill_on_drop: false }`
[INFO] running `Command { std: "docker" "rm" "-f" "aa282607721fffa656dbf710ba10c7af0a6b3f35448f89e84e973f9315867593", kill_on_drop: false }`
[INFO] [stdout] aa282607721fffa656dbf710ba10c7af0a6b3f35448f89e84e973f9315867593
[INFO] running `Command { std: "docker" "create" "-v" "/var/lib/crater-agent-workspace/builds/worker-2-tc1/target:/opt/rustwide/target:rw,Z" "-v" "/var/lib/crater-agent-workspace/builds/worker-2-tc1/source:/opt/rustwide/workdir:ro,Z" "-v" "/var/lib/crater-agent-workspace/cargo-home:/opt/rustwide/cargo-home:ro,Z" "-v" "/var/lib/crater-agent-workspace/rustup-home:/opt/rustwide/rustup-home:ro,Z" "-e" "SOURCE_DIR=/opt/rustwide/workdir" "-e" "CARGO_TARGET_DIR=/opt/rustwide/target" "-e" "CARGO_INCREMENTAL=0" "-e" "RUST_BACKTRACE=full" "-e" "RUSTFLAGS=--cap-lints=warn" "-e" "RUSTDOCFLAGS=--cap-lints=warn" "-e" "CARGO_HOME=/opt/rustwide/cargo-home" "-e" "RUSTUP_HOME=/opt/rustwide/rustup-home" "-w" "/opt/rustwide/workdir" "-m" "1610612736" "--user" "0:0" "--network" "none" "ghcr.io/rust-lang/crates-build-env/linux@sha256:2788e3201cd34a07e3172128adcd8b3090168a8e3bcc40d7c032b9dda1df7d1c" "/opt/rustwide/cargo-home/bin/cargo" "+1.75.0" "test" "--frozen", kill_on_drop: false }`
[INFO] [stdout] ecc52aff6306a9fc1e3ab7aebbd7cd1f6ebed6344b066c48231d6b37f952b5bc
[INFO] running `Command { std: "docker" "start" "-a" "ecc52aff6306a9fc1e3ab7aebbd7cd1f6ebed6344b066c48231d6b37f952b5bc", kill_on_drop: false }`
[INFO] [stderr]     Finished test [unoptimized + debuginfo] target(s) in 0.05s
[INFO] [stderr]      Running unittests src/lib.rs (/opt/rustwide/target/debug/deps/openai_func_enums_macros-35aa14733fb5967d)
[INFO] [stdout] 
[INFO] [stdout] running 0 tests
[INFO] [stdout] 
[INFO] [stdout] test result: ok. 0 passed; 0 failed; 0 ignored; 0 measured; 0 filtered out; finished in 0.00s
[INFO] [stderr]    Doc-tests openai-func-enums-macros
[INFO] [stdout] 
[INFO] [stdout] 
[INFO] [stdout] running 10 tests
[INFO] [stdout] test src/lib.rs - arg_description (line 14) ... FAILED
[INFO] [stdout] test src/lib.rs - enum_descriptor_derive (line 47) ... FAILED
[INFO] [stdout] test src/lib.rs - enum_descriptor_derive (line 57) ... FAILED
[INFO] [stdout] test src/lib.rs - variant_descriptors_derive (line 136) ... FAILED
[INFO] [stdout] test src/lib.rs - derive_function_call_response (line 396) ... FAILED
[INFO] [stdout] test src/lib.rs - func_description (line 370) ... FAILED
[INFO] [stdout] test src/lib.rs - generate_enum_info (line 232) ... FAILED
[INFO] [stdout] test src/lib.rs - variant_descriptors_derive (line 146) ... FAILED
[INFO] [stdout] test src/lib.rs - calculate_token_count (line 1158) ... FAILED
[INFO] [stdout] test src/lib.rs - to_snake_case (line 1186) ... FAILED
[INFO] [stdout] 
[INFO] [stdout] failures:
[INFO] [stdout] 
[INFO] [stdout] ---- src/lib.rs - arg_description (line 14) stdout ----
[INFO] [stdout] error: cannot find derive macro `EnumDescriptor` in this scope
[INFO] [stdout]  --> src/lib.rs:16:10
[INFO] [stdout]   |
[INFO] [stdout] 4 | #[derive(EnumDescriptor)]
[INFO] [stdout]   |          ^^^^^^^^^^^^^^
[INFO] [stdout]   |
[INFO] [stdout] help: consider importing this derive macro
[INFO] [stdout]   |
[INFO] [stdout] 2 + use openai_func_enums_macros::EnumDescriptor;
[INFO] [stdout]   |
[INFO] [stdout] 
[INFO] [stdout] error: cannot find attribute `arg_description` in this scope
[INFO] [stdout]  --> src/lib.rs:15:3
[INFO] [stdout]   |
[INFO] [stdout] 3 | #[arg_description(description = "This is a sample enum.", tokens = 5)]
[INFO] [stdout]   |   ^^^^^^^^^^^^^^^
[INFO] [stdout]   |
[INFO] [stdout] help: consider importing this attribute macro
[INFO] [stdout]   |
[INFO] [stdout] 2 + use openai_func_enums_macros::arg_description;
[INFO] [stdout]   |
[INFO] [stdout] 
[INFO] [stdout] error: aborting due to 2 previous errors
[INFO] [stdout] 
[INFO] [stdout] Couldn't compile the test.
[INFO] [stdout] ---- src/lib.rs - enum_descriptor_derive (line 47) stdout ----
[INFO] [stdout] error: cannot find derive macro `EnumDescriptor` in this scope
[INFO] [stdout]  --> src/lib.rs:48:10
[INFO] [stdout]   |
[INFO] [stdout] 3 | #[derive(EnumDescriptor)]
[INFO] [stdout]   |          ^^^^^^^^^^^^^^
[INFO] [stdout]   |
[INFO] [stdout] help: consider importing this derive macro
[INFO] [stdout]   |
[INFO] [stdout] 2 + use openai_func_enums_macros::EnumDescriptor;
[INFO] [stdout]   |
[INFO] [stdout] 
[INFO] [stdout] error: aborting due to previous error
[INFO] [stdout] 
[INFO] [stdout] Couldn't compile the test.
[INFO] [stdout] ---- src/lib.rs - enum_descriptor_derive (line 57) stdout ----
[INFO] [stdout] error[E0405]: cannot find trait `EnumDescriptor` in this scope
[INFO] [stdout]  --> src/lib.rs:58:6
[INFO] [stdout]   |
[INFO] [stdout] 3 | impl EnumDescriptor for MyEnum {
[INFO] [stdout]   |      ^^^^^^^^^^^^^^ not found in this scope
[INFO] [stdout] 
[INFO] [stdout] error[E0412]: cannot find type `MyEnum` in this scope
[INFO] [stdout]  --> src/lib.rs:58:25
[INFO] [stdout]   |
[INFO] [stdout] 3 | impl EnumDescriptor for MyEnum {
[INFO] [stdout]   |                         ^^^^^^ not found in this scope
[INFO] [stdout] 
[INFO] [stdout] error: aborting due to 2 previous errors
[INFO] [stdout] 
[INFO] [stdout] Some errors have detailed explanations: E0405, E0412.
[INFO] [stdout] For more information about an error, try `rustc --explain E0405`.
[INFO] [stdout] Couldn't compile the test.
[INFO] [stdout] ---- src/lib.rs - variant_descriptors_derive (line 136) stdout ----
[INFO] [stdout] error: cannot find derive macro `VariantDescriptors` in this scope
[INFO] [stdout]  --> src/lib.rs:137:10
[INFO] [stdout]   |
[INFO] [stdout] 3 | #[derive(VariantDescriptors)]
[INFO] [stdout]   |          ^^^^^^^^^^^^^^^^^^
[INFO] [stdout]   |
[INFO] [stdout] help: consider importing this derive macro
[INFO] [stdout]   |
[INFO] [stdout] 2 + use openai_func_enums_macros::VariantDescriptors;
[INFO] [stdout]   |
[INFO] [stdout] 
[INFO] [stdout] error: aborting due to previous error
[INFO] [stdout] 
[INFO] [stdout] Couldn't compile the test.
[INFO] [stdout] ---- src/lib.rs - derive_function_call_response (line 396) stdout ----
[INFO] [stdout] error: cannot find derive macro `FunctionCallResponse` in this scope
[INFO] [stdout]  --> src/lib.rs:397:10
[INFO] [stdout]   |
[INFO] [stdout] 3 | #[derive(FunctionCallResponse)]
[INFO] [stdout]   |          ^^^^^^^^^^^^^^^^^^^^
[INFO] [stdout]   |
[INFO] [stdout] help: consider importing this derive macro
[INFO] [stdout]   |
[INFO] [stdout] 2 + use openai_func_enums_macros::FunctionCallResponse;
[INFO] [stdout]   |
[INFO] [stdout] 
[INFO] [stdout] error: cannot find attribute `func_description` in this scope
[INFO] [stdout]  --> src/lib.rs:398:3
[INFO] [stdout]   |
[INFO] [stdout] 4 | #[func_description]
[INFO] [stdout]   |   ^^^^^^^^^^^^^^^^
[INFO] [stdout]   |
[INFO] [stdout] help: consider importing this attribute macro
[INFO] [stdout]   |
[INFO] [stdout] 2 + use openai_func_enums_macros::func_description;
[INFO] [stdout]   |
[INFO] [stdout] 
[INFO] [stdout] error: aborting due to 2 previous errors
[INFO] [stdout] 
[INFO] [stdout] Couldn't compile the test.
[INFO] [stdout] ---- src/lib.rs - func_description (line 370) stdout ----
[INFO] [stdout] error: cannot find attribute `func_description` in this scope
[INFO] [stdout]  --> src/lib.rs:372:7
[INFO] [stdout]   |
[INFO] [stdout] 4 |     #[func_description(description="This function does a thing.")]
[INFO] [stdout]   |       ^^^^^^^^^^^^^^^^
[INFO] [stdout]   |
[INFO] [stdout] help: consider importing this attribute macro
[INFO] [stdout]   |
[INFO] [stdout] 2 + use openai_func_enums_macros::func_description;
[INFO] [stdout]   |
[INFO] [stdout] 
[INFO] [stdout] error: cannot find attribute `func_description` in this scope
[INFO] [stdout]  --> src/lib.rs:374:7
[INFO] [stdout]   |
[INFO] [stdout] 6 |     #[func_description(description="This function does another thing.")]
[INFO] [stdout]   |       ^^^^^^^^^^^^^^^^
[INFO] [stdout]   |
[INFO] [stdout] help: consider importing this attribute macro
[INFO] [stdout]   |
[INFO] [stdout] 2 + use openai_func_enums_macros::func_description;
[INFO] [stdout]   |
[INFO] [stdout] 
[INFO] [stdout] error: aborting due to 2 previous errors
[INFO] [stdout] 
[INFO] [stdout] Couldn't compile the test.
[INFO] [stdout] ---- src/lib.rs - generate_enum_info (line 232) stdout ----
[INFO] [stdout] error[E0432]: unresolved import `serde_json`
[INFO] [stdout]  --> src/lib.rs:234:9
[INFO] [stdout]   |
[INFO] [stdout] 4 |     use serde_json::Value;
[INFO] [stdout]   |         ^^^^^^^^^^ use of undeclared crate or module `serde_json`
[INFO] [stdout] 
[INFO] [stdout] error[E0433]: failed to resolve: use of undeclared crate or module `serde_json`
[INFO] [stdout]   --> src/lib.rs:251:21
[INFO] [stdout]    |
[INFO] [stdout] 21 |     let json_enum = serde_json::json!({
[INFO] [stdout]    |                     ^^^^^^^^^^ use of undeclared crate or module `serde_json`
[INFO] [stdout] 
[INFO] [stdout] error[E0433]: failed to resolve: could not find `openai_func_enums` in the list of imported crates
[INFO] [stdout]  --> src/lib.rs:237:46
[INFO] [stdout]   |
[INFO] [stdout] 7 |     let (arg_desc, arg_count) = <MyEnum as ::openai_func_enums::FunctionArgument>::argument_description_with_token_count();
[INFO] [stdout]   |                                              ^^^^^^^^^^^^^^^^^ could not find `openai_func_enums` in the list of imported crates
[INFO] [stdout] 
[INFO] [stdout] error[E0412]: cannot find type `MyEnum` in this scope
[INFO] [stdout]  --> src/lib.rs:237:34
[INFO] [stdout]   |
[INFO] [stdout] 7 |     let (arg_desc, arg_count) = <MyEnum as ::openai_func_enums::FunctionArgument>::argument_description_with_token_count();
[INFO] [stdout]   |                                  ^^^^^^ not found in this scope
[INFO] [stdout] 
[INFO] [stdout] error[E0405]: cannot find trait `EnumDescriptor` in this scope
[INFO] [stdout]   --> src/lib.rs:244:32
[INFO] [stdout]    |
[INFO] [stdout] 14 |     let enum_name = <MyEnum as EnumDescriptor>::name_with_token_count();
[INFO] [stdout]    |                                ^^^^^^^^^^^^^^ not found in this scope
[INFO] [stdout] 
[INFO] [stdout] error[E0412]: cannot find type `MyEnum` in this scope
[INFO] [stdout]   --> src/lib.rs:244:22
[INFO] [stdout]    |
[INFO] [stdout] 14 |     let enum_name = <MyEnum as EnumDescriptor>::name_with_token_count();
[INFO] [stdout]    |                      ^^^^^^ not found in this scope
[INFO] [stdout] 
[INFO] [stdout] error[E0405]: cannot find trait `VariantDescriptors` in this scope
[INFO] [stdout]   --> src/lib.rs:248:36
[INFO] [stdout]    |
[INFO] [stdout] 18 |     let enum_variants = <MyEnum as VariantDescriptors>::variant_names_with_token_counts();
[INFO] [stdout]    |                                    ^^^^^^^^^^^^^^^^^^ not found in this scope
[INFO] [stdout] 
[INFO] [stdout] error[E0412]: cannot find type `MyEnum` in this scope
[INFO] [stdout]   --> src/lib.rs:248:26
[INFO] [stdout]    |
[INFO] [stdout] 18 |     let enum_variants = <MyEnum as VariantDescriptors>::variant_names_with_token_counts();
[INFO] [stdout]    |                          ^^^^^^ not found in this scope
[INFO] [stdout] 
[INFO] [stdout] error: aborting due to 8 previous errors
[INFO] [stdout] 
[INFO] [stdout] Some errors have detailed explanations: E0405, E0412, E0432, E0433.
[INFO] [stdout] For more information about an error, try `rustc --explain E0405`.
[INFO] [stdout] Couldn't compile the test.
[INFO] [stdout] ---- src/lib.rs - variant_descriptors_derive (line 146) stdout ----
[INFO] [stdout] error[E0405]: cannot find trait `VariantDescriptors` in this scope
[INFO] [stdout]  --> src/lib.rs:147:6
[INFO] [stdout]   |
[INFO] [stdout] 3 | impl VariantDescriptors for MyEnum {
[INFO] [stdout]   |      ^^^^^^^^^^^^^^^^^^ not found in this scope
[INFO] [stdout] 
[INFO] [stdout] error[E0412]: cannot find type `MyEnum` in this scope
[INFO] [stdout]  --> src/lib.rs:147:29
[INFO] [stdout]   |
[INFO] [stdout] 3 | impl VariantDescriptors for MyEnum {
[INFO] [stdout]   |                             ^^^^^^ not found in this scope
[INFO] [stdout] 
[INFO] [stdout] error: aborting due to 2 previous errors
[INFO] [stdout] 
[INFO] [stdout] Some errors have detailed explanations: E0405, E0412.
[INFO] [stdout] For more information about an error, try `rustc --explain E0405`.
[INFO] [stdout] Couldn't compile the test.
[INFO] [stdout] ---- src/lib.rs - calculate_token_count (line 1158) stdout ----
[INFO] [stdout] error[E0425]: cannot find function `calculate_token_count` in this scope
[INFO] [stdout]  --> src/lib.rs:1160:19
[INFO] [stdout]   |
[INFO] [stdout] 4 | let token_count = calculate_token_count(text);
[INFO] [stdout]   |                   ^^^^^^^^^^^^^^^^^^^^^ not found in this scope
[INFO] [stdout] 
[INFO] [stdout] error: aborting due to previous error
[INFO] [stdout] 
[INFO] [stdout] For more information about this error, try `rustc --explain E0425`.
[INFO] [stdout] Couldn't compile the test.
[INFO] [stdout] ---- src/lib.rs - to_snake_case (line 1186) stdout ----
[INFO] [stdout] error[E0425]: cannot find function `to_snake_case` in this scope
[INFO] [stdout]  --> src/lib.rs:1188:18
[INFO] [stdout]   |
[INFO] [stdout] 4 | let snake_case = to_snake_case(camel_case);
[INFO] [stdout]   |                  ^^^^^^^^^^^^^ not found in this scope
[INFO] [stdout] 
[INFO] [stdout] error: aborting due to previous error
[INFO] [stdout] 
[INFO] [stdout] For more information about this error, try `rustc --explain E0425`.
[INFO] [stdout] Couldn't compile the test.
[INFO] [stdout] 
[INFO] [stdout] failures:
[INFO] [stdout]     src/lib.rs - arg_description (line 14)
[INFO] [stdout]     src/lib.rs - calculate_token_count (line 1158)
[INFO] [stdout]     src/lib.rs - derive_function_call_response (line 396)
[INFO] [stdout]     src/lib.rs - enum_descriptor_derive (line 47)
[INFO] [stdout]     src/lib.rs - enum_descriptor_derive (line 57)
[INFO] [stdout]     src/lib.rs - func_description (line 370)
[INFO] [stdout]     src/lib.rs - generate_enum_info (line 232)
[INFO] [stdout]     src/lib.rs - to_snake_case (line 1186)
[INFO] [stdout]     src/lib.rs - variant_descriptors_derive (line 136)
[INFO] [stdout]     src/lib.rs - variant_descriptors_derive (line 146)
[INFO] [stdout] 
[INFO] [stdout] test result: FAILED. 0 passed; 10 failed; 0 ignored; 0 measured; 0 filtered out; finished in 0.26s
[INFO] [stdout] 
[INFO] [stderr] error: doctest failed, to rerun pass `--doc`
[INFO] running `Command { std: "docker" "inspect" "ecc52aff6306a9fc1e3ab7aebbd7cd1f6ebed6344b066c48231d6b37f952b5bc", kill_on_drop: false }`
[INFO] running `Command { std: "docker" "rm" "-f" "ecc52aff6306a9fc1e3ab7aebbd7cd1f6ebed6344b066c48231d6b37f952b5bc", kill_on_drop: false }`
[INFO] [stdout] ecc52aff6306a9fc1e3ab7aebbd7cd1f6ebed6344b066c48231d6b37f952b5bc
