[INFO] fetching crate open-rpc 0.1.0...
[INFO] testing open-rpc-0.1.0 against 1.75.0 for beta-1.76-1
[INFO] extracting crate open-rpc 0.1.0 into /workspace/builds/worker-4-tc1/source
[INFO] validating manifest of crates.io crate open-rpc 0.1.0 on toolchain 1.75.0
[INFO] running `Command { std: CARGO_HOME="/workspace/cargo-home" RUSTUP_HOME="/workspace/rustup-home" "/workspace/cargo-home/bin/cargo" "+1.75.0" "metadata" "--manifest-path" "Cargo.toml" "--no-deps", kill_on_drop: false }`
[INFO] started tweaking crates.io crate open-rpc 0.1.0
[INFO] finished tweaking crates.io crate open-rpc 0.1.0
[INFO] tweaked toml for crates.io crate open-rpc 0.1.0 written to /workspace/builds/worker-4-tc1/source/Cargo.toml
[INFO] running `Command { std: CARGO_HOME="/workspace/cargo-home" RUSTUP_HOME="/workspace/rustup-home" "/workspace/cargo-home/bin/cargo" "+1.75.0" "generate-lockfile" "--manifest-path" "Cargo.toml", kill_on_drop: false }`
[INFO] [stderr]     Updating crates.io index
[INFO] running `Command { std: CARGO_HOME="/workspace/cargo-home" RUSTUP_HOME="/workspace/rustup-home" "/workspace/cargo-home/bin/cargo" "+1.75.0" "fetch" "--manifest-path" "Cargo.toml", kill_on_drop: false }`
[INFO] running `Command { std: "docker" "create" "-v" "/var/lib/crater-agent-workspace/builds/worker-4-tc1/target:/opt/rustwide/target:rw,Z" "-v" "/var/lib/crater-agent-workspace/builds/worker-4-tc1/source:/opt/rustwide/workdir:ro,Z" "-v" "/var/lib/crater-agent-workspace/cargo-home:/opt/rustwide/cargo-home:ro,Z" "-v" "/var/lib/crater-agent-workspace/rustup-home:/opt/rustwide/rustup-home:ro,Z" "-e" "SOURCE_DIR=/opt/rustwide/workdir" "-e" "CARGO_TARGET_DIR=/opt/rustwide/target" "-e" "CARGO_HOME=/opt/rustwide/cargo-home" "-e" "RUSTUP_HOME=/opt/rustwide/rustup-home" "-w" "/opt/rustwide/workdir" "-m" "1610612736" "--user" "0:0" "--network" "none" "ghcr.io/rust-lang/crates-build-env/linux@sha256:2788e3201cd34a07e3172128adcd8b3090168a8e3bcc40d7c032b9dda1df7d1c" "/opt/rustwide/cargo-home/bin/cargo" "+1.75.0" "metadata" "--no-deps" "--format-version=1", kill_on_drop: false }`
[INFO] [stdout] e62a524d2b1775175d335f41a34181135df039539ee685071049437ab7df5026
[INFO] running `Command { std: "docker" "start" "-a" "e62a524d2b1775175d335f41a34181135df039539ee685071049437ab7df5026", kill_on_drop: false }`
[INFO] running `Command { std: "docker" "inspect" "e62a524d2b1775175d335f41a34181135df039539ee685071049437ab7df5026", kill_on_drop: false }`
[INFO] running `Command { std: "docker" "rm" "-f" "e62a524d2b1775175d335f41a34181135df039539ee685071049437ab7df5026", kill_on_drop: false }`
[INFO] [stdout] e62a524d2b1775175d335f41a34181135df039539ee685071049437ab7df5026
[INFO] running `Command { std: "docker" "create" "-v" "/var/lib/crater-agent-workspace/builds/worker-4-tc1/target:/opt/rustwide/target:rw,Z" "-v" "/var/lib/crater-agent-workspace/builds/worker-4-tc1/source:/opt/rustwide/workdir:ro,Z" "-v" "/var/lib/crater-agent-workspace/cargo-home:/opt/rustwide/cargo-home:ro,Z" "-v" "/var/lib/crater-agent-workspace/rustup-home:/opt/rustwide/rustup-home:ro,Z" "-e" "SOURCE_DIR=/opt/rustwide/workdir" "-e" "CARGO_TARGET_DIR=/opt/rustwide/target" "-e" "CARGO_INCREMENTAL=0" "-e" "RUST_BACKTRACE=full" "-e" "RUSTFLAGS=--cap-lints=warn" "-e" "RUSTDOCFLAGS=--cap-lints=warn" "-e" "CARGO_HOME=/opt/rustwide/cargo-home" "-e" "RUSTUP_HOME=/opt/rustwide/rustup-home" "-w" "/opt/rustwide/workdir" "-m" "1610612736" "--user" "0:0" "--network" "none" "ghcr.io/rust-lang/crates-build-env/linux@sha256:2788e3201cd34a07e3172128adcd8b3090168a8e3bcc40d7c032b9dda1df7d1c" "/opt/rustwide/cargo-home/bin/cargo" "+1.75.0" "build" "--frozen" "--message-format=json", kill_on_drop: false }`
[INFO] [stdout] df2715df1aa45e9693ad1ed677f3c59c8877b5971da15abb5e4f583a2be58a44
[INFO] running `Command { std: "docker" "start" "-a" "df2715df1aa45e9693ad1ed677f3c59c8877b5971da15abb5e4f583a2be58a44", kill_on_drop: false }`
[INFO] [stderr]    Compiling serde v1.0.194
[INFO] [stderr]    Compiling serde_json v1.0.111
[INFO] [stderr]    Compiling itoa v1.0.10
[INFO] [stderr]    Compiling ryu v1.0.16
[INFO] [stderr]    Compiling syn v2.0.48
[INFO] [stderr]    Compiling serde_derive v1.0.194
[INFO] [stderr]    Compiling open-rpc v0.1.0 (/opt/rustwide/workdir)
[INFO] [stderr]     Finished dev [unoptimized + debuginfo] target(s) in 10.24s
[INFO] running `Command { std: "docker" "inspect" "df2715df1aa45e9693ad1ed677f3c59c8877b5971da15abb5e4f583a2be58a44", kill_on_drop: false }`
[INFO] running `Command { std: "docker" "rm" "-f" "df2715df1aa45e9693ad1ed677f3c59c8877b5971da15abb5e4f583a2be58a44", kill_on_drop: false }`
[INFO] [stdout] df2715df1aa45e9693ad1ed677f3c59c8877b5971da15abb5e4f583a2be58a44
[INFO] running `Command { std: "docker" "create" "-v" "/var/lib/crater-agent-workspace/builds/worker-4-tc1/target:/opt/rustwide/target:rw,Z" "-v" "/var/lib/crater-agent-workspace/builds/worker-4-tc1/source:/opt/rustwide/workdir:ro,Z" "-v" "/var/lib/crater-agent-workspace/cargo-home:/opt/rustwide/cargo-home:ro,Z" "-v" "/var/lib/crater-agent-workspace/rustup-home:/opt/rustwide/rustup-home:ro,Z" "-e" "SOURCE_DIR=/opt/rustwide/workdir" "-e" "CARGO_TARGET_DIR=/opt/rustwide/target" "-e" "CARGO_INCREMENTAL=0" "-e" "RUST_BACKTRACE=full" "-e" "RUSTFLAGS=--cap-lints=warn" "-e" "RUSTDOCFLAGS=--cap-lints=warn" "-e" "CARGO_HOME=/opt/rustwide/cargo-home" "-e" "RUSTUP_HOME=/opt/rustwide/rustup-home" "-w" "/opt/rustwide/workdir" "-m" "1610612736" "--user" "0:0" "--network" "none" "ghcr.io/rust-lang/crates-build-env/linux@sha256:2788e3201cd34a07e3172128adcd8b3090168a8e3bcc40d7c032b9dda1df7d1c" "/opt/rustwide/cargo-home/bin/cargo" "+1.75.0" "test" "--frozen" "--no-run" "--message-format=json", kill_on_drop: false }`
[INFO] [stdout] 58f62bdabe36b743d87ddb9a989e8bf24d123828f292db759160f1708f46c0a6
[INFO] running `Command { std: "docker" "start" "-a" "58f62bdabe36b743d87ddb9a989e8bf24d123828f292db759160f1708f46c0a6", kill_on_drop: false }`
[INFO] [stderr]    Compiling open-rpc v0.1.0 (/opt/rustwide/workdir)
[INFO] [stderr]     Finished test [unoptimized + debuginfo] target(s) in 1.10s
[INFO] running `Command { std: "docker" "inspect" "58f62bdabe36b743d87ddb9a989e8bf24d123828f292db759160f1708f46c0a6", kill_on_drop: false }`
[INFO] running `Command { std: "docker" "rm" "-f" "58f62bdabe36b743d87ddb9a989e8bf24d123828f292db759160f1708f46c0a6", kill_on_drop: false }`
[INFO] [stdout] 58f62bdabe36b743d87ddb9a989e8bf24d123828f292db759160f1708f46c0a6
[INFO] running `Command { std: "docker" "create" "-v" "/var/lib/crater-agent-workspace/builds/worker-4-tc1/target:/opt/rustwide/target:rw,Z" "-v" "/var/lib/crater-agent-workspace/builds/worker-4-tc1/source:/opt/rustwide/workdir:ro,Z" "-v" "/var/lib/crater-agent-workspace/cargo-home:/opt/rustwide/cargo-home:ro,Z" "-v" "/var/lib/crater-agent-workspace/rustup-home:/opt/rustwide/rustup-home:ro,Z" "-e" "SOURCE_DIR=/opt/rustwide/workdir" "-e" "CARGO_TARGET_DIR=/opt/rustwide/target" "-e" "CARGO_INCREMENTAL=0" "-e" "RUST_BACKTRACE=full" "-e" "RUSTFLAGS=--cap-lints=warn" "-e" "RUSTDOCFLAGS=--cap-lints=warn" "-e" "CARGO_HOME=/opt/rustwide/cargo-home" "-e" "RUSTUP_HOME=/opt/rustwide/rustup-home" "-w" "/opt/rustwide/workdir" "-m" "1610612736" "--user" "0:0" "--network" "none" "ghcr.io/rust-lang/crates-build-env/linux@sha256:2788e3201cd34a07e3172128adcd8b3090168a8e3bcc40d7c032b9dda1df7d1c" "/opt/rustwide/cargo-home/bin/cargo" "+1.75.0" "test" "--frozen", kill_on_drop: false }`
[INFO] [stdout] f78852953b5e9a4fb8df6283e9b8ae7662b845a05105b5f4916e04b22cbe51de
[INFO] running `Command { std: "docker" "start" "-a" "f78852953b5e9a4fb8df6283e9b8ae7662b845a05105b5f4916e04b22cbe51de", kill_on_drop: false }`
[INFO] [stderr]     Finished test [unoptimized + debuginfo] target(s) in 0.01s
[INFO] [stderr]      Running unittests src/lib.rs (/opt/rustwide/target/debug/deps/open_rpc-755772ea0d35fc60)
[INFO] [stdout] 
[INFO] [stdout] running 0 tests
[INFO] [stdout] 
[INFO] [stdout] test result: ok. 0 passed; 0 failed; 0 ignored; 0 measured; 0 filtered out; finished in 0.00s
[INFO] [stdout] 
[INFO] [stderr]    Doc-tests open-rpc
[INFO] [stdout] 
[INFO] [stdout] running 3 tests
[INFO] [stdout] test src/lib.rs - OpenRpc::get_error (line 81) - compile ... FAILED
[INFO] [stdout] test src/lib.rs - OpenRpc::get_content_descriptor (line 108) - compile ... FAILED
[INFO] [stdout] test src/lib.rs - OpenRpc::get_schema (line 54) - compile ... FAILED
[INFO] [stdout] 
[INFO] [stdout] failures:
[INFO] [stdout] 
[INFO] [stdout] ---- src/lib.rs - OpenRpc::get_error (line 81) stdout ----
[INFO] [stdout] error[E0425]: cannot find value `openrpc` in this scope
[INFO] [stdout]  --> src/lib.rs:83:14
[INFO] [stdout]   |
[INFO] [stdout] 4 | let schema = openrpc.get_schema(path).unwrap();
[INFO] [stdout]   |              ^^^^^^^ not found in this scope
[INFO] [stdout] 
[INFO] [stdout] error: aborting due to previous error
[INFO] [stdout] 
[INFO] [stdout] For more information about this error, try `rustc --explain E0425`.
[INFO] [stdout] Couldn't compile the test.
[INFO] [stdout] ---- src/lib.rs - OpenRpc::get_content_descriptor (line 108) stdout ----
[INFO] [stdout] error[E0425]: cannot find value `openrpc` in this scope
[INFO] [stdout]  --> src/lib.rs:110:14
[INFO] [stdout]   |
[INFO] [stdout] 4 | let schema = openrpc.get_schema(path).unwrap();
[INFO] [stdout]   |              ^^^^^^^ not found in this scope
[INFO] [stdout] 
[INFO] [stdout] error: aborting due to previous error
[INFO] [stdout] 
[INFO] [stdout] For more information about this error, try `rustc --explain E0425`.
[INFO] [stdout] Couldn't compile the test.
[INFO] [stdout] ---- src/lib.rs - OpenRpc::get_schema (line 54) stdout ----
[INFO] [stdout] error[E0425]: cannot find value `openrpc` in this scope
[INFO] [stdout]  --> src/lib.rs:56:14
[INFO] [stdout]   |
[INFO] [stdout] 4 | let schema = openrpc.get_schema(path).unwrap();
[INFO] [stdout]   |              ^^^^^^^ not found in this scope
[INFO] [stdout] 
[INFO] [stdout] error: aborting due to previous error
[INFO] [stdout] 
[INFO] [stdout] For more information about this error, try `rustc --explain E0425`.
[INFO] [stdout] Couldn't compile the test.
[INFO] [stdout] 
[INFO] [stdout] failures:
[INFO] [stdout]     src/lib.rs - OpenRpc::get_content_descriptor (line 108)
[INFO] [stdout]     src/lib.rs - OpenRpc::get_error (line 81)
[INFO] [stdout]     src/lib.rs - OpenRpc::get_schema (line 54)
[INFO] [stdout] 
[INFO] [stdout] test result: FAILED. 0 passed; 3 failed; 0 ignored; 0 measured; 0 filtered out; finished in 0.04s
[INFO] [stdout] 
[INFO] [stderr] error: doctest failed, to rerun pass `--doc`
[INFO] running `Command { std: "docker" "inspect" "f78852953b5e9a4fb8df6283e9b8ae7662b845a05105b5f4916e04b22cbe51de", kill_on_drop: false }`
[INFO] running `Command { std: "docker" "rm" "-f" "f78852953b5e9a4fb8df6283e9b8ae7662b845a05105b5f4916e04b22cbe51de", kill_on_drop: false }`
[INFO] [stdout] f78852953b5e9a4fb8df6283e9b8ae7662b845a05105b5f4916e04b22cbe51de
[INFO] testing open-rpc-0.1.0 against beta-2023-12-22 for beta-1.76-1
[INFO] extracting crate open-rpc 0.1.0 into /workspace/builds/worker-4-tc2/source
[INFO] validating manifest of crates.io crate open-rpc 0.1.0 on toolchain beta-2023-12-22
[INFO] running `Command { std: CARGO_HOME="/workspace/cargo-home" RUSTUP_HOME="/workspace/rustup-home" "/workspace/cargo-home/bin/cargo" "+beta-2023-12-22" "metadata" "--manifest-path" "Cargo.toml" "--no-deps", kill_on_drop: false }`
[INFO] started tweaking crates.io crate open-rpc 0.1.0
[INFO] finished tweaking crates.io crate open-rpc 0.1.0
[INFO] tweaked toml for crates.io crate open-rpc 0.1.0 written to /workspace/builds/worker-4-tc2/source/Cargo.toml
[INFO] running `Command { std: CARGO_HOME="/workspace/cargo-home" RUSTUP_HOME="/workspace/rustup-home" "/workspace/cargo-home/bin/cargo" "+beta-2023-12-22" "generate-lockfile" "--manifest-path" "Cargo.toml", kill_on_drop: false }`
[INFO] [stderr]     Updating crates.io index
[INFO] running `Command { std: CARGO_HOME="/workspace/cargo-home" RUSTUP_HOME="/workspace/rustup-home" "/workspace/cargo-home/bin/cargo" "+beta-2023-12-22" "fetch" "--manifest-path" "Cargo.toml", kill_on_drop: false }`
[INFO] running `Command { std: "docker" "create" "-v" "/var/lib/crater-agent-workspace/builds/worker-4-tc2/target:/opt/rustwide/target:rw,Z" "-v" "/var/lib/crater-agent-workspace/builds/worker-4-tc2/source:/opt/rustwide/workdir:ro,Z" "-v" "/var/lib/crater-agent-workspace/cargo-home:/opt/rustwide/cargo-home:ro,Z" "-v" "/var/lib/crater-agent-workspace/rustup-home:/opt/rustwide/rustup-home:ro,Z" "-e" "SOURCE_DIR=/opt/rustwide/workdir" "-e" "CARGO_TARGET_DIR=/opt/rustwide/target" "-e" "CARGO_HOME=/opt/rustwide/cargo-home" "-e" "RUSTUP_HOME=/opt/rustwide/rustup-home" "-w" "/opt/rustwide/workdir" "-m" "1610612736" "--user" "0:0" "--network" "none" "ghcr.io/rust-lang/crates-build-env/linux@sha256:2788e3201cd34a07e3172128adcd8b3090168a8e3bcc40d7c032b9dda1df7d1c" "/opt/rustwide/cargo-home/bin/cargo" "+beta-2023-12-22" "metadata" "--no-deps" "--format-version=1", kill_on_drop: false }`
[INFO] [stdout] 841caad8c31769a948d1b41a96a950bf05cc739e510112e7d484bc25ed3d9c4b
[INFO] running `Command { std: "docker" "start" "-a" "841caad8c31769a948d1b41a96a950bf05cc739e510112e7d484bc25ed3d9c4b", kill_on_drop: false }`
[INFO] running `Command { std: "docker" "inspect" "841caad8c31769a948d1b41a96a950bf05cc739e510112e7d484bc25ed3d9c4b", kill_on_drop: false }`
[INFO] running `Command { std: "docker" "rm" "-f" "841caad8c31769a948d1b41a96a950bf05cc739e510112e7d484bc25ed3d9c4b", kill_on_drop: false }`
[INFO] [stdout] 841caad8c31769a948d1b41a96a950bf05cc739e510112e7d484bc25ed3d9c4b
[INFO] running `Command { std: "docker" "create" "-v" "/var/lib/crater-agent-workspace/builds/worker-4-tc2/target:/opt/rustwide/target:rw,Z" "-v" "/var/lib/crater-agent-workspace/builds/worker-4-tc2/source:/opt/rustwide/workdir:ro,Z" "-v" "/var/lib/crater-agent-workspace/cargo-home:/opt/rustwide/cargo-home:ro,Z" "-v" "/var/lib/crater-agent-workspace/rustup-home:/opt/rustwide/rustup-home:ro,Z" "-e" "SOURCE_DIR=/opt/rustwide/workdir" "-e" "CARGO_TARGET_DIR=/opt/rustwide/target" "-e" "CARGO_INCREMENTAL=0" "-e" "RUST_BACKTRACE=full" "-e" "RUSTFLAGS=--cap-lints=warn" "-e" "RUSTDOCFLAGS=--cap-lints=warn" "-e" "CARGO_HOME=/opt/rustwide/cargo-home" "-e" "RUSTUP_HOME=/opt/rustwide/rustup-home" "-w" "/opt/rustwide/workdir" "-m" "1610612736" "--user" "0:0" "--network" "none" "ghcr.io/rust-lang/crates-build-env/linux@sha256:2788e3201cd34a07e3172128adcd8b3090168a8e3bcc40d7c032b9dda1df7d1c" "/opt/rustwide/cargo-home/bin/cargo" "+beta-2023-12-22" "build" "--frozen" "--message-format=json", kill_on_drop: false }`
[INFO] [stdout] 4dfa915c5986537373853db7de9b89106e67509a6d071017438cb58aba1d7b93
[INFO] running `Command { std: "docker" "start" "-a" "4dfa915c5986537373853db7de9b89106e67509a6d071017438cb58aba1d7b93", kill_on_drop: false }`
[INFO] [stderr]    Compiling serde v1.0.194
[INFO] [stderr]    Compiling serde_json v1.0.111
[INFO] [stderr]    Compiling ryu v1.0.16
[INFO] [stderr]    Compiling itoa v1.0.10
[INFO] [stderr]    Compiling syn v2.0.48
[INFO] [stderr]    Compiling serde_derive v1.0.194
[INFO] [stderr]    Compiling open-rpc v0.1.0 (/opt/rustwide/workdir)
[INFO] [stderr]     Finished dev [unoptimized + debuginfo] target(s) in 8.18s
[INFO] running `Command { std: "docker" "inspect" "4dfa915c5986537373853db7de9b89106e67509a6d071017438cb58aba1d7b93", kill_on_drop: false }`
[INFO] running `Command { std: "docker" "rm" "-f" "4dfa915c5986537373853db7de9b89106e67509a6d071017438cb58aba1d7b93", kill_on_drop: false }`
[INFO] [stdout] 4dfa915c5986537373853db7de9b89106e67509a6d071017438cb58aba1d7b93
[INFO] running `Command { std: "docker" "create" "-v" "/var/lib/crater-agent-workspace/builds/worker-4-tc2/target:/opt/rustwide/target:rw,Z" "-v" "/var/lib/crater-agent-workspace/builds/worker-4-tc2/source:/opt/rustwide/workdir:ro,Z" "-v" "/var/lib/crater-agent-workspace/cargo-home:/opt/rustwide/cargo-home:ro,Z" "-v" "/var/lib/crater-agent-workspace/rustup-home:/opt/rustwide/rustup-home:ro,Z" "-e" "SOURCE_DIR=/opt/rustwide/workdir" "-e" "CARGO_TARGET_DIR=/opt/rustwide/target" "-e" "CARGO_INCREMENTAL=0" "-e" "RUST_BACKTRACE=full" "-e" "RUSTFLAGS=--cap-lints=warn" "-e" "RUSTDOCFLAGS=--cap-lints=warn" "-e" "CARGO_HOME=/opt/rustwide/cargo-home" "-e" "RUSTUP_HOME=/opt/rustwide/rustup-home" "-w" "/opt/rustwide/workdir" "-m" "1610612736" "--user" "0:0" "--network" "none" "ghcr.io/rust-lang/crates-build-env/linux@sha256:2788e3201cd34a07e3172128adcd8b3090168a8e3bcc40d7c032b9dda1df7d1c" "/opt/rustwide/cargo-home/bin/cargo" "+beta-2023-12-22" "test" "--frozen" "--no-run" "--message-format=json", kill_on_drop: false }`
[INFO] [stdout] 62191a74bf0270fb3782f361111a732d3c801718597fe8e60f5bcd48f5392306
[INFO] running `Command { std: "docker" "start" "-a" "62191a74bf0270fb3782f361111a732d3c801718597fe8e60f5bcd48f5392306", kill_on_drop: false }`
[INFO] [stderr]    Compiling open-rpc v0.1.0 (/opt/rustwide/workdir)
[INFO] [stderr]     Finished test [unoptimized + debuginfo] target(s) in 0.88s
[INFO] running `Command { std: "docker" "inspect" "62191a74bf0270fb3782f361111a732d3c801718597fe8e60f5bcd48f5392306", kill_on_drop: false }`
[INFO] running `Command { std: "docker" "rm" "-f" "62191a74bf0270fb3782f361111a732d3c801718597fe8e60f5bcd48f5392306", kill_on_drop: false }`
[INFO] [stdout] 62191a74bf0270fb3782f361111a732d3c801718597fe8e60f5bcd48f5392306
[INFO] running `Command { std: "docker" "create" "-v" "/var/lib/crater-agent-workspace/builds/worker-4-tc2/target:/opt/rustwide/target:rw,Z" "-v" "/var/lib/crater-agent-workspace/builds/worker-4-tc2/source:/opt/rustwide/workdir:ro,Z" "-v" "/var/lib/crater-agent-workspace/cargo-home:/opt/rustwide/cargo-home:ro,Z" "-v" "/var/lib/crater-agent-workspace/rustup-home:/opt/rustwide/rustup-home:ro,Z" "-e" "SOURCE_DIR=/opt/rustwide/workdir" "-e" "CARGO_TARGET_DIR=/opt/rustwide/target" "-e" "CARGO_INCREMENTAL=0" "-e" "RUST_BACKTRACE=full" "-e" "RUSTFLAGS=--cap-lints=warn" "-e" "RUSTDOCFLAGS=--cap-lints=warn" "-e" "CARGO_HOME=/opt/rustwide/cargo-home" "-e" "RUSTUP_HOME=/opt/rustwide/rustup-home" "-w" "/opt/rustwide/workdir" "-m" "1610612736" "--user" "0:0" "--network" "none" "ghcr.io/rust-lang/crates-build-env/linux@sha256:2788e3201cd34a07e3172128adcd8b3090168a8e3bcc40d7c032b9dda1df7d1c" "/opt/rustwide/cargo-home/bin/cargo" "+beta-2023-12-22" "test" "--frozen", kill_on_drop: false }`
[INFO] [stdout] ca911ca7c2cac39e4a5519f2e32721c11ec9367026e66ea8cfd52c14dc0e8d73
[INFO] running `Command { std: "docker" "start" "-a" "ca911ca7c2cac39e4a5519f2e32721c11ec9367026e66ea8cfd52c14dc0e8d73", kill_on_drop: false }`
[INFO] [stderr]     Finished test [unoptimized + debuginfo] target(s) in 0.02s
[INFO] [stderr]      Running unittests src/lib.rs (/opt/rustwide/target/debug/deps/open_rpc-7f7a46753d7ca3e8)
[INFO] [stdout] 
[INFO] [stderr]    Doc-tests open-rpc
[INFO] [stdout] running 0 tests
[INFO] [stdout] 
[INFO] [stdout] test result: ok. 0 passed; 0 failed; 0 ignored; 0 measured; 0 filtered out; finished in 0.00s
[INFO] [stdout] 
[INFO] [stdout] 
[INFO] [stdout] running 3 tests
[INFO] [stdout] test src/lib.rs - OpenRpc::get_schema (line 54) - compile ... FAILED
[INFO] [stdout] test src/lib.rs - OpenRpc::get_content_descriptor (line 108) - compile ... FAILED
[INFO] [stdout] test src/lib.rs - OpenRpc::get_error (line 81) - compile ... FAILED
[INFO] [stdout] 
[INFO] [stdout] failures:
[INFO] [stdout] 
[INFO] [stdout] ---- src/lib.rs - OpenRpc::get_schema (line 54) stdout ----
[INFO] [stdout] error[E0425]: cannot find value `openrpc` in this scope
[INFO] [stdout]  --> src/lib.rs:56:14
[INFO] [stdout]   |
[INFO] [stdout] 4 | let schema = openrpc.get_schema(path).unwrap();
[INFO] [stdout]   |              ^^^^^^^ not found in this scope
[INFO] [stdout] 
[INFO] [stdout] error: aborting due to 1 previous error
[INFO] [stdout] 
[INFO] [stdout] For more information about this error, try `rustc --explain E0425`.
[INFO] [stdout] Couldn't compile the test.
[INFO] [stdout] ---- src/lib.rs - OpenRpc::get_content_descriptor (line 108) stdout ----
[INFO] [stdout] error[E0425]: cannot find value `openrpc` in this scope
[INFO] [stdout]  --> src/lib.rs:110:14
[INFO] [stdout]   |
[INFO] [stdout] 4 | let schema = openrpc.get_schema(path).unwrap();
[INFO] [stdout]   |              ^^^^^^^ not found in this scope
[INFO] [stdout] 
[INFO] [stdout] error: aborting due to 1 previous error
[INFO] [stdout] 
[INFO] [stdout] For more information about this error, try `rustc --explain E0425`.
[INFO] [stdout] Couldn't compile the test.
[INFO] [stdout] ---- src/lib.rs - OpenRpc::get_error (line 81) stdout ----
[INFO] [stdout] error[E0425]: cannot find value `openrpc` in this scope
[INFO] [stdout]  --> src/lib.rs:83:14
[INFO] [stdout]   |
[INFO] [stdout] 4 | let schema = openrpc.get_schema(path).unwrap();
[INFO] [stdout]   |              ^^^^^^^ not found in this scope
[INFO] [stdout] 
[INFO] [stdout] error: aborting due to 1 previous error
[INFO] [stdout] 
[INFO] [stdout] For more information about this error, try `rustc --explain E0425`.
[INFO] [stdout] Couldn't compile the test.
[INFO] [stdout] 
[INFO] [stdout] failures:
[INFO] [stdout]     src/lib.rs - OpenRpc::get_content_descriptor (line 108)
[INFO] [stdout]     src/lib.rs - OpenRpc::get_error (line 81)
[INFO] [stdout]     src/lib.rs - OpenRpc::get_schema (line 54)
[INFO] [stdout] 
[INFO] [stdout] test result: FAILED. 0 passed; 3 failed; 0 ignored; 0 measured; 0 filtered out; finished in 0.11s
[INFO] [stdout] 
[INFO] [stderr] error: doctest failed, to rerun pass `--doc`
[INFO] running `Command { std: "docker" "inspect" "ca911ca7c2cac39e4a5519f2e32721c11ec9367026e66ea8cfd52c14dc0e8d73", kill_on_drop: false }`
[INFO] running `Command { std: "docker" "rm" "-f" "ca911ca7c2cac39e4a5519f2e32721c11ec9367026e66ea8cfd52c14dc0e8d73", kill_on_drop: false }`
[INFO] [stdout] ca911ca7c2cac39e4a5519f2e32721c11ec9367026e66ea8cfd52c14dc0e8d73
