[INFO] fetching crate ooxml 0.2.8...
[INFO] testing ooxml-0.2.8 against 1.75.0 for beta-1.76-1
[INFO] extracting crate ooxml 0.2.8 into /workspace/builds/worker-5-tc1/source
[INFO] validating manifest of crates.io crate ooxml 0.2.8 on toolchain 1.75.0
[INFO] running `Command { std: CARGO_HOME="/workspace/cargo-home" RUSTUP_HOME="/workspace/rustup-home" "/workspace/cargo-home/bin/cargo" "+1.75.0" "metadata" "--manifest-path" "Cargo.toml" "--no-deps", kill_on_drop: false }`
[INFO] started tweaking crates.io crate ooxml 0.2.8
[INFO] finished tweaking crates.io crate ooxml 0.2.8
[INFO] tweaked toml for crates.io crate ooxml 0.2.8 written to /workspace/builds/worker-5-tc1/source/Cargo.toml
[INFO] crate crates.io crate ooxml 0.2.8 already has a lockfile, it will not be regenerated
[INFO] running `Command { std: CARGO_HOME="/workspace/cargo-home" RUSTUP_HOME="/workspace/rustup-home" "/workspace/cargo-home/bin/cargo" "+1.75.0" "fetch" "--manifest-path" "Cargo.toml", kill_on_drop: false }`
[INFO] [stderr]     Blocking waiting for file lock on package cache
[INFO] [stderr]     Updating crates.io index
[INFO] [stderr]  Downloading crates ...
[INFO] [stderr]   Downloaded windows-targets v0.48.2
[INFO] [stderr]   Downloaded escape8259 v0.5.2
[INFO] [stderr]   Downloaded static_init_macro v1.0.2
[INFO] [stderr]   Downloaded thiserror-impl v1.0.46
[INFO] [stderr]   Downloaded minidom v0.14.0
[INFO] [stderr]   Downloaded thiserror v1.0.46
[INFO] [stderr]   Downloaded deranged v0.3.7
[INFO] [stderr]   Downloaded static_init v1.0.3
[INFO] [stderr]   Downloaded chrono v0.4.26
[INFO] [stderr]   Downloaded windows_x86_64_gnu v0.48.2
[INFO] [stderr]   Downloaded windows_i686_msvc v0.48.2
[INFO] [stderr]   Downloaded windows_aarch64_gnullvm v0.48.2
[INFO] [stderr]   Downloaded windows_aarch64_msvc v0.48.2
[INFO] [stderr]   Downloaded windows_i686_gnu v0.48.2
[INFO] [stderr]   Downloaded windows_x86_64_gnullvm v0.48.2
[INFO] [stderr]   Downloaded windows_x86_64_msvc v0.48.2
[INFO] [stderr]   Downloaded serde_derive v1.0.183
[INFO] [stderr]   Downloaded time v0.3.25
[INFO] running `Command { std: "docker" "create" "-v" "/var/lib/crater-agent-workspace/builds/worker-5-tc1/target:/opt/rustwide/target:rw,Z" "-v" "/var/lib/crater-agent-workspace/builds/worker-5-tc1/source:/opt/rustwide/workdir:ro,Z" "-v" "/var/lib/crater-agent-workspace/cargo-home:/opt/rustwide/cargo-home:ro,Z" "-v" "/var/lib/crater-agent-workspace/rustup-home:/opt/rustwide/rustup-home:ro,Z" "-e" "SOURCE_DIR=/opt/rustwide/workdir" "-e" "CARGO_TARGET_DIR=/opt/rustwide/target" "-e" "CARGO_HOME=/opt/rustwide/cargo-home" "-e" "RUSTUP_HOME=/opt/rustwide/rustup-home" "-w" "/opt/rustwide/workdir" "-m" "1610612736" "--user" "0:0" "--network" "none" "ghcr.io/rust-lang/crates-build-env/linux@sha256:2788e3201cd34a07e3172128adcd8b3090168a8e3bcc40d7c032b9dda1df7d1c" "/opt/rustwide/cargo-home/bin/cargo" "+1.75.0" "metadata" "--no-deps" "--format-version=1", kill_on_drop: false }`
[INFO] [stdout] 2747544d283ee915daf1a8b66f7ca39313cd6cd634f2fed6e24539278bc2863f
[INFO] running `Command { std: "docker" "start" "-a" "2747544d283ee915daf1a8b66f7ca39313cd6cd634f2fed6e24539278bc2863f", kill_on_drop: false }`
[INFO] running `Command { std: "docker" "inspect" "2747544d283ee915daf1a8b66f7ca39313cd6cd634f2fed6e24539278bc2863f", kill_on_drop: false }`
[INFO] running `Command { std: "docker" "rm" "-f" "2747544d283ee915daf1a8b66f7ca39313cd6cd634f2fed6e24539278bc2863f", kill_on_drop: false }`
[INFO] [stdout] 2747544d283ee915daf1a8b66f7ca39313cd6cd634f2fed6e24539278bc2863f
[INFO] running `Command { std: "docker" "create" "-v" "/var/lib/crater-agent-workspace/builds/worker-5-tc1/target:/opt/rustwide/target:rw,Z" "-v" "/var/lib/crater-agent-workspace/builds/worker-5-tc1/source:/opt/rustwide/workdir:ro,Z" "-v" "/var/lib/crater-agent-workspace/cargo-home:/opt/rustwide/cargo-home:ro,Z" "-v" "/var/lib/crater-agent-workspace/rustup-home:/opt/rustwide/rustup-home:ro,Z" "-e" "SOURCE_DIR=/opt/rustwide/workdir" "-e" "CARGO_TARGET_DIR=/opt/rustwide/target" "-e" "CARGO_INCREMENTAL=0" "-e" "RUST_BACKTRACE=full" "-e" "RUSTFLAGS=--cap-lints=warn" "-e" "RUSTDOCFLAGS=--cap-lints=warn" "-e" "CARGO_HOME=/opt/rustwide/cargo-home" "-e" "RUSTUP_HOME=/opt/rustwide/rustup-home" "-w" "/opt/rustwide/workdir" "-m" "1610612736" "--user" "0:0" "--network" "none" "ghcr.io/rust-lang/crates-build-env/linux@sha256:2788e3201cd34a07e3172128adcd8b3090168a8e3bcc40d7c032b9dda1df7d1c" "/opt/rustwide/cargo-home/bin/cargo" "+1.75.0" "build" "--frozen" "--message-format=json", kill_on_drop: false }`
[INFO] [stdout] bbef5b0f9438d7cca31ac8e9173008adbe89b354ee9791c2903e20e58a98cac2
[INFO] running `Command { std: "docker" "start" "-a" "bbef5b0f9438d7cca31ac8e9173008adbe89b354ee9791c2903e20e58a98cac2", kill_on_drop: false }`
[INFO] [stderr]    Compiling libc v0.2.147
[INFO] [stderr]    Compiling typenum v1.16.0
[INFO] [stderr]    Compiling pkg-config v0.3.27
[INFO] [stderr]    Compiling proc-macro2 v1.0.66
[INFO] [stderr]    Compiling memchr v2.5.0
[INFO] [stderr]    Compiling unicode-ident v1.0.11
[INFO] [stderr]    Compiling subtle v2.5.0
[INFO] [stderr]    Compiling serde v1.0.183
[INFO] [stderr]    Compiling serde_derive v1.0.183
[INFO] [stderr]    Compiling cfg_aliases v0.1.1
[INFO] [stderr]    Compiling syn v1.0.109
[INFO] [stderr]    Compiling cpufeatures v0.2.9
[INFO] [stderr]    Compiling zstd-safe v5.0.2+zstd.1.5.2
[INFO] [stderr]    Compiling tinyvec_macros v0.1.1
[INFO] [stderr]    Compiling generic-array v0.14.7
[INFO] [stderr]    Compiling num-traits v0.2.16
[INFO] [stderr]    Compiling tinyvec v1.6.0
[INFO] [stderr]    Compiling static_init_macro v1.0.2
[INFO] [stderr]    Compiling rustversion v1.0.14
[INFO] [stderr]    Compiling adler v1.0.2
[INFO] [stderr]    Compiling rand_core v0.6.4
[INFO] [stderr]    Compiling base64ct v1.6.0
[INFO] [stderr]    Compiling miniz_oxide v0.7.1
[INFO] [stderr]    Compiling static_init v1.0.3
[INFO] [stderr]    Compiling serde_json v1.0.105
[INFO] [stderr]    Compiling password-hash v0.4.2
[INFO] [stderr]    Compiling deranged v0.3.7
[INFO] [stderr]    Compiling regex-syntax v0.7.4
[INFO] [stderr]    Compiling paste v1.0.14
[INFO] [stderr]    Compiling unicode-bidi v0.3.13
[INFO] [stderr]    Compiling thiserror v1.0.46
[INFO] [stderr]    Compiling aho-corasick v1.0.4
[INFO] [stderr]    Compiling quote v1.0.32
[INFO] [stderr]    Compiling time-core v0.1.1
[INFO] [stderr]    Compiling percent-encoding v2.3.0
[INFO] [stderr]    Compiling unicode-normalization v0.1.22
[INFO] [stderr]    Compiling form_urlencoded v1.2.0
[INFO] [stderr]    Compiling syn v2.0.28
[INFO] [stderr]    Compiling jobserver v0.1.26
[INFO] [stderr]    Compiling time v0.1.45
[INFO] [stderr]    Compiling flate2 v1.0.27
[INFO] [stderr]    Compiling cc v1.0.82
[INFO] [stderr]    Compiling time v0.3.25
[INFO] [stderr]    Compiling iana-time-zone v0.1.57
[INFO] [stderr]    Compiling idna v0.4.0
[INFO] [stderr]    Compiling constant_time_eq v0.1.5
[INFO] [stderr]    Compiling bitflags v1.3.2
[INFO] [stderr]    Compiling ryu v1.0.15
[INFO] [stderr]    Compiling itoa v1.0.9
[INFO] [stderr]    Compiling byteorder v1.4.3
[INFO] [stderr]    Compiling mime v0.3.17
[INFO] [stderr]    Compiling escape8259 v0.5.2
[INFO] [stderr]    Compiling url v2.4.0
[INFO] [stderr]    Compiling crypto-common v0.1.6
[INFO] [stderr]    Compiling block-buffer v0.10.4
[INFO] [stderr]    Compiling inout v0.1.3
[INFO] [stderr]    Compiling digest v0.10.7
[INFO] [stderr]    Compiling cipher v0.4.4
[INFO] [stderr]    Compiling zstd-sys v2.0.8+zstd.1.5.5
[INFO] [stderr]    Compiling bzip2-sys v0.1.11+1.0.8
[INFO] [stderr]    Compiling hmac v0.12.1
[INFO] [stderr]    Compiling sha2 v0.10.7
[INFO] [stderr]    Compiling aes v0.8.3
[INFO] [stderr]    Compiling sha1 v0.10.5
[INFO] [stderr]    Compiling regex-automata v0.3.6
[INFO] [stderr]    Compiling pbkdf2 v0.11.0
[INFO] [stderr]    Compiling bzip2 v0.4.4
[INFO] [stderr]    Compiling quick-xml v0.22.0
[INFO] [stderr]    Compiling linked-hash-map v0.5.6
[INFO] [stderr]    Compiling chrono v0.4.26
[INFO] [stderr]    Compiling minidom v0.14.0
[INFO] [stderr]    Compiling thiserror-impl v1.0.46
[INFO] [stderr]    Compiling regex v1.9.3
[INFO] [stderr]    Compiling derivative v2.2.0
[INFO] [stderr]    Compiling zstd v0.11.2+zstd.1.5.2
[INFO] [stderr]    Compiling zip v0.6.6
[INFO] [stderr]    Compiling ooxml v0.2.8 (/opt/rustwide/workdir)
[INFO] [stderr]     Finished dev [unoptimized + debuginfo] target(s) in 13.63s
[INFO] [stderr] warning: the following packages contain code that will be rejected by a future version of Rust: quick-xml v0.22.0
[INFO] [stderr] note: to see what the problems were, use the option `--future-incompat-report`, or run `cargo report future-incompatibilities --id 1`
[INFO] running `Command { std: "docker" "inspect" "bbef5b0f9438d7cca31ac8e9173008adbe89b354ee9791c2903e20e58a98cac2", kill_on_drop: false }`
[INFO] running `Command { std: "docker" "rm" "-f" "bbef5b0f9438d7cca31ac8e9173008adbe89b354ee9791c2903e20e58a98cac2", kill_on_drop: false }`
[INFO] [stdout] bbef5b0f9438d7cca31ac8e9173008adbe89b354ee9791c2903e20e58a98cac2
[INFO] running `Command { std: "docker" "create" "-v" "/var/lib/crater-agent-workspace/builds/worker-5-tc1/target:/opt/rustwide/target:rw,Z" "-v" "/var/lib/crater-agent-workspace/builds/worker-5-tc1/source:/opt/rustwide/workdir:ro,Z" "-v" "/var/lib/crater-agent-workspace/cargo-home:/opt/rustwide/cargo-home:ro,Z" "-v" "/var/lib/crater-agent-workspace/rustup-home:/opt/rustwide/rustup-home:ro,Z" "-e" "SOURCE_DIR=/opt/rustwide/workdir" "-e" "CARGO_TARGET_DIR=/opt/rustwide/target" "-e" "CARGO_INCREMENTAL=0" "-e" "RUST_BACKTRACE=full" "-e" "RUSTFLAGS=--cap-lints=warn" "-e" "RUSTDOCFLAGS=--cap-lints=warn" "-e" "CARGO_HOME=/opt/rustwide/cargo-home" "-e" "RUSTUP_HOME=/opt/rustwide/rustup-home" "-w" "/opt/rustwide/workdir" "-m" "1610612736" "--user" "0:0" "--network" "none" "ghcr.io/rust-lang/crates-build-env/linux@sha256:2788e3201cd34a07e3172128adcd8b3090168a8e3bcc40d7c032b9dda1df7d1c" "/opt/rustwide/cargo-home/bin/cargo" "+1.75.0" "test" "--frozen" "--no-run" "--message-format=json", kill_on_drop: false }`
[INFO] [stdout] 7c4ebd5f611fdfbea2fe9d5900a32bf38ff15e95cd7902512bc636eb7fb6d109
[INFO] running `Command { std: "docker" "start" "-a" "7c4ebd5f611fdfbea2fe9d5900a32bf38ff15e95cd7902512bc636eb7fb6d109", kill_on_drop: false }`
[INFO] [stderr]    Compiling either v1.9.0
[INFO] [stderr]    Compiling itertools v0.10.5
[INFO] [stderr]    Compiling ooxml v0.2.8 (/opt/rustwide/workdir)
[INFO] [stdout] warning: use of deprecated associated function `chrono::NaiveDate::from_ymd`: use `from_ymd_opt()` instead
[INFO] [stdout]    --> src/document/spreadsheet/mod.rs:692:36
[INFO] [stdout]     |
[INFO] [stdout] 692 |     let date2 = chrono::NaiveDate::from_ymd(1980, 12, 12);
[INFO] [stdout]     |                                    ^^^^^^^^
[INFO] [stdout]     |
[INFO] [stdout]     = note: `#[warn(deprecated)]` on by default
[INFO] [stdout] 
[INFO] [stdout] 
[INFO] [stdout] warning: use of deprecated associated function `chrono::NaiveDate::from_ymd`: use `from_ymd_opt()` instead
[INFO] [stdout]    --> src/document/spreadsheet/mod.rs:695:36
[INFO] [stdout]     |
[INFO] [stdout] 695 |     let d1900 = chrono::NaiveDate::from_ymd(1900, 1, 1);
[INFO] [stdout]     |                                    ^^^^^^^^
[INFO] [stdout] 
[INFO] [stdout] 
[INFO] [stdout] warning: unused variable: `fmt`
[INFO] [stdout]    --> src/document/spreadsheet/mod.rs:689:9
[INFO] [stdout]     |
[INFO] [stdout] 689 |     let fmt = "yyyy/m/d";
[INFO] [stdout]     |         ^^^ help: if this is intentional, prefix it with an underscore: `_fmt`
[INFO] [stdout]     |
[INFO] [stdout]     = note: `#[warn(unused_variables)]` on by default
[INFO] [stdout] 
[INFO] [stdout] 
[INFO] [stdout] warning: constant `xml` should have an upper case name
[INFO] [stdout]   --> src/packaging/custom_property.rs:36:11
[INFO] [stdout]    |
[INFO] [stdout] 36 |     const xml: &str = r#"<property fmtid="{D5CDD505-2E9C-101B-9397-08002B2CF9AE}" pid="2" name="KSOProductBuildVer"><vt:lpwstr>2052-11.1....
[INFO] [stdout]    |           ^^^ help: convert the identifier to upper case: `XML`
[INFO] [stdout]    |
[INFO] [stdout]    = note: `#[warn(non_upper_case_globals)]` on by default
[INFO] [stdout] 
[INFO] [stdout] 
[INFO] [stdout] warning: constant `xml` should have an upper case name
[INFO] [stdout]   --> src/packaging/custom_property.rs:46:11
[INFO] [stdout]    |
[INFO] [stdout] 46 |     const xml: &str = r#"<property fmtid="{D5CDD505-2E9C-101B-9397-08002B2CF9AE}" pid="2" name="KSOProductBuildVer"><vt:lpwstr>2052-11.1....
[INFO] [stdout]    |           ^^^ help: convert the identifier to upper case: `XML`
[INFO] [stdout] 
[INFO] [stdout] 
[INFO] [stdout] warning: constant `raw` should have an upper case name
[INFO] [stdout]    --> src/packaging/custom_property.rs:132:11
[INFO] [stdout]     |
[INFO] [stdout] 132 |     const raw: &str = r#"<?xml version="1.0" encoding="UTF-8" standalone="yes"?><Properties xmlns="http://schemas.openxmlformats.org/offi...
[INFO] [stdout]     |           ^^^ help: convert the identifier to upper case: `RAW`
[INFO] [stdout] 
[INFO] [stdout] 
[INFO] [stdout] warning: constant `file` should have an upper case name
[INFO] [stdout]    --> src/document/spreadsheet/shared_string.rs:164:11
[INFO] [stdout]     |
[INFO] [stdout] 164 |     const file: &str = "examples/sharedString-missing-t/xl/sharedStrings.xml";
[INFO] [stdout]     |           ^^^^ help: convert the identifier to upper case: `FILE`
[INFO] [stdout] 
[INFO] [stdout] 
[INFO] [stdout] warning: 7 warnings emitted
[INFO] [stdout] 
[INFO] [stdout] 
[INFO] [stderr]     Finished test [unoptimized + debuginfo] target(s) in 5.56s
[INFO] [stderr] warning: the following packages contain code that will be rejected by a future version of Rust: quick-xml v0.22.0
[INFO] [stderr] note: to see what the problems were, use the option `--future-incompat-report`, or run `cargo report future-incompatibilities --id 1`
[INFO] running `Command { std: "docker" "inspect" "7c4ebd5f611fdfbea2fe9d5900a32bf38ff15e95cd7902512bc636eb7fb6d109", kill_on_drop: false }`
[INFO] running `Command { std: "docker" "rm" "-f" "7c4ebd5f611fdfbea2fe9d5900a32bf38ff15e95cd7902512bc636eb7fb6d109", kill_on_drop: false }`
[INFO] [stdout] 7c4ebd5f611fdfbea2fe9d5900a32bf38ff15e95cd7902512bc636eb7fb6d109
[INFO] running `Command { std: "docker" "create" "-v" "/var/lib/crater-agent-workspace/builds/worker-5-tc1/target:/opt/rustwide/target:rw,Z" "-v" "/var/lib/crater-agent-workspace/builds/worker-5-tc1/source:/opt/rustwide/workdir:ro,Z" "-v" "/var/lib/crater-agent-workspace/cargo-home:/opt/rustwide/cargo-home:ro,Z" "-v" "/var/lib/crater-agent-workspace/rustup-home:/opt/rustwide/rustup-home:ro,Z" "-e" "SOURCE_DIR=/opt/rustwide/workdir" "-e" "CARGO_TARGET_DIR=/opt/rustwide/target" "-e" "CARGO_INCREMENTAL=0" "-e" "RUST_BACKTRACE=full" "-e" "RUSTFLAGS=--cap-lints=warn" "-e" "RUSTDOCFLAGS=--cap-lints=warn" "-e" "CARGO_HOME=/opt/rustwide/cargo-home" "-e" "RUSTUP_HOME=/opt/rustwide/rustup-home" "-w" "/opt/rustwide/workdir" "-m" "1610612736" "--user" "0:0" "--network" "none" "ghcr.io/rust-lang/crates-build-env/linux@sha256:2788e3201cd34a07e3172128adcd8b3090168a8e3bcc40d7c032b9dda1df7d1c" "/opt/rustwide/cargo-home/bin/cargo" "+1.75.0" "test" "--frozen", kill_on_drop: false }`
[INFO] [stdout] 6c0921058d9479e5b0154bcfb795b83742fc59d3dcad73de7eee91e806233ec5
[INFO] running `Command { std: "docker" "start" "-a" "6c0921058d9479e5b0154bcfb795b83742fc59d3dcad73de7eee91e806233ec5", kill_on_drop: false }`
[INFO] [stderr] warning: use of deprecated associated function `chrono::NaiveDate::from_ymd`: use `from_ymd_opt()` instead
[INFO] [stderr]    --> src/document/spreadsheet/mod.rs:692:36
[INFO] [stderr]     |
[INFO] [stderr] 692 |     let date2 = chrono::NaiveDate::from_ymd(1980, 12, 12);
[INFO] [stderr]     |                                    ^^^^^^^^
[INFO] [stderr]     |
[INFO] [stderr]     = note: `#[warn(deprecated)]` on by default
[INFO] [stderr] 
[INFO] [stderr] warning: use of deprecated associated function `chrono::NaiveDate::from_ymd`: use `from_ymd_opt()` instead
[INFO] [stderr]    --> src/document/spreadsheet/mod.rs:695:36
[INFO] [stderr]     |
[INFO] [stderr] 695 |     let d1900 = chrono::NaiveDate::from_ymd(1900, 1, 1);
[INFO] [stderr]     |                                    ^^^^^^^^
[INFO] [stderr] 
[INFO] [stderr] warning: unused variable: `fmt`
[INFO] [stderr]    --> src/document/spreadsheet/mod.rs:689:9
[INFO] [stderr]     |
[INFO] [stderr] 689 |     let fmt = "yyyy/m/d";
[INFO] [stderr]     |         ^^^ help: if this is intentional, prefix it with an underscore: `_fmt`
[INFO] [stderr]     |
[INFO] [stderr]     = note: `#[warn(unused_variables)]` on by default
[INFO] [stderr] 
[INFO] [stderr] warning: constant `xml` should have an upper case name
[INFO] [stderr]   --> src/packaging/custom_property.rs:36:11
[INFO] [stderr]    |
[INFO] [stderr] 36 |     const xml: &str = r#"<property fmtid="{D5CDD505-2E9C-101B-9397-08002B2CF9AE}" pid="2" name="KSOProductBuildVer"><vt:lpwstr>2052-11.1....
[INFO] [stderr]    |           ^^^ help: convert the identifier to upper case: `XML`
[INFO] [stderr]    |
[INFO] [stderr]    = note: `#[warn(non_upper_case_globals)]` on by default
[INFO] [stderr] 
[INFO] [stderr] warning: constant `xml` should have an upper case name
[INFO] [stderr]   --> src/packaging/custom_property.rs:46:11
[INFO] [stderr]    |
[INFO] [stderr] 46 |     const xml: &str = r#"<property fmtid="{D5CDD505-2E9C-101B-9397-08002B2CF9AE}" pid="2" name="KSOProductBuildVer"><vt:lpwstr>2052-11.1....
[INFO] [stderr]    |           ^^^ help: convert the identifier to upper case: `XML`
[INFO] [stderr] 
[INFO] [stderr] warning: constant `raw` should have an upper case name
[INFO] [stderr]    --> src/packaging/custom_property.rs:132:11
[INFO] [stderr]     |
[INFO] [stderr] 132 |     const raw: &str = r#"<?xml version="1.0" encoding="UTF-8" standalone="yes"?><Properties xmlns="http://schemas.openxmlformats.org/offi...
[INFO] [stderr]     |           ^^^ help: convert the identifier to upper case: `RAW`
[INFO] [stderr] 
[INFO] [stderr] warning: constant `file` should have an upper case name
[INFO] [stderr]    --> src/document/spreadsheet/shared_string.rs:164:11
[INFO] [stderr]     |
[INFO] [stderr] 164 |     const file: &str = "examples/sharedString-missing-t/xl/sharedStrings.xml";
[INFO] [stderr]     |           ^^^^ help: convert the identifier to upper case: `FILE`
[INFO] [stderr] 
[INFO] [stderr] warning: `ooxml` (lib test) generated 7 warnings (run `cargo fix --lib -p ooxml --tests` to apply 1 suggestion)
[INFO] [stderr]     Finished test [unoptimized + debuginfo] target(s) in 0.06s
[INFO] [stderr] warning: the following packages contain code that will be rejected by a future version of Rust: quick-xml v0.22.0
[INFO] [stderr] note: to see what the problems were, use the option `--future-incompat-report`, or run `cargo report future-incompatibilities --id 1`
[INFO] [stderr]      Running unittests src/lib.rs (/opt/rustwide/target/debug/deps/ooxml-d69ff61c5a4d8bfc)
[INFO] [stdout] 
[INFO] [stdout] running 20 tests
[INFO] [stdout] test document::spreadsheet::shared_string::test_de ... ignored
[INFO] [stdout] test document::spreadsheet::chrono ... ok
[INFO] [stdout] test document::spreadsheet::worksheet::cell ... ok
[INFO] [stdout] test document::spreadsheet::workbook::serde ... ok
[INFO] [stdout] test packaging::app_property::serde_titles_of_parts ... ok
[INFO] [stdout] test packaging::custom_property::custom_property_de ... ok
[INFO] [stdout] test packaging::content_type::test_de ... ok
[INFO] [stdout] test packaging::custom_property::test_de ... ok
[INFO] [stdout] test document::spreadsheet::style::test_de ... ok
[INFO] [stdout] test packaging::custom_property::custom_properties_de ... ok
[INFO] [stdout] test packaging::namespace::de ... ok
[INFO] [stdout] test document::spreadsheet::worksheet::serde ... ok
[INFO] [stdout] test packaging::app_property::serde ... ok
[INFO] [stdout] test packaging::variant::serde_vt_vector ... ok
[INFO] [stdout] test packaging::property::test_de ... ok
[INFO] [stdout] test packaging::variant::serde_vt_variant ... ok
[INFO] [stdout] test packaging::variant::variant_serde ... ok
[INFO] [stdout] test packaging::relationship::test_de ... ok
[INFO] [stdout] test packaging::package::open_and_save ... FAILED
[INFO] [stdout] test document::spreadsheet::open ... ok
[INFO] [stdout] 
[INFO] [stdout] failures:
[INFO] [stdout] 
[INFO] [stdout] ---- packaging::package::open_and_save stdout ----
[INFO] [stdout] thread 'packaging::package::open_and_save' panicked at src/packaging/package.rs:190:46:
[INFO] [stdout] called `Result::unwrap()` on an `Err` value: IoError(Os { code: 30, kind: ReadOnlyFilesystem, message: "Read-only file system" })
[INFO] [stdout] stack backtrace:
[INFO] [stdout]    0:     0x56211248641c - std::backtrace_rs::backtrace::libunwind::trace::ha637c64ce894333a
[INFO] [stdout]                                at /rustc/82e1608dfa6e0b5569232559e3d385fea5a93112/library/std/src/../../backtrace/src/backtrace/libunwind.rs:104:5
[INFO] [stdout]    1:     0x56211248641c - std::backtrace_rs::backtrace::trace_unsynchronized::h47f62dea28e0c88d
[INFO] [stdout]                                at /rustc/82e1608dfa6e0b5569232559e3d385fea5a93112/library/std/src/../../backtrace/src/backtrace/mod.rs:66:5
[INFO] [stdout]    2:     0x56211248641c - std::sys_common::backtrace::_print_fmt::h9eef0abe20ede486
[INFO] [stdout]                                at /rustc/82e1608dfa6e0b5569232559e3d385fea5a93112/library/std/src/sys_common/backtrace.rs:67:5
[INFO] [stdout]    3:     0x56211248641c - <std::sys_common::backtrace::_print::DisplayBacktrace as core::fmt::Display>::fmt::hed7f999df88cc644
[INFO] [stdout]                                at /rustc/82e1608dfa6e0b5569232559e3d385fea5a93112/library/std/src/sys_common/backtrace.rs:44:22
[INFO] [stdout]    4:     0x5621124b26a0 - core::fmt::rt::Argument::fmt::h1539a9308b8d058d
[INFO] [stdout]                                at /rustc/82e1608dfa6e0b5569232559e3d385fea5a93112/library/core/src/fmt/rt.rs:142:9
[INFO] [stdout]    5:     0x5621124b26a0 - core::fmt::write::h3a39390d8560d9c9
[INFO] [stdout]                                at /rustc/82e1608dfa6e0b5569232559e3d385fea5a93112/library/core/src/fmt/mod.rs:1120:17
[INFO] [stdout]    6:     0x562112483dcf - std::io::Write::write_fmt::h040b369f3a0f9cbc
[INFO] [stdout]                                at /rustc/82e1608dfa6e0b5569232559e3d385fea5a93112/library/std/src/io/mod.rs:1762:15
[INFO] [stdout]    7:     0x562112486204 - std::sys_common::backtrace::_print::h894006fb5c6f3d45
[INFO] [stdout]                                at /rustc/82e1608dfa6e0b5569232559e3d385fea5a93112/library/std/src/sys_common/backtrace.rs:47:5
[INFO] [stdout]    8:     0x562112486204 - std::sys_common::backtrace::print::h23a2d212c6fff936
[INFO] [stdout]                                at /rustc/82e1608dfa6e0b5569232559e3d385fea5a93112/library/std/src/sys_common/backtrace.rs:34:9
[INFO] [stdout]    9:     0x562112487ec7 - std::panicking::default_hook::{{closure}}::h8a1d2ee00185001a
[INFO] [stdout]   10:     0x562112487bb3 - std::panicking::default_hook::h6038f2eba384e475
[INFO] [stdout]                                at /rustc/82e1608dfa6e0b5569232559e3d385fea5a93112/library/std/src/panicking.rs:289:9
[INFO] [stdout]   11:     0x5621121a64e7 - <alloc::boxed::Box<F,A> as core::ops::function::Fn<Args>>::call::h0ad024c9bdc6d768
[INFO] [stdout]                                at /rustc/82e1608dfa6e0b5569232559e3d385fea5a93112/library/alloc/src/boxed.rs:2021:9
[INFO] [stdout]   12:     0x5621121a64e7 - test::test_main::{{closure}}::h7500b54257359db6
[INFO] [stdout]                                at /rustc/82e1608dfa6e0b5569232559e3d385fea5a93112/library/test/src/lib.rs:138:21
[INFO] [stdout]   13:     0x5621124884d8 - <alloc::boxed::Box<F,A> as core::ops::function::Fn<Args>>::call::h1f8f335eaa9cfaee
[INFO] [stdout]                                at /rustc/82e1608dfa6e0b5569232559e3d385fea5a93112/library/alloc/src/boxed.rs:2021:9
[INFO] [stdout]   14:     0x5621124884d8 - std::panicking::rust_panic_with_hook::h2b5517d590cab22e
[INFO] [stdout]                                at /rustc/82e1608dfa6e0b5569232559e3d385fea5a93112/library/std/src/panicking.rs:783:13
[INFO] [stdout]   15:     0x56211248822e - std::panicking::begin_panic_handler::{{closure}}::h233112c06e0ef43e
[INFO] [stdout]                                at /rustc/82e1608dfa6e0b5569232559e3d385fea5a93112/library/std/src/panicking.rs:657:13
[INFO] [stdout]   16:     0x5621124868e6 - std::sys_common::backtrace::__rust_end_short_backtrace::h6e893f24d7ebbff8
[INFO] [stdout]                                at /rustc/82e1608dfa6e0b5569232559e3d385fea5a93112/library/std/src/sys_common/backtrace.rs:170:18
[INFO] [stdout]   17:     0x562112487f92 - rust_begin_unwind
[INFO] [stdout]                                at /rustc/82e1608dfa6e0b5569232559e3d385fea5a93112/library/std/src/panicking.rs:645:5
[INFO] [stdout]   18:     0x562111d39335 - core::panicking::panic_fmt::hbf0e066aabfa482c
[INFO] [stdout]                                at /rustc/82e1608dfa6e0b5569232559e3d385fea5a93112/library/core/src/panicking.rs:72:14
[INFO] [stdout]   19:     0x562111d39903 - core::result::unwrap_failed::hddb4fea594200c52
[INFO] [stdout]                                at /rustc/82e1608dfa6e0b5569232559e3d385fea5a93112/library/core/src/result.rs:1653:5
[INFO] [stdout]   20:     0x562111ddac83 - core::result::Result<T,E>::unwrap::h97a72ca04117ebe1
[INFO] [stdout]                                at /rustc/82e1608dfa6e0b5569232559e3d385fea5a93112/library/core/src/result.rs:1077:23
[INFO] [stdout]   21:     0x562111ea1878 - ooxml::packaging::package::open_and_save::ha5d24f8bbb49c360
[INFO] [stdout]                                at /opt/rustwide/workdir/src/packaging/package.rs:190:5
[INFO] [stdout]   22:     0x562111ea17b7 - ooxml::packaging::package::open_and_save::{{closure}}::h8281d0d218474041
[INFO] [stdout]                                at /opt/rustwide/workdir/src/packaging/package.rs:187:19
[INFO] [stdout]   23:     0x562111ea4b06 - core::ops::function::FnOnce::call_once::h3ba16e1906d57893
[INFO] [stdout]                                at /rustc/82e1608dfa6e0b5569232559e3d385fea5a93112/library/core/src/ops/function.rs:250:5
[INFO] [stdout]   24:     0x5621121abb3f - core::ops::function::FnOnce::call_once::h2b5d431d5046312d
[INFO] [stdout]                                at /rustc/82e1608dfa6e0b5569232559e3d385fea5a93112/library/core/src/ops/function.rs:250:5
[INFO] [stdout]   25:     0x5621121abb3f - test::__rust_begin_short_backtrace::h7714669af176e207
[INFO] [stdout]                                at /rustc/82e1608dfa6e0b5569232559e3d385fea5a93112/library/test/src/lib.rs:628:18
[INFO] [stdout]   26:     0x5621121aab55 - test::run_test_in_process::{{closure}}::h85218797dcbcec12
[INFO] [stdout]                                at /rustc/82e1608dfa6e0b5569232559e3d385fea5a93112/library/test/src/lib.rs:651:60
[INFO] [stdout]   27:     0x5621121aab55 - <core::panic::unwind_safe::AssertUnwindSafe<F> as core::ops::function::FnOnce<()>>::call_once::h76c106ea31c14d7b
[INFO] [stdout]                                at /rustc/82e1608dfa6e0b5569232559e3d385fea5a93112/library/core/src/panic/unwind_safe.rs:272:9
[INFO] [stdout]   28:     0x5621121aab55 - std::panicking::try::do_call::h3bd5d0f6620ee946
[INFO] [stdout]                                at /rustc/82e1608dfa6e0b5569232559e3d385fea5a93112/library/std/src/panicking.rs:552:40
[INFO] [stdout]   29:     0x5621121aab55 - std::panicking::try::h232e535e4744fe31
[INFO] [stdout]                                at /rustc/82e1608dfa6e0b5569232559e3d385fea5a93112/library/std/src/panicking.rs:516:19
[INFO] [stdout]   30:     0x5621121aab55 - std::panic::catch_unwind::h3ce3bd6ca8dbac68
[INFO] [stdout]                                at /rustc/82e1608dfa6e0b5569232559e3d385fea5a93112/library/std/src/panic.rs:142:14
[INFO] [stdout]   31:     0x5621121aab55 - test::run_test_in_process::hc97b257c9621286a
[INFO] [stdout]                                at /rustc/82e1608dfa6e0b5569232559e3d385fea5a93112/library/test/src/lib.rs:651:27
[INFO] [stdout]   32:     0x5621121aab55 - test::run_test::{{closure}}::h2aa798823a438d38
[INFO] [stdout]                                at /rustc/82e1608dfa6e0b5569232559e3d385fea5a93112/library/test/src/lib.rs:574:43
[INFO] [stdout]   33:     0x562112172e16 - test::run_test::{{closure}}::h87d231c78fb59832
[INFO] [stdout]                                at /rustc/82e1608dfa6e0b5569232559e3d385fea5a93112/library/test/src/lib.rs:602:41
[INFO] [stdout]   34:     0x562112172e16 - std::sys_common::backtrace::__rust_begin_short_backtrace::he6df152596625789
[INFO] [stdout]                                at /rustc/82e1608dfa6e0b5569232559e3d385fea5a93112/library/std/src/sys_common/backtrace.rs:154:18
[INFO] [stdout]   35:     0x562112177ec7 - std::thread::Builder::spawn_unchecked_::{{closure}}::{{closure}}::ha94be15d1e0acf36
[INFO] [stdout]                                at /rustc/82e1608dfa6e0b5569232559e3d385fea5a93112/library/std/src/thread/mod.rs:529:17
[INFO] [stdout]   36:     0x562112177ec7 - <core::panic::unwind_safe::AssertUnwindSafe<F> as core::ops::function::FnOnce<()>>::call_once::h9dc6bd6372f16606
[INFO] [stdout]                                at /rustc/82e1608dfa6e0b5569232559e3d385fea5a93112/library/core/src/panic/unwind_safe.rs:272:9
[INFO] [stdout]   37:     0x562112177ec7 - std::panicking::try::do_call::h9057517f80303cd4
[INFO] [stdout]                                at /rustc/82e1608dfa6e0b5569232559e3d385fea5a93112/library/std/src/panicking.rs:552:40
[INFO] [stdout]   38:     0x562112177ec7 - std::panicking::try::he3a30b11ee45340c
[INFO] [stdout]                                at /rustc/82e1608dfa6e0b5569232559e3d385fea5a93112/library/std/src/panicking.rs:516:19
[INFO] [stdout]   39:     0x562112177ec7 - std::panic::catch_unwind::h410458cfd3528b8b
[INFO] [stdout]                                at /rustc/82e1608dfa6e0b5569232559e3d385fea5a93112/library/std/src/panic.rs:142:14
[INFO] [stdout]   40:     0x562112177ec7 - std::thread::Builder::spawn_unchecked_::{{closure}}::h72ac3bdb567b737b
[INFO] [stdout]                                at /rustc/82e1608dfa6e0b5569232559e3d385fea5a93112/library/std/src/thread/mod.rs:528:30
[INFO] [stdout]   41:     0x562112177ec7 - core::ops::function::FnOnce::call_once{{vtable.shim}}::h38f34da3654a8344
[INFO] [stdout]                                at /rustc/82e1608dfa6e0b5569232559e3d385fea5a93112/library/core/src/ops/function.rs:250:5
[INFO] [stdout]   42:     0x56211248cf65 - <alloc::boxed::Box<F,A> as core::ops::function::FnOnce<Args>>::call_once::hc7eafaff61e32df9
[INFO] [stdout]                                at /rustc/82e1608dfa6e0b5569232559e3d385fea5a93112/library/alloc/src/boxed.rs:2007:9
[INFO] [stdout]   43:     0x56211248cf65 - <alloc::boxed::Box<F,A> as core::ops::function::FnOnce<Args>>::call_once::h6ba4a5de48dd2304
[INFO] [stdout]                                at /rustc/82e1608dfa6e0b5569232559e3d385fea5a93112/library/alloc/src/boxed.rs:2007:9
[INFO] [stdout]   44:     0x56211248cf65 - std::sys::unix::thread::Thread::new::thread_start::he469335aef763e45
[INFO] [stdout]                                at /rustc/82e1608dfa6e0b5569232559e3d385fea5a93112/library/std/src/sys/unix/thread.rs:108:17
[INFO] [stdout]   45:     0x7f39f7ab4ac3 - <unknown>
[INFO] [stdout]   46:     0x7f39f7b45bf4 - __clone
[INFO] [stdout]   47:                0x0 - <unknown>
[INFO] [stdout] 
[INFO] [stdout] 
[INFO] [stdout] failures:
[INFO] [stdout]     packaging::package::open_and_save
[INFO] [stdout] 
[INFO] [stdout] test result: FAILED. 18 passed; 1 failed; 1 ignored; 0 measured; 0 filtered out; finished in 0.31s
[INFO] [stdout] 
[INFO] [stderr] error: test failed, to rerun pass `--lib`
[INFO] running `Command { std: "docker" "inspect" "6c0921058d9479e5b0154bcfb795b83742fc59d3dcad73de7eee91e806233ec5", kill_on_drop: false }`
[INFO] running `Command { std: "docker" "rm" "-f" "6c0921058d9479e5b0154bcfb795b83742fc59d3dcad73de7eee91e806233ec5", kill_on_drop: false }`
[INFO] [stdout] 6c0921058d9479e5b0154bcfb795b83742fc59d3dcad73de7eee91e806233ec5
[INFO] testing ooxml-0.2.8 against beta-2023-12-22 for beta-1.76-1
[INFO] extracting crate ooxml 0.2.8 into /workspace/builds/worker-5-tc2/source
[INFO] validating manifest of crates.io crate ooxml 0.2.8 on toolchain beta-2023-12-22
[INFO] running `Command { std: CARGO_HOME="/workspace/cargo-home" RUSTUP_HOME="/workspace/rustup-home" "/workspace/cargo-home/bin/cargo" "+beta-2023-12-22" "metadata" "--manifest-path" "Cargo.toml" "--no-deps", kill_on_drop: false }`
[INFO] started tweaking crates.io crate ooxml 0.2.8
[INFO] finished tweaking crates.io crate ooxml 0.2.8
[INFO] tweaked toml for crates.io crate ooxml 0.2.8 written to /workspace/builds/worker-5-tc2/source/Cargo.toml
[INFO] crate crates.io crate ooxml 0.2.8 already has a lockfile, it will not be regenerated
[INFO] running `Command { std: CARGO_HOME="/workspace/cargo-home" RUSTUP_HOME="/workspace/rustup-home" "/workspace/cargo-home/bin/cargo" "+beta-2023-12-22" "fetch" "--manifest-path" "Cargo.toml", kill_on_drop: false }`
[INFO] running `Command { std: "docker" "create" "-v" "/var/lib/crater-agent-workspace/builds/worker-5-tc2/target:/opt/rustwide/target:rw,Z" "-v" "/var/lib/crater-agent-workspace/builds/worker-5-tc2/source:/opt/rustwide/workdir:ro,Z" "-v" "/var/lib/crater-agent-workspace/cargo-home:/opt/rustwide/cargo-home:ro,Z" "-v" "/var/lib/crater-agent-workspace/rustup-home:/opt/rustwide/rustup-home:ro,Z" "-e" "SOURCE_DIR=/opt/rustwide/workdir" "-e" "CARGO_TARGET_DIR=/opt/rustwide/target" "-e" "CARGO_HOME=/opt/rustwide/cargo-home" "-e" "RUSTUP_HOME=/opt/rustwide/rustup-home" "-w" "/opt/rustwide/workdir" "-m" "1610612736" "--user" "0:0" "--network" "none" "ghcr.io/rust-lang/crates-build-env/linux@sha256:2788e3201cd34a07e3172128adcd8b3090168a8e3bcc40d7c032b9dda1df7d1c" "/opt/rustwide/cargo-home/bin/cargo" "+beta-2023-12-22" "metadata" "--no-deps" "--format-version=1", kill_on_drop: false }`
[INFO] [stdout] e07e3ea2798f7d6b1731f593c58b6099f0e5cda0955e46bc801cd5854cfdd3be
[INFO] running `Command { std: "docker" "start" "-a" "e07e3ea2798f7d6b1731f593c58b6099f0e5cda0955e46bc801cd5854cfdd3be", kill_on_drop: false }`
[INFO] running `Command { std: "docker" "inspect" "e07e3ea2798f7d6b1731f593c58b6099f0e5cda0955e46bc801cd5854cfdd3be", kill_on_drop: false }`
[INFO] running `Command { std: "docker" "rm" "-f" "e07e3ea2798f7d6b1731f593c58b6099f0e5cda0955e46bc801cd5854cfdd3be", kill_on_drop: false }`
[INFO] [stdout] e07e3ea2798f7d6b1731f593c58b6099f0e5cda0955e46bc801cd5854cfdd3be
[INFO] running `Command { std: "docker" "create" "-v" "/var/lib/crater-agent-workspace/builds/worker-5-tc2/target:/opt/rustwide/target:rw,Z" "-v" "/var/lib/crater-agent-workspace/builds/worker-5-tc2/source:/opt/rustwide/workdir:ro,Z" "-v" "/var/lib/crater-agent-workspace/cargo-home:/opt/rustwide/cargo-home:ro,Z" "-v" "/var/lib/crater-agent-workspace/rustup-home:/opt/rustwide/rustup-home:ro,Z" "-e" "SOURCE_DIR=/opt/rustwide/workdir" "-e" "CARGO_TARGET_DIR=/opt/rustwide/target" "-e" "CARGO_INCREMENTAL=0" "-e" "RUST_BACKTRACE=full" "-e" "RUSTFLAGS=--cap-lints=warn" "-e" "RUSTDOCFLAGS=--cap-lints=warn" "-e" "CARGO_HOME=/opt/rustwide/cargo-home" "-e" "RUSTUP_HOME=/opt/rustwide/rustup-home" "-w" "/opt/rustwide/workdir" "-m" "1610612736" "--user" "0:0" "--network" "none" "ghcr.io/rust-lang/crates-build-env/linux@sha256:2788e3201cd34a07e3172128adcd8b3090168a8e3bcc40d7c032b9dda1df7d1c" "/opt/rustwide/cargo-home/bin/cargo" "+beta-2023-12-22" "build" "--frozen" "--message-format=json", kill_on_drop: false }`
[INFO] [stdout] 4a7c8f48d09a70cd4387ab4366b0ee14e157ce2a83804c2fa27066f994700d33
[INFO] running `Command { std: "docker" "start" "-a" "4a7c8f48d09a70cd4387ab4366b0ee14e157ce2a83804c2fa27066f994700d33", kill_on_drop: false }`
[INFO] [stderr]    Compiling libc v0.2.147
[INFO] [stderr]    Compiling typenum v1.16.0
[INFO] [stderr]    Compiling pkg-config v0.3.27
[INFO] [stderr]    Compiling proc-macro2 v1.0.66
[INFO] [stderr]    Compiling memchr v2.5.0
[INFO] [stderr]    Compiling unicode-ident v1.0.11
[INFO] [stderr]    Compiling subtle v2.5.0
[INFO] [stderr]    Compiling serde v1.0.183
[INFO] [stderr]    Compiling serde_derive v1.0.183
[INFO] [stderr]    Compiling cfg_aliases v0.1.1
[INFO] [stderr]    Compiling syn v1.0.109
[INFO] [stderr]    Compiling cpufeatures v0.2.9
[INFO] [stderr]    Compiling tinyvec_macros v0.1.1
[INFO] [stderr]    Compiling generic-array v0.14.7
[INFO] [stderr]    Compiling zstd-safe v5.0.2+zstd.1.5.2
[INFO] [stderr]    Compiling num-traits v0.2.16
[INFO] [stderr]    Compiling static_init_macro v1.0.2
[INFO] [stderr]    Compiling tinyvec v1.6.0
[INFO] [stderr]    Compiling rand_core v0.6.4
[INFO] [stderr]    Compiling base64ct v1.6.0
[INFO] [stderr]    Compiling rustversion v1.0.14
[INFO] [stderr]    Compiling adler v1.0.2
[INFO] [stderr]    Compiling miniz_oxide v0.7.1
[INFO] [stderr]    Compiling static_init v1.0.3
[INFO] [stderr]    Compiling deranged v0.3.7
[INFO] [stderr]    Compiling password-hash v0.4.2
[INFO] [stderr]    Compiling regex-syntax v0.7.4
[INFO] [stderr]    Compiling serde_json v1.0.105
[INFO] [stderr]    Compiling time-core v0.1.1
[INFO] [stderr]    Compiling thiserror v1.0.46
[INFO] [stderr]    Compiling paste v1.0.14
[INFO] [stderr]    Compiling unicode-bidi v0.3.13
[INFO] [stderr]    Compiling aho-corasick v1.0.4
[INFO] [stderr]    Compiling percent-encoding v2.3.0
[INFO] [stderr]    Compiling jobserver v0.1.26
[INFO] [stderr]    Compiling quote v1.0.32
[INFO] [stderr]    Compiling unicode-normalization v0.1.22
[INFO] [stderr]    Compiling form_urlencoded v1.2.0
[INFO] [stderr]    Compiling time v0.1.45
[INFO] [stderr]    Compiling flate2 v1.0.27
[INFO] [stderr]    Compiling time v0.3.25
[INFO] [stderr]    Compiling cc v1.0.82
[INFO] [stderr]    Compiling syn v2.0.28
[INFO] [stderr]    Compiling byteorder v1.4.3
[INFO] [stderr]    Compiling ryu v1.0.15
[INFO] [stderr]    Compiling idna v0.4.0
[INFO] [stderr]    Compiling itoa v1.0.9
[INFO] [stderr]    Compiling bitflags v1.3.2
[INFO] [stderr]    Compiling constant_time_eq v0.1.5
[INFO] [stderr]    Compiling iana-time-zone v0.1.57
[INFO] [stderr]    Compiling mime v0.3.17
[INFO] [stderr]    Compiling escape8259 v0.5.2
[INFO] [stderr]    Compiling crypto-common v0.1.6
[INFO] [stderr]    Compiling block-buffer v0.10.4
[INFO] [stderr]    Compiling inout v0.1.3
[INFO] [stderr]    Compiling url v2.4.0
[INFO] [stderr]    Compiling zstd-sys v2.0.8+zstd.1.5.5
[INFO] [stderr]    Compiling bzip2-sys v0.1.11+1.0.8
[INFO] [stderr]    Compiling digest v0.10.7
[INFO] [stderr]    Compiling cipher v0.4.4
[INFO] [stderr]    Compiling sha2 v0.10.7
[INFO] [stderr]    Compiling hmac v0.12.1
[INFO] [stderr]    Compiling sha1 v0.10.5
[INFO] [stderr]    Compiling aes v0.8.3
[INFO] [stderr]    Compiling regex-automata v0.3.6
[INFO] [stderr]    Compiling pbkdf2 v0.11.0
[INFO] [stderr]    Compiling bzip2 v0.4.4
[INFO] [stderr]    Compiling quick-xml v0.22.0
[INFO] [stderr]    Compiling linked-hash-map v0.5.6
[INFO] [stderr]    Compiling chrono v0.4.26
[INFO] [stderr]    Compiling minidom v0.14.0
[INFO] [stderr]    Compiling regex v1.9.3
[INFO] [stderr]    Compiling thiserror-impl v1.0.46
[INFO] [stderr]    Compiling derivative v2.2.0
[INFO] [stderr]    Compiling zstd v0.11.2+zstd.1.5.2
[INFO] [stderr]    Compiling zip v0.6.6
[INFO] [stderr]    Compiling ooxml v0.2.8 (/opt/rustwide/workdir)
[INFO] [stderr]     Finished dev [unoptimized + debuginfo] target(s) in 19.20s
[INFO] [stderr] warning: the following packages contain code that will be rejected by a future version of Rust: quick-xml v0.22.0
[INFO] [stderr] note: to see what the problems were, use the option `--future-incompat-report`, or run `cargo report future-incompatibilities --id 1`
[INFO] running `Command { std: "docker" "inspect" "4a7c8f48d09a70cd4387ab4366b0ee14e157ce2a83804c2fa27066f994700d33", kill_on_drop: false }`
[INFO] running `Command { std: "docker" "rm" "-f" "4a7c8f48d09a70cd4387ab4366b0ee14e157ce2a83804c2fa27066f994700d33", kill_on_drop: false }`
[INFO] [stdout] 4a7c8f48d09a70cd4387ab4366b0ee14e157ce2a83804c2fa27066f994700d33
[INFO] running `Command { std: "docker" "create" "-v" "/var/lib/crater-agent-workspace/builds/worker-5-tc2/target:/opt/rustwide/target:rw,Z" "-v" "/var/lib/crater-agent-workspace/builds/worker-5-tc2/source:/opt/rustwide/workdir:ro,Z" "-v" "/var/lib/crater-agent-workspace/cargo-home:/opt/rustwide/cargo-home:ro,Z" "-v" "/var/lib/crater-agent-workspace/rustup-home:/opt/rustwide/rustup-home:ro,Z" "-e" "SOURCE_DIR=/opt/rustwide/workdir" "-e" "CARGO_TARGET_DIR=/opt/rustwide/target" "-e" "CARGO_INCREMENTAL=0" "-e" "RUST_BACKTRACE=full" "-e" "RUSTFLAGS=--cap-lints=warn" "-e" "RUSTDOCFLAGS=--cap-lints=warn" "-e" "CARGO_HOME=/opt/rustwide/cargo-home" "-e" "RUSTUP_HOME=/opt/rustwide/rustup-home" "-w" "/opt/rustwide/workdir" "-m" "1610612736" "--user" "0:0" "--network" "none" "ghcr.io/rust-lang/crates-build-env/linux@sha256:2788e3201cd34a07e3172128adcd8b3090168a8e3bcc40d7c032b9dda1df7d1c" "/opt/rustwide/cargo-home/bin/cargo" "+beta-2023-12-22" "test" "--frozen" "--no-run" "--message-format=json", kill_on_drop: false }`
[INFO] [stdout] 368d1a395077f25e7a67cbfe1a9a0175545d866919da8ca76390a440e36a0149
[INFO] running `Command { std: "docker" "start" "-a" "368d1a395077f25e7a67cbfe1a9a0175545d866919da8ca76390a440e36a0149", kill_on_drop: false }`
[INFO] [stderr]    Compiling either v1.9.0
[INFO] [stderr]    Compiling itertools v0.10.5
[INFO] [stderr]    Compiling ooxml v0.2.8 (/opt/rustwide/workdir)
[INFO] [stdout] warning: use of deprecated associated function `chrono::NaiveDate::from_ymd`: use `from_ymd_opt()` instead
[INFO] [stdout]    --> src/document/spreadsheet/mod.rs:692:36
[INFO] [stdout]     |
[INFO] [stdout] 692 |     let date2 = chrono::NaiveDate::from_ymd(1980, 12, 12);
[INFO] [stdout]     |                                    ^^^^^^^^
[INFO] [stdout]     |
[INFO] [stdout]     = note: `#[warn(deprecated)]` on by default
[INFO] [stdout] 
[INFO] [stdout] 
[INFO] [stdout] warning: use of deprecated associated function `chrono::NaiveDate::from_ymd`: use `from_ymd_opt()` instead
[INFO] [stdout]    --> src/document/spreadsheet/mod.rs:695:36
[INFO] [stdout]     |
[INFO] [stdout] 695 |     let d1900 = chrono::NaiveDate::from_ymd(1900, 1, 1);
[INFO] [stdout]     |                                    ^^^^^^^^
[INFO] [stdout] 
[INFO] [stdout] 
[INFO] [stdout] warning: unused variable: `fmt`
[INFO] [stdout]    --> src/document/spreadsheet/mod.rs:689:9
[INFO] [stdout]     |
[INFO] [stdout] 689 |     let fmt = "yyyy/m/d";
[INFO] [stdout]     |         ^^^ help: if this is intentional, prefix it with an underscore: `_fmt`
[INFO] [stdout]     |
[INFO] [stdout]     = note: `#[warn(unused_variables)]` on by default
[INFO] [stdout] 
[INFO] [stdout] 
[INFO] [stdout] warning: constant `xml` should have an upper case name
[INFO] [stdout]   --> src/packaging/custom_property.rs:36:11
[INFO] [stdout]    |
[INFO] [stdout] 36 |     const xml: &str = r#"<property fmtid="{D5CDD505-2E9C-101B-9397-08002B2CF9AE}" pid="2" name="KSOProductBuildVer"><vt:lpwstr>2052-11.1....
[INFO] [stdout]    |           ^^^ help: convert the identifier to upper case: `XML`
[INFO] [stdout]    |
[INFO] [stdout]    = note: `#[warn(non_upper_case_globals)]` on by default
[INFO] [stdout] 
[INFO] [stdout] 
[INFO] [stdout] warning: constant `xml` should have an upper case name
[INFO] [stdout]   --> src/packaging/custom_property.rs:46:11
[INFO] [stdout]    |
[INFO] [stdout] 46 |     const xml: &str = r#"<property fmtid="{D5CDD505-2E9C-101B-9397-08002B2CF9AE}" pid="2" name="KSOProductBuildVer"><vt:lpwstr>2052-11.1....
[INFO] [stdout]    |           ^^^ help: convert the identifier to upper case: `XML`
[INFO] [stdout] 
[INFO] [stdout] 
[INFO] [stdout] warning: constant `raw` should have an upper case name
[INFO] [stdout]    --> src/packaging/custom_property.rs:132:11
[INFO] [stdout]     |
[INFO] [stdout] 132 |     const raw: &str = r#"<?xml version="1.0" encoding="UTF-8" standalone="yes"?><Properties xmlns="http://schemas.openxmlformats.org/offi...
[INFO] [stdout]     |           ^^^ help: convert the identifier to upper case: `RAW`
[INFO] [stdout] 
[INFO] [stdout] 
[INFO] [stdout] warning: constant `file` should have an upper case name
[INFO] [stdout]    --> src/document/spreadsheet/shared_string.rs:164:11
[INFO] [stdout]     |
[INFO] [stdout] 164 |     const file: &str = "examples/sharedString-missing-t/xl/sharedStrings.xml";
[INFO] [stdout]     |           ^^^^ help: convert the identifier to upper case: `FILE`
[INFO] [stdout] 
[INFO] [stdout] 
[INFO] [stdout] warning: 7 warnings emitted
[INFO] [stdout] 
[INFO] [stdout] 
[INFO] [stderr]     Finished test [unoptimized + debuginfo] target(s) in 9.17s
[INFO] [stderr] warning: the following packages contain code that will be rejected by a future version of Rust: quick-xml v0.22.0
[INFO] [stderr] note: to see what the problems were, use the option `--future-incompat-report`, or run `cargo report future-incompatibilities --id 1`
[INFO] running `Command { std: "docker" "inspect" "368d1a395077f25e7a67cbfe1a9a0175545d866919da8ca76390a440e36a0149", kill_on_drop: false }`
[INFO] running `Command { std: "docker" "rm" "-f" "368d1a395077f25e7a67cbfe1a9a0175545d866919da8ca76390a440e36a0149", kill_on_drop: false }`
[INFO] [stdout] 368d1a395077f25e7a67cbfe1a9a0175545d866919da8ca76390a440e36a0149
[INFO] running `Command { std: "docker" "create" "-v" "/var/lib/crater-agent-workspace/builds/worker-5-tc2/target:/opt/rustwide/target:rw,Z" "-v" "/var/lib/crater-agent-workspace/builds/worker-5-tc2/source:/opt/rustwide/workdir:ro,Z" "-v" "/var/lib/crater-agent-workspace/cargo-home:/opt/rustwide/cargo-home:ro,Z" "-v" "/var/lib/crater-agent-workspace/rustup-home:/opt/rustwide/rustup-home:ro,Z" "-e" "SOURCE_DIR=/opt/rustwide/workdir" "-e" "CARGO_TARGET_DIR=/opt/rustwide/target" "-e" "CARGO_INCREMENTAL=0" "-e" "RUST_BACKTRACE=full" "-e" "RUSTFLAGS=--cap-lints=warn" "-e" "RUSTDOCFLAGS=--cap-lints=warn" "-e" "CARGO_HOME=/opt/rustwide/cargo-home" "-e" "RUSTUP_HOME=/opt/rustwide/rustup-home" "-w" "/opt/rustwide/workdir" "-m" "1610612736" "--user" "0:0" "--network" "none" "ghcr.io/rust-lang/crates-build-env/linux@sha256:2788e3201cd34a07e3172128adcd8b3090168a8e3bcc40d7c032b9dda1df7d1c" "/opt/rustwide/cargo-home/bin/cargo" "+beta-2023-12-22" "test" "--frozen", kill_on_drop: false }`
[INFO] [stdout] 2b3b6bfaeed5a05514d79c7af472254da0c2e3c8c07a7ab107dd7882d776693e
[INFO] running `Command { std: "docker" "start" "-a" "2b3b6bfaeed5a05514d79c7af472254da0c2e3c8c07a7ab107dd7882d776693e", kill_on_drop: false }`
[INFO] [stderr] warning: use of deprecated associated function `chrono::NaiveDate::from_ymd`: use `from_ymd_opt()` instead
[INFO] [stderr]    --> src/document/spreadsheet/mod.rs:692:36
[INFO] [stderr]     |
[INFO] [stderr] 692 |     let date2 = chrono::NaiveDate::from_ymd(1980, 12, 12);
[INFO] [stderr]     |                                    ^^^^^^^^
[INFO] [stderr]     |
[INFO] [stderr]     = note: `#[warn(deprecated)]` on by default
[INFO] [stderr] 
[INFO] [stderr] warning: use of deprecated associated function `chrono::NaiveDate::from_ymd`: use `from_ymd_opt()` instead
[INFO] [stderr]    --> src/document/spreadsheet/mod.rs:695:36
[INFO] [stderr]     |
[INFO] [stderr] 695 |     let d1900 = chrono::NaiveDate::from_ymd(1900, 1, 1);
[INFO] [stderr]     |                                    ^^^^^^^^
[INFO] [stderr] 
[INFO] [stderr] warning: unused variable: `fmt`
[INFO] [stderr]    --> src/document/spreadsheet/mod.rs:689:9
[INFO] [stderr]     |
[INFO] [stderr] 689 |     let fmt = "yyyy/m/d";
[INFO] [stderr]     |         ^^^ help: if this is intentional, prefix it with an underscore: `_fmt`
[INFO] [stderr]     |
[INFO] [stderr]     = note: `#[warn(unused_variables)]` on by default
[INFO] [stderr] 
[INFO] [stderr] warning: constant `xml` should have an upper case name
[INFO] [stderr]   --> src/packaging/custom_property.rs:36:11
[INFO] [stderr]    |
[INFO] [stderr] 36 |     const xml: &str = r#"<property fmtid="{D5CDD505-2E9C-101B-9397-08002B2CF9AE}" pid="2" name="KSOProductBuildVer"><vt:lpwstr>2052-11.1....
[INFO] [stderr]    |           ^^^ help: convert the identifier to upper case: `XML`
[INFO] [stderr]    |
[INFO] [stderr]    = note: `#[warn(non_upper_case_globals)]` on by default
[INFO] [stderr] 
[INFO] [stderr] warning: constant `xml` should have an upper case name
[INFO] [stderr]   --> src/packaging/custom_property.rs:46:11
[INFO] [stderr]    |
[INFO] [stderr] 46 |     const xml: &str = r#"<property fmtid="{D5CDD505-2E9C-101B-9397-08002B2CF9AE}" pid="2" name="KSOProductBuildVer"><vt:lpwstr>2052-11.1....
[INFO] [stderr]    |           ^^^ help: convert the identifier to upper case: `XML`
[INFO] [stderr] 
[INFO] [stderr] warning: constant `raw` should have an upper case name
[INFO] [stderr]    --> src/packaging/custom_property.rs:132:11
[INFO] [stderr]     |
[INFO] [stderr] 132 |     const raw: &str = r#"<?xml version="1.0" encoding="UTF-8" standalone="yes"?><Properties xmlns="http://schemas.openxmlformats.org/offi...
[INFO] [stderr]     |           ^^^ help: convert the identifier to upper case: `RAW`
[INFO] [stderr] 
[INFO] [stderr] warning: constant `file` should have an upper case name
[INFO] [stderr]    --> src/document/spreadsheet/shared_string.rs:164:11
[INFO] [stderr]     |
[INFO] [stderr] 164 |     const file: &str = "examples/sharedString-missing-t/xl/sharedStrings.xml";
[INFO] [stderr]     |           ^^^^ help: convert the identifier to upper case: `FILE`
[INFO] [stderr] 
[INFO] [stderr] warning: `ooxml` (lib test) generated 7 warnings (run `cargo fix --lib -p ooxml --tests` to apply 1 suggestion)
[INFO] [stderr]     Finished test [unoptimized + debuginfo] target(s) in 0.06s
[INFO] [stderr] warning: the following packages contain code that will be rejected by a future version of Rust: quick-xml v0.22.0
[INFO] [stderr] note: to see what the problems were, use the option `--future-incompat-report`, or run `cargo report future-incompatibilities --id 1`
[INFO] [stderr]      Running unittests src/lib.rs (/opt/rustwide/target/debug/deps/ooxml-0a91a171d8e1eae2)
[INFO] [stdout] 
[INFO] [stdout] running 20 tests
[INFO] [stdout] test document::spreadsheet::shared_string::test_de ... ignored
[INFO] [stdout] test document::spreadsheet::chrono ... ok
[INFO] [stdout] test document::spreadsheet::worksheet::cell ... ok
[INFO] [stdout] test packaging::app_property::serde ... ok
[INFO] [stdout] test document::spreadsheet::workbook::serde ... ok
[INFO] [stdout] test packaging::app_property::serde_titles_of_parts ... ok
[INFO] [stdout] test packaging::custom_property::custom_properties_de ... ok
[INFO] [stdout] test packaging::custom_property::custom_property_de ... ok
[INFO] [stdout] test packaging::namespace::de ... ok
[INFO] [stdout] test packaging::content_type::test_de ... ok
[INFO] [stdout] test document::spreadsheet::style::test_de ... ok
[INFO] [stdout] test document::spreadsheet::worksheet::serde ... ok
[INFO] [stdout] test packaging::variant::serde_vt_vector ... ok
[INFO] [stdout] test packaging::custom_property::test_de ... ok
[INFO] [stdout] test packaging::variant::variant_serde ... ok
[INFO] [stdout] test packaging::variant::serde_vt_variant ... ok
[INFO] [stdout] test packaging::property::test_de ... ok
[INFO] [stdout] test packaging::relationship::test_de ... ok
[INFO] [stdout] test packaging::package::open_and_save ... FAILED
[INFO] [stdout] test document::spreadsheet::open ... ok
[INFO] [stdout] 
[INFO] [stdout] failures:
[INFO] [stdout] 
[INFO] [stdout] ---- packaging::package::open_and_save stdout ----
[INFO] [stdout] thread 'packaging::package::open_and_save' panicked at src/packaging/package.rs:190:46:
[INFO] [stdout] called `Result::unwrap()` on an `Err` value: IoError(Os { code: 30, kind: ReadOnlyFilesystem, message: "Read-only file system" })
[INFO] [stdout] stack backtrace:
[INFO] [stdout]    0:     0x56383a33bae6 - std::backtrace_rs::backtrace::libunwind::trace::h261606ad26a499c1
[INFO] [stdout]                                at /rustc/0e09125c6c3c2fd70d7de961bcf0e51575235fad/library/std/src/../../backtrace/src/backtrace/libunwind.rs:104:5
[INFO] [stdout]    1:     0x56383a33bae6 - std::backtrace_rs::backtrace::trace_unsynchronized::hd183f0625477fb28
[INFO] [stdout]                                at /rustc/0e09125c6c3c2fd70d7de961bcf0e51575235fad/library/std/src/../../backtrace/src/backtrace/mod.rs:66:5
[INFO] [stdout]    2:     0x56383a33bae6 - std::sys_common::backtrace::_print_fmt::hd7f8fef21b4eda67
[INFO] [stdout]                                at /rustc/0e09125c6c3c2fd70d7de961bcf0e51575235fad/library/std/src/sys_common/backtrace.rs:68:5
[INFO] [stdout]    3:     0x56383a33bae6 - <std::sys_common::backtrace::_print::DisplayBacktrace as core::fmt::Display>::fmt::h623d9b51f2f453f1
[INFO] [stdout]                                at /rustc/0e09125c6c3c2fd70d7de961bcf0e51575235fad/library/std/src/sys_common/backtrace.rs:44:22
[INFO] [stdout]    4:     0x56383a367050 - core::fmt::rt::Argument::fmt::h9f417ac76a86f368
[INFO] [stdout]                                at /rustc/0e09125c6c3c2fd70d7de961bcf0e51575235fad/library/core/src/fmt/rt.rs:142:9
[INFO] [stdout]    5:     0x56383a367050 - core::fmt::write::hc9b6faf4ac2aeff7
[INFO] [stdout]                                at /rustc/0e09125c6c3c2fd70d7de961bcf0e51575235fad/library/core/src/fmt/mod.rs:1120:17
[INFO] [stdout]    6:     0x56383a33954f - std::io::Write::write_fmt::he04625a3a989fec3
[INFO] [stdout]                                at /rustc/0e09125c6c3c2fd70d7de961bcf0e51575235fad/library/std/src/io/mod.rs:1810:15
[INFO] [stdout]    7:     0x56383a33b8c4 - std::sys_common::backtrace::_print::hd5d66399c7df88a2
[INFO] [stdout]                                at /rustc/0e09125c6c3c2fd70d7de961bcf0e51575235fad/library/std/src/sys_common/backtrace.rs:47:5
[INFO] [stdout]    8:     0x56383a33b8c4 - std::sys_common::backtrace::print::he81ed2da642d37e5
[INFO] [stdout]                                at /rustc/0e09125c6c3c2fd70d7de961bcf0e51575235fad/library/std/src/sys_common/backtrace.rs:34:9
[INFO] [stdout]    9:     0x56383a33d637 - std::panicking::default_hook::{{closure}}::h85773f4fa117163d
[INFO] [stdout]   10:     0x56383a33d31d - std::panicking::default_hook::h6a1694a91d09b278
[INFO] [stdout]                                at /rustc/0e09125c6c3c2fd70d7de961bcf0e51575235fad/library/std/src/panicking.rs:289:9
[INFO] [stdout]   11:     0x56383a05a247 - <alloc::boxed::Box<F,A> as core::ops::function::Fn<Args>>::call::h616ac37fa3cd6c8f
[INFO] [stdout]                                at /rustc/0e09125c6c3c2fd70d7de961bcf0e51575235fad/library/alloc/src/boxed.rs:2029:9
[INFO] [stdout]   12:     0x56383a05a247 - test::test_main::{{closure}}::h00d84697cefdcbb6
[INFO] [stdout]                                at /rustc/0e09125c6c3c2fd70d7de961bcf0e51575235fad/library/test/src/lib.rs:138:21
[INFO] [stdout]   13:     0x56383a33dc56 - <alloc::boxed::Box<F,A> as core::ops::function::Fn<Args>>::call::hcb3fe3b9bb537ba8
[INFO] [stdout]                                at /rustc/0e09125c6c3c2fd70d7de961bcf0e51575235fad/library/alloc/src/boxed.rs:2029:9
[INFO] [stdout]   14:     0x56383a33dc56 - std::panicking::rust_panic_with_hook::h0a7ad96e90f7145b
[INFO] [stdout]                                at /rustc/0e09125c6c3c2fd70d7de961bcf0e51575235fad/library/std/src/panicking.rs:783:13
[INFO] [stdout]   15:     0x56383a33d9a2 - std::panicking::begin_panic_handler::{{closure}}::h7919090525c6485e
[INFO] [stdout]                                at /rustc/0e09125c6c3c2fd70d7de961bcf0e51575235fad/library/std/src/panicking.rs:657:13
[INFO] [stdout]   16:     0x56383a33bfe6 - std::sys_common::backtrace::__rust_end_short_backtrace::hf3289479464f7dfe
[INFO] [stdout]                                at /rustc/0e09125c6c3c2fd70d7de961bcf0e51575235fad/library/std/src/sys_common/backtrace.rs:171:18
[INFO] [stdout]   17:     0x56383a33d700 - rust_begin_unwind
[INFO] [stdout]                                at /rustc/0e09125c6c3c2fd70d7de961bcf0e51575235fad/library/std/src/panicking.rs:645:5
[INFO] [stdout]   18:     0x563839be2315 - core::panicking::panic_fmt::hcc9f77c5c132af55
[INFO] [stdout]                                at /rustc/0e09125c6c3c2fd70d7de961bcf0e51575235fad/library/core/src/panicking.rs:72:14
[INFO] [stdout]   19:     0x563839be28f3 - core::result::unwrap_failed::hbe14f498be1452f9
[INFO] [stdout]                                at /rustc/0e09125c6c3c2fd70d7de961bcf0e51575235fad/library/core/src/result.rs:1649:5
[INFO] [stdout]   20:     0x563839c898b3 - core::result::Result<T,E>::unwrap::hb96e3835aa1e9959
[INFO] [stdout]                                at /rustc/0e09125c6c3c2fd70d7de961bcf0e51575235fad/library/core/src/result.rs:1073:23
[INFO] [stdout]   21:     0x563839dde7c8 - ooxml::packaging::package::open_and_save::haba8e900141d93c6
[INFO] [stdout]                                at /opt/rustwide/workdir/src/packaging/package.rs:190:5
[INFO] [stdout]   22:     0x563839dde707 - ooxml::packaging::package::open_and_save::{{closure}}::h6f785624bc75e8fc
[INFO] [stdout]                                at /opt/rustwide/workdir/src/packaging/package.rs:187:19
[INFO] [stdout]   23:     0x563839cacda6 - core::ops::function::FnOnce::call_once::h37697d0e40ed329e
[INFO] [stdout]                                at /rustc/0e09125c6c3c2fd70d7de961bcf0e51575235fad/library/core/src/ops/function.rs:250:5
[INFO] [stdout]   24:     0x56383a05fb1f - core::ops::function::FnOnce::call_once::hd64d26f405258157
[INFO] [stdout]                                at /rustc/0e09125c6c3c2fd70d7de961bcf0e51575235fad/library/core/src/ops/function.rs:250:5
[INFO] [stdout]   25:     0x56383a05fb1f - test::__rust_begin_short_backtrace::he21b0b7a6d731bf9
[INFO] [stdout]                                at /rustc/0e09125c6c3c2fd70d7de961bcf0e51575235fad/library/test/src/lib.rs:627:18
[INFO] [stdout]   26:     0x56383a05e8a1 - test::run_test_in_process::{{closure}}::hf5c73986d7bdfde2
[INFO] [stdout]                                at /rustc/0e09125c6c3c2fd70d7de961bcf0e51575235fad/library/test/src/lib.rs:650:60
[INFO] [stdout]   27:     0x56383a05e8a1 - <core::panic::unwind_safe::AssertUnwindSafe<F> as core::ops::function::FnOnce<()>>::call_once::h330011ad032aadc0
[INFO] [stdout]                                at /rustc/0e09125c6c3c2fd70d7de961bcf0e51575235fad/library/core/src/panic/unwind_safe.rs:272:9
[INFO] [stdout]   28:     0x56383a05e8a1 - std::panicking::try::do_call::he61b0a958b795a41
[INFO] [stdout]                                at /rustc/0e09125c6c3c2fd70d7de961bcf0e51575235fad/library/std/src/panicking.rs:552:40
[INFO] [stdout]   29:     0x56383a05e8a1 - std::panicking::try::h7309da130f906eb7
[INFO] [stdout]                                at /rustc/0e09125c6c3c2fd70d7de961bcf0e51575235fad/library/std/src/panicking.rs:516:19
[INFO] [stdout]   30:     0x56383a05e8a1 - std::panic::catch_unwind::hc5c3a06fdaf0a92a
[INFO] [stdout]                                at /rustc/0e09125c6c3c2fd70d7de961bcf0e51575235fad/library/std/src/panic.rs:142:14
[INFO] [stdout]   31:     0x56383a05e8a1 - test::run_test_in_process::h7e7b7c71c3324e0f
[INFO] [stdout]                                at /rustc/0e09125c6c3c2fd70d7de961bcf0e51575235fad/library/test/src/lib.rs:650:27
[INFO] [stdout]   32:     0x56383a05e8a1 - test::run_test::{{closure}}::h1f509f28f5cf20b1
[INFO] [stdout]                                at /rustc/0e09125c6c3c2fd70d7de961bcf0e51575235fad/library/test/src/lib.rs:573:43
[INFO] [stdout]   33:     0x56383a025bd6 - test::run_test::{{closure}}::h1754218abf443f6d
[INFO] [stdout]                                at /rustc/0e09125c6c3c2fd70d7de961bcf0e51575235fad/library/test/src/lib.rs:601:41
[INFO] [stdout]   34:     0x56383a025bd6 - std::sys_common::backtrace::__rust_begin_short_backtrace::h2ee174b9d5954948
[INFO] [stdout]                                at /rustc/0e09125c6c3c2fd70d7de961bcf0e51575235fad/library/std/src/sys_common/backtrace.rs:155:18
[INFO] [stdout]   35:     0x56383a02ac37 - std::thread::Builder::spawn_unchecked_::{{closure}}::{{closure}}::hf60bee9c1a17ef09
[INFO] [stdout]                                at /rustc/0e09125c6c3c2fd70d7de961bcf0e51575235fad/library/std/src/thread/mod.rs:529:17
[INFO] [stdout]   36:     0x56383a02ac37 - <core::panic::unwind_safe::AssertUnwindSafe<F> as core::ops::function::FnOnce<()>>::call_once::h33d0dddec5216160
[INFO] [stdout]                                at /rustc/0e09125c6c3c2fd70d7de961bcf0e51575235fad/library/core/src/panic/unwind_safe.rs:272:9
[INFO] [stdout]   37:     0x56383a02ac37 - std::panicking::try::do_call::h144b3048b546f835
[INFO] [stdout]                                at /rustc/0e09125c6c3c2fd70d7de961bcf0e51575235fad/library/std/src/panicking.rs:552:40
[INFO] [stdout]   38:     0x56383a02ac37 - std::panicking::try::h978244d04646189f
[INFO] [stdout]                                at /rustc/0e09125c6c3c2fd70d7de961bcf0e51575235fad/library/std/src/panicking.rs:516:19
[INFO] [stdout]   39:     0x56383a02ac37 - std::panic::catch_unwind::hdf436369d188fe86
[INFO] [stdout]                                at /rustc/0e09125c6c3c2fd70d7de961bcf0e51575235fad/library/std/src/panic.rs:142:14
[INFO] [stdout]   40:     0x56383a02ac37 - std::thread::Builder::spawn_unchecked_::{{closure}}::h87329cbdd33c79ec
[INFO] [stdout]                                at /rustc/0e09125c6c3c2fd70d7de961bcf0e51575235fad/library/std/src/thread/mod.rs:528:30
[INFO] [stdout]   41:     0x56383a02ac37 - core::ops::function::FnOnce::call_once{{vtable.shim}}::h401abbe67897d450
[INFO] [stdout]                                at /rustc/0e09125c6c3c2fd70d7de961bcf0e51575235fad/library/core/src/ops/function.rs:250:5
[INFO] [stdout]   42:     0x56383a342705 - <alloc::boxed::Box<F,A> as core::ops::function::FnOnce<Args>>::call_once::h5d7c8f150ab9c84c
[INFO] [stdout]                                at /rustc/0e09125c6c3c2fd70d7de961bcf0e51575235fad/library/alloc/src/boxed.rs:2015:9
[INFO] [stdout]   43:     0x56383a342705 - <alloc::boxed::Box<F,A> as core::ops::function::FnOnce<Args>>::call_once::h570d5b005c242c15
[INFO] [stdout]                                at /rustc/0e09125c6c3c2fd70d7de961bcf0e51575235fad/library/alloc/src/boxed.rs:2015:9
[INFO] [stdout]   44:     0x56383a342705 - std::sys::unix::thread::Thread::new::thread_start::h36b0a20c0b2361ad
[INFO] [stdout]                                at /rustc/0e09125c6c3c2fd70d7de961bcf0e51575235fad/library/std/src/sys/unix/thread.rs:108:17
[INFO] [stdout]   45:     0x7f6e5a740ac3 - <unknown>
[INFO] [stdout]   46:     0x7f6e5a7d1bf4 - __clone
[INFO] [stdout]   47:                0x0 - <unknown>
[INFO] [stdout] 
[INFO] [stdout] 
[INFO] [stdout] failures:
[INFO] [stdout]     packaging::package::open_and_save
[INFO] [stdout] 
[INFO] [stdout] test result: FAILED. 18 passed; 1 failed; 1 ignored; 0 measured; 0 filtered out; finished in 0.31s
[INFO] [stdout] 
[INFO] [stderr] error: test failed, to rerun pass `--lib`
[INFO] running `Command { std: "docker" "inspect" "2b3b6bfaeed5a05514d79c7af472254da0c2e3c8c07a7ab107dd7882d776693e", kill_on_drop: false }`
[INFO] running `Command { std: "docker" "rm" "-f" "2b3b6bfaeed5a05514d79c7af472254da0c2e3c8c07a7ab107dd7882d776693e", kill_on_drop: false }`
[INFO] [stdout] 2b3b6bfaeed5a05514d79c7af472254da0c2e3c8c07a7ab107dd7882d776693e
