[INFO] fetching crate only_every 0.1.0...
[INFO] testing only_every-0.1.0 against 1.75.0 for beta-1.76-1
[INFO] extracting crate only_every 0.1.0 into /workspace/builds/worker-7-tc1/source
[INFO] validating manifest of crates.io crate only_every 0.1.0 on toolchain 1.75.0
[INFO] running `Command { std: CARGO_HOME="/workspace/cargo-home" RUSTUP_HOME="/workspace/rustup-home" "/workspace/cargo-home/bin/cargo" "+1.75.0" "metadata" "--manifest-path" "Cargo.toml" "--no-deps", kill_on_drop: false }`
[INFO] started tweaking crates.io crate only_every 0.1.0
[INFO] finished tweaking crates.io crate only_every 0.1.0
[INFO] tweaked toml for crates.io crate only_every 0.1.0 written to /workspace/builds/worker-7-tc1/source/Cargo.toml
[INFO] running `Command { std: CARGO_HOME="/workspace/cargo-home" RUSTUP_HOME="/workspace/rustup-home" "/workspace/cargo-home/bin/cargo" "+1.75.0" "generate-lockfile" "--manifest-path" "Cargo.toml", kill_on_drop: false }`
[INFO] [stderr]     Updating crates.io index
[INFO] running `Command { std: CARGO_HOME="/workspace/cargo-home" RUSTUP_HOME="/workspace/rustup-home" "/workspace/cargo-home/bin/cargo" "+1.75.0" "fetch" "--manifest-path" "Cargo.toml", kill_on_drop: false }`
[INFO] [stderr]     Blocking waiting for file lock on package cache
[INFO] [stderr]     Blocking waiting for file lock on package cache
[INFO] running `Command { std: "docker" "create" "-v" "/var/lib/crater-agent-workspace/builds/worker-7-tc1/target:/opt/rustwide/target:rw,Z" "-v" "/var/lib/crater-agent-workspace/builds/worker-7-tc1/source:/opt/rustwide/workdir:ro,Z" "-v" "/var/lib/crater-agent-workspace/cargo-home:/opt/rustwide/cargo-home:ro,Z" "-v" "/var/lib/crater-agent-workspace/rustup-home:/opt/rustwide/rustup-home:ro,Z" "-e" "SOURCE_DIR=/opt/rustwide/workdir" "-e" "CARGO_TARGET_DIR=/opt/rustwide/target" "-e" "CARGO_HOME=/opt/rustwide/cargo-home" "-e" "RUSTUP_HOME=/opt/rustwide/rustup-home" "-w" "/opt/rustwide/workdir" "-m" "1610612736" "--user" "0:0" "--network" "none" "ghcr.io/rust-lang/crates-build-env/linux@sha256:2788e3201cd34a07e3172128adcd8b3090168a8e3bcc40d7c032b9dda1df7d1c" "/opt/rustwide/cargo-home/bin/cargo" "+1.75.0" "metadata" "--no-deps" "--format-version=1", kill_on_drop: false }`
[INFO] [stdout] 2939a258d433f53f98c46a82b4d41074bb487a03593ed8d47b609437fba870f6
[INFO] running `Command { std: "docker" "start" "-a" "2939a258d433f53f98c46a82b4d41074bb487a03593ed8d47b609437fba870f6", kill_on_drop: false }`
[INFO] running `Command { std: "docker" "inspect" "2939a258d433f53f98c46a82b4d41074bb487a03593ed8d47b609437fba870f6", kill_on_drop: false }`
[INFO] running `Command { std: "docker" "rm" "-f" "2939a258d433f53f98c46a82b4d41074bb487a03593ed8d47b609437fba870f6", kill_on_drop: false }`
[INFO] [stdout] 2939a258d433f53f98c46a82b4d41074bb487a03593ed8d47b609437fba870f6
[INFO] running `Command { std: "docker" "create" "-v" "/var/lib/crater-agent-workspace/builds/worker-7-tc1/target:/opt/rustwide/target:rw,Z" "-v" "/var/lib/crater-agent-workspace/builds/worker-7-tc1/source:/opt/rustwide/workdir:ro,Z" "-v" "/var/lib/crater-agent-workspace/cargo-home:/opt/rustwide/cargo-home:ro,Z" "-v" "/var/lib/crater-agent-workspace/rustup-home:/opt/rustwide/rustup-home:ro,Z" "-e" "SOURCE_DIR=/opt/rustwide/workdir" "-e" "CARGO_TARGET_DIR=/opt/rustwide/target" "-e" "CARGO_INCREMENTAL=0" "-e" "RUST_BACKTRACE=full" "-e" "RUSTFLAGS=--cap-lints=warn" "-e" "RUSTDOCFLAGS=--cap-lints=warn" "-e" "CARGO_HOME=/opt/rustwide/cargo-home" "-e" "RUSTUP_HOME=/opt/rustwide/rustup-home" "-w" "/opt/rustwide/workdir" "-m" "1610612736" "--user" "0:0" "--network" "none" "ghcr.io/rust-lang/crates-build-env/linux@sha256:2788e3201cd34a07e3172128adcd8b3090168a8e3bcc40d7c032b9dda1df7d1c" "/opt/rustwide/cargo-home/bin/cargo" "+1.75.0" "build" "--frozen" "--message-format=json", kill_on_drop: false }`
[INFO] [stdout] c0fb18079424ded00ca213f86db786c52be2d9474b3d6ea3acc89aa9be7fa4ce
[INFO] running `Command { std: "docker" "start" "-a" "c0fb18079424ded00ca213f86db786c52be2d9474b3d6ea3acc89aa9be7fa4ce", kill_on_drop: false }`
[INFO] [stderr]    Compiling only_every v0.1.0 (/opt/rustwide/workdir)
[INFO] [stderr]     Finished dev [unoptimized + debuginfo] target(s) in 0.13s
[INFO] running `Command { std: "docker" "inspect" "c0fb18079424ded00ca213f86db786c52be2d9474b3d6ea3acc89aa9be7fa4ce", kill_on_drop: false }`
[INFO] running `Command { std: "docker" "rm" "-f" "c0fb18079424ded00ca213f86db786c52be2d9474b3d6ea3acc89aa9be7fa4ce", kill_on_drop: false }`
[INFO] [stdout] c0fb18079424ded00ca213f86db786c52be2d9474b3d6ea3acc89aa9be7fa4ce
[INFO] running `Command { std: "docker" "create" "-v" "/var/lib/crater-agent-workspace/builds/worker-7-tc1/target:/opt/rustwide/target:rw,Z" "-v" "/var/lib/crater-agent-workspace/builds/worker-7-tc1/source:/opt/rustwide/workdir:ro,Z" "-v" "/var/lib/crater-agent-workspace/cargo-home:/opt/rustwide/cargo-home:ro,Z" "-v" "/var/lib/crater-agent-workspace/rustup-home:/opt/rustwide/rustup-home:ro,Z" "-e" "SOURCE_DIR=/opt/rustwide/workdir" "-e" "CARGO_TARGET_DIR=/opt/rustwide/target" "-e" "CARGO_INCREMENTAL=0" "-e" "RUST_BACKTRACE=full" "-e" "RUSTFLAGS=--cap-lints=warn" "-e" "RUSTDOCFLAGS=--cap-lints=warn" "-e" "CARGO_HOME=/opt/rustwide/cargo-home" "-e" "RUSTUP_HOME=/opt/rustwide/rustup-home" "-w" "/opt/rustwide/workdir" "-m" "1610612736" "--user" "0:0" "--network" "none" "ghcr.io/rust-lang/crates-build-env/linux@sha256:2788e3201cd34a07e3172128adcd8b3090168a8e3bcc40d7c032b9dda1df7d1c" "/opt/rustwide/cargo-home/bin/cargo" "+1.75.0" "test" "--frozen" "--no-run" "--message-format=json", kill_on_drop: false }`
[INFO] [stdout] 000ff70979388842586ea806a8469afc74289f47487a8e5fc8ee18aeb21dc5c6
[INFO] running `Command { std: "docker" "start" "-a" "000ff70979388842586ea806a8469afc74289f47487a8e5fc8ee18aeb21dc5c6", kill_on_drop: false }`
[INFO] [stderr]    Compiling only_every v0.1.0 (/opt/rustwide/workdir)
[INFO] [stdout] warning: call to `.clone()` on a reference in this situation does nothing
[INFO] [stdout]   --> tests/tests.rs:28:39
[INFO] [stdout]    |
[INFO] [stdout] 28 |         let counter = unshared_counter.clone();
[INFO] [stdout]    |                                       ^^^^^^^^ help: remove this redundant call
[INFO] [stdout]    |
[INFO] [stdout]    = note: the type `AtomicU64` does not implement `Clone`, so calling `clone` on `&AtomicU64` copies the reference, which does not do anything and can be removed
[INFO] [stdout]    = note: `#[warn(noop_method_call)]` on by default
[INFO] [stdout] 
[INFO] [stdout] 
[INFO] [stdout] warning: 1 warning emitted
[INFO] [stdout] 
[INFO] [stdout] 
[INFO] [stderr]     Finished test [unoptimized + debuginfo] target(s) in 0.45s
[INFO] running `Command { std: "docker" "inspect" "000ff70979388842586ea806a8469afc74289f47487a8e5fc8ee18aeb21dc5c6", kill_on_drop: false }`
[INFO] running `Command { std: "docker" "rm" "-f" "000ff70979388842586ea806a8469afc74289f47487a8e5fc8ee18aeb21dc5c6", kill_on_drop: false }`
[INFO] [stdout] 000ff70979388842586ea806a8469afc74289f47487a8e5fc8ee18aeb21dc5c6
[INFO] running `Command { std: "docker" "create" "-v" "/var/lib/crater-agent-workspace/builds/worker-7-tc1/target:/opt/rustwide/target:rw,Z" "-v" "/var/lib/crater-agent-workspace/builds/worker-7-tc1/source:/opt/rustwide/workdir:ro,Z" "-v" "/var/lib/crater-agent-workspace/cargo-home:/opt/rustwide/cargo-home:ro,Z" "-v" "/var/lib/crater-agent-workspace/rustup-home:/opt/rustwide/rustup-home:ro,Z" "-e" "SOURCE_DIR=/opt/rustwide/workdir" "-e" "CARGO_TARGET_DIR=/opt/rustwide/target" "-e" "CARGO_INCREMENTAL=0" "-e" "RUST_BACKTRACE=full" "-e" "RUSTFLAGS=--cap-lints=warn" "-e" "RUSTDOCFLAGS=--cap-lints=warn" "-e" "CARGO_HOME=/opt/rustwide/cargo-home" "-e" "RUSTUP_HOME=/opt/rustwide/rustup-home" "-w" "/opt/rustwide/workdir" "-m" "1610612736" "--user" "0:0" "--network" "none" "ghcr.io/rust-lang/crates-build-env/linux@sha256:2788e3201cd34a07e3172128adcd8b3090168a8e3bcc40d7c032b9dda1df7d1c" "/opt/rustwide/cargo-home/bin/cargo" "+1.75.0" "test" "--frozen", kill_on_drop: false }`
[INFO] [stdout] 8765f9c12fd11027ef4f3fb7fdc21db9f99d0103a1ce4ab542fde403b8bc6d1e
[INFO] running `Command { std: "docker" "start" "-a" "8765f9c12fd11027ef4f3fb7fdc21db9f99d0103a1ce4ab542fde403b8bc6d1e", kill_on_drop: false }`
[INFO] [stderr] warning: call to `.clone()` on a reference in this situation does nothing
[INFO] [stderr]   --> tests/tests.rs:28:39
[INFO] [stderr]    |
[INFO] [stderr] 28 |         let counter = unshared_counter.clone();
[INFO] [stderr]    |                                       ^^^^^^^^ help: remove this redundant call
[INFO] [stderr]    |
[INFO] [stderr]    = note: the type `AtomicU64` does not implement `Clone`, so calling `clone` on `&AtomicU64` copies the reference, which does not do anything and can be removed
[INFO] [stderr]    = note: `#[warn(noop_method_call)]` on by default
[INFO] [stderr] 
[INFO] [stderr] warning: `only_every` (test "tests") generated 1 warning (run `cargo fix --test "tests"` to apply 1 suggestion)
[INFO] [stderr]     Finished test [unoptimized + debuginfo] target(s) in 0.01s
[INFO] [stderr]      Running unittests src/lib.rs (/opt/rustwide/target/debug/deps/only_every-5508e0e37427eb66)
[INFO] [stdout] 
[INFO] [stdout] running 1 test
[INFO] [stdout] test only_every::test_round_up ... ok
[INFO] [stdout] 
[INFO] [stdout] test result: ok. 1 passed; 0 failed; 0 ignored; 0 measured; 0 filtered out; finished in 0.00s
[INFO] [stdout] 
[INFO] [stderr]      Running tests/tests.rs (/opt/rustwide/target/debug/deps/tests-86aaaa64727ef6a5)
[INFO] [stdout] 
[INFO] [stdout] running 3 tests
[INFO] [stdout] test limiters_are_distinct ... ok
[INFO] [stdout] test simple ... ok
[INFO] [stdout] test test_many_threads ... ok
[INFO] [stdout] 
[INFO] [stdout] test result: ok. 3 passed; 0 failed; 0 ignored; 0 measured; 0 filtered out; finished in 1.11s
[INFO] [stdout] 
[INFO] [stderr]    Doc-tests only_every
[INFO] [stdout] 
[INFO] [stdout] running 1 test
[INFO] [stdout] test src/lib.rs - (line 7) ... FAILED
[INFO] [stdout] 
[INFO] [stdout] failures:
[INFO] [stdout] 
[INFO] [stdout] ---- src/lib.rs - (line 7) stdout ----
[INFO] [stdout] error: cannot find macro `only_every` in this scope
[INFO] [stdout]  --> src/lib.rs:9:1
[INFO] [stdout]   |
[INFO] [stdout] 5 | only_every!(Duration::from_millis(100), expensive_thing)
[INFO] [stdout]   | ^^^^^^^^^^
[INFO] [stdout]   |
[INFO] [stdout] note: `only_every` is imported here, but it is a crate, not a macro
[INFO] [stdout]  --> src/lib.rs:7:1
[INFO] [stdout]   |
[INFO] [stdout] 3 | extern crate r#only_every;
[INFO] [stdout]   | ^^^^^^^^^^^^^^^^^^^^^^^^^^
[INFO] [stdout] help: consider importing this macro
[INFO] [stdout]   |
[INFO] [stdout] 2 + use only_every::only_every;
[INFO] [stdout]   |
[INFO] [stdout] 
[INFO] [stdout] error: aborting due to previous error
[INFO] [stdout] 
[INFO] [stdout] Couldn't compile the test.
[INFO] [stdout] 
[INFO] [stdout] failures:
[INFO] [stdout]     src/lib.rs - (line 7)
[INFO] [stdout] 
[INFO] [stdout] test result: FAILED. 0 passed; 1 failed; 0 ignored; 0 measured; 0 filtered out; finished in 0.06s
[INFO] [stdout] 
[INFO] [stderr] error: doctest failed, to rerun pass `--doc`
[INFO] running `Command { std: "docker" "inspect" "8765f9c12fd11027ef4f3fb7fdc21db9f99d0103a1ce4ab542fde403b8bc6d1e", kill_on_drop: false }`
[INFO] running `Command { std: "docker" "rm" "-f" "8765f9c12fd11027ef4f3fb7fdc21db9f99d0103a1ce4ab542fde403b8bc6d1e", kill_on_drop: false }`
[INFO] [stdout] 8765f9c12fd11027ef4f3fb7fdc21db9f99d0103a1ce4ab542fde403b8bc6d1e
[INFO] testing only_every-0.1.0 against beta-2023-12-22 for beta-1.76-1
[INFO] extracting crate only_every 0.1.0 into /workspace/builds/worker-7-tc2/source
[INFO] validating manifest of crates.io crate only_every 0.1.0 on toolchain beta-2023-12-22
[INFO] running `Command { std: CARGO_HOME="/workspace/cargo-home" RUSTUP_HOME="/workspace/rustup-home" "/workspace/cargo-home/bin/cargo" "+beta-2023-12-22" "metadata" "--manifest-path" "Cargo.toml" "--no-deps", kill_on_drop: false }`
[INFO] started tweaking crates.io crate only_every 0.1.0
[INFO] finished tweaking crates.io crate only_every 0.1.0
[INFO] tweaked toml for crates.io crate only_every 0.1.0 written to /workspace/builds/worker-7-tc2/source/Cargo.toml
[INFO] running `Command { std: CARGO_HOME="/workspace/cargo-home" RUSTUP_HOME="/workspace/rustup-home" "/workspace/cargo-home/bin/cargo" "+beta-2023-12-22" "generate-lockfile" "--manifest-path" "Cargo.toml", kill_on_drop: false }`
[INFO] [stderr]     Updating crates.io index
[INFO] running `Command { std: CARGO_HOME="/workspace/cargo-home" RUSTUP_HOME="/workspace/rustup-home" "/workspace/cargo-home/bin/cargo" "+beta-2023-12-22" "fetch" "--manifest-path" "Cargo.toml", kill_on_drop: false }`
[INFO] running `Command { std: "docker" "create" "-v" "/var/lib/crater-agent-workspace/builds/worker-7-tc2/target:/opt/rustwide/target:rw,Z" "-v" "/var/lib/crater-agent-workspace/builds/worker-7-tc2/source:/opt/rustwide/workdir:ro,Z" "-v" "/var/lib/crater-agent-workspace/cargo-home:/opt/rustwide/cargo-home:ro,Z" "-v" "/var/lib/crater-agent-workspace/rustup-home:/opt/rustwide/rustup-home:ro,Z" "-e" "SOURCE_DIR=/opt/rustwide/workdir" "-e" "CARGO_TARGET_DIR=/opt/rustwide/target" "-e" "CARGO_HOME=/opt/rustwide/cargo-home" "-e" "RUSTUP_HOME=/opt/rustwide/rustup-home" "-w" "/opt/rustwide/workdir" "-m" "1610612736" "--user" "0:0" "--network" "none" "ghcr.io/rust-lang/crates-build-env/linux@sha256:2788e3201cd34a07e3172128adcd8b3090168a8e3bcc40d7c032b9dda1df7d1c" "/opt/rustwide/cargo-home/bin/cargo" "+beta-2023-12-22" "metadata" "--no-deps" "--format-version=1", kill_on_drop: false }`
[INFO] [stdout] 3413d6d0ee80f2d598c1910efd2e5729598ef9c16e039aeaadffd1f1a12d2521
[INFO] running `Command { std: "docker" "start" "-a" "3413d6d0ee80f2d598c1910efd2e5729598ef9c16e039aeaadffd1f1a12d2521", kill_on_drop: false }`
[INFO] running `Command { std: "docker" "inspect" "3413d6d0ee80f2d598c1910efd2e5729598ef9c16e039aeaadffd1f1a12d2521", kill_on_drop: false }`
[INFO] running `Command { std: "docker" "rm" "-f" "3413d6d0ee80f2d598c1910efd2e5729598ef9c16e039aeaadffd1f1a12d2521", kill_on_drop: false }`
[INFO] [stdout] 3413d6d0ee80f2d598c1910efd2e5729598ef9c16e039aeaadffd1f1a12d2521
[INFO] running `Command { std: "docker" "create" "-v" "/var/lib/crater-agent-workspace/builds/worker-7-tc2/target:/opt/rustwide/target:rw,Z" "-v" "/var/lib/crater-agent-workspace/builds/worker-7-tc2/source:/opt/rustwide/workdir:ro,Z" "-v" "/var/lib/crater-agent-workspace/cargo-home:/opt/rustwide/cargo-home:ro,Z" "-v" "/var/lib/crater-agent-workspace/rustup-home:/opt/rustwide/rustup-home:ro,Z" "-e" "SOURCE_DIR=/opt/rustwide/workdir" "-e" "CARGO_TARGET_DIR=/opt/rustwide/target" "-e" "CARGO_INCREMENTAL=0" "-e" "RUST_BACKTRACE=full" "-e" "RUSTFLAGS=--cap-lints=warn" "-e" "RUSTDOCFLAGS=--cap-lints=warn" "-e" "CARGO_HOME=/opt/rustwide/cargo-home" "-e" "RUSTUP_HOME=/opt/rustwide/rustup-home" "-w" "/opt/rustwide/workdir" "-m" "1610612736" "--user" "0:0" "--network" "none" "ghcr.io/rust-lang/crates-build-env/linux@sha256:2788e3201cd34a07e3172128adcd8b3090168a8e3bcc40d7c032b9dda1df7d1c" "/opt/rustwide/cargo-home/bin/cargo" "+beta-2023-12-22" "build" "--frozen" "--message-format=json", kill_on_drop: false }`
[INFO] [stdout] 649f3482edb3a58c18d5971821806dbe9e606b12c144efe47a3f60217285edeb
[INFO] running `Command { std: "docker" "start" "-a" "649f3482edb3a58c18d5971821806dbe9e606b12c144efe47a3f60217285edeb", kill_on_drop: false }`
[INFO] [stderr]    Compiling only_every v0.1.0 (/opt/rustwide/workdir)
[INFO] [stderr]     Finished dev [unoptimized + debuginfo] target(s) in 0.07s
[INFO] running `Command { std: "docker" "inspect" "649f3482edb3a58c18d5971821806dbe9e606b12c144efe47a3f60217285edeb", kill_on_drop: false }`
[INFO] running `Command { std: "docker" "rm" "-f" "649f3482edb3a58c18d5971821806dbe9e606b12c144efe47a3f60217285edeb", kill_on_drop: false }`
[INFO] [stdout] 649f3482edb3a58c18d5971821806dbe9e606b12c144efe47a3f60217285edeb
[INFO] running `Command { std: "docker" "create" "-v" "/var/lib/crater-agent-workspace/builds/worker-7-tc2/target:/opt/rustwide/target:rw,Z" "-v" "/var/lib/crater-agent-workspace/builds/worker-7-tc2/source:/opt/rustwide/workdir:ro,Z" "-v" "/var/lib/crater-agent-workspace/cargo-home:/opt/rustwide/cargo-home:ro,Z" "-v" "/var/lib/crater-agent-workspace/rustup-home:/opt/rustwide/rustup-home:ro,Z" "-e" "SOURCE_DIR=/opt/rustwide/workdir" "-e" "CARGO_TARGET_DIR=/opt/rustwide/target" "-e" "CARGO_INCREMENTAL=0" "-e" "RUST_BACKTRACE=full" "-e" "RUSTFLAGS=--cap-lints=warn" "-e" "RUSTDOCFLAGS=--cap-lints=warn" "-e" "CARGO_HOME=/opt/rustwide/cargo-home" "-e" "RUSTUP_HOME=/opt/rustwide/rustup-home" "-w" "/opt/rustwide/workdir" "-m" "1610612736" "--user" "0:0" "--network" "none" "ghcr.io/rust-lang/crates-build-env/linux@sha256:2788e3201cd34a07e3172128adcd8b3090168a8e3bcc40d7c032b9dda1df7d1c" "/opt/rustwide/cargo-home/bin/cargo" "+beta-2023-12-22" "test" "--frozen" "--no-run" "--message-format=json", kill_on_drop: false }`
[INFO] [stdout] a2c634c59c505b47eb26c681e30f2520b15b7150d48f579df70af55ec8872bec
[INFO] running `Command { std: "docker" "start" "-a" "a2c634c59c505b47eb26c681e30f2520b15b7150d48f579df70af55ec8872bec", kill_on_drop: false }`
[INFO] [stderr]    Compiling only_every v0.1.0 (/opt/rustwide/workdir)
[INFO] [stdout] warning: call to `.clone()` on a reference in this situation does nothing
[INFO] [stdout]   --> tests/tests.rs:28:39
[INFO] [stdout]    |
[INFO] [stdout] 28 |         let counter = unshared_counter.clone();
[INFO] [stdout]    |                                       ^^^^^^^^ help: remove this redundant call
[INFO] [stdout]    |
[INFO] [stdout]    = note: the type `AtomicU64` does not implement `Clone`, so calling `clone` on `&AtomicU64` copies the reference, which does not do anything and can be removed
[INFO] [stdout]    = note: `#[warn(noop_method_call)]` on by default
[INFO] [stdout] 
[INFO] [stdout] 
[INFO] [stdout] warning: 1 warning emitted
[INFO] [stdout] 
[INFO] [stdout] 
[INFO] [stderr]     Finished test [unoptimized + debuginfo] target(s) in 0.33s
[INFO] running `Command { std: "docker" "inspect" "a2c634c59c505b47eb26c681e30f2520b15b7150d48f579df70af55ec8872bec", kill_on_drop: false }`
[INFO] running `Command { std: "docker" "rm" "-f" "a2c634c59c505b47eb26c681e30f2520b15b7150d48f579df70af55ec8872bec", kill_on_drop: false }`
[INFO] [stdout] a2c634c59c505b47eb26c681e30f2520b15b7150d48f579df70af55ec8872bec
[INFO] running `Command { std: "docker" "create" "-v" "/var/lib/crater-agent-workspace/builds/worker-7-tc2/target:/opt/rustwide/target:rw,Z" "-v" "/var/lib/crater-agent-workspace/builds/worker-7-tc2/source:/opt/rustwide/workdir:ro,Z" "-v" "/var/lib/crater-agent-workspace/cargo-home:/opt/rustwide/cargo-home:ro,Z" "-v" "/var/lib/crater-agent-workspace/rustup-home:/opt/rustwide/rustup-home:ro,Z" "-e" "SOURCE_DIR=/opt/rustwide/workdir" "-e" "CARGO_TARGET_DIR=/opt/rustwide/target" "-e" "CARGO_INCREMENTAL=0" "-e" "RUST_BACKTRACE=full" "-e" "RUSTFLAGS=--cap-lints=warn" "-e" "RUSTDOCFLAGS=--cap-lints=warn" "-e" "CARGO_HOME=/opt/rustwide/cargo-home" "-e" "RUSTUP_HOME=/opt/rustwide/rustup-home" "-w" "/opt/rustwide/workdir" "-m" "1610612736" "--user" "0:0" "--network" "none" "ghcr.io/rust-lang/crates-build-env/linux@sha256:2788e3201cd34a07e3172128adcd8b3090168a8e3bcc40d7c032b9dda1df7d1c" "/opt/rustwide/cargo-home/bin/cargo" "+beta-2023-12-22" "test" "--frozen", kill_on_drop: false }`
[INFO] [stdout] 8380d58a1ec3108c426c493082b1d840a41bd2887cdcad48a3c8caa70ac470ad
[INFO] running `Command { std: "docker" "start" "-a" "8380d58a1ec3108c426c493082b1d840a41bd2887cdcad48a3c8caa70ac470ad", kill_on_drop: false }`
[INFO] [stderr] warning: call to `.clone()` on a reference in this situation does nothing
[INFO] [stderr]   --> tests/tests.rs:28:39
[INFO] [stderr]    |
[INFO] [stderr] 28 |         let counter = unshared_counter.clone();
[INFO] [stderr]    |                                       ^^^^^^^^ help: remove this redundant call
[INFO] [stderr]    |
[INFO] [stderr]    = note: the type `AtomicU64` does not implement `Clone`, so calling `clone` on `&AtomicU64` copies the reference, which does not do anything and can be removed
[INFO] [stderr]    = note: `#[warn(noop_method_call)]` on by default
[INFO] [stderr] 
[INFO] [stderr] warning: `only_every` (test "tests") generated 1 warning (run `cargo fix --test "tests"` to apply 1 suggestion)
[INFO] [stderr]     Finished test [unoptimized + debuginfo] target(s) in 0.01s
[INFO] [stderr]      Running unittests src/lib.rs (/opt/rustwide/target/debug/deps/only_every-603a034f4f5f73e2)
[INFO] [stdout] 
[INFO] [stdout] running 1 test
[INFO] [stdout] test only_every::test_round_up ... ok
[INFO] [stdout] 
[INFO] [stdout] test result: ok. 1 passed; 0 failed; 0 ignored; 0 measured; 0 filtered out; finished in 0.00s
[INFO] [stdout] 
[INFO] [stderr]      Running tests/tests.rs (/opt/rustwide/target/debug/deps/tests-31af8f36715b44ca)
[INFO] [stdout] 
[INFO] [stdout] running 3 tests
[INFO] [stdout] test limiters_are_distinct ... ok
[INFO] [stdout] test simple ... ok
[INFO] [stdout] test test_many_threads ... ok
[INFO] [stdout] 
[INFO] [stdout] test result: ok. 3 passed; 0 failed; 0 ignored; 0 measured; 0 filtered out; finished in 1.11s
[INFO] [stdout] 
[INFO] [stderr]    Doc-tests only_every
[INFO] [stdout] 
[INFO] [stdout] running 1 test
[INFO] [stdout] test src/lib.rs - (line 7) ... FAILED
[INFO] [stdout] 
[INFO] [stdout] failures:
[INFO] [stdout] 
[INFO] [stdout] ---- src/lib.rs - (line 7) stdout ----
[INFO] [stdout] error: cannot find macro `only_every` in this scope
[INFO] [stdout]  --> src/lib.rs:9:1
[INFO] [stdout]   |
[INFO] [stdout] 5 | only_every!(Duration::from_millis(100), expensive_thing)
[INFO] [stdout]   | ^^^^^^^^^^
[INFO] [stdout]   |
[INFO] [stdout] note: `only_every` is imported here, but it is a crate, not a macro
[INFO] [stdout]  --> src/lib.rs:7:1
[INFO] [stdout]   |
[INFO] [stdout] 3 | extern crate r#only_every;
[INFO] [stdout]   | ^^^^^^^^^^^^^^^^^^^^^^^^^^
[INFO] [stdout] help: consider importing this macro
[INFO] [stdout]   |
[INFO] [stdout] 2 + use only_every::only_every;
[INFO] [stdout]   |
[INFO] [stdout] 
[INFO] [stdout] error: aborting due to 1 previous error
[INFO] [stdout] 
[INFO] [stdout] Couldn't compile the test.
[INFO] [stdout] 
[INFO] [stdout] failures:
[INFO] [stdout]     src/lib.rs - (line 7)
[INFO] [stdout] 
[INFO] [stdout] test result: FAILED. 0 passed; 1 failed; 0 ignored; 0 measured; 0 filtered out; finished in 0.05s
[INFO] [stdout] 
[INFO] [stderr] error: doctest failed, to rerun pass `--doc`
[INFO] running `Command { std: "docker" "inspect" "8380d58a1ec3108c426c493082b1d840a41bd2887cdcad48a3c8caa70ac470ad", kill_on_drop: false }`
[INFO] running `Command { std: "docker" "rm" "-f" "8380d58a1ec3108c426c493082b1d840a41bd2887cdcad48a3c8caa70ac470ad", kill_on_drop: false }`
[INFO] [stdout] 8380d58a1ec3108c426c493082b1d840a41bd2887cdcad48a3c8caa70ac470ad
