[INFO] fetching crate onesignal-tracing-tail-sample 0.2.2...
[INFO] testing onesignal-tracing-tail-sample-0.2.2 against 1.75.0 for beta-1.76-1
[INFO] extracting crate onesignal-tracing-tail-sample 0.2.2 into /workspace/builds/worker-1-tc1/source
[INFO] validating manifest of crates.io crate onesignal-tracing-tail-sample 0.2.2 on toolchain 1.75.0
[INFO] running `Command { std: CARGO_HOME="/workspace/cargo-home" RUSTUP_HOME="/workspace/rustup-home" "/workspace/cargo-home/bin/cargo" "+1.75.0" "metadata" "--manifest-path" "Cargo.toml" "--no-deps", kill_on_drop: false }`
[INFO] started tweaking crates.io crate onesignal-tracing-tail-sample 0.2.2
[INFO] finished tweaking crates.io crate onesignal-tracing-tail-sample 0.2.2
[INFO] tweaked toml for crates.io crate onesignal-tracing-tail-sample 0.2.2 written to /workspace/builds/worker-1-tc1/source/Cargo.toml
[INFO] running `Command { std: CARGO_HOME="/workspace/cargo-home" RUSTUP_HOME="/workspace/rustup-home" "/workspace/cargo-home/bin/cargo" "+1.75.0" "generate-lockfile" "--manifest-path" "Cargo.toml", kill_on_drop: false }`
[INFO] [stderr]     Updating crates.io index
[INFO] running `Command { std: CARGO_HOME="/workspace/cargo-home" RUSTUP_HOME="/workspace/rustup-home" "/workspace/cargo-home/bin/cargo" "+1.75.0" "fetch" "--manifest-path" "Cargo.toml", kill_on_drop: false }`
[INFO] [stderr]     Blocking waiting for file lock on package cache
[INFO] [stderr]  Downloading crates ...
[INFO] [stderr]   Downloaded opentelemetry_api v0.18.0
[INFO] [stderr]   Downloaded opentelemetry v0.18.0
[INFO] [stderr]   Downloaded opentelemetry-semantic-conventions v0.10.0
[INFO] [stderr]   Downloaded thrift v0.16.0
[INFO] [stderr]   Downloaded opentelemetry_sdk v0.18.0
[INFO] [stderr]   Downloaded opentelemetry-jaeger v0.17.0
[INFO] running `Command { std: "docker" "create" "-v" "/var/lib/crater-agent-workspace/builds/worker-1-tc1/target:/opt/rustwide/target:rw,Z" "-v" "/var/lib/crater-agent-workspace/builds/worker-1-tc1/source:/opt/rustwide/workdir:ro,Z" "-v" "/var/lib/crater-agent-workspace/cargo-home:/opt/rustwide/cargo-home:ro,Z" "-v" "/var/lib/crater-agent-workspace/rustup-home:/opt/rustwide/rustup-home:ro,Z" "-e" "SOURCE_DIR=/opt/rustwide/workdir" "-e" "CARGO_TARGET_DIR=/opt/rustwide/target" "-e" "CARGO_HOME=/opt/rustwide/cargo-home" "-e" "RUSTUP_HOME=/opt/rustwide/rustup-home" "-w" "/opt/rustwide/workdir" "-m" "1610612736" "--user" "0:0" "--network" "none" "ghcr.io/rust-lang/crates-build-env/linux@sha256:2788e3201cd34a07e3172128adcd8b3090168a8e3bcc40d7c032b9dda1df7d1c" "/opt/rustwide/cargo-home/bin/cargo" "+1.75.0" "metadata" "--no-deps" "--format-version=1", kill_on_drop: false }`
[INFO] [stdout] b526e665147cbc0229694d7a9e65a946e819e178f342a974c50dabdb278773e6
[INFO] running `Command { std: "docker" "start" "-a" "b526e665147cbc0229694d7a9e65a946e819e178f342a974c50dabdb278773e6", kill_on_drop: false }`
[INFO] running `Command { std: "docker" "inspect" "b526e665147cbc0229694d7a9e65a946e819e178f342a974c50dabdb278773e6", kill_on_drop: false }`
[INFO] running `Command { std: "docker" "rm" "-f" "b526e665147cbc0229694d7a9e65a946e819e178f342a974c50dabdb278773e6", kill_on_drop: false }`
[INFO] [stdout] b526e665147cbc0229694d7a9e65a946e819e178f342a974c50dabdb278773e6
[INFO] running `Command { std: "docker" "create" "-v" "/var/lib/crater-agent-workspace/builds/worker-1-tc1/target:/opt/rustwide/target:rw,Z" "-v" "/var/lib/crater-agent-workspace/builds/worker-1-tc1/source:/opt/rustwide/workdir:ro,Z" "-v" "/var/lib/crater-agent-workspace/cargo-home:/opt/rustwide/cargo-home:ro,Z" "-v" "/var/lib/crater-agent-workspace/rustup-home:/opt/rustwide/rustup-home:ro,Z" "-e" "SOURCE_DIR=/opt/rustwide/workdir" "-e" "CARGO_TARGET_DIR=/opt/rustwide/target" "-e" "CARGO_INCREMENTAL=0" "-e" "RUST_BACKTRACE=full" "-e" "RUSTFLAGS=--cap-lints=warn" "-e" "RUSTDOCFLAGS=--cap-lints=warn" "-e" "CARGO_HOME=/opt/rustwide/cargo-home" "-e" "RUSTUP_HOME=/opt/rustwide/rustup-home" "-w" "/opt/rustwide/workdir" "-m" "1610612736" "--user" "0:0" "--network" "none" "ghcr.io/rust-lang/crates-build-env/linux@sha256:2788e3201cd34a07e3172128adcd8b3090168a8e3bcc40d7c032b9dda1df7d1c" "/opt/rustwide/cargo-home/bin/cargo" "+1.75.0" "build" "--frozen" "--message-format=json", kill_on_drop: false }`
[INFO] [stdout] 2f558ed7e3a36c75258f6948f3f3c14a3d6aabf963a40b937e24cafe2b502ec7
[INFO] running `Command { std: "docker" "start" "-a" "2f558ed7e3a36c75258f6948f3f3c14a3d6aabf963a40b937e24cafe2b502ec7", kill_on_drop: false }`
[INFO] [stderr]    Compiling proc-macro2 v1.0.75
[INFO] [stderr]    Compiling unicode-ident v1.0.12
[INFO] [stderr]    Compiling autocfg v1.1.0
[INFO] [stderr]    Compiling cfg-if v1.0.0
[INFO] [stderr]    Compiling libc v0.2.151
[INFO] [stderr]    Compiling once_cell v1.19.0
[INFO] [stderr]    Compiling futures-sink v0.3.30
[INFO] [stderr]    Compiling futures-core v0.3.30
[INFO] [stderr]    Compiling pin-project-lite v0.2.13
[INFO] [stderr]    Compiling crossbeam-utils v0.8.18
[INFO] [stderr]    Compiling futures-task v0.3.30
[INFO] [stderr]    Compiling futures-io v0.3.30
[INFO] [stderr]    Compiling pin-utils v0.1.0
[INFO] [stderr]    Compiling memchr v2.7.1
[INFO] [stderr]    Compiling thiserror v1.0.56
[INFO] [stderr]    Compiling hashbrown v0.12.3
[INFO] [stderr]    Compiling async-trait v0.1.77
[INFO] [stderr]    Compiling ppv-lite86 v0.2.17
[INFO] [stderr]    Compiling urlencoding v2.1.3
[INFO] [stderr]    Compiling lazy_static v1.4.0
[INFO] [stderr]    Compiling futures-channel v0.3.30
[INFO] [stderr]    Compiling percent-encoding v2.3.1
[INFO] [stderr]    Compiling sharded-slab v0.1.7
[INFO] [stderr]    Compiling tracing-core v0.1.32
[INFO] [stderr]    Compiling thread_local v1.1.7
[INFO] [stderr]    Compiling slab v0.4.9
[INFO] [stderr]    Compiling indexmap v1.9.3
[INFO] [stderr]    Compiling tracing v0.1.40
[INFO] [stderr]    Compiling quote v1.0.35
[INFO] [stderr]    Compiling tracing-subscriber v0.3.18
[INFO] [stderr]    Compiling crossbeam-channel v0.5.10
[INFO] [stderr]    Compiling syn v2.0.48
[INFO] [stderr]    Compiling getrandom v0.2.11
[INFO] [stderr]    Compiling rand_core v0.6.4
[INFO] [stderr]    Compiling uuid v1.6.1
[INFO] [stderr]    Compiling rand_chacha v0.3.1
[INFO] [stderr]    Compiling rand v0.8.5
[INFO] [stderr]    Compiling futures-macro v0.3.30
[INFO] [stderr]    Compiling thiserror-impl v1.0.56
[INFO] [stderr]    Compiling futures-util v0.3.30
[INFO] [stderr]    Compiling opentelemetry_api v0.19.0
[INFO] [stderr]    Compiling futures-executor v0.3.30
[INFO] [stderr]    Compiling opentelemetry_sdk v0.19.0
[INFO] [stderr]    Compiling opentelemetry v0.19.0
[INFO] [stderr]    Compiling onesignal-tracing-tail-sample v0.2.2 (/opt/rustwide/workdir)
[INFO] [stderr]     Finished dev [unoptimized + debuginfo] target(s) in 8.24s
[INFO] running `Command { std: "docker" "inspect" "2f558ed7e3a36c75258f6948f3f3c14a3d6aabf963a40b937e24cafe2b502ec7", kill_on_drop: false }`
[INFO] running `Command { std: "docker" "rm" "-f" "2f558ed7e3a36c75258f6948f3f3c14a3d6aabf963a40b937e24cafe2b502ec7", kill_on_drop: false }`
[INFO] [stdout] 2f558ed7e3a36c75258f6948f3f3c14a3d6aabf963a40b937e24cafe2b502ec7
[INFO] running `Command { std: "docker" "create" "-v" "/var/lib/crater-agent-workspace/builds/worker-1-tc1/target:/opt/rustwide/target:rw,Z" "-v" "/var/lib/crater-agent-workspace/builds/worker-1-tc1/source:/opt/rustwide/workdir:ro,Z" "-v" "/var/lib/crater-agent-workspace/cargo-home:/opt/rustwide/cargo-home:ro,Z" "-v" "/var/lib/crater-agent-workspace/rustup-home:/opt/rustwide/rustup-home:ro,Z" "-e" "SOURCE_DIR=/opt/rustwide/workdir" "-e" "CARGO_TARGET_DIR=/opt/rustwide/target" "-e" "CARGO_INCREMENTAL=0" "-e" "RUST_BACKTRACE=full" "-e" "RUSTFLAGS=--cap-lints=warn" "-e" "RUSTDOCFLAGS=--cap-lints=warn" "-e" "CARGO_HOME=/opt/rustwide/cargo-home" "-e" "RUSTUP_HOME=/opt/rustwide/rustup-home" "-w" "/opt/rustwide/workdir" "-m" "1610612736" "--user" "0:0" "--network" "none" "ghcr.io/rust-lang/crates-build-env/linux@sha256:2788e3201cd34a07e3172128adcd8b3090168a8e3bcc40d7c032b9dda1df7d1c" "/opt/rustwide/cargo-home/bin/cargo" "+1.75.0" "test" "--frozen" "--no-run" "--message-format=json", kill_on_drop: false }`
[INFO] [stdout] 9d7820124d9f524b6c9346f540f9b8a1b05d411ec7b1715e492dfbec2c795249
[INFO] running `Command { std: "docker" "start" "-a" "9d7820124d9f524b6c9346f540f9b8a1b05d411ec7b1715e492dfbec2c795249", kill_on_drop: false }`
[INFO] [stderr]    Compiling num-traits v0.2.17
[INFO] [stderr]    Compiling serde v1.0.194
[INFO] [stderr]    Compiling rayon-core v1.12.0
[INFO] [stderr]    Compiling either v1.9.0
[INFO] [stderr]    Compiling itoa v1.0.10
[INFO] [stderr]    Compiling serde_json v1.0.111
[INFO] [stderr]    Compiling crossbeam-epoch v0.9.17
[INFO] [stderr]    Compiling ryu v1.0.16
[INFO] [stderr]    Compiling num_cpus v1.16.0
[INFO] [stderr]    Compiling regex-syntax v0.8.2
[INFO] [stderr]    Compiling unicode-width v0.1.11
[INFO] [stderr]    Compiling plotters-backend v0.3.5
[INFO] [stderr]    Compiling csv-core v0.1.11
[INFO] [stderr]    Compiling opentelemetry_api v0.18.0
[INFO] [stderr]    Compiling same-file v1.0.6
[INFO] [stderr]    Compiling byteorder v1.5.0
[INFO] [stderr]    Compiling textwrap v0.11.0
[INFO] [stderr]    Compiling log v0.4.20
[INFO] [stderr]    Compiling integer-encoding v3.0.4
[INFO] [stderr]    Compiling threadpool v1.8.1
[INFO] [stderr]    Compiling itertools v0.10.5
[INFO] [stderr]    Compiling crossbeam-deque v0.8.4
[INFO] [stderr]    Compiling plotters-svg v0.3.5
[INFO] [stderr]    Compiling bitflags v1.3.2
[INFO] [stderr]    Compiling cast v0.3.0
[INFO] [stderr]    Compiling half v1.8.2
[INFO] [stderr]    Compiling clap v2.34.0
[INFO] [stderr]    Compiling walkdir v2.4.0
[INFO] [stderr]    Compiling futures v0.3.30
[INFO] [stderr]    Compiling serde_derive v1.0.194
[INFO] [stderr]    Compiling atty v0.2.14
[INFO] [stderr]    Compiling oorandom v11.1.3
[INFO] [stderr]    Compiling opentelemetry_sdk v0.18.0
[INFO] [stderr]    Compiling rayon v1.8.0
[INFO] [stderr]    Compiling opentelemetry v0.18.0
[INFO] [stderr]    Compiling opentelemetry-semantic-conventions v0.10.0
[INFO] [stderr]    Compiling regex-automata v0.4.3
[INFO] [stderr]    Compiling ordered-float v1.1.1
[INFO] [stderr]    Compiling plotters v0.3.5
[INFO] [stderr]    Compiling criterion-plot v0.4.5
[INFO] [stderr]    Compiling thrift v0.16.0
[INFO] [stderr]    Compiling opentelemetry-jaeger v0.17.0
[INFO] [stderr]    Compiling regex v1.10.2
[INFO] [stderr]    Compiling serde_cbor v0.11.2
[INFO] [stderr]    Compiling csv v1.3.0
[INFO] [stderr]    Compiling tinytemplate v1.2.1
[INFO] [stderr]    Compiling criterion v0.3.6
[INFO] [stderr]    Compiling onesignal-tracing-tail-sample v0.2.2 (/opt/rustwide/workdir)
[INFO] [stderr]     Finished test [unoptimized + debuginfo] target(s) in 8.34s
[INFO] running `Command { std: "docker" "inspect" "9d7820124d9f524b6c9346f540f9b8a1b05d411ec7b1715e492dfbec2c795249", kill_on_drop: false }`
[INFO] running `Command { std: "docker" "rm" "-f" "9d7820124d9f524b6c9346f540f9b8a1b05d411ec7b1715e492dfbec2c795249", kill_on_drop: false }`
[INFO] [stdout] 9d7820124d9f524b6c9346f540f9b8a1b05d411ec7b1715e492dfbec2c795249
[INFO] running `Command { std: "docker" "create" "-v" "/var/lib/crater-agent-workspace/builds/worker-1-tc1/target:/opt/rustwide/target:rw,Z" "-v" "/var/lib/crater-agent-workspace/builds/worker-1-tc1/source:/opt/rustwide/workdir:ro,Z" "-v" "/var/lib/crater-agent-workspace/cargo-home:/opt/rustwide/cargo-home:ro,Z" "-v" "/var/lib/crater-agent-workspace/rustup-home:/opt/rustwide/rustup-home:ro,Z" "-e" "SOURCE_DIR=/opt/rustwide/workdir" "-e" "CARGO_TARGET_DIR=/opt/rustwide/target" "-e" "CARGO_INCREMENTAL=0" "-e" "RUST_BACKTRACE=full" "-e" "RUSTFLAGS=--cap-lints=warn" "-e" "RUSTDOCFLAGS=--cap-lints=warn" "-e" "CARGO_HOME=/opt/rustwide/cargo-home" "-e" "RUSTUP_HOME=/opt/rustwide/rustup-home" "-w" "/opt/rustwide/workdir" "-m" "1610612736" "--user" "0:0" "--network" "none" "ghcr.io/rust-lang/crates-build-env/linux@sha256:2788e3201cd34a07e3172128adcd8b3090168a8e3bcc40d7c032b9dda1df7d1c" "/opt/rustwide/cargo-home/bin/cargo" "+1.75.0" "test" "--frozen", kill_on_drop: false }`
[INFO] [stdout] 75225c6c85accfcd0630eb0be783f384bdc1826766e8f3531a0e8ce346490537
[INFO] running `Command { std: "docker" "start" "-a" "75225c6c85accfcd0630eb0be783f384bdc1826766e8f3531a0e8ce346490537", kill_on_drop: false }`
[INFO] [stderr]     Finished test [unoptimized + debuginfo] target(s) in 0.06s
[INFO] [stderr]      Running unittests src/lib.rs (/opt/rustwide/target/debug/deps/onesignal_tracing_tail_sample-08abae77c82ba00f)
[INFO] [stdout] 
[INFO] [stdout] running 12 tests
[INFO] [stdout] test extensions::tests::clear_drops_elements ... ok
[INFO] [stdout] test extensions::tests::test_extensions ... ok
[INFO] [stdout] test extensions::tests::clear_retains_capacity ... ok
[INFO] [stdout] test opentelemetry::layer::tests::dynamic_span_names ... ok
[INFO] [stdout] test opentelemetry::layer::tests::includes_timings ... ok
[INFO] [stdout] test opentelemetry::layer::tests::records_error_fields ... ok
[INFO] [stdout] test opentelemetry::tracer::tests::assigns_default_trace_id_if_missing ... ok
[INFO] [stdout] test opentelemetry::layer::tests::span_kind ... ok
[INFO] [stdout] test opentelemetry::layer::tests::span_status_code ... ok
[INFO] [stdout] test opentelemetry::layer::tests::trace_id_from_existing_context ... ok
[INFO] [stdout] test opentelemetry::tracer::tests::sampled_context ... ok
[INFO] [stdout] test tests::it_works ... ok
[INFO] [stdout] 
[INFO] [stdout] test result: ok. 12 passed; 0 failed; 0 ignored; 0 measured; 0 filtered out; finished in 0.00s
[INFO] [stdout] 
[INFO] [stderr]    Doc-tests onesignal-tracing-tail-sample
[INFO] [stdout] 
[INFO] [stdout] running 7 tests
[INFO] [stdout] test src/opentelemetry/layer.rs - opentelemetry::layer::layer (line 100) - compile ... ok
[INFO] [stdout] test src/opentelemetry/layer.rs - opentelemetry::layer::OpenTelemetryLayer<S,T>::with_tracer (line 384) - compile ... FAILED
[INFO] [stdout] test src/opentelemetry/layer.rs - opentelemetry::layer::OpenTelemetryLayer<S,T>::new (line 348) - compile ... FAILED
[INFO] [stdout] test src/opentelemetry/span_ext.rs - opentelemetry::span_ext::OpenTelemetrySpanExt::context (line 122) ... ok
[INFO] [stdout] test src/opentelemetry/span_ext.rs - opentelemetry::span_ext::OpenTelemetrySpanExt::add_link (line 79) ... ok
[INFO] [stdout] test src/opentelemetry/span_ext.rs - opentelemetry::span_ext::OpenTelemetrySpanExt::set_parent (line 45) ... ok
[INFO] [stdout] test src/opentelemetry/mod.rs - opentelemetry (line 81) ... ok
[INFO] [stdout] 
[INFO] [stdout] failures:
[INFO] [stdout] 
[INFO] [stdout] ---- src/opentelemetry/layer.rs - opentelemetry::layer::OpenTelemetryLayer<S,T>::with_tracer (line 384) stdout ----
[INFO] [stdout] error[E0277]: the trait bound `opentelemetry_sdk::trace::tracer::Tracer: opentelemetry_api::trace::tracer::Tracer` is not satisfied
[INFO] [stdout]    --> src/opentelemetry/layer.rs:396:84
[INFO] [stdout]     |
[INFO] [stdout] 15  | let otel_layer = onesignal_tracing_tail_sample::opentelemetry::layer().with_tracer(tracer);
[INFO] [stdout]     |                                                                        ----------- ^^^^^^ the trait `opentelemetry_api::trace::tracer::Tracer` is not implemented for `opentelemetry_sdk::trace::tracer::Tracer`
[INFO] [stdout]     |                                                                        |
[INFO] [stdout]     |                                                                        required by a bound introduced by this call
[INFO] [stdout]     |
[INFO] [stdout] help: trait impl with same name found
[INFO] [stdout]    --> /opt/rustwide/cargo-home/registry/src/index.crates.io-6f17d22bba15001f/opentelemetry_sdk-0.18.0/src/trace/tracer.rs:123:1
[INFO] [stdout]     |
[INFO] [stdout] 123 | impl opentelemetry_api::trace::Tracer for Tracer {
[INFO] [stdout]     | ^^^^^^^^^^^^^^^^^^^^^^^^^^^^^^^^^^^^^^^^^^^^^^^^
[INFO] [stdout]     = note: perhaps two different versions of crate `opentelemetry_api` are being used?
[INFO] [stdout]     = help: the following other types implement trait `opentelemetry_api::trace::tracer::Tracer`:
[INFO] [stdout]               opentelemetry_api::global::trace::BoxedTracer
[INFO] [stdout]               opentelemetry_sdk::trace::tracer::Tracer
[INFO] [stdout]               opentelemetry_api::trace::noop::NoopTracer
[INFO] [stdout] note: required by a bound in `OpenTelemetryLayer::<S, T>::with_tracer`
[INFO] [stdout]    --> /opt/rustwide/workdir/src/opentelemetry/layer.rs:404:17
[INFO] [stdout]     |
[INFO] [stdout] 402 |     pub fn with_tracer<Tracer>(self, tracer: Tracer) -> OpenTelemetryLayer<S, Tracer>
[INFO] [stdout]     |            ----------- required by a bound in this associated function
[INFO] [stdout] 403 |     where
[INFO] [stdout] 404 |         Tracer: otel::Tracer + PreSampledTracer + 'static,
[INFO] [stdout]     |                 ^^^^^^^^^^^^ required by this bound in `OpenTelemetryLayer::<S, T>::with_tracer`
[INFO] [stdout] 
[INFO] [stdout] error[E0277]: the trait bound `opentelemetry_sdk::trace::tracer::Tracer: PreSampledTracer` is not satisfied
[INFO] [stdout]    --> src/opentelemetry/layer.rs:396:84
[INFO] [stdout]     |
[INFO] [stdout] 15  | let otel_layer = onesignal_tracing_tail_sample::opentelemetry::layer().with_tracer(tracer);
[INFO] [stdout]     |                                                                        ----------- ^^^^^^ the trait `PreSampledTracer` is not implemented for `opentelemetry_sdk::trace::tracer::Tracer`
[INFO] [stdout]     |                                                                        |
[INFO] [stdout]     |                                                                        required by a bound introduced by this call
[INFO] [stdout]     |
[INFO] [stdout]     = help: the following other types implement trait `PreSampledTracer`:
[INFO] [stdout]               opentelemetry_sdk::trace::tracer::Tracer
[INFO] [stdout]               opentelemetry_api::trace::noop::NoopTracer
[INFO] [stdout] note: required by a bound in `OpenTelemetryLayer::<S, T>::with_tracer`
[INFO] [stdout]    --> /opt/rustwide/workdir/src/opentelemetry/layer.rs:404:32
[INFO] [stdout]     |
[INFO] [stdout] 402 |     pub fn with_tracer<Tracer>(self, tracer: Tracer) -> OpenTelemetryLayer<S, Tracer>
[INFO] [stdout]     |            ----------- required by a bound in this associated function
[INFO] [stdout] 403 |     where
[INFO] [stdout] 404 |         Tracer: otel::Tracer + PreSampledTracer + 'static,
[INFO] [stdout]     |                                ^^^^^^^^^^^^^^^^ required by this bound in `OpenTelemetryLayer::<S, T>::with_tracer`
[INFO] [stdout] 
[INFO] [stdout] error[E0277]: the trait bound `opentelemetry_sdk::trace::tracer::Tracer: opentelemetry_api::trace::tracer::Tracer` is not satisfied
[INFO] [stdout]     --> src/opentelemetry/layer.rs:400:43
[INFO] [stdout]      |
[INFO] [stdout] 19   | let subscriber = Registry::default().with(otel_layer);
[INFO] [stdout]      |                                      ---- ^^^^^^^^^^ the trait `opentelemetry_api::trace::tracer::Tracer` is not implemented for `opentelemetry_sdk::trace::tracer::Tracer`
[INFO] [stdout]      |                                      |
[INFO] [stdout]      |                                      required by a bound introduced by this call
[INFO] [stdout]      |
[INFO] [stdout] help: trait impl with same name found
[INFO] [stdout]     --> /opt/rustwide/cargo-home/registry/src/index.crates.io-6f17d22bba15001f/opentelemetry_sdk-0.18.0/src/trace/tracer.rs:123:1
[INFO] [stdout]      |
[INFO] [stdout] 123  | impl opentelemetry_api::trace::Tracer for Tracer {
[INFO] [stdout]      | ^^^^^^^^^^^^^^^^^^^^^^^^^^^^^^^^^^^^^^^^^^^^^^^^
[INFO] [stdout]      = note: perhaps two different versions of crate `opentelemetry_api` are being used?
[INFO] [stdout]      = help: the following other types implement trait `opentelemetry_api::trace::tracer::Tracer`:
[INFO] [stdout]                opentelemetry_api::global::trace::BoxedTracer
[INFO] [stdout]                opentelemetry_sdk::trace::tracer::Tracer
[INFO] [stdout]                opentelemetry_api::trace::noop::NoopTracer
[INFO] [stdout]      = note: required for `OpenTelemetryLayer<Registry, opentelemetry_sdk::trace::tracer::Tracer>` to implement `__tracing_subscriber_Layer<Registry>`
[INFO] [stdout] note: required by a bound in `with`
[INFO] [stdout]     --> /opt/rustwide/cargo-home/registry/src/index.crates.io-6f17d22bba15001f/tracing-subscriber-0.3.18/src/layer/mod.rs:1503:12
[INFO] [stdout]      |
[INFO] [stdout] 1501 |     fn with<L>(self, layer: L) -> Layered<L, Self>
[INFO] [stdout]      |        ---- required by a bound in this associated function
[INFO] [stdout] 1502 |     where
[INFO] [stdout] 1503 |         L: Layer<Self>,
[INFO] [stdout]      |            ^^^^^^^^^^^ required by this bound in `__tracing_subscriber_SubscriberExt::with`
[INFO] [stdout] 
[INFO] [stdout] error[E0277]: the trait bound `opentelemetry_sdk::trace::tracer::Tracer: PreSampledTracer` is not satisfied
[INFO] [stdout]     --> src/opentelemetry/layer.rs:400:43
[INFO] [stdout]      |
[INFO] [stdout] 19   | let subscriber = Registry::default().with(otel_layer);
[INFO] [stdout]      |                                      ---- ^^^^^^^^^^ the trait `PreSampledTracer` is not implemented for `opentelemetry_sdk::trace::tracer::Tracer`
[INFO] [stdout]      |                                      |
[INFO] [stdout]      |                                      required by a bound introduced by this call
[INFO] [stdout]      |
[INFO] [stdout]      = help: the following other types implement trait `PreSampledTracer`:
[INFO] [stdout]                opentelemetry_sdk::trace::tracer::Tracer
[INFO] [stdout]                opentelemetry_api::trace::noop::NoopTracer
[INFO] [stdout]      = note: required for `OpenTelemetryLayer<Registry, opentelemetry_sdk::trace::tracer::Tracer>` to implement `__tracing_subscriber_Layer<Registry>`
[INFO] [stdout] note: required by a bound in `with`
[INFO] [stdout]     --> /opt/rustwide/cargo-home/registry/src/index.crates.io-6f17d22bba15001f/tracing-subscriber-0.3.18/src/layer/mod.rs:1503:12
[INFO] [stdout]      |
[INFO] [stdout] 1501 |     fn with<L>(self, layer: L) -> Layered<L, Self>
[INFO] [stdout]      |        ---- required by a bound in this associated function
[INFO] [stdout] 1502 |     where
[INFO] [stdout] 1503 |         L: Layer<Self>,
[INFO] [stdout]      |            ^^^^^^^^^^^ required by this bound in `__tracing_subscriber_SubscriberExt::with`
[INFO] [stdout] 
[INFO] [stdout] error: aborting due to 4 previous errors
[INFO] [stdout] 
[INFO] [stdout] For more information about this error, try `rustc --explain E0277`.
[INFO] [stdout] Couldn't compile the test.
[INFO] [stdout] ---- src/opentelemetry/layer.rs - opentelemetry::layer::OpenTelemetryLayer<S,T>::new (line 348) stdout ----
[INFO] [stdout] error[E0277]: the trait bound `opentelemetry_sdk::trace::tracer::Tracer: opentelemetry_api::trace::tracer::Tracer` is not satisfied
[INFO] [stdout]    --> src/opentelemetry/layer.rs:361:42
[INFO] [stdout]     |
[INFO] [stdout] 16  | let otel_layer = OpenTelemetryLayer::new(tracer);
[INFO] [stdout]     |                  ----------------------- ^^^^^^ the trait `opentelemetry_api::trace::tracer::Tracer` is not implemented for `opentelemetry_sdk::trace::tracer::Tracer`
[INFO] [stdout]     |                  |
[INFO] [stdout]     |                  required by a bound introduced by this call
[INFO] [stdout]     |
[INFO] [stdout] help: trait impl with same name found
[INFO] [stdout]    --> /opt/rustwide/cargo-home/registry/src/index.crates.io-6f17d22bba15001f/opentelemetry_sdk-0.18.0/src/trace/tracer.rs:123:1
[INFO] [stdout]     |
[INFO] [stdout] 123 | impl opentelemetry_api::trace::Tracer for Tracer {
[INFO] [stdout]     | ^^^^^^^^^^^^^^^^^^^^^^^^^^^^^^^^^^^^^^^^^^^^^^^^
[INFO] [stdout]     = note: perhaps two different versions of crate `opentelemetry_api` are being used?
[INFO] [stdout]     = help: the following other types implement trait `opentelemetry_api::trace::tracer::Tracer`:
[INFO] [stdout]               opentelemetry_api::global::trace::BoxedTracer
[INFO] [stdout]               opentelemetry_sdk::trace::tracer::Tracer
[INFO] [stdout]               opentelemetry_api::trace::noop::NoopTracer
[INFO] [stdout] note: required by a bound in `OpenTelemetryLayer::<S, T>::new`
[INFO] [stdout]    --> /opt/rustwide/workdir/src/opentelemetry/layer.rs:338:8
[INFO] [stdout]     |
[INFO] [stdout] 338 |     T: otel::Tracer + PreSampledTracer + 'static,
[INFO] [stdout]     |        ^^^^^^^^^^^^ required by this bound in `OpenTelemetryLayer::<S, T>::new`
[INFO] [stdout] ...
[INFO] [stdout] 367 |     pub fn new(tracer: T) -> Self {
[INFO] [stdout]     |            --- required by a bound in this associated function
[INFO] [stdout] 
[INFO] [stdout] error[E0277]: the trait bound `opentelemetry_sdk::trace::tracer::Tracer: PreSampledTracer` is not satisfied
[INFO] [stdout]    --> src/opentelemetry/layer.rs:361:42
[INFO] [stdout]     |
[INFO] [stdout] 16  | let otel_layer = OpenTelemetryLayer::new(tracer);
[INFO] [stdout]     |                  ----------------------- ^^^^^^ the trait `PreSampledTracer` is not implemented for `opentelemetry_sdk::trace::tracer::Tracer`
[INFO] [stdout]     |                  |
[INFO] [stdout]     |                  required by a bound introduced by this call
[INFO] [stdout]     |
[INFO] [stdout]     = help: the following other types implement trait `PreSampledTracer`:
[INFO] [stdout]               opentelemetry_sdk::trace::tracer::Tracer
[INFO] [stdout]               opentelemetry_api::trace::noop::NoopTracer
[INFO] [stdout] note: required by a bound in `OpenTelemetryLayer::<S, T>::new`
[INFO] [stdout]    --> /opt/rustwide/workdir/src/opentelemetry/layer.rs:338:23
[INFO] [stdout]     |
[INFO] [stdout] 338 |     T: otel::Tracer + PreSampledTracer + 'static,
[INFO] [stdout]     |                       ^^^^^^^^^^^^^^^^ required by this bound in `OpenTelemetryLayer::<S, T>::new`
[INFO] [stdout] ...
[INFO] [stdout] 367 |     pub fn new(tracer: T) -> Self {
[INFO] [stdout]     |            --- required by a bound in this associated function
[INFO] [stdout] 
[INFO] [stdout] error[E0277]: the trait bound `opentelemetry_sdk::trace::tracer::Tracer: opentelemetry_api::trace::tracer::Tracer` is not satisfied
[INFO] [stdout]     --> src/opentelemetry/layer.rs:365:43
[INFO] [stdout]      |
[INFO] [stdout] 20   | let subscriber = Registry::default().with(otel_layer);
[INFO] [stdout]      |                                      ---- ^^^^^^^^^^ the trait `opentelemetry_api::trace::tracer::Tracer` is not implemented for `opentelemetry_sdk::trace::tracer::Tracer`
[INFO] [stdout]      |                                      |
[INFO] [stdout]      |                                      required by a bound introduced by this call
[INFO] [stdout]      |
[INFO] [stdout] help: trait impl with same name found
[INFO] [stdout]     --> /opt/rustwide/cargo-home/registry/src/index.crates.io-6f17d22bba15001f/opentelemetry_sdk-0.18.0/src/trace/tracer.rs:123:1
[INFO] [stdout]      |
[INFO] [stdout] 123  | impl opentelemetry_api::trace::Tracer for Tracer {
[INFO] [stdout]      | ^^^^^^^^^^^^^^^^^^^^^^^^^^^^^^^^^^^^^^^^^^^^^^^^
[INFO] [stdout]      = note: perhaps two different versions of crate `opentelemetry_api` are being used?
[INFO] [stdout]      = help: the following other types implement trait `opentelemetry_api::trace::tracer::Tracer`:
[INFO] [stdout]                opentelemetry_api::global::trace::BoxedTracer
[INFO] [stdout]                opentelemetry_sdk::trace::tracer::Tracer
[INFO] [stdout]                opentelemetry_api::trace::noop::NoopTracer
[INFO] [stdout]      = note: required for `OpenTelemetryLayer<Registry, opentelemetry_sdk::trace::tracer::Tracer>` to implement `__tracing_subscriber_Layer<Registry>`
[INFO] [stdout] note: required by a bound in `with`
[INFO] [stdout]     --> /opt/rustwide/cargo-home/registry/src/index.crates.io-6f17d22bba15001f/tracing-subscriber-0.3.18/src/layer/mod.rs:1503:12
[INFO] [stdout]      |
[INFO] [stdout] 1501 |     fn with<L>(self, layer: L) -> Layered<L, Self>
[INFO] [stdout]      |        ---- required by a bound in this associated function
[INFO] [stdout] 1502 |     where
[INFO] [stdout] 1503 |         L: Layer<Self>,
[INFO] [stdout]      |            ^^^^^^^^^^^ required by this bound in `__tracing_subscriber_SubscriberExt::with`
[INFO] [stdout] 
[INFO] [stdout] error[E0277]: the trait bound `opentelemetry_sdk::trace::tracer::Tracer: PreSampledTracer` is not satisfied
[INFO] [stdout]     --> src/opentelemetry/layer.rs:365:43
[INFO] [stdout]      |
[INFO] [stdout] 20   | let subscriber = Registry::default().with(otel_layer);
[INFO] [stdout]      |                                      ---- ^^^^^^^^^^ the trait `PreSampledTracer` is not implemented for `opentelemetry_sdk::trace::tracer::Tracer`
[INFO] [stdout]      |                                      |
[INFO] [stdout]      |                                      required by a bound introduced by this call
[INFO] [stdout]      |
[INFO] [stdout]      = help: the following other types implement trait `PreSampledTracer`:
[INFO] [stdout]                opentelemetry_sdk::trace::tracer::Tracer
[INFO] [stdout]                opentelemetry_api::trace::noop::NoopTracer
[INFO] [stdout]      = note: required for `OpenTelemetryLayer<Registry, opentelemetry_sdk::trace::tracer::Tracer>` to implement `__tracing_subscriber_Layer<Registry>`
[INFO] [stdout] note: required by a bound in `with`
[INFO] [stdout]     --> /opt/rustwide/cargo-home/registry/src/index.crates.io-6f17d22bba15001f/tracing-subscriber-0.3.18/src/layer/mod.rs:1503:12
[INFO] [stdout]      |
[INFO] [stdout] 1501 |     fn with<L>(self, layer: L) -> Layered<L, Self>
[INFO] [stdout]      |        ---- required by a bound in this associated function
[INFO] [stdout] 1502 |     where
[INFO] [stdout] 1503 |         L: Layer<Self>,
[INFO] [stdout]      |            ^^^^^^^^^^^ required by this bound in `__tracing_subscriber_SubscriberExt::with`
[INFO] [stdout] 
[INFO] [stdout] error: aborting due to 4 previous errors
[INFO] [stdout] 
[INFO] [stdout] For more information about this error, try `rustc --explain E0277`.
[INFO] [stdout] Couldn't compile the test.
[INFO] [stdout] 
[INFO] [stdout] failures:
[INFO] [stdout]     src/opentelemetry/layer.rs - opentelemetry::layer::OpenTelemetryLayer<S,T>::new (line 348)
[INFO] [stdout]     src/opentelemetry/layer.rs - opentelemetry::layer::OpenTelemetryLayer<S,T>::with_tracer (line 384)
[INFO] [stdout] 
[INFO] [stdout] test result: FAILED. 5 passed; 2 failed; 0 ignored; 0 measured; 0 filtered out; finished in 0.78s
[INFO] [stdout] 
[INFO] [stderr] error: doctest failed, to rerun pass `--doc`
[INFO] running `Command { std: "docker" "inspect" "75225c6c85accfcd0630eb0be783f384bdc1826766e8f3531a0e8ce346490537", kill_on_drop: false }`
[INFO] running `Command { std: "docker" "rm" "-f" "75225c6c85accfcd0630eb0be783f384bdc1826766e8f3531a0e8ce346490537", kill_on_drop: false }`
[INFO] [stdout] 75225c6c85accfcd0630eb0be783f384bdc1826766e8f3531a0e8ce346490537
[INFO] testing onesignal-tracing-tail-sample-0.2.2 against beta-2023-12-22 for beta-1.76-1
[INFO] extracting crate onesignal-tracing-tail-sample 0.2.2 into /workspace/builds/worker-1-tc2/source
[INFO] validating manifest of crates.io crate onesignal-tracing-tail-sample 0.2.2 on toolchain beta-2023-12-22
[INFO] running `Command { std: CARGO_HOME="/workspace/cargo-home" RUSTUP_HOME="/workspace/rustup-home" "/workspace/cargo-home/bin/cargo" "+beta-2023-12-22" "metadata" "--manifest-path" "Cargo.toml" "--no-deps", kill_on_drop: false }`
[INFO] started tweaking crates.io crate onesignal-tracing-tail-sample 0.2.2
[INFO] finished tweaking crates.io crate onesignal-tracing-tail-sample 0.2.2
[INFO] tweaked toml for crates.io crate onesignal-tracing-tail-sample 0.2.2 written to /workspace/builds/worker-1-tc2/source/Cargo.toml
[INFO] running `Command { std: CARGO_HOME="/workspace/cargo-home" RUSTUP_HOME="/workspace/rustup-home" "/workspace/cargo-home/bin/cargo" "+beta-2023-12-22" "generate-lockfile" "--manifest-path" "Cargo.toml", kill_on_drop: false }`
[INFO] [stderr]     Updating crates.io index
[INFO] running `Command { std: CARGO_HOME="/workspace/cargo-home" RUSTUP_HOME="/workspace/rustup-home" "/workspace/cargo-home/bin/cargo" "+beta-2023-12-22" "fetch" "--manifest-path" "Cargo.toml", kill_on_drop: false }`
[INFO] running `Command { std: "docker" "create" "-v" "/var/lib/crater-agent-workspace/builds/worker-1-tc2/target:/opt/rustwide/target:rw,Z" "-v" "/var/lib/crater-agent-workspace/builds/worker-1-tc2/source:/opt/rustwide/workdir:ro,Z" "-v" "/var/lib/crater-agent-workspace/cargo-home:/opt/rustwide/cargo-home:ro,Z" "-v" "/var/lib/crater-agent-workspace/rustup-home:/opt/rustwide/rustup-home:ro,Z" "-e" "SOURCE_DIR=/opt/rustwide/workdir" "-e" "CARGO_TARGET_DIR=/opt/rustwide/target" "-e" "CARGO_HOME=/opt/rustwide/cargo-home" "-e" "RUSTUP_HOME=/opt/rustwide/rustup-home" "-w" "/opt/rustwide/workdir" "-m" "1610612736" "--user" "0:0" "--network" "none" "ghcr.io/rust-lang/crates-build-env/linux@sha256:2788e3201cd34a07e3172128adcd8b3090168a8e3bcc40d7c032b9dda1df7d1c" "/opt/rustwide/cargo-home/bin/cargo" "+beta-2023-12-22" "metadata" "--no-deps" "--format-version=1", kill_on_drop: false }`
[INFO] [stdout] e9eccf44e721a5ccc3ff91ea1efceb874522c32be57f2e6d96339c25ed059d72
[INFO] running `Command { std: "docker" "start" "-a" "e9eccf44e721a5ccc3ff91ea1efceb874522c32be57f2e6d96339c25ed059d72", kill_on_drop: false }`
[INFO] running `Command { std: "docker" "inspect" "e9eccf44e721a5ccc3ff91ea1efceb874522c32be57f2e6d96339c25ed059d72", kill_on_drop: false }`
[INFO] running `Command { std: "docker" "rm" "-f" "e9eccf44e721a5ccc3ff91ea1efceb874522c32be57f2e6d96339c25ed059d72", kill_on_drop: false }`
[INFO] [stdout] e9eccf44e721a5ccc3ff91ea1efceb874522c32be57f2e6d96339c25ed059d72
[INFO] running `Command { std: "docker" "create" "-v" "/var/lib/crater-agent-workspace/builds/worker-1-tc2/target:/opt/rustwide/target:rw,Z" "-v" "/var/lib/crater-agent-workspace/builds/worker-1-tc2/source:/opt/rustwide/workdir:ro,Z" "-v" "/var/lib/crater-agent-workspace/cargo-home:/opt/rustwide/cargo-home:ro,Z" "-v" "/var/lib/crater-agent-workspace/rustup-home:/opt/rustwide/rustup-home:ro,Z" "-e" "SOURCE_DIR=/opt/rustwide/workdir" "-e" "CARGO_TARGET_DIR=/opt/rustwide/target" "-e" "CARGO_INCREMENTAL=0" "-e" "RUST_BACKTRACE=full" "-e" "RUSTFLAGS=--cap-lints=warn" "-e" "RUSTDOCFLAGS=--cap-lints=warn" "-e" "CARGO_HOME=/opt/rustwide/cargo-home" "-e" "RUSTUP_HOME=/opt/rustwide/rustup-home" "-w" "/opt/rustwide/workdir" "-m" "1610612736" "--user" "0:0" "--network" "none" "ghcr.io/rust-lang/crates-build-env/linux@sha256:2788e3201cd34a07e3172128adcd8b3090168a8e3bcc40d7c032b9dda1df7d1c" "/opt/rustwide/cargo-home/bin/cargo" "+beta-2023-12-22" "build" "--frozen" "--message-format=json", kill_on_drop: false }`
[INFO] [stdout] f3f25cf36c20066cf8eb4317fc927ad37f1334a8fd3656972f0d6c6ca1e4f2dc
[INFO] running `Command { std: "docker" "start" "-a" "f3f25cf36c20066cf8eb4317fc927ad37f1334a8fd3656972f0d6c6ca1e4f2dc", kill_on_drop: false }`
[INFO] [stderr]    Compiling proc-macro2 v1.0.75
[INFO] [stderr]    Compiling unicode-ident v1.0.12
[INFO] [stderr]    Compiling cfg-if v1.0.0
[INFO] [stderr]    Compiling autocfg v1.1.0
[INFO] [stderr]    Compiling libc v0.2.151
[INFO] [stderr]    Compiling once_cell v1.19.0
[INFO] [stderr]    Compiling futures-sink v0.3.30
[INFO] [stderr]    Compiling futures-core v0.3.30
[INFO] [stderr]    Compiling pin-project-lite v0.2.13
[INFO] [stderr]    Compiling memchr v2.7.1
[INFO] [stderr]    Compiling pin-utils v0.1.0
[INFO] [stderr]    Compiling crossbeam-utils v0.8.18
[INFO] [stderr]    Compiling futures-io v0.3.30
[INFO] [stderr]    Compiling futures-task v0.3.30
[INFO] [stderr]    Compiling thiserror v1.0.56
[INFO] [stderr]    Compiling hashbrown v0.12.3
[INFO] [stderr]    Compiling ppv-lite86 v0.2.17
[INFO] [stderr]    Compiling async-trait v0.1.77
[INFO] [stderr]    Compiling urlencoding v2.1.3
[INFO] [stderr]    Compiling lazy_static v1.4.0
[INFO] [stderr]    Compiling percent-encoding v2.3.1
[INFO] [stderr]    Compiling futures-channel v0.3.30
[INFO] [stderr]    Compiling tracing-core v0.1.32
[INFO] [stderr]    Compiling sharded-slab v0.1.7
[INFO] [stderr]    Compiling thread_local v1.1.7
[INFO] [stderr]    Compiling slab v0.4.9
[INFO] [stderr]    Compiling indexmap v1.9.3
[INFO] [stderr]    Compiling tracing v0.1.40
[INFO] [stderr]    Compiling tracing-subscriber v0.3.18
[INFO] [stderr]    Compiling quote v1.0.35
[INFO] [stderr]    Compiling crossbeam-channel v0.5.10
[INFO] [stderr]    Compiling syn v2.0.48
[INFO] [stderr]    Compiling getrandom v0.2.11
[INFO] [stderr]    Compiling rand_core v0.6.4
[INFO] [stderr]    Compiling uuid v1.6.1
[INFO] [stderr]    Compiling rand_chacha v0.3.1
[INFO] [stderr]    Compiling rand v0.8.5
[INFO] [stderr]    Compiling futures-macro v0.3.30
[INFO] [stderr]    Compiling thiserror-impl v1.0.56
[INFO] [stderr]    Compiling futures-util v0.3.30
[INFO] [stderr]    Compiling futures-executor v0.3.30
[INFO] [stderr]    Compiling opentelemetry_api v0.19.0
[INFO] [stderr]    Compiling opentelemetry_sdk v0.19.0
[INFO] [stderr]    Compiling opentelemetry v0.19.0
[INFO] [stderr]    Compiling onesignal-tracing-tail-sample v0.2.2 (/opt/rustwide/workdir)
[INFO] [stderr]     Finished dev [unoptimized + debuginfo] target(s) in 7.66s
[INFO] running `Command { std: "docker" "inspect" "f3f25cf36c20066cf8eb4317fc927ad37f1334a8fd3656972f0d6c6ca1e4f2dc", kill_on_drop: false }`
[INFO] running `Command { std: "docker" "rm" "-f" "f3f25cf36c20066cf8eb4317fc927ad37f1334a8fd3656972f0d6c6ca1e4f2dc", kill_on_drop: false }`
[INFO] [stdout] f3f25cf36c20066cf8eb4317fc927ad37f1334a8fd3656972f0d6c6ca1e4f2dc
[INFO] running `Command { std: "docker" "create" "-v" "/var/lib/crater-agent-workspace/builds/worker-1-tc2/target:/opt/rustwide/target:rw,Z" "-v" "/var/lib/crater-agent-workspace/builds/worker-1-tc2/source:/opt/rustwide/workdir:ro,Z" "-v" "/var/lib/crater-agent-workspace/cargo-home:/opt/rustwide/cargo-home:ro,Z" "-v" "/var/lib/crater-agent-workspace/rustup-home:/opt/rustwide/rustup-home:ro,Z" "-e" "SOURCE_DIR=/opt/rustwide/workdir" "-e" "CARGO_TARGET_DIR=/opt/rustwide/target" "-e" "CARGO_INCREMENTAL=0" "-e" "RUST_BACKTRACE=full" "-e" "RUSTFLAGS=--cap-lints=warn" "-e" "RUSTDOCFLAGS=--cap-lints=warn" "-e" "CARGO_HOME=/opt/rustwide/cargo-home" "-e" "RUSTUP_HOME=/opt/rustwide/rustup-home" "-w" "/opt/rustwide/workdir" "-m" "1610612736" "--user" "0:0" "--network" "none" "ghcr.io/rust-lang/crates-build-env/linux@sha256:2788e3201cd34a07e3172128adcd8b3090168a8e3bcc40d7c032b9dda1df7d1c" "/opt/rustwide/cargo-home/bin/cargo" "+beta-2023-12-22" "test" "--frozen" "--no-run" "--message-format=json", kill_on_drop: false }`
[INFO] [stdout] df98ed0fdf7d919d2c5f1f7cd185ad9192d37b84cbad01cbe62eeaf6332c7399
[INFO] running `Command { std: "docker" "start" "-a" "df98ed0fdf7d919d2c5f1f7cd185ad9192d37b84cbad01cbe62eeaf6332c7399", kill_on_drop: false }`
[INFO] [stderr]    Compiling num-traits v0.2.17
[INFO] [stderr]    Compiling serde v1.0.194
[INFO] [stderr]    Compiling rayon-core v1.12.0
[INFO] [stderr]    Compiling ryu v1.0.16
[INFO] [stderr]    Compiling either v1.9.0
[INFO] [stderr]    Compiling serde_json v1.0.111
[INFO] [stderr]    Compiling itoa v1.0.10
[INFO] [stderr]    Compiling crossbeam-epoch v0.9.17
[INFO] [stderr]    Compiling num_cpus v1.16.0
[INFO] [stderr]    Compiling plotters-backend v0.3.5
[INFO] [stderr]    Compiling regex-syntax v0.8.2
[INFO] [stderr]    Compiling unicode-width v0.1.11
[INFO] [stderr]    Compiling opentelemetry_api v0.18.0
[INFO] [stderr]    Compiling csv-core v0.1.11
[INFO] [stderr]    Compiling cast v0.3.0
[INFO] [stderr]    Compiling bitflags v1.3.2
[INFO] [stderr]    Compiling textwrap v0.11.0
[INFO] [stderr]    Compiling log v0.4.20
[INFO] [stderr]    Compiling same-file v1.0.6
[INFO] [stderr]    Compiling itertools v0.10.5
[INFO] [stderr]    Compiling threadpool v1.8.1
[INFO] [stderr]    Compiling half v1.8.2
[INFO] [stderr]    Compiling plotters-svg v0.3.5
[INFO] [stderr]    Compiling integer-encoding v3.0.4
[INFO] [stderr]    Compiling byteorder v1.5.0
[INFO] [stderr]    Compiling clap v2.34.0
[INFO] [stderr]    Compiling crossbeam-deque v0.8.4
[INFO] [stderr]    Compiling walkdir v2.4.0
[INFO] [stderr]    Compiling futures v0.3.30
[INFO] [stderr]    Compiling serde_derive v1.0.194
[INFO] [stderr]    Compiling atty v0.2.14
[INFO] [stderr]    Compiling oorandom v11.1.3
[INFO] [stderr]    Compiling opentelemetry_sdk v0.18.0
[INFO] [stderr]    Compiling rayon v1.8.0
[INFO] [stderr]    Compiling opentelemetry v0.18.0
[INFO] [stderr]    Compiling opentelemetry-semantic-conventions v0.10.0
[INFO] [stderr]    Compiling regex-automata v0.4.3
[INFO] [stderr]    Compiling ordered-float v1.1.1
[INFO] [stderr]    Compiling plotters v0.3.5
[INFO] [stderr]    Compiling criterion-plot v0.4.5
[INFO] [stderr]    Compiling thrift v0.16.0
[INFO] [stderr]    Compiling opentelemetry-jaeger v0.17.0
[INFO] [stderr]    Compiling regex v1.10.2
[INFO] [stderr]    Compiling csv v1.3.0
[INFO] [stderr]    Compiling serde_cbor v0.11.2
[INFO] [stderr]    Compiling tinytemplate v1.2.1
[INFO] [stderr]    Compiling criterion v0.3.6
[INFO] [stderr]    Compiling onesignal-tracing-tail-sample v0.2.2 (/opt/rustwide/workdir)
[INFO] [stderr]     Finished test [unoptimized + debuginfo] target(s) in 7.35s
[INFO] running `Command { std: "docker" "inspect" "df98ed0fdf7d919d2c5f1f7cd185ad9192d37b84cbad01cbe62eeaf6332c7399", kill_on_drop: false }`
[INFO] running `Command { std: "docker" "rm" "-f" "df98ed0fdf7d919d2c5f1f7cd185ad9192d37b84cbad01cbe62eeaf6332c7399", kill_on_drop: false }`
[INFO] [stdout] df98ed0fdf7d919d2c5f1f7cd185ad9192d37b84cbad01cbe62eeaf6332c7399
[INFO] running `Command { std: "docker" "create" "-v" "/var/lib/crater-agent-workspace/builds/worker-1-tc2/target:/opt/rustwide/target:rw,Z" "-v" "/var/lib/crater-agent-workspace/builds/worker-1-tc2/source:/opt/rustwide/workdir:ro,Z" "-v" "/var/lib/crater-agent-workspace/cargo-home:/opt/rustwide/cargo-home:ro,Z" "-v" "/var/lib/crater-agent-workspace/rustup-home:/opt/rustwide/rustup-home:ro,Z" "-e" "SOURCE_DIR=/opt/rustwide/workdir" "-e" "CARGO_TARGET_DIR=/opt/rustwide/target" "-e" "CARGO_INCREMENTAL=0" "-e" "RUST_BACKTRACE=full" "-e" "RUSTFLAGS=--cap-lints=warn" "-e" "RUSTDOCFLAGS=--cap-lints=warn" "-e" "CARGO_HOME=/opt/rustwide/cargo-home" "-e" "RUSTUP_HOME=/opt/rustwide/rustup-home" "-w" "/opt/rustwide/workdir" "-m" "1610612736" "--user" "0:0" "--network" "none" "ghcr.io/rust-lang/crates-build-env/linux@sha256:2788e3201cd34a07e3172128adcd8b3090168a8e3bcc40d7c032b9dda1df7d1c" "/opt/rustwide/cargo-home/bin/cargo" "+beta-2023-12-22" "test" "--frozen", kill_on_drop: false }`
[INFO] [stdout] b10a95a87abfbe28dc2311c7e7ce0682653aa48aa232cf99ba0b77e9bb9604e9
[INFO] running `Command { std: "docker" "start" "-a" "b10a95a87abfbe28dc2311c7e7ce0682653aa48aa232cf99ba0b77e9bb9604e9", kill_on_drop: false }`
[INFO] [stderr]     Finished test [unoptimized + debuginfo] target(s) in 0.06s
[INFO] [stderr]      Running unittests src/lib.rs (/opt/rustwide/target/debug/deps/onesignal_tracing_tail_sample-e4145c6aeeacd25c)
[INFO] [stdout] 
[INFO] [stdout] running 12 tests
[INFO] [stdout] test extensions::tests::test_extensions ... ok
[INFO] [stdout] test extensions::tests::clear_retains_capacity ... ok
[INFO] [stdout] test extensions::tests::clear_drops_elements ... ok
[INFO] [stdout] test opentelemetry::layer::tests::dynamic_span_names ... ok
[INFO] [stdout] test opentelemetry::layer::tests::includes_timings ... ok
[INFO] [stdout] test opentelemetry::layer::tests::span_kind ... ok
[INFO] [stdout] test opentelemetry::layer::tests::records_error_fields ... ok
[INFO] [stdout] test tests::it_works ... ok
[INFO] [stdout] test opentelemetry::tracer::tests::sampled_context ... ok
[INFO] [stdout] test opentelemetry::tracer::tests::assigns_default_trace_id_if_missing ... ok
[INFO] [stdout] test opentelemetry::layer::tests::trace_id_from_existing_context ... ok
[INFO] [stdout] test opentelemetry::layer::tests::span_status_code ... ok
[INFO] [stdout] 
[INFO] [stdout] test result: ok. 12 passed; 0 failed; 0 ignored; 0 measured; 0 filtered out; finished in 0.00s
[INFO] [stdout] 
[INFO] [stderr]    Doc-tests onesignal-tracing-tail-sample
[INFO] [stdout] 
[INFO] [stdout] running 7 tests
[INFO] [stdout] test src/opentelemetry/layer.rs - opentelemetry::layer::layer (line 100) - compile ... ok
[INFO] [stdout] test src/opentelemetry/layer.rs - opentelemetry::layer::OpenTelemetryLayer<S,T>::with_tracer (line 384) - compile ... FAILED
[INFO] [stdout] test src/opentelemetry/layer.rs - opentelemetry::layer::OpenTelemetryLayer<S,T>::new (line 348) - compile ... FAILED
[INFO] [stdout] test src/opentelemetry/span_ext.rs - opentelemetry::span_ext::OpenTelemetrySpanExt::context (line 122) ... ok
[INFO] [stdout] test src/opentelemetry/span_ext.rs - opentelemetry::span_ext::OpenTelemetrySpanExt::set_parent (line 45) ... ok
[INFO] [stdout] test src/opentelemetry/span_ext.rs - opentelemetry::span_ext::OpenTelemetrySpanExt::add_link (line 79) ... ok
[INFO] [stdout] test src/opentelemetry/mod.rs - opentelemetry (line 81) ... ok
[INFO] [stdout] 
[INFO] [stdout] failures:
[INFO] [stdout] 
[INFO] [stdout] ---- src/opentelemetry/layer.rs - opentelemetry::layer::OpenTelemetryLayer<S,T>::with_tracer (line 384) stdout ----
[INFO] [stdout] error[E0277]: the trait bound `opentelemetry_sdk::trace::tracer::Tracer: opentelemetry_api::trace::tracer::Tracer` is not satisfied
[INFO] [stdout]    --> src/opentelemetry/layer.rs:396:84
[INFO] [stdout]     |
[INFO] [stdout] 15  | let otel_layer = onesignal_tracing_tail_sample::opentelemetry::layer().with_tracer(tracer);
[INFO] [stdout]     |                                                                        ----------- ^^^^^^ the trait `opentelemetry_api::trace::tracer::Tracer` is not implemented for `opentelemetry_sdk::trace::tracer::Tracer`
[INFO] [stdout]     |                                                                        |
[INFO] [stdout]     |                                                                        required by a bound introduced by this call
[INFO] [stdout]     |
[INFO] [stdout] help: trait impl with same name found
[INFO] [stdout]    --> /opt/rustwide/cargo-home/registry/src/index.crates.io-6f17d22bba15001f/opentelemetry_sdk-0.18.0/src/trace/tracer.rs:123:1
[INFO] [stdout]     |
[INFO] [stdout] 123 | impl opentelemetry_api::trace::Tracer for Tracer {
[INFO] [stdout]     | ^^^^^^^^^^^^^^^^^^^^^^^^^^^^^^^^^^^^^^^^^^^^^^^^
[INFO] [stdout]     = note: perhaps two different versions of crate `opentelemetry_api` are being used?
[INFO] [stdout]     = help: the following other types implement trait `opentelemetry_api::trace::tracer::Tracer`:
[INFO] [stdout]               opentelemetry_api::global::trace::BoxedTracer
[INFO] [stdout]               opentelemetry_sdk::trace::tracer::Tracer
[INFO] [stdout]               opentelemetry_api::trace::noop::NoopTracer
[INFO] [stdout] note: required by a bound in `OpenTelemetryLayer::<S, T>::with_tracer`
[INFO] [stdout]    --> /opt/rustwide/workdir/src/opentelemetry/layer.rs:404:17
[INFO] [stdout]     |
[INFO] [stdout] 402 |     pub fn with_tracer<Tracer>(self, tracer: Tracer) -> OpenTelemetryLayer<S, Tracer>
[INFO] [stdout]     |            ----------- required by a bound in this associated function
[INFO] [stdout] 403 |     where
[INFO] [stdout] 404 |         Tracer: otel::Tracer + PreSampledTracer + 'static,
[INFO] [stdout]     |                 ^^^^^^^^^^^^ required by this bound in `OpenTelemetryLayer::<S, T>::with_tracer`
[INFO] [stdout] 
[INFO] [stdout] error[E0277]: the trait bound `opentelemetry_sdk::trace::tracer::Tracer: PreSampledTracer` is not satisfied
[INFO] [stdout]    --> src/opentelemetry/layer.rs:396:84
[INFO] [stdout]     |
[INFO] [stdout] 15  | let otel_layer = onesignal_tracing_tail_sample::opentelemetry::layer().with_tracer(tracer);
[INFO] [stdout]     |                                                                        ----------- ^^^^^^ the trait `PreSampledTracer` is not implemented for `opentelemetry_sdk::trace::tracer::Tracer`
[INFO] [stdout]     |                                                                        |
[INFO] [stdout]     |                                                                        required by a bound introduced by this call
[INFO] [stdout]     |
[INFO] [stdout]     = help: the following other types implement trait `PreSampledTracer`:
[INFO] [stdout]               opentelemetry_sdk::trace::tracer::Tracer
[INFO] [stdout]               opentelemetry_api::trace::noop::NoopTracer
[INFO] [stdout] note: required by a bound in `OpenTelemetryLayer::<S, T>::with_tracer`
[INFO] [stdout]    --> /opt/rustwide/workdir/src/opentelemetry/layer.rs:404:32
[INFO] [stdout]     |
[INFO] [stdout] 402 |     pub fn with_tracer<Tracer>(self, tracer: Tracer) -> OpenTelemetryLayer<S, Tracer>
[INFO] [stdout]     |            ----------- required by a bound in this associated function
[INFO] [stdout] 403 |     where
[INFO] [stdout] 404 |         Tracer: otel::Tracer + PreSampledTracer + 'static,
[INFO] [stdout]     |                                ^^^^^^^^^^^^^^^^ required by this bound in `OpenTelemetryLayer::<S, T>::with_tracer`
[INFO] [stdout] 
[INFO] [stdout] error[E0277]: the trait bound `opentelemetry_sdk::trace::tracer::Tracer: opentelemetry_api::trace::tracer::Tracer` is not satisfied
[INFO] [stdout]     --> src/opentelemetry/layer.rs:400:43
[INFO] [stdout]      |
[INFO] [stdout] 19   | let subscriber = Registry::default().with(otel_layer);
[INFO] [stdout]      |                                      ---- ^^^^^^^^^^ the trait `opentelemetry_api::trace::tracer::Tracer` is not implemented for `opentelemetry_sdk::trace::tracer::Tracer`
[INFO] [stdout]      |                                      |
[INFO] [stdout]      |                                      required by a bound introduced by this call
[INFO] [stdout]      |
[INFO] [stdout] help: trait impl with same name found
[INFO] [stdout]     --> /opt/rustwide/cargo-home/registry/src/index.crates.io-6f17d22bba15001f/opentelemetry_sdk-0.18.0/src/trace/tracer.rs:123:1
[INFO] [stdout]      |
[INFO] [stdout] 123  | impl opentelemetry_api::trace::Tracer for Tracer {
[INFO] [stdout]      | ^^^^^^^^^^^^^^^^^^^^^^^^^^^^^^^^^^^^^^^^^^^^^^^^
[INFO] [stdout]      = note: perhaps two different versions of crate `opentelemetry_api` are being used?
[INFO] [stdout]      = help: the following other types implement trait `opentelemetry_api::trace::tracer::Tracer`:
[INFO] [stdout]                opentelemetry_api::global::trace::BoxedTracer
[INFO] [stdout]                opentelemetry_sdk::trace::tracer::Tracer
[INFO] [stdout]                opentelemetry_api::trace::noop::NoopTracer
[INFO] [stdout]      = note: required for `OpenTelemetryLayer<Registry, opentelemetry_sdk::trace::tracer::Tracer>` to implement `__tracing_subscriber_Layer<Registry>`
[INFO] [stdout] note: required by a bound in `with`
[INFO] [stdout]     --> /opt/rustwide/cargo-home/registry/src/index.crates.io-6f17d22bba15001f/tracing-subscriber-0.3.18/src/layer/mod.rs:1503:12
[INFO] [stdout]      |
[INFO] [stdout] 1501 |     fn with<L>(self, layer: L) -> Layered<L, Self>
[INFO] [stdout]      |        ---- required by a bound in this associated function
[INFO] [stdout] 1502 |     where
[INFO] [stdout] 1503 |         L: Layer<Self>,
[INFO] [stdout]      |            ^^^^^^^^^^^ required by this bound in `__tracing_subscriber_SubscriberExt::with`
[INFO] [stdout] 
[INFO] [stdout] error[E0277]: the trait bound `opentelemetry_sdk::trace::tracer::Tracer: PreSampledTracer` is not satisfied
[INFO] [stdout]     --> src/opentelemetry/layer.rs:400:43
[INFO] [stdout]      |
[INFO] [stdout] 19   | let subscriber = Registry::default().with(otel_layer);
[INFO] [stdout]      |                                      ---- ^^^^^^^^^^ the trait `PreSampledTracer` is not implemented for `opentelemetry_sdk::trace::tracer::Tracer`
[INFO] [stdout]      |                                      |
[INFO] [stdout]      |                                      required by a bound introduced by this call
[INFO] [stdout]      |
[INFO] [stdout]      = help: the following other types implement trait `PreSampledTracer`:
[INFO] [stdout]                opentelemetry_sdk::trace::tracer::Tracer
[INFO] [stdout]                opentelemetry_api::trace::noop::NoopTracer
[INFO] [stdout]      = note: required for `OpenTelemetryLayer<Registry, opentelemetry_sdk::trace::tracer::Tracer>` to implement `__tracing_subscriber_Layer<Registry>`
[INFO] [stdout] note: required by a bound in `with`
[INFO] [stdout]     --> /opt/rustwide/cargo-home/registry/src/index.crates.io-6f17d22bba15001f/tracing-subscriber-0.3.18/src/layer/mod.rs:1503:12
[INFO] [stdout]      |
[INFO] [stdout] 1501 |     fn with<L>(self, layer: L) -> Layered<L, Self>
[INFO] [stdout]      |        ---- required by a bound in this associated function
[INFO] [stdout] 1502 |     where
[INFO] [stdout] 1503 |         L: Layer<Self>,
[INFO] [stdout]      |            ^^^^^^^^^^^ required by this bound in `__tracing_subscriber_SubscriberExt::with`
[INFO] [stdout] 
[INFO] [stdout] error: aborting due to 4 previous errors
[INFO] [stdout] 
[INFO] [stdout] For more information about this error, try `rustc --explain E0277`.
[INFO] [stdout] Couldn't compile the test.
[INFO] [stdout] ---- src/opentelemetry/layer.rs - opentelemetry::layer::OpenTelemetryLayer<S,T>::new (line 348) stdout ----
[INFO] [stdout] error[E0277]: the trait bound `opentelemetry_sdk::trace::tracer::Tracer: opentelemetry_api::trace::tracer::Tracer` is not satisfied
[INFO] [stdout]    --> src/opentelemetry/layer.rs:361:42
[INFO] [stdout]     |
[INFO] [stdout] 16  | let otel_layer = OpenTelemetryLayer::new(tracer);
[INFO] [stdout]     |                  ----------------------- ^^^^^^ the trait `opentelemetry_api::trace::tracer::Tracer` is not implemented for `opentelemetry_sdk::trace::tracer::Tracer`
[INFO] [stdout]     |                  |
[INFO] [stdout]     |                  required by a bound introduced by this call
[INFO] [stdout]     |
[INFO] [stdout] help: trait impl with same name found
[INFO] [stdout]    --> /opt/rustwide/cargo-home/registry/src/index.crates.io-6f17d22bba15001f/opentelemetry_sdk-0.18.0/src/trace/tracer.rs:123:1
[INFO] [stdout]     |
[INFO] [stdout] 123 | impl opentelemetry_api::trace::Tracer for Tracer {
[INFO] [stdout]     | ^^^^^^^^^^^^^^^^^^^^^^^^^^^^^^^^^^^^^^^^^^^^^^^^
[INFO] [stdout]     = note: perhaps two different versions of crate `opentelemetry_api` are being used?
[INFO] [stdout]     = help: the following other types implement trait `opentelemetry_api::trace::tracer::Tracer`:
[INFO] [stdout]               opentelemetry_api::global::trace::BoxedTracer
[INFO] [stdout]               opentelemetry_sdk::trace::tracer::Tracer
[INFO] [stdout]               opentelemetry_api::trace::noop::NoopTracer
[INFO] [stdout] note: required by a bound in `OpenTelemetryLayer::<S, T>::new`
[INFO] [stdout]    --> /opt/rustwide/workdir/src/opentelemetry/layer.rs:338:8
[INFO] [stdout]     |
[INFO] [stdout] 338 |     T: otel::Tracer + PreSampledTracer + 'static,
[INFO] [stdout]     |        ^^^^^^^^^^^^ required by this bound in `OpenTelemetryLayer::<S, T>::new`
[INFO] [stdout] ...
[INFO] [stdout] 367 |     pub fn new(tracer: T) -> Self {
[INFO] [stdout]     |            --- required by a bound in this associated function
[INFO] [stdout] 
[INFO] [stdout] error[E0277]: the trait bound `opentelemetry_sdk::trace::tracer::Tracer: PreSampledTracer` is not satisfied
[INFO] [stdout]    --> src/opentelemetry/layer.rs:361:42
[INFO] [stdout]     |
[INFO] [stdout] 16  | let otel_layer = OpenTelemetryLayer::new(tracer);
[INFO] [stdout]     |                  ----------------------- ^^^^^^ the trait `PreSampledTracer` is not implemented for `opentelemetry_sdk::trace::tracer::Tracer`
[INFO] [stdout]     |                  |
[INFO] [stdout]     |                  required by a bound introduced by this call
[INFO] [stdout]     |
[INFO] [stdout]     = help: the following other types implement trait `PreSampledTracer`:
[INFO] [stdout]               opentelemetry_sdk::trace::tracer::Tracer
[INFO] [stdout]               opentelemetry_api::trace::noop::NoopTracer
[INFO] [stdout] note: required by a bound in `OpenTelemetryLayer::<S, T>::new`
[INFO] [stdout]    --> /opt/rustwide/workdir/src/opentelemetry/layer.rs:338:23
[INFO] [stdout]     |
[INFO] [stdout] 338 |     T: otel::Tracer + PreSampledTracer + 'static,
[INFO] [stdout]     |                       ^^^^^^^^^^^^^^^^ required by this bound in `OpenTelemetryLayer::<S, T>::new`
[INFO] [stdout] ...
[INFO] [stdout] 367 |     pub fn new(tracer: T) -> Self {
[INFO] [stdout]     |            --- required by a bound in this associated function
[INFO] [stdout] 
[INFO] [stdout] error[E0277]: the trait bound `opentelemetry_sdk::trace::tracer::Tracer: opentelemetry_api::trace::tracer::Tracer` is not satisfied
[INFO] [stdout]     --> src/opentelemetry/layer.rs:365:43
[INFO] [stdout]      |
[INFO] [stdout] 20   | let subscriber = Registry::default().with(otel_layer);
[INFO] [stdout]      |                                      ---- ^^^^^^^^^^ the trait `opentelemetry_api::trace::tracer::Tracer` is not implemented for `opentelemetry_sdk::trace::tracer::Tracer`
[INFO] [stdout]      |                                      |
[INFO] [stdout]      |                                      required by a bound introduced by this call
[INFO] [stdout]      |
[INFO] [stdout] help: trait impl with same name found
[INFO] [stdout]     --> /opt/rustwide/cargo-home/registry/src/index.crates.io-6f17d22bba15001f/opentelemetry_sdk-0.18.0/src/trace/tracer.rs:123:1
[INFO] [stdout]      |
[INFO] [stdout] 123  | impl opentelemetry_api::trace::Tracer for Tracer {
[INFO] [stdout]      | ^^^^^^^^^^^^^^^^^^^^^^^^^^^^^^^^^^^^^^^^^^^^^^^^
[INFO] [stdout]      = note: perhaps two different versions of crate `opentelemetry_api` are being used?
[INFO] [stdout]      = help: the following other types implement trait `opentelemetry_api::trace::tracer::Tracer`:
[INFO] [stdout]                opentelemetry_api::global::trace::BoxedTracer
[INFO] [stdout]                opentelemetry_sdk::trace::tracer::Tracer
[INFO] [stdout]                opentelemetry_api::trace::noop::NoopTracer
[INFO] [stdout]      = note: required for `OpenTelemetryLayer<Registry, opentelemetry_sdk::trace::tracer::Tracer>` to implement `__tracing_subscriber_Layer<Registry>`
[INFO] [stdout] note: required by a bound in `with`
[INFO] [stdout]     --> /opt/rustwide/cargo-home/registry/src/index.crates.io-6f17d22bba15001f/tracing-subscriber-0.3.18/src/layer/mod.rs:1503:12
[INFO] [stdout]      |
[INFO] [stdout] 1501 |     fn with<L>(self, layer: L) -> Layered<L, Self>
[INFO] [stdout]      |        ---- required by a bound in this associated function
[INFO] [stdout] 1502 |     where
[INFO] [stdout] 1503 |         L: Layer<Self>,
[INFO] [stdout]      |            ^^^^^^^^^^^ required by this bound in `__tracing_subscriber_SubscriberExt::with`
[INFO] [stdout] 
[INFO] [stdout] error[E0277]: the trait bound `opentelemetry_sdk::trace::tracer::Tracer: PreSampledTracer` is not satisfied
[INFO] [stdout]     --> src/opentelemetry/layer.rs:365:43
[INFO] [stdout]      |
[INFO] [stdout] 20   | let subscriber = Registry::default().with(otel_layer);
[INFO] [stdout]      |                                      ---- ^^^^^^^^^^ the trait `PreSampledTracer` is not implemented for `opentelemetry_sdk::trace::tracer::Tracer`
[INFO] [stdout]      |                                      |
[INFO] [stdout]      |                                      required by a bound introduced by this call
[INFO] [stdout]      |
[INFO] [stdout]      = help: the following other types implement trait `PreSampledTracer`:
[INFO] [stdout]                opentelemetry_sdk::trace::tracer::Tracer
[INFO] [stdout]                opentelemetry_api::trace::noop::NoopTracer
[INFO] [stdout]      = note: required for `OpenTelemetryLayer<Registry, opentelemetry_sdk::trace::tracer::Tracer>` to implement `__tracing_subscriber_Layer<Registry>`
[INFO] [stdout] note: required by a bound in `with`
[INFO] [stdout]     --> /opt/rustwide/cargo-home/registry/src/index.crates.io-6f17d22bba15001f/tracing-subscriber-0.3.18/src/layer/mod.rs:1503:12
[INFO] [stdout]      |
[INFO] [stdout] 1501 |     fn with<L>(self, layer: L) -> Layered<L, Self>
[INFO] [stdout]      |        ---- required by a bound in this associated function
[INFO] [stdout] 1502 |     where
[INFO] [stdout] 1503 |         L: Layer<Self>,
[INFO] [stdout]      |            ^^^^^^^^^^^ required by this bound in `__tracing_subscriber_SubscriberExt::with`
[INFO] [stdout] 
[INFO] [stdout] error: aborting due to 4 previous errors
[INFO] [stdout] 
[INFO] [stdout] For more information about this error, try `rustc --explain E0277`.
[INFO] [stdout] Couldn't compile the test.
[INFO] [stdout] 
[INFO] [stdout] failures:
[INFO] [stdout]     src/opentelemetry/layer.rs - opentelemetry::layer::OpenTelemetryLayer<S,T>::new (line 348)
[INFO] [stdout]     src/opentelemetry/layer.rs - opentelemetry::layer::OpenTelemetryLayer<S,T>::with_tracer (line 384)
[INFO] [stdout] 
[INFO] [stdout] test result: FAILED. 5 passed; 2 failed; 0 ignored; 0 measured; 0 filtered out; finished in 0.78s
[INFO] [stdout] 
[INFO] [stderr] error: doctest failed, to rerun pass `--doc`
[INFO] running `Command { std: "docker" "inspect" "b10a95a87abfbe28dc2311c7e7ce0682653aa48aa232cf99ba0b77e9bb9604e9", kill_on_drop: false }`
[INFO] running `Command { std: "docker" "rm" "-f" "b10a95a87abfbe28dc2311c7e7ce0682653aa48aa232cf99ba0b77e9bb9604e9", kill_on_drop: false }`
[INFO] [stdout] b10a95a87abfbe28dc2311c7e7ce0682653aa48aa232cf99ba0b77e9bb9604e9
