[INFO] fetching crate omg_core 0.1.0...
[INFO] testing omg_core-0.1.0 against 1.75.0 for beta-1.76-1
[INFO] extracting crate omg_core 0.1.0 into /workspace/builds/worker-4-tc1/source
[INFO] validating manifest of crates.io crate omg_core 0.1.0 on toolchain 1.75.0
[INFO] running `Command { std: CARGO_HOME="/workspace/cargo-home" RUSTUP_HOME="/workspace/rustup-home" "/workspace/cargo-home/bin/cargo" "+1.75.0" "metadata" "--manifest-path" "Cargo.toml" "--no-deps", kill_on_drop: false }`
[INFO] started tweaking crates.io crate omg_core 0.1.0
[INFO] finished tweaking crates.io crate omg_core 0.1.0
[INFO] tweaked toml for crates.io crate omg_core 0.1.0 written to /workspace/builds/worker-4-tc1/source/Cargo.toml
[INFO] running `Command { std: CARGO_HOME="/workspace/cargo-home" RUSTUP_HOME="/workspace/rustup-home" "/workspace/cargo-home/bin/cargo" "+1.75.0" "generate-lockfile" "--manifest-path" "Cargo.toml", kill_on_drop: false }`
[INFO] [stderr]     Updating crates.io index
[INFO] running `Command { std: CARGO_HOME="/workspace/cargo-home" RUSTUP_HOME="/workspace/rustup-home" "/workspace/cargo-home/bin/cargo" "+1.75.0" "fetch" "--manifest-path" "Cargo.toml", kill_on_drop: false }`
[INFO] [stderr]  Downloading crates ...
[INFO] [stderr]   Downloaded noise v0.7.0
[INFO] [stderr]   Downloaded pom v1.1.0
[INFO] [stderr]   Downloaded svgbobdoc v0.2.3
[INFO] [stderr]   Downloaded svg v0.5.12
[INFO] [stderr]   Downloaded svgbob v0.4.1
[INFO] running `Command { std: "docker" "create" "-v" "/var/lib/crater-agent-workspace/builds/worker-4-tc1/target:/opt/rustwide/target:rw,Z" "-v" "/var/lib/crater-agent-workspace/builds/worker-4-tc1/source:/opt/rustwide/workdir:ro,Z" "-v" "/var/lib/crater-agent-workspace/cargo-home:/opt/rustwide/cargo-home:ro,Z" "-v" "/var/lib/crater-agent-workspace/rustup-home:/opt/rustwide/rustup-home:ro,Z" "-e" "SOURCE_DIR=/opt/rustwide/workdir" "-e" "CARGO_TARGET_DIR=/opt/rustwide/target" "-e" "CARGO_HOME=/opt/rustwide/cargo-home" "-e" "RUSTUP_HOME=/opt/rustwide/rustup-home" "-w" "/opt/rustwide/workdir" "-m" "1610612736" "--user" "0:0" "--network" "none" "ghcr.io/rust-lang/crates-build-env/linux@sha256:2788e3201cd34a07e3172128adcd8b3090168a8e3bcc40d7c032b9dda1df7d1c" "/opt/rustwide/cargo-home/bin/cargo" "+1.75.0" "metadata" "--no-deps" "--format-version=1", kill_on_drop: false }`
[INFO] [stdout] 9cbd4df9378716b453b9ffe6c1517601e450b7e160b7e29006a4081d366b8398
[INFO] running `Command { std: "docker" "start" "-a" "9cbd4df9378716b453b9ffe6c1517601e450b7e160b7e29006a4081d366b8398", kill_on_drop: false }`
[INFO] running `Command { std: "docker" "inspect" "9cbd4df9378716b453b9ffe6c1517601e450b7e160b7e29006a4081d366b8398", kill_on_drop: false }`
[INFO] running `Command { std: "docker" "rm" "-f" "9cbd4df9378716b453b9ffe6c1517601e450b7e160b7e29006a4081d366b8398", kill_on_drop: false }`
[INFO] [stdout] 9cbd4df9378716b453b9ffe6c1517601e450b7e160b7e29006a4081d366b8398
[INFO] running `Command { std: "docker" "create" "-v" "/var/lib/crater-agent-workspace/builds/worker-4-tc1/target:/opt/rustwide/target:rw,Z" "-v" "/var/lib/crater-agent-workspace/builds/worker-4-tc1/source:/opt/rustwide/workdir:ro,Z" "-v" "/var/lib/crater-agent-workspace/cargo-home:/opt/rustwide/cargo-home:ro,Z" "-v" "/var/lib/crater-agent-workspace/rustup-home:/opt/rustwide/rustup-home:ro,Z" "-e" "SOURCE_DIR=/opt/rustwide/workdir" "-e" "CARGO_TARGET_DIR=/opt/rustwide/target" "-e" "CARGO_INCREMENTAL=0" "-e" "RUST_BACKTRACE=full" "-e" "RUSTFLAGS=--cap-lints=warn" "-e" "RUSTDOCFLAGS=--cap-lints=warn" "-e" "CARGO_HOME=/opt/rustwide/cargo-home" "-e" "RUSTUP_HOME=/opt/rustwide/rustup-home" "-w" "/opt/rustwide/workdir" "-m" "1610612736" "--user" "0:0" "--network" "none" "ghcr.io/rust-lang/crates-build-env/linux@sha256:2788e3201cd34a07e3172128adcd8b3090168a8e3bcc40d7c032b9dda1df7d1c" "/opt/rustwide/cargo-home/bin/cargo" "+1.75.0" "build" "--frozen" "--message-format=json", kill_on_drop: false }`
[INFO] [stdout] c9ec26de00c81bcece2dec155258f895e56e1763087b8d45697558d5a1be58ec
[INFO] running `Command { std: "docker" "start" "-a" "c9ec26de00c81bcece2dec155258f895e56e1763087b8d45697558d5a1be58ec", kill_on_drop: false }`
[INFO] [stderr]    Compiling libc v0.2.151
[INFO] [stderr]    Compiling crossbeam-utils v0.8.18
[INFO] [stderr]    Compiling num-traits v0.2.17
[INFO] [stderr]    Compiling memchr v2.7.1
[INFO] [stderr]    Compiling rayon-core v1.12.0
[INFO] [stderr]    Compiling num-integer v0.1.45
[INFO] [stderr]    Compiling proc-macro2 v1.0.75
[INFO] [stderr]    Compiling miniz_oxide v0.4.4
[INFO] [stderr]    Compiling crc32fast v1.3.2
[INFO] [stderr]    Compiling adler32 v1.2.0
[INFO] [stderr]    Compiling either v1.9.0
[INFO] [stderr]    Compiling num-iter v0.1.43
[INFO] [stderr]    Compiling aho-corasick v1.1.2
[INFO] [stderr]    Compiling num-rational v0.3.2
[INFO] [stderr]    Compiling byteorder v1.5.0
[INFO] [stderr]    Compiling syn v1.0.109
[INFO] [stderr]    Compiling crossbeam-epoch v0.9.17
[INFO] [stderr]    Compiling weezl v0.1.7
[INFO] [stderr]    Compiling crossbeam-deque v0.8.4
[INFO] [stderr]    Compiling getrandom v0.1.16
[INFO] [stderr]    Compiling quote v1.0.35
[INFO] [stderr]    Compiling rand_core v0.5.1
[INFO] [stderr]    Compiling deflate v0.8.6
[INFO] [stderr]    Compiling rayon v1.8.0
[INFO] [stderr]    Compiling miniz_oxide v0.3.7
[INFO] [stderr]    Compiling bitflags v1.3.2
[INFO] [stderr]    Compiling regex-syntax v0.8.2
[INFO] [stderr]    Compiling color_quant v1.1.0
[INFO] [stderr]    Compiling png v0.16.8
[INFO] [stderr]    Compiling gif v0.11.4
[INFO] [stderr]    Compiling rand_chacha v0.2.2
[INFO] [stderr]    Compiling pom v1.1.0
[INFO] [stderr]    Compiling unicode-width v0.1.11
[INFO] [stderr]    Compiling anyhow v1.0.79
[INFO] [stderr]    Compiling regex-automata v0.4.3
[INFO] [stderr]    Compiling bytemuck v1.14.0
[INFO] [stderr]    Compiling jpeg-decoder v0.1.22
[INFO] [stderr]    Compiling scoped_threadpool v0.1.9
[INFO] [stderr]    Compiling svg v0.5.12
[INFO] [stderr]    Compiling tiff v0.6.1
[INFO] [stderr]    Compiling svgbob v0.4.1
[INFO] [stderr]    Compiling rand v0.7.3
[INFO] [stderr]    Compiling regex v1.10.2
[INFO] [stderr]    Compiling image v0.23.14
[INFO] [stderr]    Compiling rand_xorshift v0.2.0
[INFO] [stderr]    Compiling atty v0.2.14
[INFO] [stderr]    Compiling lazy_static v1.4.0
[INFO] [stderr]    Compiling termcolor v1.4.0
[INFO] [stderr]    Compiling base64 v0.12.3
[INFO] [stderr]    Compiling iana-time-zone v0.1.59
[INFO] [stderr]    Compiling humantime v2.1.0
[INFO] [stderr]    Compiling derive-new v0.5.9
[INFO] [stderr]    Compiling chrono v0.4.31
[INFO] [stderr]    Compiling env_logger v0.8.4
[INFO] [stderr]    Compiling unwrap v1.2.1
[INFO] [stderr]    Compiling svgbobdoc v0.2.3
[INFO] [stderr]    Compiling noise v0.7.0
[INFO] [stderr]    Compiling omg_core v0.1.0 (/opt/rustwide/workdir)
[INFO] [stderr]     Finished dev [unoptimized + debuginfo] target(s) in 17.42s
[INFO] [stderr] warning: the following packages contain code that will be rejected by a future version of Rust: svg v0.5.12
[INFO] [stderr] note: to see what the problems were, use the option `--future-incompat-report`, or run `cargo report future-incompatibilities --id 1`
[INFO] running `Command { std: "docker" "inspect" "c9ec26de00c81bcece2dec155258f895e56e1763087b8d45697558d5a1be58ec", kill_on_drop: false }`
[INFO] running `Command { std: "docker" "rm" "-f" "c9ec26de00c81bcece2dec155258f895e56e1763087b8d45697558d5a1be58ec", kill_on_drop: false }`
[INFO] [stdout] c9ec26de00c81bcece2dec155258f895e56e1763087b8d45697558d5a1be58ec
[INFO] running `Command { std: "docker" "create" "-v" "/var/lib/crater-agent-workspace/builds/worker-4-tc1/target:/opt/rustwide/target:rw,Z" "-v" "/var/lib/crater-agent-workspace/builds/worker-4-tc1/source:/opt/rustwide/workdir:ro,Z" "-v" "/var/lib/crater-agent-workspace/cargo-home:/opt/rustwide/cargo-home:ro,Z" "-v" "/var/lib/crater-agent-workspace/rustup-home:/opt/rustwide/rustup-home:ro,Z" "-e" "SOURCE_DIR=/opt/rustwide/workdir" "-e" "CARGO_TARGET_DIR=/opt/rustwide/target" "-e" "CARGO_INCREMENTAL=0" "-e" "RUST_BACKTRACE=full" "-e" "RUSTFLAGS=--cap-lints=warn" "-e" "RUSTDOCFLAGS=--cap-lints=warn" "-e" "CARGO_HOME=/opt/rustwide/cargo-home" "-e" "RUSTUP_HOME=/opt/rustwide/rustup-home" "-w" "/opt/rustwide/workdir" "-m" "1610612736" "--user" "0:0" "--network" "none" "ghcr.io/rust-lang/crates-build-env/linux@sha256:2788e3201cd34a07e3172128adcd8b3090168a8e3bcc40d7c032b9dda1df7d1c" "/opt/rustwide/cargo-home/bin/cargo" "+1.75.0" "test" "--frozen" "--no-run" "--message-format=json", kill_on_drop: false }`
[INFO] [stdout] a60665b895ed2126e43911ddc254fb6a54b507f70772e2b7d31e6c58c3b30905
[INFO] running `Command { std: "docker" "start" "-a" "a60665b895ed2126e43911ddc254fb6a54b507f70772e2b7d31e6c58c3b30905", kill_on_drop: false }`
[INFO] [stderr]    Compiling omg_core v0.1.0 (/opt/rustwide/workdir)
[INFO] [stderr]     Finished test [unoptimized + debuginfo] target(s) in 1.95s
[INFO] [stderr] warning: the following packages contain code that will be rejected by a future version of Rust: svg v0.5.12
[INFO] [stderr] note: to see what the problems were, use the option `--future-incompat-report`, or run `cargo report future-incompatibilities --id 1`
[INFO] running `Command { std: "docker" "inspect" "a60665b895ed2126e43911ddc254fb6a54b507f70772e2b7d31e6c58c3b30905", kill_on_drop: false }`
[INFO] running `Command { std: "docker" "rm" "-f" "a60665b895ed2126e43911ddc254fb6a54b507f70772e2b7d31e6c58c3b30905", kill_on_drop: false }`
[INFO] [stdout] a60665b895ed2126e43911ddc254fb6a54b507f70772e2b7d31e6c58c3b30905
[INFO] running `Command { std: "docker" "create" "-v" "/var/lib/crater-agent-workspace/builds/worker-4-tc1/target:/opt/rustwide/target:rw,Z" "-v" "/var/lib/crater-agent-workspace/builds/worker-4-tc1/source:/opt/rustwide/workdir:ro,Z" "-v" "/var/lib/crater-agent-workspace/cargo-home:/opt/rustwide/cargo-home:ro,Z" "-v" "/var/lib/crater-agent-workspace/rustup-home:/opt/rustwide/rustup-home:ro,Z" "-e" "SOURCE_DIR=/opt/rustwide/workdir" "-e" "CARGO_TARGET_DIR=/opt/rustwide/target" "-e" "CARGO_INCREMENTAL=0" "-e" "RUST_BACKTRACE=full" "-e" "RUSTFLAGS=--cap-lints=warn" "-e" "RUSTDOCFLAGS=--cap-lints=warn" "-e" "CARGO_HOME=/opt/rustwide/cargo-home" "-e" "RUSTUP_HOME=/opt/rustwide/rustup-home" "-w" "/opt/rustwide/workdir" "-m" "1610612736" "--user" "0:0" "--network" "none" "ghcr.io/rust-lang/crates-build-env/linux@sha256:2788e3201cd34a07e3172128adcd8b3090168a8e3bcc40d7c032b9dda1df7d1c" "/opt/rustwide/cargo-home/bin/cargo" "+1.75.0" "test" "--frozen", kill_on_drop: false }`
[INFO] [stdout] 66739f2b874aaf9c3d0edebfe7bd652241138f72aa34d82850fbf401000eaf96
[INFO] running `Command { std: "docker" "start" "-a" "66739f2b874aaf9c3d0edebfe7bd652241138f72aa34d82850fbf401000eaf96", kill_on_drop: false }`
[INFO] [stderr]     Finished test [unoptimized + debuginfo] target(s) in 0.07s
[INFO] [stderr] warning: the following packages contain code that will be rejected by a future version of Rust: svg v0.5.12
[INFO] [stderr] note: to see what the problems were, use the option `--future-incompat-report`, or run `cargo report future-incompatibilities --id 1`
[INFO] [stderr]      Running unittests src/lib.rs (/opt/rustwide/target/debug/deps/omg_core-869469cc7e0abc24)
[INFO] [stdout] 
[INFO] [stdout] running 12 tests
[INFO] [stdout] test data::color::tests::test_from_string_invalid_start ... ok
[INFO] [stdout] test data::color::tests::test_from_empty_string ... ok
[INFO] [stdout] test data::color::tests::test_from_string_part ... ok
[INFO] [stdout] test data::math::interpolation::tests::test_lerp_same_number ... ok
[INFO] [stdout] test data::math::generator::generator1d::tests::test_input_bigger_than_max_output ... ok
[INFO] [stdout] test data::math::interpolation::tests::test_lerp_from_high_to_low ... ok
[INFO] [stdout] test data::color::tests::test_from_string_ignore_case ... ok
[INFO] [stdout] test data::math::interpolation::vector::tests::test_with_float ... ok
[INFO] [stdout] test data::math::interpolation::tests::test_lerp_with_negative_factor ... ok
[INFO] [stdout] test data::math::interpolation::vector::tests::test_before_the_first_element ... ok
[INFO] [stdout] test data::math::interpolation::tests::test_lerp_with_too_high_factor ... ok
[INFO] [stdout] test data::math::interpolation::vector::tests::test_after_the_last_element ... ok
[INFO] [stdout] 
[INFO] [stdout] test result: ok. 12 passed; 0 failed; 0 ignored; 0 measured; 0 filtered out; finished in 0.02s
[INFO] [stdout] 
[INFO] [stderr]    Doc-tests omg_core
[INFO] [stdout] 
[INFO] [stdout] running 84 tests
[INFO] [stdout] test src/data/color.rs - data::color::Color::g (line 46) ... FAILED
[INFO] [stdout] test src/data/color.rs - data::color::String (line 89) ... ok
[INFO] [stdout] test src/data/map/attribute.rs - data::map::attribute::Attribute (line 162) ... FAILED
[INFO] [stdout] test src/data/color.rs - data::color::Color::gray (line 22) ... FAILED
[INFO] [stdout] test src/data/color.rs - data::color::Color::r (line 36) ... ok
[INFO] [stdout] test src/data/color.rs - data::color::Color::b (line 56) ... ok
[INFO] [stdout] test src/data/color.rs - data::color::Color (line 102) ... ok
[INFO] [stdout] test src/data/color.rs - data::color::Color::lerp (line 138) ... ok
[INFO] [stdout] test src/data/map/attribute.rs - data::map::attribute::Attribute (line 192) ... ok
[INFO] [stdout] test src/data/map/attribute.rs - data::map::attribute::Attribute (line 175) ... ok
[INFO] [stdout] test src/data/map/attribute.rs - data::map::attribute::Attribute (line 206) ... ok
[INFO] [stdout] test src/data/map/attribute.rs - data::map::attribute::Attribute::name (line 60) ... FAILED
[INFO] [stdout] test src/data/map/attribute.rs - data::map::attribute::Attribute::new (line 29) ... ok
[INFO] [stdout] test src/data/map/attribute.rs - data::map::attribute::Attribute::replace_all (line 100) ... ok
[INFO] [stdout] test src/data/map/attribute.rs - data::map::attribute::Attribute::replace_some (line 132) ... FAILED
[INFO] [stdout] test src/data/map/attribute.rs - data::map::attribute::Attribute::get_all (line 87) ... ok
[INFO] [stdout] test src/data/map/attribute.rs - data::map::attribute::Attribute::new (line 37) ... ok
[INFO] [stdout] test src/data/map/attribute.rs - data::map::attribute::Attribute::replace_all (line 114) ... ok
[INFO] [stdout] test src/data/map/mod.rs - data::map::Map2d::create_attribute (line 57) ... ok
[INFO] [stdout] test src/data/map/attribute.rs - data::map::attribute::Attribute::replace_some (line 146) ... ok
[INFO] [stdout] test src/data/map/attribute.rs - data::map::attribute::Attribute::size (line 73) ... ok
[INFO] [stdout] test src/data/map/mod.rs - data::map::Map2d::create_attribute (line 68) ... ok
[INFO] [stdout] test src/data/map/mod.rs - data::map::Map2d::get_attribute_mut (line 142) ... FAILED
[INFO] [stdout] test src/data/map/mod.rs - data::map::Map2d::get_attribute (line 127) ... FAILED
[INFO] [stdout] test src/data/map/mod.rs - data::map::Map2d::get_attribute_id (line 110) ... ok
[INFO] [stdout] test src/data/map/mod.rs - data::map::Map2d::with_name (line 25) ... ok
[INFO] [stdout] test src/data/map/mod.rs - data::map::get_attribute_mut (line 187) ... FAILED
[INFO] [stdout] test src/data/map/mod.rs - data::map::get_attribute (line 159) ... ok
[INFO] [stdout] test src/data/map/mod.rs - data::map::get_attribute_mut (line 203) ... ok
[INFO] [stdout] test src/data/map/mod.rs - data::map::get_attribute (line 174) ... ok
[INFO] [stdout] test src/data/math/distance.rs - data::math::distance::calculate_distance (line 3) ... ok
[INFO] [stdout] test src/data/math/distance.rs - data::math::distance::calculate_distance (line 15) ... ok
[INFO] [stdout] test src/data/math/generator/generator1d.rs - data::math::generator::generator1d::Generator1d::Gradient (line 58) ... ok
[INFO] [stdout] test src/data/math/generator/generator1d.rs - data::math::generator::generator1d::Generator1d::AbsoluteGradient (line 19) ... ok
[INFO] [stdout] test src/data/math/generator/generator1d.rs - data::math::generator::generator1d::Generator1d::InputAsOutput (line 91) ... FAILED
[INFO] [stdout] test src/data/math/generator/generator1d.rs - data::math::generator::generator1d::Generator1d::InterpolateVector (line 108) ... ok
[INFO] [stdout] test src/data/math/generator/generator2d.rs - data::math::generator::generator2d::Generator2d::ApplyToX (line 14) ... ok
[INFO] [stdout] test src/data/math/generator/generator2d.rs - data::math::generator::generator2d::Generator2d::IndexGenerator (line 68) ... ok
[INFO] [stdout] test src/data/math/generator/generator2d.rs - data::math::generator::generator2d::Generator2d::ApplyToY (line 32) ... ok
[INFO] [stdout] test src/data/math/generator/generator2d.rs - data::math::generator::generator2d::Generator2d::ApplyToDistance (line 50) ... ok
[INFO] [stdout] test src/data/math/generator/gradient.rs - data::math::generator::gradient::Gradient::new (line 22) ... ok
[INFO] [stdout] test src/data/math/generator/gradient.rs - data::math::generator::gradient::Gradient::new (line 15) ... ok
[INFO] [stdout] test src/data/math/generator/noise.rs - data::math::generator::noise::Noise::new (line 30) ... ok
[INFO] [stdout] test src/data/math/generator/noise.rs - data::math::generator::noise::Noise::new (line 36) ... ok
[INFO] [stdout] test src/data/math/interpolation/mod.rs - data::math::interpolation::lerp (line 24) ... ok
[INFO] [stdout] test src/data/math/interpolation/mod.rs - data::math::interpolation::u8::lerp (line 12) ... ok
[INFO] [stdout] test src/data/math/interpolation/vector.rs - data::math::interpolation::vector::VectorInterpolator<T,V>::new (line 32) ... ok
[INFO] [stdout] test src/data/math/interpolation/vector.rs - data::math::interpolation::vector::VectorInterpolator<T,V>::interpolate (line 74) ... ok
[INFO] [stdout] test src/data/math/selector.rs - data::math::selector::Selector::Const (line 15) ... ok
[INFO] [stdout] test src/data/math/selector.rs - data::math::selector::Selector::InterpolatePair (line 22) ... ok
[INFO] [stdout] test src/data/math/interpolation/vector.rs - data::math::interpolation::vector::VectorInterpolator<T,V>::new (line 39) ... ok
[INFO] [stdout] test src/data/math/selector.rs - data::math::selector::Selector::InterpolateVector (line 31) ... ok
[INFO] [stdout] test src/data/math/selector.rs - data::math::selector::Selector::Lookup (line 40) ... ok
[INFO] [stdout] test src/data/math/size2d.rs - data::math::size2d::Size2d (line 197) ... ok
[INFO] [stdout] test src/data/math/size2d.rs - data::math::size2d::Size2d::get_area (line 59) ... ok
[INFO] [stdout] test src/data/math/size2d.rs - data::math::size2d::Size2d (line 216) ... ok
[INFO] [stdout] test src/data/math/size2d.rs - data::math::size2d::Size2d::height (line 81) ... ok
[INFO] [stdout] test src/data/math/size2d.rs - data::math::size2d::Size2d::new (line 35) ... ok
[INFO] [stdout] test src/data/math/size2d.rs - data::math::size2d::Size2d::is_inside (line 92) ... ok
[INFO] [stdout] test src/data/math/size2d.rs - data::math::size2d::Size2d::saturating_to_index (line 171) ... ok
[INFO] [stdout] test src/data/math/size2d.rs - data::math::size2d::Size2d::saturating_to_index (line 179) ... ok
[INFO] [stdout] test src/data/math/size2d.rs - data::math::size2d::Size2d::to_index (line 142) ... ok
[INFO] [stdout] test src/data/math/size2d.rs - data::math::size2d::Size2d::to_index_risky (line 160) ... ok
[INFO] [stdout] test src/data/math/transformer/threshold.rs - data::math::transformer::threshold::OverwriteWithThreshold<T>::overwrite_if_above (line 21) ... ok
[INFO] [stdout] test src/data/math/size2d.rs - data::math::size2d::Size2d::width (line 70) ... ok
[INFO] [stdout] test src/data/math/size2d.rs - data::math::size2d::Size2d::to_x (line 109) ... ok
[INFO] [stdout] test src/data/math/transformer/threshold.rs - data::math::transformer::threshold::OverwriteWithThreshold<T>::overwrite_if_below (line 61) ... ok
[INFO] [stdout] test src/data/math/transformer/threshold.rs - data::math::transformer::threshold::OverwriteWithThreshold<T>::overwrite_output_if_below (line 81) ... ok
[INFO] [stdout] test src/data/math/size2d.rs - data::math::size2d::Size2d::to_y (line 120) ... ok
[INFO] [stdout] test src/data/math/transformer/threshold.rs - data::math::transformer::threshold::OverwriteWithThreshold<T>::overwrite_output_if_above (line 41) ... ok
[INFO] [stdout] test src/data/math/transformer/lookup2d.rs - data::math::transformer::lookup2d::LookupTable2d::lookup (line 71) ... ok
[INFO] [stdout] test src/data/math/size2d.rs - data::math::size2d::Size2d::to_x_and_y (line 131) ... ok
[INFO] [stdout] test src/data/math/transformer/transformer1d.rs - data::math::transformer::transformer1d::Transformer1d::OverwriteWithMap (line 15) ... ok
[INFO] [stdout] test src/data/math/transformer/lookup2d.rs - data::math::transformer::lookup2d::LookupTable2d::new (line 33) ... ok
[INFO] [stdout] test src/data/math/transformer/transformer1d.rs - data::math::transformer::transformer1d::Transformer1d<T>::with_map (line 40) ... ok
[INFO] [stdout] test src/generation/attributes/create.rs - generation::attributes::create::CreateAttributeStep::new (line 15) ... ok
[INFO] [stdout] test src/generation/attributes/create.rs - generation::attributes::create::CreateAttributeStep::run (line 39) ... ok
[INFO] [stdout] test src/generation/attributes/distortion1d.rs - generation::attributes::distortion1d::Distortion1dStep::distort_along_y (line 54) ... ok
[INFO] [stdout] test src/generation/attributes/distortion1d.rs - generation::attributes::distortion1d::Distortion1dStep::distort_along_x (line 23) ... ok
[INFO] [stdout] test src/generation/attributes/generator.rs - generation::attributes::generator::GeneratorStep::add (line 43) ... ok
[INFO] [stdout] test src/generation/attributes/generator.rs - generation::attributes::generator::GeneratorStep::sub (line 84) ... ok
[INFO] [stdout] test src/generation/attributes/transformer.rs - generation::attributes::transformer::TransformAttribute2dStep::run (line 61) ... ok
[INFO] [stdout] test src/generation/mod.rs - generation::MapGenerator::new (line 23) ... ok
[INFO] [stdout] test src/generation/mod.rs - generation::MapGenerator::new (line 35) ... ok
[INFO] [stdout] 
[INFO] [stdout] failures:
[INFO] [stdout] 
[INFO] [stdout] ---- src/data/color.rs - data::color::Color::g (line 46) stdout ----
[INFO] [stdout] error: linking with `cc` failed: exit status: 1
[INFO] [stdout]   |
[INFO] [stdout]   = note: LC_ALL="C" PATH="/opt/rustwide/rustup-home/toolchains/1.75.0-x86_64-unknown-linux-gnu/lib/rustlib/x86_64-unknown-linux-gnu/bin:/opt/rustwide/cargo-home/bin:/usr/local/sbin:/usr/local/bin:/usr/sbin:/usr/bin:/sbin:/bin" VSLANG="1033" "cc" "-m64" "/tmp/rustcI21lo4/symbols.o" "/tmp/rustdoctestHDc1s0/rust_out.rust_out.263fb70ac1c95110-cgu.0.rcgu.o" "/tmp/rustdoctestHDc1s0/rust_out.2uel00cfmdh5ufit.rcgu.o" "-Wl,--as-needed" "-L" "/opt/rustwide/target/debug/deps" "-L" "/opt/rustwide/target/debug/deps" "-L" "/opt/rustwide/rustup-home/toolchains/1.75.0-x86_64-unknown-linux-gnu/lib/rustlib/x86_64-unknown-linux-gnu/lib" "-Wl,-Bstatic" "/opt/rustwide/target/debug/deps/libomg_core-c16b93f2a5b6555e.rlib" "/opt/rustwide/target/debug/deps/libenv_logger-31695f6a3d181a5c.rlib" "/opt/rustwide/target/debug/deps/libatty-e68dda7c7eae598c.rlib" "/opt/rustwide/target/debug/deps/libtermcolor-6dec0f4bbbe42dd1.rlib" "/opt/rustwide/target/debug/deps/libhumantime-e2a10e0b2bfa2002.rlib" "/opt/rustwide/target/debug/deps/libregex-b41547a324934d35.rlib" "/opt/rustwide/target/debug/deps/libregex_automata-41b935b8a0326771.rlib" "/opt/rustwide/target/debug/deps/libaho_corasick-c461b2416345444e.rlib" "/opt/rustwide/target/debug/deps/libmemchr-94009dd89ebb9d8d.rlib" "/opt/rustwide/target/debug/deps/libregex_syntax-ec727727d9e652fd.rlib" "/opt/rustwide/target/debug/deps/libchrono-4a2133ca54ed328f.rlib" "/opt/rustwide/target/debug/deps/libiana_time_zone-528d9768cce5eb89.rlib" "/opt/rustwide/target/debug/deps/libnoise-662b2b7237a5c1cd.rlib" "/opt/rustwide/target/debug/deps/libimage-6dbb0839951df361.rlib" "/opt/rustwide/target/debug/deps/libbytemuck-125af42282dcde0d.rlib" "/opt/rustwide/target/debug/deps/libpng-fc8b557e59a93002.rlib" "/opt/rustwide/target/debug/deps/libminiz_oxide-f0f70e23dbb2504a.rlib" "/opt/rustwide/target/debug/deps/libcrc32fast-664446237529ebff.rlib" "/opt/rustwide/target/debug/deps/libdeflate-41ea0b7246350e8d.rlib" "/opt/rustwide/target/debug/deps/libadler32-8dd0b9a34d7f5b64.rlib" "/opt/rustwide/target/debug/deps/libbitflags-b7cee2ca4fb438d0.rlib" "/opt/rustwide/target/debug/deps/libnum_iter-158c607f7781e07e.rlib" "/opt/rustwide/target/debug/deps/libscoped_threadpool-cf49c53216faf76b.rlib" "/opt/rustwide/target/debug/deps/libnum_rational-8ca787bceac37dc3.rlib" "/opt/rustwide/target/debug/deps/libnum_integer-72322c190b4ad37c.rlib" "/opt/rustwide/target/debug/deps/libgif-be6f3641dce8a1be.rlib" "/opt/rustwide/target/debug/deps/libcolor_quant-76e42fe6d44f3f56.rlib" "/opt/rustwide/target/debug/deps/libbyteorder-e9468b374a0c0c11.rlib" "/opt/rustwide/target/debug/deps/libtiff-a4a88cee8f16e5f3.rlib" "/opt/rustwide/target/debug/deps/libweezl-a8534d2a4eb9698a.rlib" "/opt/rustwide/target/debug/deps/libminiz_oxide-1581aa5f6a84a1e1.rlib" "/opt/rustwide/target/debug/deps/libadler-c8f2240c56a0abca.rlib" "/opt/rustwide/target/debug/deps/libjpeg_decoder-51d0f9b49ca22b9f.rlib" "/opt/rustwide/target/debug/deps/librayon-53dad4369efd59d7.rlib" "/opt/rustwide/target/debug/deps/librayon_core-8dd177d1d0894898.rlib" "/opt/rustwide/target/debug/deps/libcrossbeam_deque-a71826c26bd18f0b.rlib" "/opt/rustwide/target/debug/deps/libcrossbeam_epoch-810062665aa560cf.rlib" "/opt/rustwide/target/debug/deps/libcrossbeam_utils-69155c9edb6d0618.rlib" "/opt/rustwide/target/debug/deps/libeither-02329136bf214899.rlib" "/opt/rustwide/target/debug/deps/librand_xorshift-0172c98a3b154e2b.rlib" "/opt/rustwide/target/debug/deps/librand-4fdf4edb46ddfe68.rlib" "/opt/rustwide/target/debug/deps/librand_chacha-69cdddecc5623803.rlib" "/opt/rustwide/target/debug/deps/libppv_lite86-9f808eb911999ef2.rlib" "/opt/rustwide/target/debug/deps/librand_core-6d13eea9a6a6b3d9.rlib" "/opt/rustwide/target/debug/deps/libgetrandom-896d1a8dd99def87.rlib" "/opt/rustwide/target/debug/deps/liblibc-b911f0b3efb8300e.rlib" "/opt/rustwide/target/debug/deps/libcfg_if-61dc7a6799e72b18.rlib" "/opt/rustwide/target/debug/deps/libnum_traits-aa75f3964f70d2b4.rlib" "/opt/rustwide/target/debug/deps/libanyhow-309ab2c875f40ec7.rlib" "/opt/rustwide/target/debug/deps/libunwrap-7facfadede0c4ecc.rlib" "/opt/rustwide/target/debug/deps/liblog-e491f2c1d0b13538.rlib" "/opt/rustwide/rustup-home/toolchains/1.75.0-x86_64-unknown-linux-gnu/lib/rustlib/x86_64-unknown-linux-gnu/lib/libstd-90f6ddbf82de36ec.rlib" "/opt/rustwide/rustup-home/toolchains/1.75.0-x86_64-unknown-linux-gnu/lib/rustlib/x86_64-unknown-linux-gnu/lib/libpanic_unwind-480c41e9d4e1f677.rlib" "/opt/rustwide/rustup-home/toolchains/1.75.0-x86_64-unknown-linux-gnu/lib/rustlib/x86_64-unknown-linux-gnu/lib/libobject-db744c0ca03eed1d.rlib" "/opt/rustwide/rustup-home/toolchains/1.75.0-x86_64-unknown-linux-gnu/lib/rustlib/x86_64-unknown-linux-gnu/lib/libmemchr-8ba652dc7d4b285a.rlib" "/opt/rustwide/rustup-home/toolchains/1.75.0-x86_64-unknown-linux-gnu/lib/rustlib/x86_64-unknown-linux-gnu/lib/libaddr2line-d5f4520a9ebc0d58.rlib" "/opt/rustwide/rustup-home/toolchains/1.75.0-x86_64-unknown-linux-gnu/lib/rustlib/x86_64-unknown-linux-gnu/lib/libgimli-4ad84de58f0cb463.rlib" "/opt/rustwide/rustup-home/toolchains/1.75.0-x86_64-unknown-linux-gnu/lib/rustlib/x86_64-unknown-linux-gnu/lib/librustc_demangle-0d10aae2e0f38735.rlib" "/opt/rustwide/rustup-home/toolchains/1.75.0-x86_64-unknown-linux-gnu/lib/rustlib/x86_64-unknown-linux-gnu/lib/libstd_detect-0c17cff739e6745b.rlib" "/opt/rustwide/rustup-home/toolchains/1.75.0-x86_64-unknown-linux-gnu/lib/rustlib/x86_64-unknown-linux-gnu/lib/libhashbrown-b29e17139dde1aa8.rlib" "/opt/rustwide/rustup-home/toolchains/1.75.0-x86_64-unknown-linux-gnu/lib/rustlib/x86_64-unknown-linux-gnu/lib/librustc_std_workspace_alloc-1f975299829cc7bd.rlib" "/opt/rustwide/rustup-home/toolchains/1.75.0-x86_64-unknown-linux-gnu/lib/rustlib/x86_64-unknown-linux-gnu/lib/libminiz_oxide-86bae3bc3079f89b.rlib" "/opt/rustwide/rustup-home/toolchains/1.75.0-x86_64-unknown-linux-gnu/lib/rustlib/x86_64-unknown-linux-gnu/lib/libadler-321b82c30dffdf5f.rlib" "/opt/rustwide/rustup-home/toolchains/1.75.0-x86_64-unknown-linux-gnu/lib/rustlib/x86_64-unknown-linux-gnu/lib/libunwind-3dd8a6810a0bdfef.rlib" "/opt/rustwide/rustup-home/toolchains/1.75.0-x86_64-unknown-linux-gnu/lib/rustlib/x86_64-unknown-linux-gnu/lib/libcfg_if-eb39a61c0c879984.rlib" "/opt/rustwide/rustup-home/toolchains/1.75.0-x86_64-unknown-linux-gnu/lib/rustlib/x86_64-unknown-linux-gnu/lib/liblibc-aa769569f91c3548.rlib" "/opt/rustwide/rustup-home/toolchains/1.75.0-x86_64-unknown-linux-gnu/lib/rustlib/x86_64-unknown-linux-gnu/lib/liballoc-510a192a50a983ed.rlib" "/opt/rustwide/rustup-home/toolchains/1.75.0-x86_64-unknown-linux-gnu/lib/rustlib/x86_64-unknown-linux-gnu/lib/librustc_std_workspace_core-0577018320f99037.rlib" "/opt/rustwide/rustup-home/toolchains/1.75.0-x86_64-unknown-linux-gnu/lib/rustlib/x86_64-unknown-linux-gnu/lib/libcore-193cf992125ccd4c.rlib" "/opt/rustwide/rustup-home/toolchains/1.75.0-x86_64-unknown-linux-gnu/lib/rustlib/x86_64-unknown-linux-gnu/lib/libcompiler_builtins-8e138eaf26ebb4a8.rlib" "-Wl,-Bdynamic" "-lc" "-lm" "-lrt" "-lpthread" "-lgcc_s" "-lutil" "-lrt" "-lpthread" "-lm" "-ldl" "-lc" "-Wl,--eh-frame-hdr" "-Wl,-z,noexecstack" "-L" "/opt/rustwide/rustup-home/toolchains/1.75.0-x86_64-unknown-linux-gnu/lib/rustlib/x86_64-unknown-linux-gnu/lib" "-o" "/tmp/rustdoctestHDc1s0/rust_out" "-Wl,--gc-sections" "-pie" "-Wl,-z,relro,-z,now" "-nodefaultlibs"
[INFO] [stdout]   = note: collect2: fatal error: ld terminated with signal 9 [Killed]
[INFO] [stdout]           compilation terminated.
[INFO] [stdout]           
[INFO] [stdout] 
[INFO] [stdout] error: aborting due to previous error
[INFO] [stdout] 
[INFO] [stdout] Couldn't compile the test.
[INFO] [stdout] ---- src/data/map/attribute.rs - data::map::attribute::Attribute (line 162) stdout ----
[INFO] [stdout] error: linking with `cc` failed: exit status: 1
[INFO] [stdout]   |
[INFO] [stdout]   = note: LC_ALL="C" PATH="/opt/rustwide/rustup-home/toolchains/1.75.0-x86_64-unknown-linux-gnu/lib/rustlib/x86_64-unknown-linux-gnu/bin:/opt/rustwide/cargo-home/bin:/usr/local/sbin:/usr/local/bin:/usr/sbin:/usr/bin:/sbin:/bin" VSLANG="1033" "cc" "-m64" "/tmp/rustcfiVOxP/symbols.o" "/tmp/rustdoctestol9jV9/rust_out.rust_out.263fb70ac1c95110-cgu.0.rcgu.o" "/tmp/rustdoctestol9jV9/rust_out.2uel00cfmdh5ufit.rcgu.o" "-Wl,--as-needed" "-L" "/opt/rustwide/target/debug/deps" "-L" "/opt/rustwide/target/debug/deps" "-L" "/opt/rustwide/rustup-home/toolchains/1.75.0-x86_64-unknown-linux-gnu/lib/rustlib/x86_64-unknown-linux-gnu/lib" "-Wl,-Bstatic" "/opt/rustwide/target/debug/deps/libomg_core-c16b93f2a5b6555e.rlib" "/opt/rustwide/target/debug/deps/libenv_logger-31695f6a3d181a5c.rlib" "/opt/rustwide/target/debug/deps/libatty-e68dda7c7eae598c.rlib" "/opt/rustwide/target/debug/deps/libtermcolor-6dec0f4bbbe42dd1.rlib" "/opt/rustwide/target/debug/deps/libhumantime-e2a10e0b2bfa2002.rlib" "/opt/rustwide/target/debug/deps/libregex-b41547a324934d35.rlib" "/opt/rustwide/target/debug/deps/libregex_automata-41b935b8a0326771.rlib" "/opt/rustwide/target/debug/deps/libaho_corasick-c461b2416345444e.rlib" "/opt/rustwide/target/debug/deps/libmemchr-94009dd89ebb9d8d.rlib" "/opt/rustwide/target/debug/deps/libregex_syntax-ec727727d9e652fd.rlib" "/opt/rustwide/target/debug/deps/libchrono-4a2133ca54ed328f.rlib" "/opt/rustwide/target/debug/deps/libiana_time_zone-528d9768cce5eb89.rlib" "/opt/rustwide/target/debug/deps/libnoise-662b2b7237a5c1cd.rlib" "/opt/rustwide/target/debug/deps/libimage-6dbb0839951df361.rlib" "/opt/rustwide/target/debug/deps/libbytemuck-125af42282dcde0d.rlib" "/opt/rustwide/target/debug/deps/libpng-fc8b557e59a93002.rlib" "/opt/rustwide/target/debug/deps/libminiz_oxide-f0f70e23dbb2504a.rlib" "/opt/rustwide/target/debug/deps/libcrc32fast-664446237529ebff.rlib" "/opt/rustwide/target/debug/deps/libdeflate-41ea0b7246350e8d.rlib" "/opt/rustwide/target/debug/deps/libadler32-8dd0b9a34d7f5b64.rlib" "/opt/rustwide/target/debug/deps/libbitflags-b7cee2ca4fb438d0.rlib" "/opt/rustwide/target/debug/deps/libnum_iter-158c607f7781e07e.rlib" "/opt/rustwide/target/debug/deps/libscoped_threadpool-cf49c53216faf76b.rlib" "/opt/rustwide/target/debug/deps/libnum_rational-8ca787bceac37dc3.rlib" "/opt/rustwide/target/debug/deps/libnum_integer-72322c190b4ad37c.rlib" "/opt/rustwide/target/debug/deps/libgif-be6f3641dce8a1be.rlib" "/opt/rustwide/target/debug/deps/libcolor_quant-76e42fe6d44f3f56.rlib" "/opt/rustwide/target/debug/deps/libbyteorder-e9468b374a0c0c11.rlib" "/opt/rustwide/target/debug/deps/libtiff-a4a88cee8f16e5f3.rlib" "/opt/rustwide/target/debug/deps/libweezl-a8534d2a4eb9698a.rlib" "/opt/rustwide/target/debug/deps/libminiz_oxide-1581aa5f6a84a1e1.rlib" "/opt/rustwide/target/debug/deps/libadler-c8f2240c56a0abca.rlib" "/opt/rustwide/target/debug/deps/libjpeg_decoder-51d0f9b49ca22b9f.rlib" "/opt/rustwide/target/debug/deps/librayon-53dad4369efd59d7.rlib" "/opt/rustwide/target/debug/deps/librayon_core-8dd177d1d0894898.rlib" "/opt/rustwide/target/debug/deps/libcrossbeam_deque-a71826c26bd18f0b.rlib" "/opt/rustwide/target/debug/deps/libcrossbeam_epoch-810062665aa560cf.rlib" "/opt/rustwide/target/debug/deps/libcrossbeam_utils-69155c9edb6d0618.rlib" "/opt/rustwide/target/debug/deps/libeither-02329136bf214899.rlib" "/opt/rustwide/target/debug/deps/librand_xorshift-0172c98a3b154e2b.rlib" "/opt/rustwide/target/debug/deps/librand-4fdf4edb46ddfe68.rlib" "/opt/rustwide/target/debug/deps/librand_chacha-69cdddecc5623803.rlib" "/opt/rustwide/target/debug/deps/libppv_lite86-9f808eb911999ef2.rlib" "/opt/rustwide/target/debug/deps/librand_core-6d13eea9a6a6b3d9.rlib" "/opt/rustwide/target/debug/deps/libgetrandom-896d1a8dd99def87.rlib" "/opt/rustwide/target/debug/deps/liblibc-b911f0b3efb8300e.rlib" "/opt/rustwide/target/debug/deps/libcfg_if-61dc7a6799e72b18.rlib" "/opt/rustwide/target/debug/deps/libnum_traits-aa75f3964f70d2b4.rlib" "/opt/rustwide/target/debug/deps/libanyhow-309ab2c875f40ec7.rlib" "/opt/rustwide/target/debug/deps/libunwrap-7facfadede0c4ecc.rlib" "/opt/rustwide/target/debug/deps/liblog-e491f2c1d0b13538.rlib" "/opt/rustwide/rustup-home/toolchains/1.75.0-x86_64-unknown-linux-gnu/lib/rustlib/x86_64-unknown-linux-gnu/lib/libstd-90f6ddbf82de36ec.rlib" "/opt/rustwide/rustup-home/toolchains/1.75.0-x86_64-unknown-linux-gnu/lib/rustlib/x86_64-unknown-linux-gnu/lib/libpanic_unwind-480c41e9d4e1f677.rlib" "/opt/rustwide/rustup-home/toolchains/1.75.0-x86_64-unknown-linux-gnu/lib/rustlib/x86_64-unknown-linux-gnu/lib/libobject-db744c0ca03eed1d.rlib" "/opt/rustwide/rustup-home/toolchains/1.75.0-x86_64-unknown-linux-gnu/lib/rustlib/x86_64-unknown-linux-gnu/lib/libmemchr-8ba652dc7d4b285a.rlib" "/opt/rustwide/rustup-home/toolchains/1.75.0-x86_64-unknown-linux-gnu/lib/rustlib/x86_64-unknown-linux-gnu/lib/libaddr2line-d5f4520a9ebc0d58.rlib" "/opt/rustwide/rustup-home/toolchains/1.75.0-x86_64-unknown-linux-gnu/lib/rustlib/x86_64-unknown-linux-gnu/lib/libgimli-4ad84de58f0cb463.rlib" "/opt/rustwide/rustup-home/toolchains/1.75.0-x86_64-unknown-linux-gnu/lib/rustlib/x86_64-unknown-linux-gnu/lib/librustc_demangle-0d10aae2e0f38735.rlib" "/opt/rustwide/rustup-home/toolchains/1.75.0-x86_64-unknown-linux-gnu/lib/rustlib/x86_64-unknown-linux-gnu/lib/libstd_detect-0c17cff739e6745b.rlib" "/opt/rustwide/rustup-home/toolchains/1.75.0-x86_64-unknown-linux-gnu/lib/rustlib/x86_64-unknown-linux-gnu/lib/libhashbrown-b29e17139dde1aa8.rlib" "/opt/rustwide/rustup-home/toolchains/1.75.0-x86_64-unknown-linux-gnu/lib/rustlib/x86_64-unknown-linux-gnu/lib/librustc_std_workspace_alloc-1f975299829cc7bd.rlib" "/opt/rustwide/rustup-home/toolchains/1.75.0-x86_64-unknown-linux-gnu/lib/rustlib/x86_64-unknown-linux-gnu/lib/libminiz_oxide-86bae3bc3079f89b.rlib" "/opt/rustwide/rustup-home/toolchains/1.75.0-x86_64-unknown-linux-gnu/lib/rustlib/x86_64-unknown-linux-gnu/lib/libadler-321b82c30dffdf5f.rlib" "/opt/rustwide/rustup-home/toolchains/1.75.0-x86_64-unknown-linux-gnu/lib/rustlib/x86_64-unknown-linux-gnu/lib/libunwind-3dd8a6810a0bdfef.rlib" "/opt/rustwide/rustup-home/toolchains/1.75.0-x86_64-unknown-linux-gnu/lib/rustlib/x86_64-unknown-linux-gnu/lib/libcfg_if-eb39a61c0c879984.rlib" "/opt/rustwide/rustup-home/toolchains/1.75.0-x86_64-unknown-linux-gnu/lib/rustlib/x86_64-unknown-linux-gnu/lib/liblibc-aa769569f91c3548.rlib" "/opt/rustwide/rustup-home/toolchains/1.75.0-x86_64-unknown-linux-gnu/lib/rustlib/x86_64-unknown-linux-gnu/lib/liballoc-510a192a50a983ed.rlib" "/opt/rustwide/rustup-home/toolchains/1.75.0-x86_64-unknown-linux-gnu/lib/rustlib/x86_64-unknown-linux-gnu/lib/librustc_std_workspace_core-0577018320f99037.rlib" "/opt/rustwide/rustup-home/toolchains/1.75.0-x86_64-unknown-linux-gnu/lib/rustlib/x86_64-unknown-linux-gnu/lib/libcore-193cf992125ccd4c.rlib" "/opt/rustwide/rustup-home/toolchains/1.75.0-x86_64-unknown-linux-gnu/lib/rustlib/x86_64-unknown-linux-gnu/lib/libcompiler_builtins-8e138eaf26ebb4a8.rlib" "-Wl,-Bdynamic" "-lc" "-lm" "-lrt" "-lpthread" "-lgcc_s" "-lutil" "-lrt" "-lpthread" "-lm" "-ldl" "-lc" "-Wl,--eh-frame-hdr" "-Wl,-z,noexecstack" "-L" "/opt/rustwide/rustup-home/toolchains/1.75.0-x86_64-unknown-linux-gnu/lib/rustlib/x86_64-unknown-linux-gnu/lib" "-o" "/tmp/rustdoctestol9jV9/rust_out" "-Wl,--gc-sections" "-pie" "-Wl,-z,relro,-z,now" "-nodefaultlibs"
[INFO] [stdout]   = note: collect2: fatal error: ld terminated with signal 9 [Killed]
[INFO] [stdout]           compilation terminated.
[INFO] [stdout]           
[INFO] [stdout] 
[INFO] [stdout] error: aborting due to previous error
[INFO] [stdout] 
[INFO] [stdout] Couldn't compile the test.
[INFO] [stdout] ---- src/data/color.rs - data::color::Color::gray (line 22) stdout ----
[INFO] [stdout] error: linking with `cc` failed: exit status: 1
[INFO] [stdout]   |
[INFO] [stdout]   = note: LC_ALL="C" PATH="/opt/rustwide/rustup-home/toolchains/1.75.0-x86_64-unknown-linux-gnu/lib/rustlib/x86_64-unknown-linux-gnu/bin:/opt/rustwide/cargo-home/bin:/usr/local/sbin:/usr/local/bin:/usr/sbin:/usr/bin:/sbin:/bin" VSLANG="1033" "cc" "-m64" "/tmp/rustcTQHIXb/symbols.o" "/tmp/rustdoctestEXi6pb/rust_out.rust_out.263fb70ac1c95110-cgu.0.rcgu.o" "/tmp/rustdoctestEXi6pb/rust_out.2uel00cfmdh5ufit.rcgu.o" "-Wl,--as-needed" "-L" "/opt/rustwide/target/debug/deps" "-L" "/opt/rustwide/target/debug/deps" "-L" "/opt/rustwide/rustup-home/toolchains/1.75.0-x86_64-unknown-linux-gnu/lib/rustlib/x86_64-unknown-linux-gnu/lib" "-Wl,-Bstatic" "/opt/rustwide/target/debug/deps/libomg_core-c16b93f2a5b6555e.rlib" "/opt/rustwide/target/debug/deps/libenv_logger-31695f6a3d181a5c.rlib" "/opt/rustwide/target/debug/deps/libatty-e68dda7c7eae598c.rlib" "/opt/rustwide/target/debug/deps/libtermcolor-6dec0f4bbbe42dd1.rlib" "/opt/rustwide/target/debug/deps/libhumantime-e2a10e0b2bfa2002.rlib" "/opt/rustwide/target/debug/deps/libregex-b41547a324934d35.rlib" "/opt/rustwide/target/debug/deps/libregex_automata-41b935b8a0326771.rlib" "/opt/rustwide/target/debug/deps/libaho_corasick-c461b2416345444e.rlib" "/opt/rustwide/target/debug/deps/libmemchr-94009dd89ebb9d8d.rlib" "/opt/rustwide/target/debug/deps/libregex_syntax-ec727727d9e652fd.rlib" "/opt/rustwide/target/debug/deps/libchrono-4a2133ca54ed328f.rlib" "/opt/rustwide/target/debug/deps/libiana_time_zone-528d9768cce5eb89.rlib" "/opt/rustwide/target/debug/deps/libnoise-662b2b7237a5c1cd.rlib" "/opt/rustwide/target/debug/deps/libimage-6dbb0839951df361.rlib" "/opt/rustwide/target/debug/deps/libbytemuck-125af42282dcde0d.rlib" "/opt/rustwide/target/debug/deps/libpng-fc8b557e59a93002.rlib" "/opt/rustwide/target/debug/deps/libminiz_oxide-f0f70e23dbb2504a.rlib" "/opt/rustwide/target/debug/deps/libcrc32fast-664446237529ebff.rlib" "/opt/rustwide/target/debug/deps/libdeflate-41ea0b7246350e8d.rlib" "/opt/rustwide/target/debug/deps/libadler32-8dd0b9a34d7f5b64.rlib" "/opt/rustwide/target/debug/deps/libbitflags-b7cee2ca4fb438d0.rlib" "/opt/rustwide/target/debug/deps/libnum_iter-158c607f7781e07e.rlib" "/opt/rustwide/target/debug/deps/libscoped_threadpool-cf49c53216faf76b.rlib" "/opt/rustwide/target/debug/deps/libnum_rational-8ca787bceac37dc3.rlib" "/opt/rustwide/target/debug/deps/libnum_integer-72322c190b4ad37c.rlib" "/opt/rustwide/target/debug/deps/libgif-be6f3641dce8a1be.rlib" "/opt/rustwide/target/debug/deps/libcolor_quant-76e42fe6d44f3f56.rlib" "/opt/rustwide/target/debug/deps/libbyteorder-e9468b374a0c0c11.rlib" "/opt/rustwide/target/debug/deps/libtiff-a4a88cee8f16e5f3.rlib" "/opt/rustwide/target/debug/deps/libweezl-a8534d2a4eb9698a.rlib" "/opt/rustwide/target/debug/deps/libminiz_oxide-1581aa5f6a84a1e1.rlib" "/opt/rustwide/target/debug/deps/libadler-c8f2240c56a0abca.rlib" "/opt/rustwide/target/debug/deps/libjpeg_decoder-51d0f9b49ca22b9f.rlib" "/opt/rustwide/target/debug/deps/librayon-53dad4369efd59d7.rlib" "/opt/rustwide/target/debug/deps/librayon_core-8dd177d1d0894898.rlib" "/opt/rustwide/target/debug/deps/libcrossbeam_deque-a71826c26bd18f0b.rlib" "/opt/rustwide/target/debug/deps/libcrossbeam_epoch-810062665aa560cf.rlib" "/opt/rustwide/target/debug/deps/libcrossbeam_utils-69155c9edb6d0618.rlib" "/opt/rustwide/target/debug/deps/libeither-02329136bf214899.rlib" "/opt/rustwide/target/debug/deps/librand_xorshift-0172c98a3b154e2b.rlib" "/opt/rustwide/target/debug/deps/librand-4fdf4edb46ddfe68.rlib" "/opt/rustwide/target/debug/deps/librand_chacha-69cdddecc5623803.rlib" "/opt/rustwide/target/debug/deps/libppv_lite86-9f808eb911999ef2.rlib" "/opt/rustwide/target/debug/deps/librand_core-6d13eea9a6a6b3d9.rlib" "/opt/rustwide/target/debug/deps/libgetrandom-896d1a8dd99def87.rlib" "/opt/rustwide/target/debug/deps/liblibc-b911f0b3efb8300e.rlib" "/opt/rustwide/target/debug/deps/libcfg_if-61dc7a6799e72b18.rlib" "/opt/rustwide/target/debug/deps/libnum_traits-aa75f3964f70d2b4.rlib" "/opt/rustwide/target/debug/deps/libanyhow-309ab2c875f40ec7.rlib" "/opt/rustwide/target/debug/deps/libunwrap-7facfadede0c4ecc.rlib" "/opt/rustwide/target/debug/deps/liblog-e491f2c1d0b13538.rlib" "/opt/rustwide/rustup-home/toolchains/1.75.0-x86_64-unknown-linux-gnu/lib/rustlib/x86_64-unknown-linux-gnu/lib/libstd-90f6ddbf82de36ec.rlib" "/opt/rustwide/rustup-home/toolchains/1.75.0-x86_64-unknown-linux-gnu/lib/rustlib/x86_64-unknown-linux-gnu/lib/libpanic_unwind-480c41e9d4e1f677.rlib" "/opt/rustwide/rustup-home/toolchains/1.75.0-x86_64-unknown-linux-gnu/lib/rustlib/x86_64-unknown-linux-gnu/lib/libobject-db744c0ca03eed1d.rlib" "/opt/rustwide/rustup-home/toolchains/1.75.0-x86_64-unknown-linux-gnu/lib/rustlib/x86_64-unknown-linux-gnu/lib/libmemchr-8ba652dc7d4b285a.rlib" "/opt/rustwide/rustup-home/toolchains/1.75.0-x86_64-unknown-linux-gnu/lib/rustlib/x86_64-unknown-linux-gnu/lib/libaddr2line-d5f4520a9ebc0d58.rlib" "/opt/rustwide/rustup-home/toolchains/1.75.0-x86_64-unknown-linux-gnu/lib/rustlib/x86_64-unknown-linux-gnu/lib/libgimli-4ad84de58f0cb463.rlib" "/opt/rustwide/rustup-home/toolchains/1.75.0-x86_64-unknown-linux-gnu/lib/rustlib/x86_64-unknown-linux-gnu/lib/librustc_demangle-0d10aae2e0f38735.rlib" "/opt/rustwide/rustup-home/toolchains/1.75.0-x86_64-unknown-linux-gnu/lib/rustlib/x86_64-unknown-linux-gnu/lib/libstd_detect-0c17cff739e6745b.rlib" "/opt/rustwide/rustup-home/toolchains/1.75.0-x86_64-unknown-linux-gnu/lib/rustlib/x86_64-unknown-linux-gnu/lib/libhashbrown-b29e17139dde1aa8.rlib" "/opt/rustwide/rustup-home/toolchains/1.75.0-x86_64-unknown-linux-gnu/lib/rustlib/x86_64-unknown-linux-gnu/lib/librustc_std_workspace_alloc-1f975299829cc7bd.rlib" "/opt/rustwide/rustup-home/toolchains/1.75.0-x86_64-unknown-linux-gnu/lib/rustlib/x86_64-unknown-linux-gnu/lib/libminiz_oxide-86bae3bc3079f89b.rlib" "/opt/rustwide/rustup-home/toolchains/1.75.0-x86_64-unknown-linux-gnu/lib/rustlib/x86_64-unknown-linux-gnu/lib/libadler-321b82c30dffdf5f.rlib" "/opt/rustwide/rustup-home/toolchains/1.75.0-x86_64-unknown-linux-gnu/lib/rustlib/x86_64-unknown-linux-gnu/lib/libunwind-3dd8a6810a0bdfef.rlib" "/opt/rustwide/rustup-home/toolchains/1.75.0-x86_64-unknown-linux-gnu/lib/rustlib/x86_64-unknown-linux-gnu/lib/libcfg_if-eb39a61c0c879984.rlib" "/opt/rustwide/rustup-home/toolchains/1.75.0-x86_64-unknown-linux-gnu/lib/rustlib/x86_64-unknown-linux-gnu/lib/liblibc-aa769569f91c3548.rlib" "/opt/rustwide/rustup-home/toolchains/1.75.0-x86_64-unknown-linux-gnu/lib/rustlib/x86_64-unknown-linux-gnu/lib/liballoc-510a192a50a983ed.rlib" "/opt/rustwide/rustup-home/toolchains/1.75.0-x86_64-unknown-linux-gnu/lib/rustlib/x86_64-unknown-linux-gnu/lib/librustc_std_workspace_core-0577018320f99037.rlib" "/opt/rustwide/rustup-home/toolchains/1.75.0-x86_64-unknown-linux-gnu/lib/rustlib/x86_64-unknown-linux-gnu/lib/libcore-193cf992125ccd4c.rlib" "/opt/rustwide/rustup-home/toolchains/1.75.0-x86_64-unknown-linux-gnu/lib/rustlib/x86_64-unknown-linux-gnu/lib/libcompiler_builtins-8e138eaf26ebb4a8.rlib" "-Wl,-Bdynamic" "-lc" "-lm" "-lrt" "-lpthread" "-lgcc_s" "-lutil" "-lrt" "-lpthread" "-lm" "-ldl" "-lc" "-Wl,--eh-frame-hdr" "-Wl,-z,noexecstack" "-L" "/opt/rustwide/rustup-home/toolchains/1.75.0-x86_64-unknown-linux-gnu/lib/rustlib/x86_64-unknown-linux-gnu/lib" "-o" "/tmp/rustdoctestEXi6pb/rust_out" "-Wl,--gc-sections" "-pie" "-Wl,-z,relro,-z,now" "-nodefaultlibs"
[INFO] [stdout]   = note: collect2: fatal error: ld terminated with signal 9 [Killed]
[INFO] [stdout]           compilation terminated.
[INFO] [stdout]           
[INFO] [stdout] 
[INFO] [stdout] error: aborting due to previous error
[INFO] [stdout] 
[INFO] [stdout] Couldn't compile the test.
[INFO] [stdout] ---- src/data/map/attribute.rs - data::map::attribute::Attribute::name (line 60) stdout ----
[INFO] [stdout] error: linking with `cc` failed: exit status: 1
[INFO] [stdout]   |
[INFO] [stdout]   = note: LC_ALL="C" PATH="/opt/rustwide/rustup-home/toolchains/1.75.0-x86_64-unknown-linux-gnu/lib/rustlib/x86_64-unknown-linux-gnu/bin:/opt/rustwide/cargo-home/bin:/usr/local/sbin:/usr/local/bin:/usr/sbin:/usr/bin:/sbin:/bin" VSLANG="1033" "cc" "-m64" "/tmp/rustc0mDlzQ/symbols.o" "/tmp/rustdoctestk6MWFJ/rust_out.rust_out.263fb70ac1c95110-cgu.0.rcgu.o" "/tmp/rustdoctestk6MWFJ/rust_out.2uel00cfmdh5ufit.rcgu.o" "-Wl,--as-needed" "-L" "/opt/rustwide/target/debug/deps" "-L" "/opt/rustwide/target/debug/deps" "-L" "/opt/rustwide/rustup-home/toolchains/1.75.0-x86_64-unknown-linux-gnu/lib/rustlib/x86_64-unknown-linux-gnu/lib" "-Wl,-Bstatic" "/opt/rustwide/target/debug/deps/libomg_core-c16b93f2a5b6555e.rlib" "/opt/rustwide/target/debug/deps/libenv_logger-31695f6a3d181a5c.rlib" "/opt/rustwide/target/debug/deps/libatty-e68dda7c7eae598c.rlib" "/opt/rustwide/target/debug/deps/libtermcolor-6dec0f4bbbe42dd1.rlib" "/opt/rustwide/target/debug/deps/libhumantime-e2a10e0b2bfa2002.rlib" "/opt/rustwide/target/debug/deps/libregex-b41547a324934d35.rlib" "/opt/rustwide/target/debug/deps/libregex_automata-41b935b8a0326771.rlib" "/opt/rustwide/target/debug/deps/libaho_corasick-c461b2416345444e.rlib" "/opt/rustwide/target/debug/deps/libmemchr-94009dd89ebb9d8d.rlib" "/opt/rustwide/target/debug/deps/libregex_syntax-ec727727d9e652fd.rlib" "/opt/rustwide/target/debug/deps/libchrono-4a2133ca54ed328f.rlib" "/opt/rustwide/target/debug/deps/libiana_time_zone-528d9768cce5eb89.rlib" "/opt/rustwide/target/debug/deps/libnoise-662b2b7237a5c1cd.rlib" "/opt/rustwide/target/debug/deps/libimage-6dbb0839951df361.rlib" "/opt/rustwide/target/debug/deps/libbytemuck-125af42282dcde0d.rlib" "/opt/rustwide/target/debug/deps/libpng-fc8b557e59a93002.rlib" "/opt/rustwide/target/debug/deps/libminiz_oxide-f0f70e23dbb2504a.rlib" "/opt/rustwide/target/debug/deps/libcrc32fast-664446237529ebff.rlib" "/opt/rustwide/target/debug/deps/libdeflate-41ea0b7246350e8d.rlib" "/opt/rustwide/target/debug/deps/libadler32-8dd0b9a34d7f5b64.rlib" "/opt/rustwide/target/debug/deps/libbitflags-b7cee2ca4fb438d0.rlib" "/opt/rustwide/target/debug/deps/libnum_iter-158c607f7781e07e.rlib" "/opt/rustwide/target/debug/deps/libscoped_threadpool-cf49c53216faf76b.rlib" "/opt/rustwide/target/debug/deps/libnum_rational-8ca787bceac37dc3.rlib" "/opt/rustwide/target/debug/deps/libnum_integer-72322c190b4ad37c.rlib" "/opt/rustwide/target/debug/deps/libgif-be6f3641dce8a1be.rlib" "/opt/rustwide/target/debug/deps/libcolor_quant-76e42fe6d44f3f56.rlib" "/opt/rustwide/target/debug/deps/libbyteorder-e9468b374a0c0c11.rlib" "/opt/rustwide/target/debug/deps/libtiff-a4a88cee8f16e5f3.rlib" "/opt/rustwide/target/debug/deps/libweezl-a8534d2a4eb9698a.rlib" "/opt/rustwide/target/debug/deps/libminiz_oxide-1581aa5f6a84a1e1.rlib" "/opt/rustwide/target/debug/deps/libadler-c8f2240c56a0abca.rlib" "/opt/rustwide/target/debug/deps/libjpeg_decoder-51d0f9b49ca22b9f.rlib" "/opt/rustwide/target/debug/deps/librayon-53dad4369efd59d7.rlib" "/opt/rustwide/target/debug/deps/librayon_core-8dd177d1d0894898.rlib" "/opt/rustwide/target/debug/deps/libcrossbeam_deque-a71826c26bd18f0b.rlib" "/opt/rustwide/target/debug/deps/libcrossbeam_epoch-810062665aa560cf.rlib" "/opt/rustwide/target/debug/deps/libcrossbeam_utils-69155c9edb6d0618.rlib" "/opt/rustwide/target/debug/deps/libeither-02329136bf214899.rlib" "/opt/rustwide/target/debug/deps/librand_xorshift-0172c98a3b154e2b.rlib" "/opt/rustwide/target/debug/deps/librand-4fdf4edb46ddfe68.rlib" "/opt/rustwide/target/debug/deps/librand_chacha-69cdddecc5623803.rlib" "/opt/rustwide/target/debug/deps/libppv_lite86-9f808eb911999ef2.rlib" "/opt/rustwide/target/debug/deps/librand_core-6d13eea9a6a6b3d9.rlib" "/opt/rustwide/target/debug/deps/libgetrandom-896d1a8dd99def87.rlib" "/opt/rustwide/target/debug/deps/liblibc-b911f0b3efb8300e.rlib" "/opt/rustwide/target/debug/deps/libcfg_if-61dc7a6799e72b18.rlib" "/opt/rustwide/target/debug/deps/libnum_traits-aa75f3964f70d2b4.rlib" "/opt/rustwide/target/debug/deps/libanyhow-309ab2c875f40ec7.rlib" "/opt/rustwide/target/debug/deps/libunwrap-7facfadede0c4ecc.rlib" "/opt/rustwide/target/debug/deps/liblog-e491f2c1d0b13538.rlib" "/opt/rustwide/rustup-home/toolchains/1.75.0-x86_64-unknown-linux-gnu/lib/rustlib/x86_64-unknown-linux-gnu/lib/libstd-90f6ddbf82de36ec.rlib" "/opt/rustwide/rustup-home/toolchains/1.75.0-x86_64-unknown-linux-gnu/lib/rustlib/x86_64-unknown-linux-gnu/lib/libpanic_unwind-480c41e9d4e1f677.rlib" "/opt/rustwide/rustup-home/toolchains/1.75.0-x86_64-unknown-linux-gnu/lib/rustlib/x86_64-unknown-linux-gnu/lib/libobject-db744c0ca03eed1d.rlib" "/opt/rustwide/rustup-home/toolchains/1.75.0-x86_64-unknown-linux-gnu/lib/rustlib/x86_64-unknown-linux-gnu/lib/libmemchr-8ba652dc7d4b285a.rlib" "/opt/rustwide/rustup-home/toolchains/1.75.0-x86_64-unknown-linux-gnu/lib/rustlib/x86_64-unknown-linux-gnu/lib/libaddr2line-d5f4520a9ebc0d58.rlib" "/opt/rustwide/rustup-home/toolchains/1.75.0-x86_64-unknown-linux-gnu/lib/rustlib/x86_64-unknown-linux-gnu/lib/libgimli-4ad84de58f0cb463.rlib" "/opt/rustwide/rustup-home/toolchains/1.75.0-x86_64-unknown-linux-gnu/lib/rustlib/x86_64-unknown-linux-gnu/lib/librustc_demangle-0d10aae2e0f38735.rlib" "/opt/rustwide/rustup-home/toolchains/1.75.0-x86_64-unknown-linux-gnu/lib/rustlib/x86_64-unknown-linux-gnu/lib/libstd_detect-0c17cff739e6745b.rlib" "/opt/rustwide/rustup-home/toolchains/1.75.0-x86_64-unknown-linux-gnu/lib/rustlib/x86_64-unknown-linux-gnu/lib/libhashbrown-b29e17139dde1aa8.rlib" "/opt/rustwide/rustup-home/toolchains/1.75.0-x86_64-unknown-linux-gnu/lib/rustlib/x86_64-unknown-linux-gnu/lib/librustc_std_workspace_alloc-1f975299829cc7bd.rlib" "/opt/rustwide/rustup-home/toolchains/1.75.0-x86_64-unknown-linux-gnu/lib/rustlib/x86_64-unknown-linux-gnu/lib/libminiz_oxide-86bae3bc3079f89b.rlib" "/opt/rustwide/rustup-home/toolchains/1.75.0-x86_64-unknown-linux-gnu/lib/rustlib/x86_64-unknown-linux-gnu/lib/libadler-321b82c30dffdf5f.rlib" "/opt/rustwide/rustup-home/toolchains/1.75.0-x86_64-unknown-linux-gnu/lib/rustlib/x86_64-unknown-linux-gnu/lib/libunwind-3dd8a6810a0bdfef.rlib" "/opt/rustwide/rustup-home/toolchains/1.75.0-x86_64-unknown-linux-gnu/lib/rustlib/x86_64-unknown-linux-gnu/lib/libcfg_if-eb39a61c0c879984.rlib" "/opt/rustwide/rustup-home/toolchains/1.75.0-x86_64-unknown-linux-gnu/lib/rustlib/x86_64-unknown-linux-gnu/lib/liblibc-aa769569f91c3548.rlib" "/opt/rustwide/rustup-home/toolchains/1.75.0-x86_64-unknown-linux-gnu/lib/rustlib/x86_64-unknown-linux-gnu/lib/liballoc-510a192a50a983ed.rlib" "/opt/rustwide/rustup-home/toolchains/1.75.0-x86_64-unknown-linux-gnu/lib/rustlib/x86_64-unknown-linux-gnu/lib/librustc_std_workspace_core-0577018320f99037.rlib" "/opt/rustwide/rustup-home/toolchains/1.75.0-x86_64-unknown-linux-gnu/lib/rustlib/x86_64-unknown-linux-gnu/lib/libcore-193cf992125ccd4c.rlib" "/opt/rustwide/rustup-home/toolchains/1.75.0-x86_64-unknown-linux-gnu/lib/rustlib/x86_64-unknown-linux-gnu/lib/libcompiler_builtins-8e138eaf26ebb4a8.rlib" "-Wl,-Bdynamic" "-lc" "-lm" "-lrt" "-lpthread" "-lgcc_s" "-lutil" "-lrt" "-lpthread" "-lm" "-ldl" "-lc" "-Wl,--eh-frame-hdr" "-Wl,-z,noexecstack" "-L" "/opt/rustwide/rustup-home/toolchains/1.75.0-x86_64-unknown-linux-gnu/lib/rustlib/x86_64-unknown-linux-gnu/lib" "-o" "/tmp/rustdoctestk6MWFJ/rust_out" "-Wl,--gc-sections" "-pie" "-Wl,-z,relro,-z,now" "-nodefaultlibs"
[INFO] [stdout]   = note: collect2: fatal error: ld terminated with signal 9 [Killed]
[INFO] [stdout]           compilation terminated.
[INFO] [stdout]           
[INFO] [stdout] 
[INFO] [stdout] error: aborting due to previous error
[INFO] [stdout] 
[INFO] [stdout] Couldn't compile the test.
[INFO] [stdout] ---- src/data/map/attribute.rs - data::map::attribute::Attribute::replace_some (line 132) stdout ----
[INFO] [stdout] error: linking with `cc` failed: exit status: 1
[INFO] [stdout]   |
[INFO] [stdout]   = note: LC_ALL="C" PATH="/opt/rustwide/rustup-home/toolchains/1.75.0-x86_64-unknown-linux-gnu/lib/rustlib/x86_64-unknown-linux-gnu/bin:/opt/rustwide/cargo-home/bin:/usr/local/sbin:/usr/local/bin:/usr/sbin:/usr/bin:/sbin:/bin" VSLANG="1033" "cc" "-m64" "/tmp/rustcnz6VT0/symbols.o" "/tmp/rustdoctestIhYA8q/rust_out.rust_out.263fb70ac1c95110-cgu.0.rcgu.o" "/tmp/rustdoctestIhYA8q/rust_out.2uel00cfmdh5ufit.rcgu.o" "-Wl,--as-needed" "-L" "/opt/rustwide/target/debug/deps" "-L" "/opt/rustwide/target/debug/deps" "-L" "/opt/rustwide/rustup-home/toolchains/1.75.0-x86_64-unknown-linux-gnu/lib/rustlib/x86_64-unknown-linux-gnu/lib" "-Wl,-Bstatic" "/opt/rustwide/target/debug/deps/libomg_core-c16b93f2a5b6555e.rlib" "/opt/rustwide/target/debug/deps/libenv_logger-31695f6a3d181a5c.rlib" "/opt/rustwide/target/debug/deps/libatty-e68dda7c7eae598c.rlib" "/opt/rustwide/target/debug/deps/libtermcolor-6dec0f4bbbe42dd1.rlib" "/opt/rustwide/target/debug/deps/libhumantime-e2a10e0b2bfa2002.rlib" "/opt/rustwide/target/debug/deps/libregex-b41547a324934d35.rlib" "/opt/rustwide/target/debug/deps/libregex_automata-41b935b8a0326771.rlib" "/opt/rustwide/target/debug/deps/libaho_corasick-c461b2416345444e.rlib" "/opt/rustwide/target/debug/deps/libmemchr-94009dd89ebb9d8d.rlib" "/opt/rustwide/target/debug/deps/libregex_syntax-ec727727d9e652fd.rlib" "/opt/rustwide/target/debug/deps/libchrono-4a2133ca54ed328f.rlib" "/opt/rustwide/target/debug/deps/libiana_time_zone-528d9768cce5eb89.rlib" "/opt/rustwide/target/debug/deps/libnoise-662b2b7237a5c1cd.rlib" "/opt/rustwide/target/debug/deps/libimage-6dbb0839951df361.rlib" "/opt/rustwide/target/debug/deps/libbytemuck-125af42282dcde0d.rlib" "/opt/rustwide/target/debug/deps/libpng-fc8b557e59a93002.rlib" "/opt/rustwide/target/debug/deps/libminiz_oxide-f0f70e23dbb2504a.rlib" "/opt/rustwide/target/debug/deps/libcrc32fast-664446237529ebff.rlib" "/opt/rustwide/target/debug/deps/libdeflate-41ea0b7246350e8d.rlib" "/opt/rustwide/target/debug/deps/libadler32-8dd0b9a34d7f5b64.rlib" "/opt/rustwide/target/debug/deps/libbitflags-b7cee2ca4fb438d0.rlib" "/opt/rustwide/target/debug/deps/libnum_iter-158c607f7781e07e.rlib" "/opt/rustwide/target/debug/deps/libscoped_threadpool-cf49c53216faf76b.rlib" "/opt/rustwide/target/debug/deps/libnum_rational-8ca787bceac37dc3.rlib" "/opt/rustwide/target/debug/deps/libnum_integer-72322c190b4ad37c.rlib" "/opt/rustwide/target/debug/deps/libgif-be6f3641dce8a1be.rlib" "/opt/rustwide/target/debug/deps/libcolor_quant-76e42fe6d44f3f56.rlib" "/opt/rustwide/target/debug/deps/libbyteorder-e9468b374a0c0c11.rlib" "/opt/rustwide/target/debug/deps/libtiff-a4a88cee8f16e5f3.rlib" "/opt/rustwide/target/debug/deps/libweezl-a8534d2a4eb9698a.rlib" "/opt/rustwide/target/debug/deps/libminiz_oxide-1581aa5f6a84a1e1.rlib" "/opt/rustwide/target/debug/deps/libadler-c8f2240c56a0abca.rlib" "/opt/rustwide/target/debug/deps/libjpeg_decoder-51d0f9b49ca22b9f.rlib" "/opt/rustwide/target/debug/deps/librayon-53dad4369efd59d7.rlib" "/opt/rustwide/target/debug/deps/librayon_core-8dd177d1d0894898.rlib" "/opt/rustwide/target/debug/deps/libcrossbeam_deque-a71826c26bd18f0b.rlib" "/opt/rustwide/target/debug/deps/libcrossbeam_epoch-810062665aa560cf.rlib" "/opt/rustwide/target/debug/deps/libcrossbeam_utils-69155c9edb6d0618.rlib" "/opt/rustwide/target/debug/deps/libeither-02329136bf214899.rlib" "/opt/rustwide/target/debug/deps/librand_xorshift-0172c98a3b154e2b.rlib" "/opt/rustwide/target/debug/deps/librand-4fdf4edb46ddfe68.rlib" "/opt/rustwide/target/debug/deps/librand_chacha-69cdddecc5623803.rlib" "/opt/rustwide/target/debug/deps/libppv_lite86-9f808eb911999ef2.rlib" "/opt/rustwide/target/debug/deps/librand_core-6d13eea9a6a6b3d9.rlib" "/opt/rustwide/target/debug/deps/libgetrandom-896d1a8dd99def87.rlib" "/opt/rustwide/target/debug/deps/liblibc-b911f0b3efb8300e.rlib" "/opt/rustwide/target/debug/deps/libcfg_if-61dc7a6799e72b18.rlib" "/opt/rustwide/target/debug/deps/libnum_traits-aa75f3964f70d2b4.rlib" "/opt/rustwide/target/debug/deps/libanyhow-309ab2c875f40ec7.rlib" "/opt/rustwide/target/debug/deps/libunwrap-7facfadede0c4ecc.rlib" "/opt/rustwide/target/debug/deps/liblog-e491f2c1d0b13538.rlib" "/opt/rustwide/rustup-home/toolchains/1.75.0-x86_64-unknown-linux-gnu/lib/rustlib/x86_64-unknown-linux-gnu/lib/libstd-90f6ddbf82de36ec.rlib" "/opt/rustwide/rustup-home/toolchains/1.75.0-x86_64-unknown-linux-gnu/lib/rustlib/x86_64-unknown-linux-gnu/lib/libpanic_unwind-480c41e9d4e1f677.rlib" "/opt/rustwide/rustup-home/toolchains/1.75.0-x86_64-unknown-linux-gnu/lib/rustlib/x86_64-unknown-linux-gnu/lib/libobject-db744c0ca03eed1d.rlib" "/opt/rustwide/rustup-home/toolchains/1.75.0-x86_64-unknown-linux-gnu/lib/rustlib/x86_64-unknown-linux-gnu/lib/libmemchr-8ba652dc7d4b285a.rlib" "/opt/rustwide/rustup-home/toolchains/1.75.0-x86_64-unknown-linux-gnu/lib/rustlib/x86_64-unknown-linux-gnu/lib/libaddr2line-d5f4520a9ebc0d58.rlib" "/opt/rustwide/rustup-home/toolchains/1.75.0-x86_64-unknown-linux-gnu/lib/rustlib/x86_64-unknown-linux-gnu/lib/libgimli-4ad84de58f0cb463.rlib" "/opt/rustwide/rustup-home/toolchains/1.75.0-x86_64-unknown-linux-gnu/lib/rustlib/x86_64-unknown-linux-gnu/lib/librustc_demangle-0d10aae2e0f38735.rlib" "/opt/rustwide/rustup-home/toolchains/1.75.0-x86_64-unknown-linux-gnu/lib/rustlib/x86_64-unknown-linux-gnu/lib/libstd_detect-0c17cff739e6745b.rlib" "/opt/rustwide/rustup-home/toolchains/1.75.0-x86_64-unknown-linux-gnu/lib/rustlib/x86_64-unknown-linux-gnu/lib/libhashbrown-b29e17139dde1aa8.rlib" "/opt/rustwide/rustup-home/toolchains/1.75.0-x86_64-unknown-linux-gnu/lib/rustlib/x86_64-unknown-linux-gnu/lib/librustc_std_workspace_alloc-1f975299829cc7bd.rlib" "/opt/rustwide/rustup-home/toolchains/1.75.0-x86_64-unknown-linux-gnu/lib/rustlib/x86_64-unknown-linux-gnu/lib/libminiz_oxide-86bae3bc3079f89b.rlib" "/opt/rustwide/rustup-home/toolchains/1.75.0-x86_64-unknown-linux-gnu/lib/rustlib/x86_64-unknown-linux-gnu/lib/libadler-321b82c30dffdf5f.rlib" "/opt/rustwide/rustup-home/toolchains/1.75.0-x86_64-unknown-linux-gnu/lib/rustlib/x86_64-unknown-linux-gnu/lib/libunwind-3dd8a6810a0bdfef.rlib" "/opt/rustwide/rustup-home/toolchains/1.75.0-x86_64-unknown-linux-gnu/lib/rustlib/x86_64-unknown-linux-gnu/lib/libcfg_if-eb39a61c0c879984.rlib" "/opt/rustwide/rustup-home/toolchains/1.75.0-x86_64-unknown-linux-gnu/lib/rustlib/x86_64-unknown-linux-gnu/lib/liblibc-aa769569f91c3548.rlib" "/opt/rustwide/rustup-home/toolchains/1.75.0-x86_64-unknown-linux-gnu/lib/rustlib/x86_64-unknown-linux-gnu/lib/liballoc-510a192a50a983ed.rlib" "/opt/rustwide/rustup-home/toolchains/1.75.0-x86_64-unknown-linux-gnu/lib/rustlib/x86_64-unknown-linux-gnu/lib/librustc_std_workspace_core-0577018320f99037.rlib" "/opt/rustwide/rustup-home/toolchains/1.75.0-x86_64-unknown-linux-gnu/lib/rustlib/x86_64-unknown-linux-gnu/lib/libcore-193cf992125ccd4c.rlib" "/opt/rustwide/rustup-home/toolchains/1.75.0-x86_64-unknown-linux-gnu/lib/rustlib/x86_64-unknown-linux-gnu/lib/libcompiler_builtins-8e138eaf26ebb4a8.rlib" "-Wl,-Bdynamic" "-lc" "-lm" "-lrt" "-lpthread" "-lgcc_s" "-lutil" "-lrt" "-lpthread" "-lm" "-ldl" "-lc" "-Wl,--eh-frame-hdr" "-Wl,-z,noexecstack" "-L" "/opt/rustwide/rustup-home/toolchains/1.75.0-x86_64-unknown-linux-gnu/lib/rustlib/x86_64-unknown-linux-gnu/lib" "-o" "/tmp/rustdoctestIhYA8q/rust_out" "-Wl,--gc-sections" "-pie" "-Wl,-z,relro,-z,now" "-nodefaultlibs"
[INFO] [stdout]   = note: collect2: fatal error: ld terminated with signal 9 [Killed]
[INFO] [stdout]           compilation terminated.
[INFO] [stdout]           
[INFO] [stdout] 
[INFO] [stdout] error: aborting due to previous error
[INFO] [stdout] 
[INFO] [stdout] Couldn't compile the test.
[INFO] [stdout] ---- src/data/map/mod.rs - data::map::Map2d::get_attribute_mut (line 142) stdout ----
[INFO] [stdout] error: linking with `cc` failed: exit status: 1
[INFO] [stdout]   |
[INFO] [stdout]   = note: LC_ALL="C" PATH="/opt/rustwide/rustup-home/toolchains/1.75.0-x86_64-unknown-linux-gnu/lib/rustlib/x86_64-unknown-linux-gnu/bin:/opt/rustwide/cargo-home/bin:/usr/local/sbin:/usr/local/bin:/usr/sbin:/usr/bin:/sbin:/bin" VSLANG="1033" "cc" "-m64" "/tmp/rustcWEKq23/symbols.o" "/tmp/rustdoctest7z0TU9/rust_out.rust_out.263fb70ac1c95110-cgu.0.rcgu.o" "/tmp/rustdoctest7z0TU9/rust_out.2uel00cfmdh5ufit.rcgu.o" "-Wl,--as-needed" "-L" "/opt/rustwide/target/debug/deps" "-L" "/opt/rustwide/target/debug/deps" "-L" "/opt/rustwide/rustup-home/toolchains/1.75.0-x86_64-unknown-linux-gnu/lib/rustlib/x86_64-unknown-linux-gnu/lib" "-Wl,-Bstatic" "/opt/rustwide/target/debug/deps/libomg_core-c16b93f2a5b6555e.rlib" "/opt/rustwide/target/debug/deps/libenv_logger-31695f6a3d181a5c.rlib" "/opt/rustwide/target/debug/deps/libatty-e68dda7c7eae598c.rlib" "/opt/rustwide/target/debug/deps/libtermcolor-6dec0f4bbbe42dd1.rlib" "/opt/rustwide/target/debug/deps/libhumantime-e2a10e0b2bfa2002.rlib" "/opt/rustwide/target/debug/deps/libregex-b41547a324934d35.rlib" "/opt/rustwide/target/debug/deps/libregex_automata-41b935b8a0326771.rlib" "/opt/rustwide/target/debug/deps/libaho_corasick-c461b2416345444e.rlib" "/opt/rustwide/target/debug/deps/libmemchr-94009dd89ebb9d8d.rlib" "/opt/rustwide/target/debug/deps/libregex_syntax-ec727727d9e652fd.rlib" "/opt/rustwide/target/debug/deps/libchrono-4a2133ca54ed328f.rlib" "/opt/rustwide/target/debug/deps/libiana_time_zone-528d9768cce5eb89.rlib" "/opt/rustwide/target/debug/deps/libnoise-662b2b7237a5c1cd.rlib" "/opt/rustwide/target/debug/deps/libimage-6dbb0839951df361.rlib" "/opt/rustwide/target/debug/deps/libbytemuck-125af42282dcde0d.rlib" "/opt/rustwide/target/debug/deps/libpng-fc8b557e59a93002.rlib" "/opt/rustwide/target/debug/deps/libminiz_oxide-f0f70e23dbb2504a.rlib" "/opt/rustwide/target/debug/deps/libcrc32fast-664446237529ebff.rlib" "/opt/rustwide/target/debug/deps/libdeflate-41ea0b7246350e8d.rlib" "/opt/rustwide/target/debug/deps/libadler32-8dd0b9a34d7f5b64.rlib" "/opt/rustwide/target/debug/deps/libbitflags-b7cee2ca4fb438d0.rlib" "/opt/rustwide/target/debug/deps/libnum_iter-158c607f7781e07e.rlib" "/opt/rustwide/target/debug/deps/libscoped_threadpool-cf49c53216faf76b.rlib" "/opt/rustwide/target/debug/deps/libnum_rational-8ca787bceac37dc3.rlib" "/opt/rustwide/target/debug/deps/libnum_integer-72322c190b4ad37c.rlib" "/opt/rustwide/target/debug/deps/libgif-be6f3641dce8a1be.rlib" "/opt/rustwide/target/debug/deps/libcolor_quant-76e42fe6d44f3f56.rlib" "/opt/rustwide/target/debug/deps/libbyteorder-e9468b374a0c0c11.rlib" "/opt/rustwide/target/debug/deps/libtiff-a4a88cee8f16e5f3.rlib" "/opt/rustwide/target/debug/deps/libweezl-a8534d2a4eb9698a.rlib" "/opt/rustwide/target/debug/deps/libminiz_oxide-1581aa5f6a84a1e1.rlib" "/opt/rustwide/target/debug/deps/libadler-c8f2240c56a0abca.rlib" "/opt/rustwide/target/debug/deps/libjpeg_decoder-51d0f9b49ca22b9f.rlib" "/opt/rustwide/target/debug/deps/librayon-53dad4369efd59d7.rlib" "/opt/rustwide/target/debug/deps/librayon_core-8dd177d1d0894898.rlib" "/opt/rustwide/target/debug/deps/libcrossbeam_deque-a71826c26bd18f0b.rlib" "/opt/rustwide/target/debug/deps/libcrossbeam_epoch-810062665aa560cf.rlib" "/opt/rustwide/target/debug/deps/libcrossbeam_utils-69155c9edb6d0618.rlib" "/opt/rustwide/target/debug/deps/libeither-02329136bf214899.rlib" "/opt/rustwide/target/debug/deps/librand_xorshift-0172c98a3b154e2b.rlib" "/opt/rustwide/target/debug/deps/librand-4fdf4edb46ddfe68.rlib" "/opt/rustwide/target/debug/deps/librand_chacha-69cdddecc5623803.rlib" "/opt/rustwide/target/debug/deps/libppv_lite86-9f808eb911999ef2.rlib" "/opt/rustwide/target/debug/deps/librand_core-6d13eea9a6a6b3d9.rlib" "/opt/rustwide/target/debug/deps/libgetrandom-896d1a8dd99def87.rlib" "/opt/rustwide/target/debug/deps/liblibc-b911f0b3efb8300e.rlib" "/opt/rustwide/target/debug/deps/libcfg_if-61dc7a6799e72b18.rlib" "/opt/rustwide/target/debug/deps/libnum_traits-aa75f3964f70d2b4.rlib" "/opt/rustwide/target/debug/deps/libanyhow-309ab2c875f40ec7.rlib" "/opt/rustwide/target/debug/deps/libunwrap-7facfadede0c4ecc.rlib" "/opt/rustwide/target/debug/deps/liblog-e491f2c1d0b13538.rlib" "/opt/rustwide/rustup-home/toolchains/1.75.0-x86_64-unknown-linux-gnu/lib/rustlib/x86_64-unknown-linux-gnu/lib/libstd-90f6ddbf82de36ec.rlib" "/opt/rustwide/rustup-home/toolchains/1.75.0-x86_64-unknown-linux-gnu/lib/rustlib/x86_64-unknown-linux-gnu/lib/libpanic_unwind-480c41e9d4e1f677.rlib" "/opt/rustwide/rustup-home/toolchains/1.75.0-x86_64-unknown-linux-gnu/lib/rustlib/x86_64-unknown-linux-gnu/lib/libobject-db744c0ca03eed1d.rlib" "/opt/rustwide/rustup-home/toolchains/1.75.0-x86_64-unknown-linux-gnu/lib/rustlib/x86_64-unknown-linux-gnu/lib/libmemchr-8ba652dc7d4b285a.rlib" "/opt/rustwide/rustup-home/toolchains/1.75.0-x86_64-unknown-linux-gnu/lib/rustlib/x86_64-unknown-linux-gnu/lib/libaddr2line-d5f4520a9ebc0d58.rlib" "/opt/rustwide/rustup-home/toolchains/1.75.0-x86_64-unknown-linux-gnu/lib/rustlib/x86_64-unknown-linux-gnu/lib/libgimli-4ad84de58f0cb463.rlib" "/opt/rustwide/rustup-home/toolchains/1.75.0-x86_64-unknown-linux-gnu/lib/rustlib/x86_64-unknown-linux-gnu/lib/librustc_demangle-0d10aae2e0f38735.rlib" "/opt/rustwide/rustup-home/toolchains/1.75.0-x86_64-unknown-linux-gnu/lib/rustlib/x86_64-unknown-linux-gnu/lib/libstd_detect-0c17cff739e6745b.rlib" "/opt/rustwide/rustup-home/toolchains/1.75.0-x86_64-unknown-linux-gnu/lib/rustlib/x86_64-unknown-linux-gnu/lib/libhashbrown-b29e17139dde1aa8.rlib" "/opt/rustwide/rustup-home/toolchains/1.75.0-x86_64-unknown-linux-gnu/lib/rustlib/x86_64-unknown-linux-gnu/lib/librustc_std_workspace_alloc-1f975299829cc7bd.rlib" "/opt/rustwide/rustup-home/toolchains/1.75.0-x86_64-unknown-linux-gnu/lib/rustlib/x86_64-unknown-linux-gnu/lib/libminiz_oxide-86bae3bc3079f89b.rlib" "/opt/rustwide/rustup-home/toolchains/1.75.0-x86_64-unknown-linux-gnu/lib/rustlib/x86_64-unknown-linux-gnu/lib/libadler-321b82c30dffdf5f.rlib" "/opt/rustwide/rustup-home/toolchains/1.75.0-x86_64-unknown-linux-gnu/lib/rustlib/x86_64-unknown-linux-gnu/lib/libunwind-3dd8a6810a0bdfef.rlib" "/opt/rustwide/rustup-home/toolchains/1.75.0-x86_64-unknown-linux-gnu/lib/rustlib/x86_64-unknown-linux-gnu/lib/libcfg_if-eb39a61c0c879984.rlib" "/opt/rustwide/rustup-home/toolchains/1.75.0-x86_64-unknown-linux-gnu/lib/rustlib/x86_64-unknown-linux-gnu/lib/liblibc-aa769569f91c3548.rlib" "/opt/rustwide/rustup-home/toolchains/1.75.0-x86_64-unknown-linux-gnu/lib/rustlib/x86_64-unknown-linux-gnu/lib/liballoc-510a192a50a983ed.rlib" "/opt/rustwide/rustup-home/toolchains/1.75.0-x86_64-unknown-linux-gnu/lib/rustlib/x86_64-unknown-linux-gnu/lib/librustc_std_workspace_core-0577018320f99037.rlib" "/opt/rustwide/rustup-home/toolchains/1.75.0-x86_64-unknown-linux-gnu/lib/rustlib/x86_64-unknown-linux-gnu/lib/libcore-193cf992125ccd4c.rlib" "/opt/rustwide/rustup-home/toolchains/1.75.0-x86_64-unknown-linux-gnu/lib/rustlib/x86_64-unknown-linux-gnu/lib/libcompiler_builtins-8e138eaf26ebb4a8.rlib" "-Wl,-Bdynamic" "-lc" "-lm" "-lrt" "-lpthread" "-lgcc_s" "-lutil" "-lrt" "-lpthread" "-lm" "-ldl" "-lc" "-Wl,--eh-frame-hdr" "-Wl,-z,noexecstack" "-L" "/opt/rustwide/rustup-home/toolchains/1.75.0-x86_64-unknown-linux-gnu/lib/rustlib/x86_64-unknown-linux-gnu/lib" "-o" "/tmp/rustdoctest7z0TU9/rust_out" "-Wl,--gc-sections" "-pie" "-Wl,-z,relro,-z,now" "-nodefaultlibs"
[INFO] [stdout]   = note: collect2: fatal error: ld terminated with signal 9 [Killed]
[INFO] [stdout]           compilation terminated.
[INFO] [stdout]           
[INFO] [stdout] 
[INFO] [stdout] error: aborting due to previous error
[INFO] [stdout] 
[INFO] [stdout] Couldn't compile the test.
[INFO] [stdout] ---- src/data/map/mod.rs - data::map::Map2d::get_attribute (line 127) stdout ----
[INFO] [stdout] error: linking with `cc` failed: exit status: 1
[INFO] [stdout]   |
[INFO] [stdout]   = note: LC_ALL="C" PATH="/opt/rustwide/rustup-home/toolchains/1.75.0-x86_64-unknown-linux-gnu/lib/rustlib/x86_64-unknown-linux-gnu/bin:/opt/rustwide/cargo-home/bin:/usr/local/sbin:/usr/local/bin:/usr/sbin:/usr/bin:/sbin:/bin" VSLANG="1033" "cc" "-m64" "/tmp/rustcuuzx1x/symbols.o" "/tmp/rustdoctestFjtuqw/rust_out.rust_out.263fb70ac1c95110-cgu.0.rcgu.o" "/tmp/rustdoctestFjtuqw/rust_out.2uel00cfmdh5ufit.rcgu.o" "-Wl,--as-needed" "-L" "/opt/rustwide/target/debug/deps" "-L" "/opt/rustwide/target/debug/deps" "-L" "/opt/rustwide/rustup-home/toolchains/1.75.0-x86_64-unknown-linux-gnu/lib/rustlib/x86_64-unknown-linux-gnu/lib" "-Wl,-Bstatic" "/opt/rustwide/target/debug/deps/libomg_core-c16b93f2a5b6555e.rlib" "/opt/rustwide/target/debug/deps/libenv_logger-31695f6a3d181a5c.rlib" "/opt/rustwide/target/debug/deps/libatty-e68dda7c7eae598c.rlib" "/opt/rustwide/target/debug/deps/libtermcolor-6dec0f4bbbe42dd1.rlib" "/opt/rustwide/target/debug/deps/libhumantime-e2a10e0b2bfa2002.rlib" "/opt/rustwide/target/debug/deps/libregex-b41547a324934d35.rlib" "/opt/rustwide/target/debug/deps/libregex_automata-41b935b8a0326771.rlib" "/opt/rustwide/target/debug/deps/libaho_corasick-c461b2416345444e.rlib" "/opt/rustwide/target/debug/deps/libmemchr-94009dd89ebb9d8d.rlib" "/opt/rustwide/target/debug/deps/libregex_syntax-ec727727d9e652fd.rlib" "/opt/rustwide/target/debug/deps/libchrono-4a2133ca54ed328f.rlib" "/opt/rustwide/target/debug/deps/libiana_time_zone-528d9768cce5eb89.rlib" "/opt/rustwide/target/debug/deps/libnoise-662b2b7237a5c1cd.rlib" "/opt/rustwide/target/debug/deps/libimage-6dbb0839951df361.rlib" "/opt/rustwide/target/debug/deps/libbytemuck-125af42282dcde0d.rlib" "/opt/rustwide/target/debug/deps/libpng-fc8b557e59a93002.rlib" "/opt/rustwide/target/debug/deps/libminiz_oxide-f0f70e23dbb2504a.rlib" "/opt/rustwide/target/debug/deps/libcrc32fast-664446237529ebff.rlib" "/opt/rustwide/target/debug/deps/libdeflate-41ea0b7246350e8d.rlib" "/opt/rustwide/target/debug/deps/libadler32-8dd0b9a34d7f5b64.rlib" "/opt/rustwide/target/debug/deps/libbitflags-b7cee2ca4fb438d0.rlib" "/opt/rustwide/target/debug/deps/libnum_iter-158c607f7781e07e.rlib" "/opt/rustwide/target/debug/deps/libscoped_threadpool-cf49c53216faf76b.rlib" "/opt/rustwide/target/debug/deps/libnum_rational-8ca787bceac37dc3.rlib" "/opt/rustwide/target/debug/deps/libnum_integer-72322c190b4ad37c.rlib" "/opt/rustwide/target/debug/deps/libgif-be6f3641dce8a1be.rlib" "/opt/rustwide/target/debug/deps/libcolor_quant-76e42fe6d44f3f56.rlib" "/opt/rustwide/target/debug/deps/libbyteorder-e9468b374a0c0c11.rlib" "/opt/rustwide/target/debug/deps/libtiff-a4a88cee8f16e5f3.rlib" "/opt/rustwide/target/debug/deps/libweezl-a8534d2a4eb9698a.rlib" "/opt/rustwide/target/debug/deps/libminiz_oxide-1581aa5f6a84a1e1.rlib" "/opt/rustwide/target/debug/deps/libadler-c8f2240c56a0abca.rlib" "/opt/rustwide/target/debug/deps/libjpeg_decoder-51d0f9b49ca22b9f.rlib" "/opt/rustwide/target/debug/deps/librayon-53dad4369efd59d7.rlib" "/opt/rustwide/target/debug/deps/librayon_core-8dd177d1d0894898.rlib" "/opt/rustwide/target/debug/deps/libcrossbeam_deque-a71826c26bd18f0b.rlib" "/opt/rustwide/target/debug/deps/libcrossbeam_epoch-810062665aa560cf.rlib" "/opt/rustwide/target/debug/deps/libcrossbeam_utils-69155c9edb6d0618.rlib" "/opt/rustwide/target/debug/deps/libeither-02329136bf214899.rlib" "/opt/rustwide/target/debug/deps/librand_xorshift-0172c98a3b154e2b.rlib" "/opt/rustwide/target/debug/deps/librand-4fdf4edb46ddfe68.rlib" "/opt/rustwide/target/debug/deps/librand_chacha-69cdddecc5623803.rlib" "/opt/rustwide/target/debug/deps/libppv_lite86-9f808eb911999ef2.rlib" "/opt/rustwide/target/debug/deps/librand_core-6d13eea9a6a6b3d9.rlib" "/opt/rustwide/target/debug/deps/libgetrandom-896d1a8dd99def87.rlib" "/opt/rustwide/target/debug/deps/liblibc-b911f0b3efb8300e.rlib" "/opt/rustwide/target/debug/deps/libcfg_if-61dc7a6799e72b18.rlib" "/opt/rustwide/target/debug/deps/libnum_traits-aa75f3964f70d2b4.rlib" "/opt/rustwide/target/debug/deps/libanyhow-309ab2c875f40ec7.rlib" "/opt/rustwide/target/debug/deps/libunwrap-7facfadede0c4ecc.rlib" "/opt/rustwide/target/debug/deps/liblog-e491f2c1d0b13538.rlib" "/opt/rustwide/rustup-home/toolchains/1.75.0-x86_64-unknown-linux-gnu/lib/rustlib/x86_64-unknown-linux-gnu/lib/libstd-90f6ddbf82de36ec.rlib" "/opt/rustwide/rustup-home/toolchains/1.75.0-x86_64-unknown-linux-gnu/lib/rustlib/x86_64-unknown-linux-gnu/lib/libpanic_unwind-480c41e9d4e1f677.rlib" "/opt/rustwide/rustup-home/toolchains/1.75.0-x86_64-unknown-linux-gnu/lib/rustlib/x86_64-unknown-linux-gnu/lib/libobject-db744c0ca03eed1d.rlib" "/opt/rustwide/rustup-home/toolchains/1.75.0-x86_64-unknown-linux-gnu/lib/rustlib/x86_64-unknown-linux-gnu/lib/libmemchr-8ba652dc7d4b285a.rlib" "/opt/rustwide/rustup-home/toolchains/1.75.0-x86_64-unknown-linux-gnu/lib/rustlib/x86_64-unknown-linux-gnu/lib/libaddr2line-d5f4520a9ebc0d58.rlib" "/opt/rustwide/rustup-home/toolchains/1.75.0-x86_64-unknown-linux-gnu/lib/rustlib/x86_64-unknown-linux-gnu/lib/libgimli-4ad84de58f0cb463.rlib" "/opt/rustwide/rustup-home/toolchains/1.75.0-x86_64-unknown-linux-gnu/lib/rustlib/x86_64-unknown-linux-gnu/lib/librustc_demangle-0d10aae2e0f38735.rlib" "/opt/rustwide/rustup-home/toolchains/1.75.0-x86_64-unknown-linux-gnu/lib/rustlib/x86_64-unknown-linux-gnu/lib/libstd_detect-0c17cff739e6745b.rlib" "/opt/rustwide/rustup-home/toolchains/1.75.0-x86_64-unknown-linux-gnu/lib/rustlib/x86_64-unknown-linux-gnu/lib/libhashbrown-b29e17139dde1aa8.rlib" "/opt/rustwide/rustup-home/toolchains/1.75.0-x86_64-unknown-linux-gnu/lib/rustlib/x86_64-unknown-linux-gnu/lib/librustc_std_workspace_alloc-1f975299829cc7bd.rlib" "/opt/rustwide/rustup-home/toolchains/1.75.0-x86_64-unknown-linux-gnu/lib/rustlib/x86_64-unknown-linux-gnu/lib/libminiz_oxide-86bae3bc3079f89b.rlib" "/opt/rustwide/rustup-home/toolchains/1.75.0-x86_64-unknown-linux-gnu/lib/rustlib/x86_64-unknown-linux-gnu/lib/libadler-321b82c30dffdf5f.rlib" "/opt/rustwide/rustup-home/toolchains/1.75.0-x86_64-unknown-linux-gnu/lib/rustlib/x86_64-unknown-linux-gnu/lib/libunwind-3dd8a6810a0bdfef.rlib" "/opt/rustwide/rustup-home/toolchains/1.75.0-x86_64-unknown-linux-gnu/lib/rustlib/x86_64-unknown-linux-gnu/lib/libcfg_if-eb39a61c0c879984.rlib" "/opt/rustwide/rustup-home/toolchains/1.75.0-x86_64-unknown-linux-gnu/lib/rustlib/x86_64-unknown-linux-gnu/lib/liblibc-aa769569f91c3548.rlib" "/opt/rustwide/rustup-home/toolchains/1.75.0-x86_64-unknown-linux-gnu/lib/rustlib/x86_64-unknown-linux-gnu/lib/liballoc-510a192a50a983ed.rlib" "/opt/rustwide/rustup-home/toolchains/1.75.0-x86_64-unknown-linux-gnu/lib/rustlib/x86_64-unknown-linux-gnu/lib/librustc_std_workspace_core-0577018320f99037.rlib" "/opt/rustwide/rustup-home/toolchains/1.75.0-x86_64-unknown-linux-gnu/lib/rustlib/x86_64-unknown-linux-gnu/lib/libcore-193cf992125ccd4c.rlib" "/opt/rustwide/rustup-home/toolchains/1.75.0-x86_64-unknown-linux-gnu/lib/rustlib/x86_64-unknown-linux-gnu/lib/libcompiler_builtins-8e138eaf26ebb4a8.rlib" "-Wl,-Bdynamic" "-lc" "-lm" "-lrt" "-lpthread" "-lgcc_s" "-lutil" "-lrt" "-lpthread" "-lm" "-ldl" "-lc" "-Wl,--eh-frame-hdr" "-Wl,-z,noexecstack" "-L" "/opt/rustwide/rustup-home/toolchains/1.75.0-x86_64-unknown-linux-gnu/lib/rustlib/x86_64-unknown-linux-gnu/lib" "-o" "/tmp/rustdoctestFjtuqw/rust_out" "-Wl,--gc-sections" "-pie" "-Wl,-z,relro,-z,now" "-nodefaultlibs"
[INFO] [stdout]   = note: collect2: fatal error: ld terminated with signal 9 [Killed]
[INFO] [stdout]           compilation terminated.
[INFO] [stdout]           
[INFO] [stdout] 
[INFO] [stdout] error: aborting due to previous error
[INFO] [stdout] 
[INFO] [stdout] Couldn't compile the test.
[INFO] [stdout] ---- src/data/map/mod.rs - data::map::get_attribute_mut (line 187) stdout ----
[INFO] [stdout] error: linking with `cc` failed: exit status: 1
[INFO] [stdout]   |
[INFO] [stdout]   = note: LC_ALL="C" PATH="/opt/rustwide/rustup-home/toolchains/1.75.0-x86_64-unknown-linux-gnu/lib/rustlib/x86_64-unknown-linux-gnu/bin:/opt/rustwide/cargo-home/bin:/usr/local/sbin:/usr/local/bin:/usr/sbin:/usr/bin:/sbin:/bin" VSLANG="1033" "cc" "-m64" "/tmp/rustcsB85yX/symbols.o" "/tmp/rustdoctestjlYFaP/rust_out.rust_out.263fb70ac1c95110-cgu.0.rcgu.o" "/tmp/rustdoctestjlYFaP/rust_out.2uel00cfmdh5ufit.rcgu.o" "-Wl,--as-needed" "-L" "/opt/rustwide/target/debug/deps" "-L" "/opt/rustwide/target/debug/deps" "-L" "/opt/rustwide/rustup-home/toolchains/1.75.0-x86_64-unknown-linux-gnu/lib/rustlib/x86_64-unknown-linux-gnu/lib" "-Wl,-Bstatic" "/opt/rustwide/target/debug/deps/libomg_core-c16b93f2a5b6555e.rlib" "/opt/rustwide/target/debug/deps/libenv_logger-31695f6a3d181a5c.rlib" "/opt/rustwide/target/debug/deps/libatty-e68dda7c7eae598c.rlib" "/opt/rustwide/target/debug/deps/libtermcolor-6dec0f4bbbe42dd1.rlib" "/opt/rustwide/target/debug/deps/libhumantime-e2a10e0b2bfa2002.rlib" "/opt/rustwide/target/debug/deps/libregex-b41547a324934d35.rlib" "/opt/rustwide/target/debug/deps/libregex_automata-41b935b8a0326771.rlib" "/opt/rustwide/target/debug/deps/libaho_corasick-c461b2416345444e.rlib" "/opt/rustwide/target/debug/deps/libmemchr-94009dd89ebb9d8d.rlib" "/opt/rustwide/target/debug/deps/libregex_syntax-ec727727d9e652fd.rlib" "/opt/rustwide/target/debug/deps/libchrono-4a2133ca54ed328f.rlib" "/opt/rustwide/target/debug/deps/libiana_time_zone-528d9768cce5eb89.rlib" "/opt/rustwide/target/debug/deps/libnoise-662b2b7237a5c1cd.rlib" "/opt/rustwide/target/debug/deps/libimage-6dbb0839951df361.rlib" "/opt/rustwide/target/debug/deps/libbytemuck-125af42282dcde0d.rlib" "/opt/rustwide/target/debug/deps/libpng-fc8b557e59a93002.rlib" "/opt/rustwide/target/debug/deps/libminiz_oxide-f0f70e23dbb2504a.rlib" "/opt/rustwide/target/debug/deps/libcrc32fast-664446237529ebff.rlib" "/opt/rustwide/target/debug/deps/libdeflate-41ea0b7246350e8d.rlib" "/opt/rustwide/target/debug/deps/libadler32-8dd0b9a34d7f5b64.rlib" "/opt/rustwide/target/debug/deps/libbitflags-b7cee2ca4fb438d0.rlib" "/opt/rustwide/target/debug/deps/libnum_iter-158c607f7781e07e.rlib" "/opt/rustwide/target/debug/deps/libscoped_threadpool-cf49c53216faf76b.rlib" "/opt/rustwide/target/debug/deps/libnum_rational-8ca787bceac37dc3.rlib" "/opt/rustwide/target/debug/deps/libnum_integer-72322c190b4ad37c.rlib" "/opt/rustwide/target/debug/deps/libgif-be6f3641dce8a1be.rlib" "/opt/rustwide/target/debug/deps/libcolor_quant-76e42fe6d44f3f56.rlib" "/opt/rustwide/target/debug/deps/libbyteorder-e9468b374a0c0c11.rlib" "/opt/rustwide/target/debug/deps/libtiff-a4a88cee8f16e5f3.rlib" "/opt/rustwide/target/debug/deps/libweezl-a8534d2a4eb9698a.rlib" "/opt/rustwide/target/debug/deps/libminiz_oxide-1581aa5f6a84a1e1.rlib" "/opt/rustwide/target/debug/deps/libadler-c8f2240c56a0abca.rlib" "/opt/rustwide/target/debug/deps/libjpeg_decoder-51d0f9b49ca22b9f.rlib" "/opt/rustwide/target/debug/deps/librayon-53dad4369efd59d7.rlib" "/opt/rustwide/target/debug/deps/librayon_core-8dd177d1d0894898.rlib" "/opt/rustwide/target/debug/deps/libcrossbeam_deque-a71826c26bd18f0b.rlib" "/opt/rustwide/target/debug/deps/libcrossbeam_epoch-810062665aa560cf.rlib" "/opt/rustwide/target/debug/deps/libcrossbeam_utils-69155c9edb6d0618.rlib" "/opt/rustwide/target/debug/deps/libeither-02329136bf214899.rlib" "/opt/rustwide/target/debug/deps/librand_xorshift-0172c98a3b154e2b.rlib" "/opt/rustwide/target/debug/deps/librand-4fdf4edb46ddfe68.rlib" "/opt/rustwide/target/debug/deps/librand_chacha-69cdddecc5623803.rlib" "/opt/rustwide/target/debug/deps/libppv_lite86-9f808eb911999ef2.rlib" "/opt/rustwide/target/debug/deps/librand_core-6d13eea9a6a6b3d9.rlib" "/opt/rustwide/target/debug/deps/libgetrandom-896d1a8dd99def87.rlib" "/opt/rustwide/target/debug/deps/liblibc-b911f0b3efb8300e.rlib" "/opt/rustwide/target/debug/deps/libcfg_if-61dc7a6799e72b18.rlib" "/opt/rustwide/target/debug/deps/libnum_traits-aa75f3964f70d2b4.rlib" "/opt/rustwide/target/debug/deps/libanyhow-309ab2c875f40ec7.rlib" "/opt/rustwide/target/debug/deps/libunwrap-7facfadede0c4ecc.rlib" "/opt/rustwide/target/debug/deps/liblog-e491f2c1d0b13538.rlib" "/opt/rustwide/rustup-home/toolchains/1.75.0-x86_64-unknown-linux-gnu/lib/rustlib/x86_64-unknown-linux-gnu/lib/libstd-90f6ddbf82de36ec.rlib" "/opt/rustwide/rustup-home/toolchains/1.75.0-x86_64-unknown-linux-gnu/lib/rustlib/x86_64-unknown-linux-gnu/lib/libpanic_unwind-480c41e9d4e1f677.rlib" "/opt/rustwide/rustup-home/toolchains/1.75.0-x86_64-unknown-linux-gnu/lib/rustlib/x86_64-unknown-linux-gnu/lib/libobject-db744c0ca03eed1d.rlib" "/opt/rustwide/rustup-home/toolchains/1.75.0-x86_64-unknown-linux-gnu/lib/rustlib/x86_64-unknown-linux-gnu/lib/libmemchr-8ba652dc7d4b285a.rlib" "/opt/rustwide/rustup-home/toolchains/1.75.0-x86_64-unknown-linux-gnu/lib/rustlib/x86_64-unknown-linux-gnu/lib/libaddr2line-d5f4520a9ebc0d58.rlib" "/opt/rustwide/rustup-home/toolchains/1.75.0-x86_64-unknown-linux-gnu/lib/rustlib/x86_64-unknown-linux-gnu/lib/libgimli-4ad84de58f0cb463.rlib" "/opt/rustwide/rustup-home/toolchains/1.75.0-x86_64-unknown-linux-gnu/lib/rustlib/x86_64-unknown-linux-gnu/lib/librustc_demangle-0d10aae2e0f38735.rlib" "/opt/rustwide/rustup-home/toolchains/1.75.0-x86_64-unknown-linux-gnu/lib/rustlib/x86_64-unknown-linux-gnu/lib/libstd_detect-0c17cff739e6745b.rlib" "/opt/rustwide/rustup-home/toolchains/1.75.0-x86_64-unknown-linux-gnu/lib/rustlib/x86_64-unknown-linux-gnu/lib/libhashbrown-b29e17139dde1aa8.rlib" "/opt/rustwide/rustup-home/toolchains/1.75.0-x86_64-unknown-linux-gnu/lib/rustlib/x86_64-unknown-linux-gnu/lib/librustc_std_workspace_alloc-1f975299829cc7bd.rlib" "/opt/rustwide/rustup-home/toolchains/1.75.0-x86_64-unknown-linux-gnu/lib/rustlib/x86_64-unknown-linux-gnu/lib/libminiz_oxide-86bae3bc3079f89b.rlib" "/opt/rustwide/rustup-home/toolchains/1.75.0-x86_64-unknown-linux-gnu/lib/rustlib/x86_64-unknown-linux-gnu/lib/libadler-321b82c30dffdf5f.rlib" "/opt/rustwide/rustup-home/toolchains/1.75.0-x86_64-unknown-linux-gnu/lib/rustlib/x86_64-unknown-linux-gnu/lib/libunwind-3dd8a6810a0bdfef.rlib" "/opt/rustwide/rustup-home/toolchains/1.75.0-x86_64-unknown-linux-gnu/lib/rustlib/x86_64-unknown-linux-gnu/lib/libcfg_if-eb39a61c0c879984.rlib" "/opt/rustwide/rustup-home/toolchains/1.75.0-x86_64-unknown-linux-gnu/lib/rustlib/x86_64-unknown-linux-gnu/lib/liblibc-aa769569f91c3548.rlib" "/opt/rustwide/rustup-home/toolchains/1.75.0-x86_64-unknown-linux-gnu/lib/rustlib/x86_64-unknown-linux-gnu/lib/liballoc-510a192a50a983ed.rlib" "/opt/rustwide/rustup-home/toolchains/1.75.0-x86_64-unknown-linux-gnu/lib/rustlib/x86_64-unknown-linux-gnu/lib/librustc_std_workspace_core-0577018320f99037.rlib" "/opt/rustwide/rustup-home/toolchains/1.75.0-x86_64-unknown-linux-gnu/lib/rustlib/x86_64-unknown-linux-gnu/lib/libcore-193cf992125ccd4c.rlib" "/opt/rustwide/rustup-home/toolchains/1.75.0-x86_64-unknown-linux-gnu/lib/rustlib/x86_64-unknown-linux-gnu/lib/libcompiler_builtins-8e138eaf26ebb4a8.rlib" "-Wl,-Bdynamic" "-lc" "-lm" "-lrt" "-lpthread" "-lgcc_s" "-lutil" "-lrt" "-lpthread" "-lm" "-ldl" "-lc" "-Wl,--eh-frame-hdr" "-Wl,-z,noexecstack" "-L" "/opt/rustwide/rustup-home/toolchains/1.75.0-x86_64-unknown-linux-gnu/lib/rustlib/x86_64-unknown-linux-gnu/lib" "-o" "/tmp/rustdoctestjlYFaP/rust_out" "-Wl,--gc-sections" "-pie" "-Wl,-z,relro,-z,now" "-nodefaultlibs"
[INFO] [stdout]   = note: collect2: fatal error: ld terminated with signal 9 [Killed]
[INFO] [stdout]           compilation terminated.
[INFO] [stdout]           
[INFO] [stdout] 
[INFO] [stdout] error: aborting due to previous error
[INFO] [stdout] 
[INFO] [stdout] Couldn't compile the test.
[INFO] [stdout] ---- src/data/math/generator/generator1d.rs - data::math::generator::generator1d::Generator1d::InputAsOutput (line 91) stdout ----
[INFO] [stdout] error: linking with `cc` failed: exit status: 1
[INFO] [stdout]   |
[INFO] [stdout]   = note: LC_ALL="C" PATH="/opt/rustwide/rustup-home/toolchains/1.75.0-x86_64-unknown-linux-gnu/lib/rustlib/x86_64-unknown-linux-gnu/bin:/opt/rustwide/cargo-home/bin:/usr/local/sbin:/usr/local/bin:/usr/sbin:/usr/bin:/sbin:/bin" VSLANG="1033" "cc" "-m64" "/tmp/rustcLEe4gh/symbols.o" "/tmp/rustdoctest4B60Ez/rust_out.rust_out.263fb70ac1c95110-cgu.0.rcgu.o" "/tmp/rustdoctest4B60Ez/rust_out.2uel00cfmdh5ufit.rcgu.o" "-Wl,--as-needed" "-L" "/opt/rustwide/target/debug/deps" "-L" "/opt/rustwide/target/debug/deps" "-L" "/opt/rustwide/rustup-home/toolchains/1.75.0-x86_64-unknown-linux-gnu/lib/rustlib/x86_64-unknown-linux-gnu/lib" "-Wl,-Bstatic" "/opt/rustwide/target/debug/deps/libomg_core-c16b93f2a5b6555e.rlib" "/opt/rustwide/target/debug/deps/libenv_logger-31695f6a3d181a5c.rlib" "/opt/rustwide/target/debug/deps/libatty-e68dda7c7eae598c.rlib" "/opt/rustwide/target/debug/deps/libtermcolor-6dec0f4bbbe42dd1.rlib" "/opt/rustwide/target/debug/deps/libhumantime-e2a10e0b2bfa2002.rlib" "/opt/rustwide/target/debug/deps/libregex-b41547a324934d35.rlib" "/opt/rustwide/target/debug/deps/libregex_automata-41b935b8a0326771.rlib" "/opt/rustwide/target/debug/deps/libaho_corasick-c461b2416345444e.rlib" "/opt/rustwide/target/debug/deps/libmemchr-94009dd89ebb9d8d.rlib" "/opt/rustwide/target/debug/deps/libregex_syntax-ec727727d9e652fd.rlib" "/opt/rustwide/target/debug/deps/libchrono-4a2133ca54ed328f.rlib" "/opt/rustwide/target/debug/deps/libiana_time_zone-528d9768cce5eb89.rlib" "/opt/rustwide/target/debug/deps/libnoise-662b2b7237a5c1cd.rlib" "/opt/rustwide/target/debug/deps/libimage-6dbb0839951df361.rlib" "/opt/rustwide/target/debug/deps/libbytemuck-125af42282dcde0d.rlib" "/opt/rustwide/target/debug/deps/libpng-fc8b557e59a93002.rlib" "/opt/rustwide/target/debug/deps/libminiz_oxide-f0f70e23dbb2504a.rlib" "/opt/rustwide/target/debug/deps/libcrc32fast-664446237529ebff.rlib" "/opt/rustwide/target/debug/deps/libdeflate-41ea0b7246350e8d.rlib" "/opt/rustwide/target/debug/deps/libadler32-8dd0b9a34d7f5b64.rlib" "/opt/rustwide/target/debug/deps/libbitflags-b7cee2ca4fb438d0.rlib" "/opt/rustwide/target/debug/deps/libnum_iter-158c607f7781e07e.rlib" "/opt/rustwide/target/debug/deps/libscoped_threadpool-cf49c53216faf76b.rlib" "/opt/rustwide/target/debug/deps/libnum_rational-8ca787bceac37dc3.rlib" "/opt/rustwide/target/debug/deps/libnum_integer-72322c190b4ad37c.rlib" "/opt/rustwide/target/debug/deps/libgif-be6f3641dce8a1be.rlib" "/opt/rustwide/target/debug/deps/libcolor_quant-76e42fe6d44f3f56.rlib" "/opt/rustwide/target/debug/deps/libbyteorder-e9468b374a0c0c11.rlib" "/opt/rustwide/target/debug/deps/libtiff-a4a88cee8f16e5f3.rlib" "/opt/rustwide/target/debug/deps/libweezl-a8534d2a4eb9698a.rlib" "/opt/rustwide/target/debug/deps/libminiz_oxide-1581aa5f6a84a1e1.rlib" "/opt/rustwide/target/debug/deps/libadler-c8f2240c56a0abca.rlib" "/opt/rustwide/target/debug/deps/libjpeg_decoder-51d0f9b49ca22b9f.rlib" "/opt/rustwide/target/debug/deps/librayon-53dad4369efd59d7.rlib" "/opt/rustwide/target/debug/deps/librayon_core-8dd177d1d0894898.rlib" "/opt/rustwide/target/debug/deps/libcrossbeam_deque-a71826c26bd18f0b.rlib" "/opt/rustwide/target/debug/deps/libcrossbeam_epoch-810062665aa560cf.rlib" "/opt/rustwide/target/debug/deps/libcrossbeam_utils-69155c9edb6d0618.rlib" "/opt/rustwide/target/debug/deps/libeither-02329136bf214899.rlib" "/opt/rustwide/target/debug/deps/librand_xorshift-0172c98a3b154e2b.rlib" "/opt/rustwide/target/debug/deps/librand-4fdf4edb46ddfe68.rlib" "/opt/rustwide/target/debug/deps/librand_chacha-69cdddecc5623803.rlib" "/opt/rustwide/target/debug/deps/libppv_lite86-9f808eb911999ef2.rlib" "/opt/rustwide/target/debug/deps/librand_core-6d13eea9a6a6b3d9.rlib" "/opt/rustwide/target/debug/deps/libgetrandom-896d1a8dd99def87.rlib" "/opt/rustwide/target/debug/deps/liblibc-b911f0b3efb8300e.rlib" "/opt/rustwide/target/debug/deps/libcfg_if-61dc7a6799e72b18.rlib" "/opt/rustwide/target/debug/deps/libnum_traits-aa75f3964f70d2b4.rlib" "/opt/rustwide/target/debug/deps/libanyhow-309ab2c875f40ec7.rlib" "/opt/rustwide/target/debug/deps/libunwrap-7facfadede0c4ecc.rlib" "/opt/rustwide/target/debug/deps/liblog-e491f2c1d0b13538.rlib" "/opt/rustwide/rustup-home/toolchains/1.75.0-x86_64-unknown-linux-gnu/lib/rustlib/x86_64-unknown-linux-gnu/lib/libstd-90f6ddbf82de36ec.rlib" "/opt/rustwide/rustup-home/toolchains/1.75.0-x86_64-unknown-linux-gnu/lib/rustlib/x86_64-unknown-linux-gnu/lib/libpanic_unwind-480c41e9d4e1f677.rlib" "/opt/rustwide/rustup-home/toolchains/1.75.0-x86_64-unknown-linux-gnu/lib/rustlib/x86_64-unknown-linux-gnu/lib/libobject-db744c0ca03eed1d.rlib" "/opt/rustwide/rustup-home/toolchains/1.75.0-x86_64-unknown-linux-gnu/lib/rustlib/x86_64-unknown-linux-gnu/lib/libmemchr-8ba652dc7d4b285a.rlib" "/opt/rustwide/rustup-home/toolchains/1.75.0-x86_64-unknown-linux-gnu/lib/rustlib/x86_64-unknown-linux-gnu/lib/libaddr2line-d5f4520a9ebc0d58.rlib" "/opt/rustwide/rustup-home/toolchains/1.75.0-x86_64-unknown-linux-gnu/lib/rustlib/x86_64-unknown-linux-gnu/lib/libgimli-4ad84de58f0cb463.rlib" "/opt/rustwide/rustup-home/toolchains/1.75.0-x86_64-unknown-linux-gnu/lib/rustlib/x86_64-unknown-linux-gnu/lib/librustc_demangle-0d10aae2e0f38735.rlib" "/opt/rustwide/rustup-home/toolchains/1.75.0-x86_64-unknown-linux-gnu/lib/rustlib/x86_64-unknown-linux-gnu/lib/libstd_detect-0c17cff739e6745b.rlib" "/opt/rustwide/rustup-home/toolchains/1.75.0-x86_64-unknown-linux-gnu/lib/rustlib/x86_64-unknown-linux-gnu/lib/libhashbrown-b29e17139dde1aa8.rlib" "/opt/rustwide/rustup-home/toolchains/1.75.0-x86_64-unknown-linux-gnu/lib/rustlib/x86_64-unknown-linux-gnu/lib/librustc_std_workspace_alloc-1f975299829cc7bd.rlib" "/opt/rustwide/rustup-home/toolchains/1.75.0-x86_64-unknown-linux-gnu/lib/rustlib/x86_64-unknown-linux-gnu/lib/libminiz_oxide-86bae3bc3079f89b.rlib" "/opt/rustwide/rustup-home/toolchains/1.75.0-x86_64-unknown-linux-gnu/lib/rustlib/x86_64-unknown-linux-gnu/lib/libadler-321b82c30dffdf5f.rlib" "/opt/rustwide/rustup-home/toolchains/1.75.0-x86_64-unknown-linux-gnu/lib/rustlib/x86_64-unknown-linux-gnu/lib/libunwind-3dd8a6810a0bdfef.rlib" "/opt/rustwide/rustup-home/toolchains/1.75.0-x86_64-unknown-linux-gnu/lib/rustlib/x86_64-unknown-linux-gnu/lib/libcfg_if-eb39a61c0c879984.rlib" "/opt/rustwide/rustup-home/toolchains/1.75.0-x86_64-unknown-linux-gnu/lib/rustlib/x86_64-unknown-linux-gnu/lib/liblibc-aa769569f91c3548.rlib" "/opt/rustwide/rustup-home/toolchains/1.75.0-x86_64-unknown-linux-gnu/lib/rustlib/x86_64-unknown-linux-gnu/lib/liballoc-510a192a50a983ed.rlib" "/opt/rustwide/rustup-home/toolchains/1.75.0-x86_64-unknown-linux-gnu/lib/rustlib/x86_64-unknown-linux-gnu/lib/librustc_std_workspace_core-0577018320f99037.rlib" "/opt/rustwide/rustup-home/toolchains/1.75.0-x86_64-unknown-linux-gnu/lib/rustlib/x86_64-unknown-linux-gnu/lib/libcore-193cf992125ccd4c.rlib" "/opt/rustwide/rustup-home/toolchains/1.75.0-x86_64-unknown-linux-gnu/lib/rustlib/x86_64-unknown-linux-gnu/lib/libcompiler_builtins-8e138eaf26ebb4a8.rlib" "-Wl,-Bdynamic" "-lc" "-lm" "-lrt" "-lpthread" "-lgcc_s" "-lutil" "-lrt" "-lpthread" "-lm" "-ldl" "-lc" "-Wl,--eh-frame-hdr" "-Wl,-z,noexecstack" "-L" "/opt/rustwide/rustup-home/toolchains/1.75.0-x86_64-unknown-linux-gnu/lib/rustlib/x86_64-unknown-linux-gnu/lib" "-o" "/tmp/rustdoctest4B60Ez/rust_out" "-Wl,--gc-sections" "-pie" "-Wl,-z,relro,-z,now" "-nodefaultlibs"
[INFO] [stdout]   = note: collect2: fatal error: ld terminated with signal 9 [Killed]
[INFO] [stdout]           compilation terminated.
[INFO] [stdout]           
[INFO] [stdout] 
[INFO] [stdout] error: aborting due to previous error
[INFO] [stdout] 
[INFO] [stdout] Couldn't compile the test.
[INFO] [stdout] 
[INFO] [stdout] failures:
[INFO] [stdout]     src/data/color.rs - data::color::Color::g (line 46)
[INFO] [stdout]     src/data/color.rs - data::color::Color::gray (line 22)
[INFO] [stdout]     src/data/map/attribute.rs - data::map::attribute::Attribute (line 162)
[INFO] [stdout]     src/data/map/attribute.rs - data::map::attribute::Attribute::name (line 60)
[INFO] [stdout]     src/data/map/attribute.rs - data::map::attribute::Attribute::replace_some (line 132)
[INFO] [stdout]     src/data/map/mod.rs - data::map::Map2d::get_attribute (line 127)
[INFO] [stdout]     src/data/map/mod.rs - data::map::Map2d::get_attribute_mut (line 142)
[INFO] [stdout]     src/data/map/mod.rs - data::map::get_attribute_mut (line 187)
[INFO] [stdout]     src/data/math/generator/generator1d.rs - data::math::generator::generator1d::Generator1d::InputAsOutput (line 91)
[INFO] [stdout] 
[INFO] [stdout] test result: FAILED. 75 passed; 9 failed; 0 ignored; 0 measured; 0 filtered out; finished in 30.38s
[INFO] [stdout] 
[INFO] [stderr] error: doctest failed, to rerun pass `--doc`
[INFO] running `Command { std: "docker" "inspect" "66739f2b874aaf9c3d0edebfe7bd652241138f72aa34d82850fbf401000eaf96", kill_on_drop: false }`
[INFO] running `Command { std: "docker" "rm" "-f" "66739f2b874aaf9c3d0edebfe7bd652241138f72aa34d82850fbf401000eaf96", kill_on_drop: false }`
[INFO] [stdout] 66739f2b874aaf9c3d0edebfe7bd652241138f72aa34d82850fbf401000eaf96
[INFO] testing omg_core-0.1.0 against beta-2023-12-22 for beta-1.76-1
[INFO] extracting crate omg_core 0.1.0 into /workspace/builds/worker-4-tc2/source
[INFO] validating manifest of crates.io crate omg_core 0.1.0 on toolchain beta-2023-12-22
[INFO] running `Command { std: CARGO_HOME="/workspace/cargo-home" RUSTUP_HOME="/workspace/rustup-home" "/workspace/cargo-home/bin/cargo" "+beta-2023-12-22" "metadata" "--manifest-path" "Cargo.toml" "--no-deps", kill_on_drop: false }`
[INFO] started tweaking crates.io crate omg_core 0.1.0
[INFO] finished tweaking crates.io crate omg_core 0.1.0
[INFO] tweaked toml for crates.io crate omg_core 0.1.0 written to /workspace/builds/worker-4-tc2/source/Cargo.toml
[INFO] running `Command { std: CARGO_HOME="/workspace/cargo-home" RUSTUP_HOME="/workspace/rustup-home" "/workspace/cargo-home/bin/cargo" "+beta-2023-12-22" "generate-lockfile" "--manifest-path" "Cargo.toml", kill_on_drop: false }`
[INFO] [stderr]     Blocking waiting for file lock on package cache
[INFO] [stderr]     Updating crates.io index
[INFO] running `Command { std: CARGO_HOME="/workspace/cargo-home" RUSTUP_HOME="/workspace/rustup-home" "/workspace/cargo-home/bin/cargo" "+beta-2023-12-22" "fetch" "--manifest-path" "Cargo.toml", kill_on_drop: false }`
[INFO] running `Command { std: "docker" "create" "-v" "/var/lib/crater-agent-workspace/builds/worker-4-tc2/target:/opt/rustwide/target:rw,Z" "-v" "/var/lib/crater-agent-workspace/builds/worker-4-tc2/source:/opt/rustwide/workdir:ro,Z" "-v" "/var/lib/crater-agent-workspace/cargo-home:/opt/rustwide/cargo-home:ro,Z" "-v" "/var/lib/crater-agent-workspace/rustup-home:/opt/rustwide/rustup-home:ro,Z" "-e" "SOURCE_DIR=/opt/rustwide/workdir" "-e" "CARGO_TARGET_DIR=/opt/rustwide/target" "-e" "CARGO_HOME=/opt/rustwide/cargo-home" "-e" "RUSTUP_HOME=/opt/rustwide/rustup-home" "-w" "/opt/rustwide/workdir" "-m" "1610612736" "--user" "0:0" "--network" "none" "ghcr.io/rust-lang/crates-build-env/linux@sha256:2788e3201cd34a07e3172128adcd8b3090168a8e3bcc40d7c032b9dda1df7d1c" "/opt/rustwide/cargo-home/bin/cargo" "+beta-2023-12-22" "metadata" "--no-deps" "--format-version=1", kill_on_drop: false }`
[INFO] [stdout] 039deb4c336a4c17702268e9fc7ad305aa77f2ba929633d086bab58f5cc70908
[INFO] running `Command { std: "docker" "start" "-a" "039deb4c336a4c17702268e9fc7ad305aa77f2ba929633d086bab58f5cc70908", kill_on_drop: false }`
[INFO] running `Command { std: "docker" "inspect" "039deb4c336a4c17702268e9fc7ad305aa77f2ba929633d086bab58f5cc70908", kill_on_drop: false }`
[INFO] running `Command { std: "docker" "rm" "-f" "039deb4c336a4c17702268e9fc7ad305aa77f2ba929633d086bab58f5cc70908", kill_on_drop: false }`
[INFO] [stdout] 039deb4c336a4c17702268e9fc7ad305aa77f2ba929633d086bab58f5cc70908
[INFO] running `Command { std: "docker" "create" "-v" "/var/lib/crater-agent-workspace/builds/worker-4-tc2/target:/opt/rustwide/target:rw,Z" "-v" "/var/lib/crater-agent-workspace/builds/worker-4-tc2/source:/opt/rustwide/workdir:ro,Z" "-v" "/var/lib/crater-agent-workspace/cargo-home:/opt/rustwide/cargo-home:ro,Z" "-v" "/var/lib/crater-agent-workspace/rustup-home:/opt/rustwide/rustup-home:ro,Z" "-e" "SOURCE_DIR=/opt/rustwide/workdir" "-e" "CARGO_TARGET_DIR=/opt/rustwide/target" "-e" "CARGO_INCREMENTAL=0" "-e" "RUST_BACKTRACE=full" "-e" "RUSTFLAGS=--cap-lints=warn" "-e" "RUSTDOCFLAGS=--cap-lints=warn" "-e" "CARGO_HOME=/opt/rustwide/cargo-home" "-e" "RUSTUP_HOME=/opt/rustwide/rustup-home" "-w" "/opt/rustwide/workdir" "-m" "1610612736" "--user" "0:0" "--network" "none" "ghcr.io/rust-lang/crates-build-env/linux@sha256:2788e3201cd34a07e3172128adcd8b3090168a8e3bcc40d7c032b9dda1df7d1c" "/opt/rustwide/cargo-home/bin/cargo" "+beta-2023-12-22" "build" "--frozen" "--message-format=json", kill_on_drop: false }`
[INFO] [stdout] 6852fc947ce4e8a9875fd8927c940785faab5b3bdca23e59fe513b0cba4e3157
[INFO] running `Command { std: "docker" "start" "-a" "6852fc947ce4e8a9875fd8927c940785faab5b3bdca23e59fe513b0cba4e3157", kill_on_drop: false }`
[INFO] [stderr]    Compiling libc v0.2.151
[INFO] [stderr]    Compiling crossbeam-utils v0.8.18
[INFO] [stderr]    Compiling num-traits v0.2.17
[INFO] [stderr]    Compiling memchr v2.7.1
[INFO] [stderr]    Compiling rayon-core v1.12.0
[INFO] [stderr]    Compiling num-integer v0.1.45
[INFO] [stderr]    Compiling proc-macro2 v1.0.75
[INFO] [stderr]    Compiling miniz_oxide v0.4.4
[INFO] [stderr]    Compiling either v1.9.0
[INFO] [stderr]    Compiling adler32 v1.2.0
[INFO] [stderr]    Compiling crc32fast v1.3.2
[INFO] [stderr]    Compiling num-iter v0.1.43
[INFO] [stderr]    Compiling aho-corasick v1.1.2
[INFO] [stderr]    Compiling num-rational v0.3.2
[INFO] [stderr]    Compiling byteorder v1.5.0
[INFO] [stderr]    Compiling crossbeam-epoch v0.9.17
[INFO] [stderr]    Compiling weezl v0.1.7
[INFO] [stderr]    Compiling syn v1.0.109
[INFO] [stderr]    Compiling crossbeam-deque v0.8.4
[INFO] [stderr]    Compiling getrandom v0.1.16
[INFO] [stderr]    Compiling rand_core v0.5.1
[INFO] [stderr]    Compiling deflate v0.8.6
[INFO] [stderr]    Compiling quote v1.0.35
[INFO] [stderr]    Compiling miniz_oxide v0.3.7
[INFO] [stderr]    Compiling bitflags v1.3.2
[INFO] [stderr]    Compiling regex-syntax v0.8.2
[INFO] [stderr]    Compiling color_quant v1.1.0
[INFO] [stderr]    Compiling rayon v1.8.0
[INFO] [stderr]    Compiling png v0.16.8
[INFO] [stderr]    Compiling gif v0.11.4
[INFO] [stderr]    Compiling rand_chacha v0.2.2
[INFO] [stderr]    Compiling regex-automata v0.4.3
[INFO] [stderr]    Compiling unicode-width v0.1.11
[INFO] [stderr]    Compiling scoped_threadpool v0.1.9
[INFO] [stderr]    Compiling anyhow v1.0.79
[INFO] [stderr]    Compiling svg v0.5.12
[INFO] [stderr]    Compiling jpeg-decoder v0.1.22
[INFO] [stderr]    Compiling pom v1.1.0
[INFO] [stderr]    Compiling bytemuck v1.14.0
[INFO] [stderr]    Compiling rand v0.7.3
[INFO] [stderr]    Compiling tiff v0.6.1
[INFO] [stderr]    Compiling svgbob v0.4.1
[INFO] [stderr]    Compiling image v0.23.14
[INFO] [stderr]    Compiling regex v1.10.2
[INFO] [stderr]    Compiling rand_xorshift v0.2.0
[INFO] [stderr]    Compiling atty v0.2.14
[INFO] [stderr]    Compiling lazy_static v1.4.0
[INFO] [stderr]    Compiling termcolor v1.4.0
[INFO] [stderr]    Compiling humantime v2.1.0
[INFO] [stderr]    Compiling base64 v0.12.3
[INFO] [stderr]    Compiling iana-time-zone v0.1.59
[INFO] [stderr]    Compiling derive-new v0.5.9
[INFO] [stderr]    Compiling chrono v0.4.31
[INFO] [stderr]    Compiling env_logger v0.8.4
[INFO] [stderr]    Compiling unwrap v1.2.1
[INFO] [stderr]    Compiling svgbobdoc v0.2.3
[INFO] [stderr]    Compiling noise v0.7.0
[INFO] [stderr]    Compiling omg_core v0.1.0 (/opt/rustwide/workdir)
[INFO] [stderr]     Finished dev [unoptimized + debuginfo] target(s) in 22.96s
[INFO] [stderr] warning: the following packages contain code that will be rejected by a future version of Rust: svg v0.5.12
[INFO] [stderr] note: to see what the problems were, use the option `--future-incompat-report`, or run `cargo report future-incompatibilities --id 1`
[INFO] running `Command { std: "docker" "inspect" "6852fc947ce4e8a9875fd8927c940785faab5b3bdca23e59fe513b0cba4e3157", kill_on_drop: false }`
[INFO] running `Command { std: "docker" "rm" "-f" "6852fc947ce4e8a9875fd8927c940785faab5b3bdca23e59fe513b0cba4e3157", kill_on_drop: false }`
[INFO] [stdout] 6852fc947ce4e8a9875fd8927c940785faab5b3bdca23e59fe513b0cba4e3157
[INFO] running `Command { std: "docker" "create" "-v" "/var/lib/crater-agent-workspace/builds/worker-4-tc2/target:/opt/rustwide/target:rw,Z" "-v" "/var/lib/crater-agent-workspace/builds/worker-4-tc2/source:/opt/rustwide/workdir:ro,Z" "-v" "/var/lib/crater-agent-workspace/cargo-home:/opt/rustwide/cargo-home:ro,Z" "-v" "/var/lib/crater-agent-workspace/rustup-home:/opt/rustwide/rustup-home:ro,Z" "-e" "SOURCE_DIR=/opt/rustwide/workdir" "-e" "CARGO_TARGET_DIR=/opt/rustwide/target" "-e" "CARGO_INCREMENTAL=0" "-e" "RUST_BACKTRACE=full" "-e" "RUSTFLAGS=--cap-lints=warn" "-e" "RUSTDOCFLAGS=--cap-lints=warn" "-e" "CARGO_HOME=/opt/rustwide/cargo-home" "-e" "RUSTUP_HOME=/opt/rustwide/rustup-home" "-w" "/opt/rustwide/workdir" "-m" "1610612736" "--user" "0:0" "--network" "none" "ghcr.io/rust-lang/crates-build-env/linux@sha256:2788e3201cd34a07e3172128adcd8b3090168a8e3bcc40d7c032b9dda1df7d1c" "/opt/rustwide/cargo-home/bin/cargo" "+beta-2023-12-22" "test" "--frozen" "--no-run" "--message-format=json", kill_on_drop: false }`
[INFO] [stdout] 4ad41e4aa03b6988493e8cc95eee1e70752249171849fcae82e29c484d958538
[INFO] running `Command { std: "docker" "start" "-a" "4ad41e4aa03b6988493e8cc95eee1e70752249171849fcae82e29c484d958538", kill_on_drop: false }`
[INFO] [stderr]    Compiling omg_core v0.1.0 (/opt/rustwide/workdir)
[INFO] [stderr]     Finished test [unoptimized + debuginfo] target(s) in 1.14s
[INFO] [stderr] warning: the following packages contain code that will be rejected by a future version of Rust: svg v0.5.12
[INFO] [stderr] note: to see what the problems were, use the option `--future-incompat-report`, or run `cargo report future-incompatibilities --id 1`
[INFO] running `Command { std: "docker" "inspect" "4ad41e4aa03b6988493e8cc95eee1e70752249171849fcae82e29c484d958538", kill_on_drop: false }`
[INFO] running `Command { std: "docker" "rm" "-f" "4ad41e4aa03b6988493e8cc95eee1e70752249171849fcae82e29c484d958538", kill_on_drop: false }`
[INFO] [stdout] 4ad41e4aa03b6988493e8cc95eee1e70752249171849fcae82e29c484d958538
[INFO] running `Command { std: "docker" "create" "-v" "/var/lib/crater-agent-workspace/builds/worker-4-tc2/target:/opt/rustwide/target:rw,Z" "-v" "/var/lib/crater-agent-workspace/builds/worker-4-tc2/source:/opt/rustwide/workdir:ro,Z" "-v" "/var/lib/crater-agent-workspace/cargo-home:/opt/rustwide/cargo-home:ro,Z" "-v" "/var/lib/crater-agent-workspace/rustup-home:/opt/rustwide/rustup-home:ro,Z" "-e" "SOURCE_DIR=/opt/rustwide/workdir" "-e" "CARGO_TARGET_DIR=/opt/rustwide/target" "-e" "CARGO_INCREMENTAL=0" "-e" "RUST_BACKTRACE=full" "-e" "RUSTFLAGS=--cap-lints=warn" "-e" "RUSTDOCFLAGS=--cap-lints=warn" "-e" "CARGO_HOME=/opt/rustwide/cargo-home" "-e" "RUSTUP_HOME=/opt/rustwide/rustup-home" "-w" "/opt/rustwide/workdir" "-m" "1610612736" "--user" "0:0" "--network" "none" "ghcr.io/rust-lang/crates-build-env/linux@sha256:2788e3201cd34a07e3172128adcd8b3090168a8e3bcc40d7c032b9dda1df7d1c" "/opt/rustwide/cargo-home/bin/cargo" "+beta-2023-12-22" "test" "--frozen", kill_on_drop: false }`
[INFO] [stdout] d15ad37c9197740467e9bd52172686ca741ed6ce3ee0cf78ab0f5dc564885c46
[INFO] running `Command { std: "docker" "start" "-a" "d15ad37c9197740467e9bd52172686ca741ed6ce3ee0cf78ab0f5dc564885c46", kill_on_drop: false }`
[INFO] [stderr]     Finished test [unoptimized + debuginfo] target(s) in 0.05s
[INFO] [stderr] warning: the following packages contain code that will be rejected by a future version of Rust: svg v0.5.12
[INFO] [stderr] note: to see what the problems were, use the option `--future-incompat-report`, or run `cargo report future-incompatibilities --id 1`
[INFO] [stderr]      Running unittests src/lib.rs (/opt/rustwide/target/debug/deps/omg_core-4193ee7e1b6a29fb)
[INFO] [stdout] 
[INFO] [stdout] running 12 tests
[INFO] [stdout] test data::color::tests::test_from_string_ignore_case ... ok
[INFO] [stdout] test data::color::tests::test_from_empty_string ... ok
[INFO] [stdout] test data::color::tests::test_from_string_invalid_start ... ok
[INFO] [stdout] test data::color::tests::test_from_string_part ... ok
[INFO] [stdout] test data::math::generator::generator1d::tests::test_input_bigger_than_max_output ... ok
[INFO] [stdout] test data::math::interpolation::tests::test_lerp_from_high_to_low ... ok
[INFO] [stdout] test data::math::interpolation::tests::test_lerp_same_number ... ok
[INFO] [stdout] test data::math::interpolation::tests::test_lerp_with_negative_factor ... ok
[INFO] [stdout] test data::math::interpolation::tests::test_lerp_with_too_high_factor ... ok
[INFO] [stdout] test data::math::interpolation::vector::tests::test_after_the_last_element ... ok
[INFO] [stdout] test data::math::interpolation::vector::tests::test_before_the_first_element ... ok
[INFO] [stdout] test data::math::interpolation::vector::tests::test_with_float ... ok
[INFO] [stdout] 
[INFO] [stdout] test result: ok. 12 passed; 0 failed; 0 ignored; 0 measured; 0 filtered out; finished in 0.00s
[INFO] [stdout] 
[INFO] [stderr]    Doc-tests omg_core
[INFO] [stdout] 
[INFO] [stdout] running 84 tests
[INFO] [stdout] test src/data/map/attribute.rs - data::map::attribute::Attribute (line 162) ... FAILED
[INFO] [stdout] test src/data/color.rs - data::color::Color::g (line 46) ... FAILED
[INFO] [stdout] test src/data/color.rs - data::color::Color::b (line 56) ... ok
[INFO] [stdout] test src/data/color.rs - data::color::Color::gray (line 22) ... ok
[INFO] [stdout] test src/data/color.rs - data::color::Color (line 102) ... ok
[INFO] [stdout] test src/data/color.rs - data::color::String (line 89) ... ok
[INFO] [stdout] test src/data/color.rs - data::color::Color::lerp (line 138) ... ok
[INFO] [stdout] test src/data/color.rs - data::color::Color::r (line 36) ... ok
[INFO] [stdout] test src/data/map/attribute.rs - data::map::attribute::Attribute (line 175) ... ok
[INFO] [stdout] test src/data/map/attribute.rs - data::map::attribute::Attribute (line 192) ... ok
[INFO] [stdout] test src/data/map/attribute.rs - data::map::attribute::Attribute::new (line 29) ... FAILED
[INFO] [stdout] test src/data/map/attribute.rs - data::map::attribute::Attribute::name (line 60) ... ok
[INFO] [stdout] test src/data/map/attribute.rs - data::map::attribute::Attribute::replace_all (line 100) ... ok
[INFO] [stdout] test src/data/map/attribute.rs - data::map::attribute::Attribute (line 206) ... ok
[INFO] [stdout] test src/data/map/attribute.rs - data::map::attribute::Attribute::get_all (line 87) ... ok
[INFO] [stdout] test src/data/map/attribute.rs - data::map::attribute::Attribute::new (line 37) ... ok
[INFO] [stdout] test src/data/map/attribute.rs - data::map::attribute::Attribute::replace_all (line 114) ... ok
[INFO] [stdout] test src/data/map/attribute.rs - data::map::attribute::Attribute::replace_some (line 132) ... ok
[INFO] [stdout] test src/data/map/attribute.rs - data::map::attribute::Attribute::replace_some (line 146) ... ok
[INFO] [stdout] test src/data/map/attribute.rs - data::map::attribute::Attribute::size (line 73) ... ok
[INFO] [stdout] test src/data/map/mod.rs - data::map::Map2d::create_attribute (line 57) ... ok
[INFO] [stdout] test src/data/map/mod.rs - data::map::Map2d::create_attribute (line 68) ... ok
[INFO] [stdout] test src/data/map/mod.rs - data::map::Map2d::get_attribute (line 127) ... ok
[INFO] [stdout] test src/data/map/mod.rs - data::map::Map2d::get_attribute_id (line 110) ... ok
[INFO] [stdout] test src/data/map/mod.rs - data::map::Map2d::get_attribute_mut (line 142) ... ok
[INFO] [stdout] test src/data/map/mod.rs - data::map::Map2d::with_name (line 25) ... ok
[INFO] [stdout] test src/data/map/mod.rs - data::map::get_attribute (line 159) ... ok
[INFO] [stdout] test src/data/map/mod.rs - data::map::get_attribute (line 174) ... ok
[INFO] [stdout] test src/data/map/mod.rs - data::map::get_attribute_mut (line 203) ... ok
[INFO] [stdout] test src/data/map/mod.rs - data::map::get_attribute_mut (line 187) ... ok
[INFO] [stdout] test src/data/math/distance.rs - data::math::distance::calculate_distance (line 3) ... ok
[INFO] [stdout] test src/data/math/distance.rs - data::math::distance::calculate_distance (line 15) ... ok
[INFO] [stdout] test src/data/math/generator/generator1d.rs - data::math::generator::generator1d::Generator1d::AbsoluteGradient (line 19) ... FAILED
[INFO] [stdout] test src/data/math/generator/generator1d.rs - data::math::generator::generator1d::Generator1d::Gradient (line 58) ... ok
[INFO] [stdout] test src/data/math/generator/generator2d.rs - data::math::generator::generator2d::Generator2d::ApplyToDistance (line 50) ... ok
[INFO] [stdout] test src/data/math/generator/generator1d.rs - data::math::generator::generator1d::Generator1d::InterpolateVector (line 108) ... ok
[INFO] [stdout] test src/data/math/generator/generator1d.rs - data::math::generator::generator1d::Generator1d::InputAsOutput (line 91) ... ok
[INFO] [stdout] test src/data/math/generator/generator2d.rs - data::math::generator::generator2d::Generator2d::ApplyToX (line 14) ... ok
[INFO] [stdout] test src/data/math/generator/generator2d.rs - data::math::generator::generator2d::Generator2d::ApplyToY (line 32) ... ok
[INFO] [stdout] test src/data/math/generator/generator2d.rs - data::math::generator::generator2d::Generator2d::IndexGenerator (line 68) ... ok
[INFO] [stdout] test src/data/math/generator/gradient.rs - data::math::generator::gradient::Gradient::new (line 15) ... ok
[INFO] [stdout] test src/data/math/generator/gradient.rs - data::math::generator::gradient::Gradient::new (line 22) ... ok
[INFO] [stdout] test src/data/math/interpolation/mod.rs - data::math::interpolation::u8::lerp (line 12) ... FAILED
[INFO] [stdout] test src/data/math/interpolation/mod.rs - data::math::interpolation::lerp (line 24) ... ok
[INFO] [stdout] test src/data/math/generator/noise.rs - data::math::generator::noise::Noise::new (line 36) ... ok
[INFO] [stdout] test src/data/math/generator/noise.rs - data::math::generator::noise::Noise::new (line 30) ... ok
[INFO] [stdout] test src/data/math/interpolation/vector.rs - data::math::interpolation::vector::VectorInterpolator<T,V>::new (line 32) ... ok
[INFO] [stdout] test src/data/math/interpolation/vector.rs - data::math::interpolation::vector::VectorInterpolator<T,V>::interpolate (line 74) ... ok
[INFO] [stdout] test src/data/math/interpolation/vector.rs - data::math::interpolation::vector::VectorInterpolator<T,V>::new (line 39) ... ok
[INFO] [stdout] test src/data/math/selector.rs - data::math::selector::Selector::Const (line 15) ... ok
[INFO] [stdout] test src/data/math/size2d.rs - data::math::size2d::Size2d (line 216) ... FAILED
[INFO] [stdout] test src/data/math/selector.rs - data::math::selector::Selector::Lookup (line 40) ... ok
[INFO] [stdout] test src/data/math/selector.rs - data::math::selector::Selector::InterpolatePair (line 22) ... ok
[INFO] [stdout] test src/data/math/size2d.rs - data::math::size2d::Size2d::height (line 81) ... ok
[INFO] [stdout] test src/data/math/size2d.rs - data::math::size2d::Size2d (line 197) ... ok
[INFO] [stdout] test src/data/math/size2d.rs - data::math::size2d::Size2d::get_area (line 59) ... ok
[INFO] [stdout] test src/data/math/selector.rs - data::math::selector::Selector::InterpolateVector (line 31) ... ok
[INFO] [stdout] test src/data/math/size2d.rs - data::math::size2d::Size2d::new (line 35) ... FAILED
[INFO] [stdout] test src/data/math/size2d.rs - data::math::size2d::Size2d::is_inside (line 92) ... ok
[INFO] [stdout] test src/data/math/size2d.rs - data::math::size2d::Size2d::saturating_to_index (line 171) ... ok
[INFO] [stdout] test src/data/math/size2d.rs - data::math::size2d::Size2d::to_x (line 109) ... ok
[INFO] [stdout] test src/data/math/size2d.rs - data::math::size2d::Size2d::to_x_and_y (line 131) ... ok
[INFO] [stdout] test src/data/math/size2d.rs - data::math::size2d::Size2d::to_index (line 142) ... ok
[INFO] [stdout] test src/data/math/size2d.rs - data::math::size2d::Size2d::saturating_to_index (line 179) ... ok
[INFO] [stdout] test src/data/math/transformer/threshold.rs - data::math::transformer::threshold::OverwriteWithThreshold<T>::overwrite_if_above (line 21) ... ok
[INFO] [stdout] test src/data/math/size2d.rs - data::math::size2d::Size2d::to_index_risky (line 160) ... ok
[INFO] [stdout] test src/data/math/transformer/threshold.rs - data::math::transformer::threshold::OverwriteWithThreshold<T>::overwrite_output_if_above (line 41) ... ok
[INFO] [stdout] test src/data/math/transformer/threshold.rs - data::math::transformer::threshold::OverwriteWithThreshold<T>::overwrite_if_below (line 61) ... ok
[INFO] [stdout] test src/data/math/transformer/threshold.rs - data::math::transformer::threshold::OverwriteWithThreshold<T>::overwrite_output_if_below (line 81) ... ok
[INFO] [stdout] test src/data/math/size2d.rs - data::math::size2d::Size2d::width (line 70) ... ok
[INFO] [stdout] test src/data/math/transformer/lookup2d.rs - data::math::transformer::lookup2d::LookupTable2d::lookup (line 71) ... ok
[INFO] [stdout] test src/data/math/size2d.rs - data::math::size2d::Size2d::to_y (line 120) ... ok
[INFO] [stdout] test src/data/math/transformer/transformer1d.rs - data::math::transformer::transformer1d::Transformer1d::OverwriteWithMap (line 15) ... ok
[INFO] [stdout] test src/generation/attributes/create.rs - generation::attributes::create::CreateAttributeStep::new (line 15) ... ok
[INFO] [stdout] test src/data/math/transformer/transformer1d.rs - data::math::transformer::transformer1d::Transformer1d<T>::with_map (line 40) ... ok
[INFO] [stdout] test src/data/math/transformer/lookup2d.rs - data::math::transformer::lookup2d::LookupTable2d::new (line 33) ... ok
[INFO] [stdout] test src/generation/attributes/create.rs - generation::attributes::create::CreateAttributeStep::run (line 39) ... ok
[INFO] [stdout] test src/generation/attributes/distortion1d.rs - generation::attributes::distortion1d::Distortion1dStep::distort_along_x (line 23) ... ok
[INFO] [stdout] test src/generation/attributes/generator.rs - generation::attributes::generator::GeneratorStep::add (line 43) ... ok
[INFO] [stdout] test src/generation/attributes/generator.rs - generation::attributes::generator::GeneratorStep::sub (line 84) ... ok
[INFO] [stdout] test src/generation/attributes/distortion1d.rs - generation::attributes::distortion1d::Distortion1dStep::distort_along_y (line 54) ... ok
[INFO] [stdout] test src/generation/mod.rs - generation::MapGenerator::new (line 35) ... ok
[INFO] [stdout] test src/generation/mod.rs - generation::MapGenerator::new (line 23) ... ok
[INFO] [stdout] test src/generation/attributes/transformer.rs - generation::attributes::transformer::TransformAttribute2dStep::run (line 61) ... ok
[INFO] [stdout] 
[INFO] [stdout] failures:
[INFO] [stdout] 
[INFO] [stdout] ---- src/data/map/attribute.rs - data::map::attribute::Attribute (line 162) stdout ----
[INFO] [stdout] error: linking with `cc` failed: exit status: 1
[INFO] [stdout]   |
[INFO] [stdout]   = note: LC_ALL="C" PATH="/opt/rustwide/rustup-home/toolchains/beta-2023-12-22-x86_64-unknown-linux-gnu/lib/rustlib/x86_64-unknown-linux-gnu/bin:/opt/rustwide/cargo-home/bin:/usr/local/sbin:/usr/local/bin:/usr/sbin:/usr/bin:/sbin:/bin" VSLANG="1033" "cc" "-m64" "/tmp/rustcvcIHm2/symbols.o" "/tmp/rustdoctestWiMpH0/rust_out.rust_out.1380c8ea7c88b8e2-cgu.0.rcgu.o" "/tmp/rustdoctestWiMpH0/rust_out.3lr6z6385pynyhem.rcgu.o" "-Wl,--as-needed" "-L" "/opt/rustwide/target/debug/deps" "-L" "/opt/rustwide/target/debug/deps" "-L" "/opt/rustwide/rustup-home/toolchains/beta-2023-12-22-x86_64-unknown-linux-gnu/lib/rustlib/x86_64-unknown-linux-gnu/lib" "-Wl,-Bstatic" "/opt/rustwide/target/debug/deps/libomg_core-5efdb1f4acf34531.rlib" "/opt/rustwide/target/debug/deps/libenv_logger-e55e007f16f0fbc2.rlib" "/opt/rustwide/target/debug/deps/libatty-d6a3f1e586cef21f.rlib" "/opt/rustwide/target/debug/deps/libtermcolor-35be6d70e8358f35.rlib" "/opt/rustwide/target/debug/deps/libhumantime-ce381c4933d03978.rlib" "/opt/rustwide/target/debug/deps/libregex-9f6250b56ca01b95.rlib" "/opt/rustwide/target/debug/deps/libregex_automata-4dbfde1347fa3685.rlib" "/opt/rustwide/target/debug/deps/libaho_corasick-0efee17d6ff570a3.rlib" "/opt/rustwide/target/debug/deps/libmemchr-14a47255884553ca.rlib" "/opt/rustwide/target/debug/deps/libregex_syntax-36e7ddff41779e57.rlib" "/opt/rustwide/target/debug/deps/libchrono-d83908acf87cc48e.rlib" "/opt/rustwide/target/debug/deps/libiana_time_zone-0d3ced6f0a9aca0f.rlib" "/opt/rustwide/target/debug/deps/libnoise-861b1dc0d4c517aa.rlib" "/opt/rustwide/target/debug/deps/libimage-a4f1de113a28a5bc.rlib" "/opt/rustwide/target/debug/deps/libbytemuck-c68724a20902a6a1.rlib" "/opt/rustwide/target/debug/deps/libpng-47d94277662a99d3.rlib" "/opt/rustwide/target/debug/deps/libminiz_oxide-20067e9d4eb649d0.rlib" "/opt/rustwide/target/debug/deps/libcrc32fast-dbea8ee6fb11ce73.rlib" "/opt/rustwide/target/debug/deps/libdeflate-08f58d41dee97e9f.rlib" "/opt/rustwide/target/debug/deps/libadler32-69fdd68b0d4b86c1.rlib" "/opt/rustwide/target/debug/deps/libbitflags-85e13ed1e0c6d910.rlib" "/opt/rustwide/target/debug/deps/libnum_iter-810a55c5d12e4843.rlib" "/opt/rustwide/target/debug/deps/libscoped_threadpool-293da0d486a11c11.rlib" "/opt/rustwide/target/debug/deps/libnum_rational-5cd7658d2ab98352.rlib" "/opt/rustwide/target/debug/deps/libnum_integer-bb4b859741ccff3e.rlib" "/opt/rustwide/target/debug/deps/libgif-cd9b7c1e4d8256a5.rlib" "/opt/rustwide/target/debug/deps/libcolor_quant-da6050448bfc3046.rlib" "/opt/rustwide/target/debug/deps/libbyteorder-6ac88002c46ec63a.rlib" "/opt/rustwide/target/debug/deps/libtiff-80162ccec1c45908.rlib" "/opt/rustwide/target/debug/deps/libweezl-eabccf4d1be8e8f8.rlib" "/opt/rustwide/target/debug/deps/libminiz_oxide-4bc5ea9a20ea8bf6.rlib" "/opt/rustwide/target/debug/deps/libadler-eba61f23bb3cdb48.rlib" "/opt/rustwide/target/debug/deps/libjpeg_decoder-945f88c1a782cfa3.rlib" "/opt/rustwide/target/debug/deps/librayon-68170cd22df7b5ff.rlib" "/opt/rustwide/target/debug/deps/librayon_core-f98d50869bce52bf.rlib" "/opt/rustwide/target/debug/deps/libcrossbeam_deque-be056fd2b4a80808.rlib" "/opt/rustwide/target/debug/deps/libcrossbeam_epoch-9872cc9bcdbb2d05.rlib" "/opt/rustwide/target/debug/deps/libcrossbeam_utils-3c8428aeb3adff12.rlib" "/opt/rustwide/target/debug/deps/libeither-53fc968d8fef4dab.rlib" "/opt/rustwide/target/debug/deps/librand_xorshift-244b6e8516b3a852.rlib" "/opt/rustwide/target/debug/deps/librand-9a32459c5d78960c.rlib" "/opt/rustwide/target/debug/deps/librand_chacha-eb916d3d86527927.rlib" "/opt/rustwide/target/debug/deps/libppv_lite86-db48c90fa293bcfe.rlib" "/opt/rustwide/target/debug/deps/librand_core-218b5402804cb08e.rlib" "/opt/rustwide/target/debug/deps/libgetrandom-2ba0dcb8ed77e99f.rlib" "/opt/rustwide/target/debug/deps/liblibc-449fce0ba19f2718.rlib" "/opt/rustwide/target/debug/deps/libcfg_if-e7002d307f97bc56.rlib" "/opt/rustwide/target/debug/deps/libnum_traits-cc64df6c73429046.rlib" "/opt/rustwide/target/debug/deps/libanyhow-5d20277346359413.rlib" "/opt/rustwide/target/debug/deps/libunwrap-c259f3f9a1b06f0f.rlib" "/opt/rustwide/target/debug/deps/liblog-2cf4a51dfa4e790a.rlib" "/opt/rustwide/rustup-home/toolchains/beta-2023-12-22-x86_64-unknown-linux-gnu/lib/rustlib/x86_64-unknown-linux-gnu/lib/libstd-0672489a78b613de.rlib" "/opt/rustwide/rustup-home/toolchains/beta-2023-12-22-x86_64-unknown-linux-gnu/lib/rustlib/x86_64-unknown-linux-gnu/lib/libpanic_unwind-7eb3ffc34a49f675.rlib" "/opt/rustwide/rustup-home/toolchains/beta-2023-12-22-x86_64-unknown-linux-gnu/lib/rustlib/x86_64-unknown-linux-gnu/lib/libobject-6478a9daa4bee8e2.rlib" "/opt/rustwide/rustup-home/toolchains/beta-2023-12-22-x86_64-unknown-linux-gnu/lib/rustlib/x86_64-unknown-linux-gnu/lib/libmemchr-0c75d871a5c3923d.rlib" "/opt/rustwide/rustup-home/toolchains/beta-2023-12-22-x86_64-unknown-linux-gnu/lib/rustlib/x86_64-unknown-linux-gnu/lib/libaddr2line-d163ef63ad37bb71.rlib" "/opt/rustwide/rustup-home/toolchains/beta-2023-12-22-x86_64-unknown-linux-gnu/lib/rustlib/x86_64-unknown-linux-gnu/lib/libgimli-8a3fd810a85b9f4c.rlib" "/opt/rustwide/rustup-home/toolchains/beta-2023-12-22-x86_64-unknown-linux-gnu/lib/rustlib/x86_64-unknown-linux-gnu/lib/librustc_demangle-462a2cde8c5dfc10.rlib" "/opt/rustwide/rustup-home/toolchains/beta-2023-12-22-x86_64-unknown-linux-gnu/lib/rustlib/x86_64-unknown-linux-gnu/lib/libstd_detect-cb06ac9f54713f71.rlib" "/opt/rustwide/rustup-home/toolchains/beta-2023-12-22-x86_64-unknown-linux-gnu/lib/rustlib/x86_64-unknown-linux-gnu/lib/libhashbrown-f20bfd1f8e59b393.rlib" "/opt/rustwide/rustup-home/toolchains/beta-2023-12-22-x86_64-unknown-linux-gnu/lib/rustlib/x86_64-unknown-linux-gnu/lib/librustc_std_workspace_alloc-1ef460949b49da4b.rlib" "/opt/rustwide/rustup-home/toolchains/beta-2023-12-22-x86_64-unknown-linux-gnu/lib/rustlib/x86_64-unknown-linux-gnu/lib/libminiz_oxide-2cb0c0ffe4f87514.rlib" "/opt/rustwide/rustup-home/toolchains/beta-2023-12-22-x86_64-unknown-linux-gnu/lib/rustlib/x86_64-unknown-linux-gnu/lib/libadler-58d841eb322a11a2.rlib" "/opt/rustwide/rustup-home/toolchains/beta-2023-12-22-x86_64-unknown-linux-gnu/lib/rustlib/x86_64-unknown-linux-gnu/lib/libunwind-aa2ae0b0a9d11533.rlib" "/opt/rustwide/rustup-home/toolchains/beta-2023-12-22-x86_64-unknown-linux-gnu/lib/rustlib/x86_64-unknown-linux-gnu/lib/libcfg_if-23874e15830ed336.rlib" "/opt/rustwide/rustup-home/toolchains/beta-2023-12-22-x86_64-unknown-linux-gnu/lib/rustlib/x86_64-unknown-linux-gnu/lib/liblibc-e47cddc003bce885.rlib" "/opt/rustwide/rustup-home/toolchains/beta-2023-12-22-x86_64-unknown-linux-gnu/lib/rustlib/x86_64-unknown-linux-gnu/lib/liballoc-c22b13b48a8f128e.rlib" "/opt/rustwide/rustup-home/toolchains/beta-2023-12-22-x86_64-unknown-linux-gnu/lib/rustlib/x86_64-unknown-linux-gnu/lib/librustc_std_workspace_core-e46bc3da6d7c462f.rlib" "/opt/rustwide/rustup-home/toolchains/beta-2023-12-22-x86_64-unknown-linux-gnu/lib/rustlib/x86_64-unknown-linux-gnu/lib/libcore-8d1ac131d3cb2645.rlib" "/opt/rustwide/rustup-home/toolchains/beta-2023-12-22-x86_64-unknown-linux-gnu/lib/rustlib/x86_64-unknown-linux-gnu/lib/libcompiler_builtins-a1b43df8c6899c1f.rlib" "-Wl,-Bdynamic" "-lc" "-lm" "-lrt" "-lpthread" "-lgcc_s" "-lutil" "-lrt" "-lpthread" "-lm" "-ldl" "-lc" "-Wl,--eh-frame-hdr" "-Wl,-z,noexecstack" "-L" "/opt/rustwide/rustup-home/toolchains/beta-2023-12-22-x86_64-unknown-linux-gnu/lib/rustlib/x86_64-unknown-linux-gnu/lib" "-o" "/tmp/rustdoctestWiMpH0/rust_out" "-Wl,--gc-sections" "-pie" "-Wl,-z,relro,-z,now" "-nodefaultlibs"
[INFO] [stdout]   = note: collect2: fatal error: ld terminated with signal 9 [Killed]
[INFO] [stdout]           compilation terminated.
[INFO] [stdout]           
[INFO] [stdout] 
[INFO] [stdout] error: aborting due to 1 previous error
[INFO] [stdout] 
[INFO] [stdout] Couldn't compile the test.
[INFO] [stdout] ---- src/data/color.rs - data::color::Color::g (line 46) stdout ----
[INFO] [stdout] error: linking with `cc` failed: exit status: 1
[INFO] [stdout]   |
[INFO] [stdout]   = note: LC_ALL="C" PATH="/opt/rustwide/rustup-home/toolchains/beta-2023-12-22-x86_64-unknown-linux-gnu/lib/rustlib/x86_64-unknown-linux-gnu/bin:/opt/rustwide/cargo-home/bin:/usr/local/sbin:/usr/local/bin:/usr/sbin:/usr/bin:/sbin:/bin" VSLANG="1033" "cc" "-m64" "/tmp/rustcrBw3YH/symbols.o" "/tmp/rustdoctestilV684/rust_out.rust_out.1380c8ea7c88b8e2-cgu.0.rcgu.o" "/tmp/rustdoctestilV684/rust_out.3lr6z6385pynyhem.rcgu.o" "-Wl,--as-needed" "-L" "/opt/rustwide/target/debug/deps" "-L" "/opt/rustwide/target/debug/deps" "-L" "/opt/rustwide/rustup-home/toolchains/beta-2023-12-22-x86_64-unknown-linux-gnu/lib/rustlib/x86_64-unknown-linux-gnu/lib" "-Wl,-Bstatic" "/opt/rustwide/target/debug/deps/libomg_core-5efdb1f4acf34531.rlib" "/opt/rustwide/target/debug/deps/libenv_logger-e55e007f16f0fbc2.rlib" "/opt/rustwide/target/debug/deps/libatty-d6a3f1e586cef21f.rlib" "/opt/rustwide/target/debug/deps/libtermcolor-35be6d70e8358f35.rlib" "/opt/rustwide/target/debug/deps/libhumantime-ce381c4933d03978.rlib" "/opt/rustwide/target/debug/deps/libregex-9f6250b56ca01b95.rlib" "/opt/rustwide/target/debug/deps/libregex_automata-4dbfde1347fa3685.rlib" "/opt/rustwide/target/debug/deps/libaho_corasick-0efee17d6ff570a3.rlib" "/opt/rustwide/target/debug/deps/libmemchr-14a47255884553ca.rlib" "/opt/rustwide/target/debug/deps/libregex_syntax-36e7ddff41779e57.rlib" "/opt/rustwide/target/debug/deps/libchrono-d83908acf87cc48e.rlib" "/opt/rustwide/target/debug/deps/libiana_time_zone-0d3ced6f0a9aca0f.rlib" "/opt/rustwide/target/debug/deps/libnoise-861b1dc0d4c517aa.rlib" "/opt/rustwide/target/debug/deps/libimage-a4f1de113a28a5bc.rlib" "/opt/rustwide/target/debug/deps/libbytemuck-c68724a20902a6a1.rlib" "/opt/rustwide/target/debug/deps/libpng-47d94277662a99d3.rlib" "/opt/rustwide/target/debug/deps/libminiz_oxide-20067e9d4eb649d0.rlib" "/opt/rustwide/target/debug/deps/libcrc32fast-dbea8ee6fb11ce73.rlib" "/opt/rustwide/target/debug/deps/libdeflate-08f58d41dee97e9f.rlib" "/opt/rustwide/target/debug/deps/libadler32-69fdd68b0d4b86c1.rlib" "/opt/rustwide/target/debug/deps/libbitflags-85e13ed1e0c6d910.rlib" "/opt/rustwide/target/debug/deps/libnum_iter-810a55c5d12e4843.rlib" "/opt/rustwide/target/debug/deps/libscoped_threadpool-293da0d486a11c11.rlib" "/opt/rustwide/target/debug/deps/libnum_rational-5cd7658d2ab98352.rlib" "/opt/rustwide/target/debug/deps/libnum_integer-bb4b859741ccff3e.rlib" "/opt/rustwide/target/debug/deps/libgif-cd9b7c1e4d8256a5.rlib" "/opt/rustwide/target/debug/deps/libcolor_quant-da6050448bfc3046.rlib" "/opt/rustwide/target/debug/deps/libbyteorder-6ac88002c46ec63a.rlib" "/opt/rustwide/target/debug/deps/libtiff-80162ccec1c45908.rlib" "/opt/rustwide/target/debug/deps/libweezl-eabccf4d1be8e8f8.rlib" "/opt/rustwide/target/debug/deps/libminiz_oxide-4bc5ea9a20ea8bf6.rlib" "/opt/rustwide/target/debug/deps/libadler-eba61f23bb3cdb48.rlib" "/opt/rustwide/target/debug/deps/libjpeg_decoder-945f88c1a782cfa3.rlib" "/opt/rustwide/target/debug/deps/librayon-68170cd22df7b5ff.rlib" "/opt/rustwide/target/debug/deps/librayon_core-f98d50869bce52bf.rlib" "/opt/rustwide/target/debug/deps/libcrossbeam_deque-be056fd2b4a80808.rlib" "/opt/rustwide/target/debug/deps/libcrossbeam_epoch-9872cc9bcdbb2d05.rlib" "/opt/rustwide/target/debug/deps/libcrossbeam_utils-3c8428aeb3adff12.rlib" "/opt/rustwide/target/debug/deps/libeither-53fc968d8fef4dab.rlib" "/opt/rustwide/target/debug/deps/librand_xorshift-244b6e8516b3a852.rlib" "/opt/rustwide/target/debug/deps/librand-9a32459c5d78960c.rlib" "/opt/rustwide/target/debug/deps/librand_chacha-eb916d3d86527927.rlib" "/opt/rustwide/target/debug/deps/libppv_lite86-db48c90fa293bcfe.rlib" "/opt/rustwide/target/debug/deps/librand_core-218b5402804cb08e.rlib" "/opt/rustwide/target/debug/deps/libgetrandom-2ba0dcb8ed77e99f.rlib" "/opt/rustwide/target/debug/deps/liblibc-449fce0ba19f2718.rlib" "/opt/rustwide/target/debug/deps/libcfg_if-e7002d307f97bc56.rlib" "/opt/rustwide/target/debug/deps/libnum_traits-cc64df6c73429046.rlib" "/opt/rustwide/target/debug/deps/libanyhow-5d20277346359413.rlib" "/opt/rustwide/target/debug/deps/libunwrap-c259f3f9a1b06f0f.rlib" "/opt/rustwide/target/debug/deps/liblog-2cf4a51dfa4e790a.rlib" "/opt/rustwide/rustup-home/toolchains/beta-2023-12-22-x86_64-unknown-linux-gnu/lib/rustlib/x86_64-unknown-linux-gnu/lib/libstd-0672489a78b613de.rlib" "/opt/rustwide/rustup-home/toolchains/beta-2023-12-22-x86_64-unknown-linux-gnu/lib/rustlib/x86_64-unknown-linux-gnu/lib/libpanic_unwind-7eb3ffc34a49f675.rlib" "/opt/rustwide/rustup-home/toolchains/beta-2023-12-22-x86_64-unknown-linux-gnu/lib/rustlib/x86_64-unknown-linux-gnu/lib/libobject-6478a9daa4bee8e2.rlib" "/opt/rustwide/rustup-home/toolchains/beta-2023-12-22-x86_64-unknown-linux-gnu/lib/rustlib/x86_64-unknown-linux-gnu/lib/libmemchr-0c75d871a5c3923d.rlib" "/opt/rustwide/rustup-home/toolchains/beta-2023-12-22-x86_64-unknown-linux-gnu/lib/rustlib/x86_64-unknown-linux-gnu/lib/libaddr2line-d163ef63ad37bb71.rlib" "/opt/rustwide/rustup-home/toolchains/beta-2023-12-22-x86_64-unknown-linux-gnu/lib/rustlib/x86_64-unknown-linux-gnu/lib/libgimli-8a3fd810a85b9f4c.rlib" "/opt/rustwide/rustup-home/toolchains/beta-2023-12-22-x86_64-unknown-linux-gnu/lib/rustlib/x86_64-unknown-linux-gnu/lib/librustc_demangle-462a2cde8c5dfc10.rlib" "/opt/rustwide/rustup-home/toolchains/beta-2023-12-22-x86_64-unknown-linux-gnu/lib/rustlib/x86_64-unknown-linux-gnu/lib/libstd_detect-cb06ac9f54713f71.rlib" "/opt/rustwide/rustup-home/toolchains/beta-2023-12-22-x86_64-unknown-linux-gnu/lib/rustlib/x86_64-unknown-linux-gnu/lib/libhashbrown-f20bfd1f8e59b393.rlib" "/opt/rustwide/rustup-home/toolchains/beta-2023-12-22-x86_64-unknown-linux-gnu/lib/rustlib/x86_64-unknown-linux-gnu/lib/librustc_std_workspace_alloc-1ef460949b49da4b.rlib" "/opt/rustwide/rustup-home/toolchains/beta-2023-12-22-x86_64-unknown-linux-gnu/lib/rustlib/x86_64-unknown-linux-gnu/lib/libminiz_oxide-2cb0c0ffe4f87514.rlib" "/opt/rustwide/rustup-home/toolchains/beta-2023-12-22-x86_64-unknown-linux-gnu/lib/rustlib/x86_64-unknown-linux-gnu/lib/libadler-58d841eb322a11a2.rlib" "/opt/rustwide/rustup-home/toolchains/beta-2023-12-22-x86_64-unknown-linux-gnu/lib/rustlib/x86_64-unknown-linux-gnu/lib/libunwind-aa2ae0b0a9d11533.rlib" "/opt/rustwide/rustup-home/toolchains/beta-2023-12-22-x86_64-unknown-linux-gnu/lib/rustlib/x86_64-unknown-linux-gnu/lib/libcfg_if-23874e15830ed336.rlib" "/opt/rustwide/rustup-home/toolchains/beta-2023-12-22-x86_64-unknown-linux-gnu/lib/rustlib/x86_64-unknown-linux-gnu/lib/liblibc-e47cddc003bce885.rlib" "/opt/rustwide/rustup-home/toolchains/beta-2023-12-22-x86_64-unknown-linux-gnu/lib/rustlib/x86_64-unknown-linux-gnu/lib/liballoc-c22b13b48a8f128e.rlib" "/opt/rustwide/rustup-home/toolchains/beta-2023-12-22-x86_64-unknown-linux-gnu/lib/rustlib/x86_64-unknown-linux-gnu/lib/librustc_std_workspace_core-e46bc3da6d7c462f.rlib" "/opt/rustwide/rustup-home/toolchains/beta-2023-12-22-x86_64-unknown-linux-gnu/lib/rustlib/x86_64-unknown-linux-gnu/lib/libcore-8d1ac131d3cb2645.rlib" "/opt/rustwide/rustup-home/toolchains/beta-2023-12-22-x86_64-unknown-linux-gnu/lib/rustlib/x86_64-unknown-linux-gnu/lib/libcompiler_builtins-a1b43df8c6899c1f.rlib" "-Wl,-Bdynamic" "-lc" "-lm" "-lrt" "-lpthread" "-lgcc_s" "-lutil" "-lrt" "-lpthread" "-lm" "-ldl" "-lc" "-Wl,--eh-frame-hdr" "-Wl,-z,noexecstack" "-L" "/opt/rustwide/rustup-home/toolchains/beta-2023-12-22-x86_64-unknown-linux-gnu/lib/rustlib/x86_64-unknown-linux-gnu/lib" "-o" "/tmp/rustdoctestilV684/rust_out" "-Wl,--gc-sections" "-pie" "-Wl,-z,relro,-z,now" "-nodefaultlibs"
[INFO] [stdout]   = note: collect2: fatal error: ld terminated with signal 9 [Killed]
[INFO] [stdout]           compilation terminated.
[INFO] [stdout]           
[INFO] [stdout] 
[INFO] [stdout] error: aborting due to 1 previous error
[INFO] [stdout] 
[INFO] [stdout] Couldn't compile the test.
[INFO] [stdout] ---- src/data/map/attribute.rs - data::map::attribute::Attribute::new (line 29) stdout ----
[INFO] [stdout] error: linking with `cc` failed: exit status: 1
[INFO] [stdout]   |
[INFO] [stdout]   = note: LC_ALL="C" PATH="/opt/rustwide/rustup-home/toolchains/beta-2023-12-22-x86_64-unknown-linux-gnu/lib/rustlib/x86_64-unknown-linux-gnu/bin:/opt/rustwide/cargo-home/bin:/usr/local/sbin:/usr/local/bin:/usr/sbin:/usr/bin:/sbin:/bin" VSLANG="1033" "cc" "-m64" "/tmp/rustcCoOGyZ/symbols.o" "/tmp/rustdoctestK2Iqn9/rust_out.rust_out.1380c8ea7c88b8e2-cgu.0.rcgu.o" "/tmp/rustdoctestK2Iqn9/rust_out.3lr6z6385pynyhem.rcgu.o" "-Wl,--as-needed" "-L" "/opt/rustwide/target/debug/deps" "-L" "/opt/rustwide/target/debug/deps" "-L" "/opt/rustwide/rustup-home/toolchains/beta-2023-12-22-x86_64-unknown-linux-gnu/lib/rustlib/x86_64-unknown-linux-gnu/lib" "-Wl,-Bstatic" "/opt/rustwide/target/debug/deps/libomg_core-5efdb1f4acf34531.rlib" "/opt/rustwide/target/debug/deps/libenv_logger-e55e007f16f0fbc2.rlib" "/opt/rustwide/target/debug/deps/libatty-d6a3f1e586cef21f.rlib" "/opt/rustwide/target/debug/deps/libtermcolor-35be6d70e8358f35.rlib" "/opt/rustwide/target/debug/deps/libhumantime-ce381c4933d03978.rlib" "/opt/rustwide/target/debug/deps/libregex-9f6250b56ca01b95.rlib" "/opt/rustwide/target/debug/deps/libregex_automata-4dbfde1347fa3685.rlib" "/opt/rustwide/target/debug/deps/libaho_corasick-0efee17d6ff570a3.rlib" "/opt/rustwide/target/debug/deps/libmemchr-14a47255884553ca.rlib" "/opt/rustwide/target/debug/deps/libregex_syntax-36e7ddff41779e57.rlib" "/opt/rustwide/target/debug/deps/libchrono-d83908acf87cc48e.rlib" "/opt/rustwide/target/debug/deps/libiana_time_zone-0d3ced6f0a9aca0f.rlib" "/opt/rustwide/target/debug/deps/libnoise-861b1dc0d4c517aa.rlib" "/opt/rustwide/target/debug/deps/libimage-a4f1de113a28a5bc.rlib" "/opt/rustwide/target/debug/deps/libbytemuck-c68724a20902a6a1.rlib" "/opt/rustwide/target/debug/deps/libpng-47d94277662a99d3.rlib" "/opt/rustwide/target/debug/deps/libminiz_oxide-20067e9d4eb649d0.rlib" "/opt/rustwide/target/debug/deps/libcrc32fast-dbea8ee6fb11ce73.rlib" "/opt/rustwide/target/debug/deps/libdeflate-08f58d41dee97e9f.rlib" "/opt/rustwide/target/debug/deps/libadler32-69fdd68b0d4b86c1.rlib" "/opt/rustwide/target/debug/deps/libbitflags-85e13ed1e0c6d910.rlib" "/opt/rustwide/target/debug/deps/libnum_iter-810a55c5d12e4843.rlib" "/opt/rustwide/target/debug/deps/libscoped_threadpool-293da0d486a11c11.rlib" "/opt/rustwide/target/debug/deps/libnum_rational-5cd7658d2ab98352.rlib" "/opt/rustwide/target/debug/deps/libnum_integer-bb4b859741ccff3e.rlib" "/opt/rustwide/target/debug/deps/libgif-cd9b7c1e4d8256a5.rlib" "/opt/rustwide/target/debug/deps/libcolor_quant-da6050448bfc3046.rlib" "/opt/rustwide/target/debug/deps/libbyteorder-6ac88002c46ec63a.rlib" "/opt/rustwide/target/debug/deps/libtiff-80162ccec1c45908.rlib" "/opt/rustwide/target/debug/deps/libweezl-eabccf4d1be8e8f8.rlib" "/opt/rustwide/target/debug/deps/libminiz_oxide-4bc5ea9a20ea8bf6.rlib" "/opt/rustwide/target/debug/deps/libadler-eba61f23bb3cdb48.rlib" "/opt/rustwide/target/debug/deps/libjpeg_decoder-945f88c1a782cfa3.rlib" "/opt/rustwide/target/debug/deps/librayon-68170cd22df7b5ff.rlib" "/opt/rustwide/target/debug/deps/librayon_core-f98d50869bce52bf.rlib" "/opt/rustwide/target/debug/deps/libcrossbeam_deque-be056fd2b4a80808.rlib" "/opt/rustwide/target/debug/deps/libcrossbeam_epoch-9872cc9bcdbb2d05.rlib" "/opt/rustwide/target/debug/deps/libcrossbeam_utils-3c8428aeb3adff12.rlib" "/opt/rustwide/target/debug/deps/libeither-53fc968d8fef4dab.rlib" "/opt/rustwide/target/debug/deps/librand_xorshift-244b6e8516b3a852.rlib" "/opt/rustwide/target/debug/deps/librand-9a32459c5d78960c.rlib" "/opt/rustwide/target/debug/deps/librand_chacha-eb916d3d86527927.rlib" "/opt/rustwide/target/debug/deps/libppv_lite86-db48c90fa293bcfe.rlib" "/opt/rustwide/target/debug/deps/librand_core-218b5402804cb08e.rlib" "/opt/rustwide/target/debug/deps/libgetrandom-2ba0dcb8ed77e99f.rlib" "/opt/rustwide/target/debug/deps/liblibc-449fce0ba19f2718.rlib" "/opt/rustwide/target/debug/deps/libcfg_if-e7002d307f97bc56.rlib" "/opt/rustwide/target/debug/deps/libnum_traits-cc64df6c73429046.rlib" "/opt/rustwide/target/debug/deps/libanyhow-5d20277346359413.rlib" "/opt/rustwide/target/debug/deps/libunwrap-c259f3f9a1b06f0f.rlib" "/opt/rustwide/target/debug/deps/liblog-2cf4a51dfa4e790a.rlib" "/opt/rustwide/rustup-home/toolchains/beta-2023-12-22-x86_64-unknown-linux-gnu/lib/rustlib/x86_64-unknown-linux-gnu/lib/libstd-0672489a78b613de.rlib" "/opt/rustwide/rustup-home/toolchains/beta-2023-12-22-x86_64-unknown-linux-gnu/lib/rustlib/x86_64-unknown-linux-gnu/lib/libpanic_unwind-7eb3ffc34a49f675.rlib" "/opt/rustwide/rustup-home/toolchains/beta-2023-12-22-x86_64-unknown-linux-gnu/lib/rustlib/x86_64-unknown-linux-gnu/lib/libobject-6478a9daa4bee8e2.rlib" "/opt/rustwide/rustup-home/toolchains/beta-2023-12-22-x86_64-unknown-linux-gnu/lib/rustlib/x86_64-unknown-linux-gnu/lib/libmemchr-0c75d871a5c3923d.rlib" "/opt/rustwide/rustup-home/toolchains/beta-2023-12-22-x86_64-unknown-linux-gnu/lib/rustlib/x86_64-unknown-linux-gnu/lib/libaddr2line-d163ef63ad37bb71.rlib" "/opt/rustwide/rustup-home/toolchains/beta-2023-12-22-x86_64-unknown-linux-gnu/lib/rustlib/x86_64-unknown-linux-gnu/lib/libgimli-8a3fd810a85b9f4c.rlib" "/opt/rustwide/rustup-home/toolchains/beta-2023-12-22-x86_64-unknown-linux-gnu/lib/rustlib/x86_64-unknown-linux-gnu/lib/librustc_demangle-462a2cde8c5dfc10.rlib" "/opt/rustwide/rustup-home/toolchains/beta-2023-12-22-x86_64-unknown-linux-gnu/lib/rustlib/x86_64-unknown-linux-gnu/lib/libstd_detect-cb06ac9f54713f71.rlib" "/opt/rustwide/rustup-home/toolchains/beta-2023-12-22-x86_64-unknown-linux-gnu/lib/rustlib/x86_64-unknown-linux-gnu/lib/libhashbrown-f20bfd1f8e59b393.rlib" "/opt/rustwide/rustup-home/toolchains/beta-2023-12-22-x86_64-unknown-linux-gnu/lib/rustlib/x86_64-unknown-linux-gnu/lib/librustc_std_workspace_alloc-1ef460949b49da4b.rlib" "/opt/rustwide/rustup-home/toolchains/beta-2023-12-22-x86_64-unknown-linux-gnu/lib/rustlib/x86_64-unknown-linux-gnu/lib/libminiz_oxide-2cb0c0ffe4f87514.rlib" "/opt/rustwide/rustup-home/toolchains/beta-2023-12-22-x86_64-unknown-linux-gnu/lib/rustlib/x86_64-unknown-linux-gnu/lib/libadler-58d841eb322a11a2.rlib" "/opt/rustwide/rustup-home/toolchains/beta-2023-12-22-x86_64-unknown-linux-gnu/lib/rustlib/x86_64-unknown-linux-gnu/lib/libunwind-aa2ae0b0a9d11533.rlib" "/opt/rustwide/rustup-home/toolchains/beta-2023-12-22-x86_64-unknown-linux-gnu/lib/rustlib/x86_64-unknown-linux-gnu/lib/libcfg_if-23874e15830ed336.rlib" "/opt/rustwide/rustup-home/toolchains/beta-2023-12-22-x86_64-unknown-linux-gnu/lib/rustlib/x86_64-unknown-linux-gnu/lib/liblibc-e47cddc003bce885.rlib" "/opt/rustwide/rustup-home/toolchains/beta-2023-12-22-x86_64-unknown-linux-gnu/lib/rustlib/x86_64-unknown-linux-gnu/lib/liballoc-c22b13b48a8f128e.rlib" "/opt/rustwide/rustup-home/toolchains/beta-2023-12-22-x86_64-unknown-linux-gnu/lib/rustlib/x86_64-unknown-linux-gnu/lib/librustc_std_workspace_core-e46bc3da6d7c462f.rlib" "/opt/rustwide/rustup-home/toolchains/beta-2023-12-22-x86_64-unknown-linux-gnu/lib/rustlib/x86_64-unknown-linux-gnu/lib/libcore-8d1ac131d3cb2645.rlib" "/opt/rustwide/rustup-home/toolchains/beta-2023-12-22-x86_64-unknown-linux-gnu/lib/rustlib/x86_64-unknown-linux-gnu/lib/libcompiler_builtins-a1b43df8c6899c1f.rlib" "-Wl,-Bdynamic" "-lc" "-lm" "-lrt" "-lpthread" "-lgcc_s" "-lutil" "-lrt" "-lpthread" "-lm" "-ldl" "-lc" "-Wl,--eh-frame-hdr" "-Wl,-z,noexecstack" "-L" "/opt/rustwide/rustup-home/toolchains/beta-2023-12-22-x86_64-unknown-linux-gnu/lib/rustlib/x86_64-unknown-linux-gnu/lib" "-o" "/tmp/rustdoctestK2Iqn9/rust_out" "-Wl,--gc-sections" "-pie" "-Wl,-z,relro,-z,now" "-nodefaultlibs"
[INFO] [stdout]   = note: collect2: fatal error: ld terminated with signal 9 [Killed]
[INFO] [stdout]           compilation terminated.
[INFO] [stdout]           
[INFO] [stdout] 
[INFO] [stdout] error: aborting due to 1 previous error
[INFO] [stdout] 
[INFO] [stdout] Couldn't compile the test.
[INFO] [stdout] ---- src/data/math/generator/generator1d.rs - data::math::generator::generator1d::Generator1d::AbsoluteGradient (line 19) stdout ----
[INFO] [stdout] error: linking with `cc` failed: exit status: 1
[INFO] [stdout]   |
[INFO] [stdout]   = note: LC_ALL="C" PATH="/opt/rustwide/rustup-home/toolchains/beta-2023-12-22-x86_64-unknown-linux-gnu/lib/rustlib/x86_64-unknown-linux-gnu/bin:/opt/rustwide/cargo-home/bin:/usr/local/sbin:/usr/local/bin:/usr/sbin:/usr/bin:/sbin:/bin" VSLANG="1033" "cc" "-m64" "/tmp/rustcR6zwgI/symbols.o" "/tmp/rustdoctest1agqVm/rust_out.rust_out.1380c8ea7c88b8e2-cgu.0.rcgu.o" "/tmp/rustdoctest1agqVm/rust_out.3lr6z6385pynyhem.rcgu.o" "-Wl,--as-needed" "-L" "/opt/rustwide/target/debug/deps" "-L" "/opt/rustwide/target/debug/deps" "-L" "/opt/rustwide/rustup-home/toolchains/beta-2023-12-22-x86_64-unknown-linux-gnu/lib/rustlib/x86_64-unknown-linux-gnu/lib" "-Wl,-Bstatic" "/opt/rustwide/target/debug/deps/libomg_core-5efdb1f4acf34531.rlib" "/opt/rustwide/target/debug/deps/libenv_logger-e55e007f16f0fbc2.rlib" "/opt/rustwide/target/debug/deps/libatty-d6a3f1e586cef21f.rlib" "/opt/rustwide/target/debug/deps/libtermcolor-35be6d70e8358f35.rlib" "/opt/rustwide/target/debug/deps/libhumantime-ce381c4933d03978.rlib" "/opt/rustwide/target/debug/deps/libregex-9f6250b56ca01b95.rlib" "/opt/rustwide/target/debug/deps/libregex_automata-4dbfde1347fa3685.rlib" "/opt/rustwide/target/debug/deps/libaho_corasick-0efee17d6ff570a3.rlib" "/opt/rustwide/target/debug/deps/libmemchr-14a47255884553ca.rlib" "/opt/rustwide/target/debug/deps/libregex_syntax-36e7ddff41779e57.rlib" "/opt/rustwide/target/debug/deps/libchrono-d83908acf87cc48e.rlib" "/opt/rustwide/target/debug/deps/libiana_time_zone-0d3ced6f0a9aca0f.rlib" "/opt/rustwide/target/debug/deps/libnoise-861b1dc0d4c517aa.rlib" "/opt/rustwide/target/debug/deps/libimage-a4f1de113a28a5bc.rlib" "/opt/rustwide/target/debug/deps/libbytemuck-c68724a20902a6a1.rlib" "/opt/rustwide/target/debug/deps/libpng-47d94277662a99d3.rlib" "/opt/rustwide/target/debug/deps/libminiz_oxide-20067e9d4eb649d0.rlib" "/opt/rustwide/target/debug/deps/libcrc32fast-dbea8ee6fb11ce73.rlib" "/opt/rustwide/target/debug/deps/libdeflate-08f58d41dee97e9f.rlib" "/opt/rustwide/target/debug/deps/libadler32-69fdd68b0d4b86c1.rlib" "/opt/rustwide/target/debug/deps/libbitflags-85e13ed1e0c6d910.rlib" "/opt/rustwide/target/debug/deps/libnum_iter-810a55c5d12e4843.rlib" "/opt/rustwide/target/debug/deps/libscoped_threadpool-293da0d486a11c11.rlib" "/opt/rustwide/target/debug/deps/libnum_rational-5cd7658d2ab98352.rlib" "/opt/rustwide/target/debug/deps/libnum_integer-bb4b859741ccff3e.rlib" "/opt/rustwide/target/debug/deps/libgif-cd9b7c1e4d8256a5.rlib" "/opt/rustwide/target/debug/deps/libcolor_quant-da6050448bfc3046.rlib" "/opt/rustwide/target/debug/deps/libbyteorder-6ac88002c46ec63a.rlib" "/opt/rustwide/target/debug/deps/libtiff-80162ccec1c45908.rlib" "/opt/rustwide/target/debug/deps/libweezl-eabccf4d1be8e8f8.rlib" "/opt/rustwide/target/debug/deps/libminiz_oxide-4bc5ea9a20ea8bf6.rlib" "/opt/rustwide/target/debug/deps/libadler-eba61f23bb3cdb48.rlib" "/opt/rustwide/target/debug/deps/libjpeg_decoder-945f88c1a782cfa3.rlib" "/opt/rustwide/target/debug/deps/librayon-68170cd22df7b5ff.rlib" "/opt/rustwide/target/debug/deps/librayon_core-f98d50869bce52bf.rlib" "/opt/rustwide/target/debug/deps/libcrossbeam_deque-be056fd2b4a80808.rlib" "/opt/rustwide/target/debug/deps/libcrossbeam_epoch-9872cc9bcdbb2d05.rlib" "/opt/rustwide/target/debug/deps/libcrossbeam_utils-3c8428aeb3adff12.rlib" "/opt/rustwide/target/debug/deps/libeither-53fc968d8fef4dab.rlib" "/opt/rustwide/target/debug/deps/librand_xorshift-244b6e8516b3a852.rlib" "/opt/rustwide/target/debug/deps/librand-9a32459c5d78960c.rlib" "/opt/rustwide/target/debug/deps/librand_chacha-eb916d3d86527927.rlib" "/opt/rustwide/target/debug/deps/libppv_lite86-db48c90fa293bcfe.rlib" "/opt/rustwide/target/debug/deps/librand_core-218b5402804cb08e.rlib" "/opt/rustwide/target/debug/deps/libgetrandom-2ba0dcb8ed77e99f.rlib" "/opt/rustwide/target/debug/deps/liblibc-449fce0ba19f2718.rlib" "/opt/rustwide/target/debug/deps/libcfg_if-e7002d307f97bc56.rlib" "/opt/rustwide/target/debug/deps/libnum_traits-cc64df6c73429046.rlib" "/opt/rustwide/target/debug/deps/libanyhow-5d20277346359413.rlib" "/opt/rustwide/target/debug/deps/libunwrap-c259f3f9a1b06f0f.rlib" "/opt/rustwide/target/debug/deps/liblog-2cf4a51dfa4e790a.rlib" "/opt/rustwide/rustup-home/toolchains/beta-2023-12-22-x86_64-unknown-linux-gnu/lib/rustlib/x86_64-unknown-linux-gnu/lib/libstd-0672489a78b613de.rlib" "/opt/rustwide/rustup-home/toolchains/beta-2023-12-22-x86_64-unknown-linux-gnu/lib/rustlib/x86_64-unknown-linux-gnu/lib/libpanic_unwind-7eb3ffc34a49f675.rlib" "/opt/rustwide/rustup-home/toolchains/beta-2023-12-22-x86_64-unknown-linux-gnu/lib/rustlib/x86_64-unknown-linux-gnu/lib/libobject-6478a9daa4bee8e2.rlib" "/opt/rustwide/rustup-home/toolchains/beta-2023-12-22-x86_64-unknown-linux-gnu/lib/rustlib/x86_64-unknown-linux-gnu/lib/libmemchr-0c75d871a5c3923d.rlib" "/opt/rustwide/rustup-home/toolchains/beta-2023-12-22-x86_64-unknown-linux-gnu/lib/rustlib/x86_64-unknown-linux-gnu/lib/libaddr2line-d163ef63ad37bb71.rlib" "/opt/rustwide/rustup-home/toolchains/beta-2023-12-22-x86_64-unknown-linux-gnu/lib/rustlib/x86_64-unknown-linux-gnu/lib/libgimli-8a3fd810a85b9f4c.rlib" "/opt/rustwide/rustup-home/toolchains/beta-2023-12-22-x86_64-unknown-linux-gnu/lib/rustlib/x86_64-unknown-linux-gnu/lib/librustc_demangle-462a2cde8c5dfc10.rlib" "/opt/rustwide/rustup-home/toolchains/beta-2023-12-22-x86_64-unknown-linux-gnu/lib/rustlib/x86_64-unknown-linux-gnu/lib/libstd_detect-cb06ac9f54713f71.rlib" "/opt/rustwide/rustup-home/toolchains/beta-2023-12-22-x86_64-unknown-linux-gnu/lib/rustlib/x86_64-unknown-linux-gnu/lib/libhashbrown-f20bfd1f8e59b393.rlib" "/opt/rustwide/rustup-home/toolchains/beta-2023-12-22-x86_64-unknown-linux-gnu/lib/rustlib/x86_64-unknown-linux-gnu/lib/librustc_std_workspace_alloc-1ef460949b49da4b.rlib" "/opt/rustwide/rustup-home/toolchains/beta-2023-12-22-x86_64-unknown-linux-gnu/lib/rustlib/x86_64-unknown-linux-gnu/lib/libminiz_oxide-2cb0c0ffe4f87514.rlib" "/opt/rustwide/rustup-home/toolchains/beta-2023-12-22-x86_64-unknown-linux-gnu/lib/rustlib/x86_64-unknown-linux-gnu/lib/libadler-58d841eb322a11a2.rlib" "/opt/rustwide/rustup-home/toolchains/beta-2023-12-22-x86_64-unknown-linux-gnu/lib/rustlib/x86_64-unknown-linux-gnu/lib/libunwind-aa2ae0b0a9d11533.rlib" "/opt/rustwide/rustup-home/toolchains/beta-2023-12-22-x86_64-unknown-linux-gnu/lib/rustlib/x86_64-unknown-linux-gnu/lib/libcfg_if-23874e15830ed336.rlib" "/opt/rustwide/rustup-home/toolchains/beta-2023-12-22-x86_64-unknown-linux-gnu/lib/rustlib/x86_64-unknown-linux-gnu/lib/liblibc-e47cddc003bce885.rlib" "/opt/rustwide/rustup-home/toolchains/beta-2023-12-22-x86_64-unknown-linux-gnu/lib/rustlib/x86_64-unknown-linux-gnu/lib/liballoc-c22b13b48a8f128e.rlib" "/opt/rustwide/rustup-home/toolchains/beta-2023-12-22-x86_64-unknown-linux-gnu/lib/rustlib/x86_64-unknown-linux-gnu/lib/librustc_std_workspace_core-e46bc3da6d7c462f.rlib" "/opt/rustwide/rustup-home/toolchains/beta-2023-12-22-x86_64-unknown-linux-gnu/lib/rustlib/x86_64-unknown-linux-gnu/lib/libcore-8d1ac131d3cb2645.rlib" "/opt/rustwide/rustup-home/toolchains/beta-2023-12-22-x86_64-unknown-linux-gnu/lib/rustlib/x86_64-unknown-linux-gnu/lib/libcompiler_builtins-a1b43df8c6899c1f.rlib" "-Wl,-Bdynamic" "-lc" "-lm" "-lrt" "-lpthread" "-lgcc_s" "-lutil" "-lrt" "-lpthread" "-lm" "-ldl" "-lc" "-Wl,--eh-frame-hdr" "-Wl,-z,noexecstack" "-L" "/opt/rustwide/rustup-home/toolchains/beta-2023-12-22-x86_64-unknown-linux-gnu/lib/rustlib/x86_64-unknown-linux-gnu/lib" "-o" "/tmp/rustdoctest1agqVm/rust_out" "-Wl,--gc-sections" "-pie" "-Wl,-z,relro,-z,now" "-nodefaultlibs"
[INFO] [stdout]   = note: collect2: fatal error: ld terminated with signal 9 [Killed]
[INFO] [stdout]           compilation terminated.
[INFO] [stdout]           
[INFO] [stdout] 
[INFO] [stdout] error: aborting due to 1 previous error
[INFO] [stdout] 
[INFO] [stdout] Couldn't compile the test.
[INFO] [stdout] ---- src/data/math/interpolation/mod.rs - data::math::interpolation::u8::lerp (line 12) stdout ----
[INFO] [stdout] error: linking with `cc` failed: exit status: 1
[INFO] [stdout]   |
[INFO] [stdout]   = note: LC_ALL="C" PATH="/opt/rustwide/rustup-home/toolchains/beta-2023-12-22-x86_64-unknown-linux-gnu/lib/rustlib/x86_64-unknown-linux-gnu/bin:/opt/rustwide/cargo-home/bin:/usr/local/sbin:/usr/local/bin:/usr/sbin:/usr/bin:/sbin:/bin" VSLANG="1033" "cc" "-m64" "/tmp/rustcCjWZ7i/symbols.o" "/tmp/rustdoctestHUS11B/rust_out.rust_out.1380c8ea7c88b8e2-cgu.0.rcgu.o" "/tmp/rustdoctestHUS11B/rust_out.3lr6z6385pynyhem.rcgu.o" "-Wl,--as-needed" "-L" "/opt/rustwide/target/debug/deps" "-L" "/opt/rustwide/target/debug/deps" "-L" "/opt/rustwide/rustup-home/toolchains/beta-2023-12-22-x86_64-unknown-linux-gnu/lib/rustlib/x86_64-unknown-linux-gnu/lib" "-Wl,-Bstatic" "/opt/rustwide/target/debug/deps/libomg_core-5efdb1f4acf34531.rlib" "/opt/rustwide/target/debug/deps/libenv_logger-e55e007f16f0fbc2.rlib" "/opt/rustwide/target/debug/deps/libatty-d6a3f1e586cef21f.rlib" "/opt/rustwide/target/debug/deps/libtermcolor-35be6d70e8358f35.rlib" "/opt/rustwide/target/debug/deps/libhumantime-ce381c4933d03978.rlib" "/opt/rustwide/target/debug/deps/libregex-9f6250b56ca01b95.rlib" "/opt/rustwide/target/debug/deps/libregex_automata-4dbfde1347fa3685.rlib" "/opt/rustwide/target/debug/deps/libaho_corasick-0efee17d6ff570a3.rlib" "/opt/rustwide/target/debug/deps/libmemchr-14a47255884553ca.rlib" "/opt/rustwide/target/debug/deps/libregex_syntax-36e7ddff41779e57.rlib" "/opt/rustwide/target/debug/deps/libchrono-d83908acf87cc48e.rlib" "/opt/rustwide/target/debug/deps/libiana_time_zone-0d3ced6f0a9aca0f.rlib" "/opt/rustwide/target/debug/deps/libnoise-861b1dc0d4c517aa.rlib" "/opt/rustwide/target/debug/deps/libimage-a4f1de113a28a5bc.rlib" "/opt/rustwide/target/debug/deps/libbytemuck-c68724a20902a6a1.rlib" "/opt/rustwide/target/debug/deps/libpng-47d94277662a99d3.rlib" "/opt/rustwide/target/debug/deps/libminiz_oxide-20067e9d4eb649d0.rlib" "/opt/rustwide/target/debug/deps/libcrc32fast-dbea8ee6fb11ce73.rlib" "/opt/rustwide/target/debug/deps/libdeflate-08f58d41dee97e9f.rlib" "/opt/rustwide/target/debug/deps/libadler32-69fdd68b0d4b86c1.rlib" "/opt/rustwide/target/debug/deps/libbitflags-85e13ed1e0c6d910.rlib" "/opt/rustwide/target/debug/deps/libnum_iter-810a55c5d12e4843.rlib" "/opt/rustwide/target/debug/deps/libscoped_threadpool-293da0d486a11c11.rlib" "/opt/rustwide/target/debug/deps/libnum_rational-5cd7658d2ab98352.rlib" "/opt/rustwide/target/debug/deps/libnum_integer-bb4b859741ccff3e.rlib" "/opt/rustwide/target/debug/deps/libgif-cd9b7c1e4d8256a5.rlib" "/opt/rustwide/target/debug/deps/libcolor_quant-da6050448bfc3046.rlib" "/opt/rustwide/target/debug/deps/libbyteorder-6ac88002c46ec63a.rlib" "/opt/rustwide/target/debug/deps/libtiff-80162ccec1c45908.rlib" "/opt/rustwide/target/debug/deps/libweezl-eabccf4d1be8e8f8.rlib" "/opt/rustwide/target/debug/deps/libminiz_oxide-4bc5ea9a20ea8bf6.rlib" "/opt/rustwide/target/debug/deps/libadler-eba61f23bb3cdb48.rlib" "/opt/rustwide/target/debug/deps/libjpeg_decoder-945f88c1a782cfa3.rlib" "/opt/rustwide/target/debug/deps/librayon-68170cd22df7b5ff.rlib" "/opt/rustwide/target/debug/deps/librayon_core-f98d50869bce52bf.rlib" "/opt/rustwide/target/debug/deps/libcrossbeam_deque-be056fd2b4a80808.rlib" "/opt/rustwide/target/debug/deps/libcrossbeam_epoch-9872cc9bcdbb2d05.rlib" "/opt/rustwide/target/debug/deps/libcrossbeam_utils-3c8428aeb3adff12.rlib" "/opt/rustwide/target/debug/deps/libeither-53fc968d8fef4dab.rlib" "/opt/rustwide/target/debug/deps/librand_xorshift-244b6e8516b3a852.rlib" "/opt/rustwide/target/debug/deps/librand-9a32459c5d78960c.rlib" "/opt/rustwide/target/debug/deps/librand_chacha-eb916d3d86527927.rlib" "/opt/rustwide/target/debug/deps/libppv_lite86-db48c90fa293bcfe.rlib" "/opt/rustwide/target/debug/deps/librand_core-218b5402804cb08e.rlib" "/opt/rustwide/target/debug/deps/libgetrandom-2ba0dcb8ed77e99f.rlib" "/opt/rustwide/target/debug/deps/liblibc-449fce0ba19f2718.rlib" "/opt/rustwide/target/debug/deps/libcfg_if-e7002d307f97bc56.rlib" "/opt/rustwide/target/debug/deps/libnum_traits-cc64df6c73429046.rlib" "/opt/rustwide/target/debug/deps/libanyhow-5d20277346359413.rlib" "/opt/rustwide/target/debug/deps/libunwrap-c259f3f9a1b06f0f.rlib" "/opt/rustwide/target/debug/deps/liblog-2cf4a51dfa4e790a.rlib" "/opt/rustwide/rustup-home/toolchains/beta-2023-12-22-x86_64-unknown-linux-gnu/lib/rustlib/x86_64-unknown-linux-gnu/lib/libstd-0672489a78b613de.rlib" "/opt/rustwide/rustup-home/toolchains/beta-2023-12-22-x86_64-unknown-linux-gnu/lib/rustlib/x86_64-unknown-linux-gnu/lib/libpanic_unwind-7eb3ffc34a49f675.rlib" "/opt/rustwide/rustup-home/toolchains/beta-2023-12-22-x86_64-unknown-linux-gnu/lib/rustlib/x86_64-unknown-linux-gnu/lib/libobject-6478a9daa4bee8e2.rlib" "/opt/rustwide/rustup-home/toolchains/beta-2023-12-22-x86_64-unknown-linux-gnu/lib/rustlib/x86_64-unknown-linux-gnu/lib/libmemchr-0c75d871a5c3923d.rlib" "/opt/rustwide/rustup-home/toolchains/beta-2023-12-22-x86_64-unknown-linux-gnu/lib/rustlib/x86_64-unknown-linux-gnu/lib/libaddr2line-d163ef63ad37bb71.rlib" "/opt/rustwide/rustup-home/toolchains/beta-2023-12-22-x86_64-unknown-linux-gnu/lib/rustlib/x86_64-unknown-linux-gnu/lib/libgimli-8a3fd810a85b9f4c.rlib" "/opt/rustwide/rustup-home/toolchains/beta-2023-12-22-x86_64-unknown-linux-gnu/lib/rustlib/x86_64-unknown-linux-gnu/lib/librustc_demangle-462a2cde8c5dfc10.rlib" "/opt/rustwide/rustup-home/toolchains/beta-2023-12-22-x86_64-unknown-linux-gnu/lib/rustlib/x86_64-unknown-linux-gnu/lib/libstd_detect-cb06ac9f54713f71.rlib" "/opt/rustwide/rustup-home/toolchains/beta-2023-12-22-x86_64-unknown-linux-gnu/lib/rustlib/x86_64-unknown-linux-gnu/lib/libhashbrown-f20bfd1f8e59b393.rlib" "/opt/rustwide/rustup-home/toolchains/beta-2023-12-22-x86_64-unknown-linux-gnu/lib/rustlib/x86_64-unknown-linux-gnu/lib/librustc_std_workspace_alloc-1ef460949b49da4b.rlib" "/opt/rustwide/rustup-home/toolchains/beta-2023-12-22-x86_64-unknown-linux-gnu/lib/rustlib/x86_64-unknown-linux-gnu/lib/libminiz_oxide-2cb0c0ffe4f87514.rlib" "/opt/rustwide/rustup-home/toolchains/beta-2023-12-22-x86_64-unknown-linux-gnu/lib/rustlib/x86_64-unknown-linux-gnu/lib/libadler-58d841eb322a11a2.rlib" "/opt/rustwide/rustup-home/toolchains/beta-2023-12-22-x86_64-unknown-linux-gnu/lib/rustlib/x86_64-unknown-linux-gnu/lib/libunwind-aa2ae0b0a9d11533.rlib" "/opt/rustwide/rustup-home/toolchains/beta-2023-12-22-x86_64-unknown-linux-gnu/lib/rustlib/x86_64-unknown-linux-gnu/lib/libcfg_if-23874e15830ed336.rlib" "/opt/rustwide/rustup-home/toolchains/beta-2023-12-22-x86_64-unknown-linux-gnu/lib/rustlib/x86_64-unknown-linux-gnu/lib/liblibc-e47cddc003bce885.rlib" "/opt/rustwide/rustup-home/toolchains/beta-2023-12-22-x86_64-unknown-linux-gnu/lib/rustlib/x86_64-unknown-linux-gnu/lib/liballoc-c22b13b48a8f128e.rlib" "/opt/rustwide/rustup-home/toolchains/beta-2023-12-22-x86_64-unknown-linux-gnu/lib/rustlib/x86_64-unknown-linux-gnu/lib/librustc_std_workspace_core-e46bc3da6d7c462f.rlib" "/opt/rustwide/rustup-home/toolchains/beta-2023-12-22-x86_64-unknown-linux-gnu/lib/rustlib/x86_64-unknown-linux-gnu/lib/libcore-8d1ac131d3cb2645.rlib" "/opt/rustwide/rustup-home/toolchains/beta-2023-12-22-x86_64-unknown-linux-gnu/lib/rustlib/x86_64-unknown-linux-gnu/lib/libcompiler_builtins-a1b43df8c6899c1f.rlib" "-Wl,-Bdynamic" "-lc" "-lm" "-lrt" "-lpthread" "-lgcc_s" "-lutil" "-lrt" "-lpthread" "-lm" "-ldl" "-lc" "-Wl,--eh-frame-hdr" "-Wl,-z,noexecstack" "-L" "/opt/rustwide/rustup-home/toolchains/beta-2023-12-22-x86_64-unknown-linux-gnu/lib/rustlib/x86_64-unknown-linux-gnu/lib" "-o" "/tmp/rustdoctestHUS11B/rust_out" "-Wl,--gc-sections" "-pie" "-Wl,-z,relro,-z,now" "-nodefaultlibs"
[INFO] [stdout]   = note: collect2: fatal error: ld terminated with signal 9 [Killed]
[INFO] [stdout]           compilation terminated.
[INFO] [stdout]           
[INFO] [stdout] 
[INFO] [stdout] error: aborting due to 1 previous error
[INFO] [stdout] 
[INFO] [stdout] Couldn't compile the test.
[INFO] [stdout] ---- src/data/math/size2d.rs - data::math::size2d::Size2d (line 216) stdout ----
[INFO] [stdout] error: linking with `cc` failed: exit status: 1
[INFO] [stdout]   |
[INFO] [stdout]   = note: LC_ALL="C" PATH="/opt/rustwide/rustup-home/toolchains/beta-2023-12-22-x86_64-unknown-linux-gnu/lib/rustlib/x86_64-unknown-linux-gnu/bin:/opt/rustwide/cargo-home/bin:/usr/local/sbin:/usr/local/bin:/usr/sbin:/usr/bin:/sbin:/bin" VSLANG="1033" "cc" "-m64" "/tmp/rustcxxkX96/symbols.o" "/tmp/rustdoctesttRJdmr/rust_out.rust_out.1380c8ea7c88b8e2-cgu.0.rcgu.o" "/tmp/rustdoctesttRJdmr/rust_out.3lr6z6385pynyhem.rcgu.o" "-Wl,--as-needed" "-L" "/opt/rustwide/target/debug/deps" "-L" "/opt/rustwide/target/debug/deps" "-L" "/opt/rustwide/rustup-home/toolchains/beta-2023-12-22-x86_64-unknown-linux-gnu/lib/rustlib/x86_64-unknown-linux-gnu/lib" "-Wl,-Bstatic" "/opt/rustwide/target/debug/deps/libomg_core-5efdb1f4acf34531.rlib" "/opt/rustwide/target/debug/deps/libenv_logger-e55e007f16f0fbc2.rlib" "/opt/rustwide/target/debug/deps/libatty-d6a3f1e586cef21f.rlib" "/opt/rustwide/target/debug/deps/libtermcolor-35be6d70e8358f35.rlib" "/opt/rustwide/target/debug/deps/libhumantime-ce381c4933d03978.rlib" "/opt/rustwide/target/debug/deps/libregex-9f6250b56ca01b95.rlib" "/opt/rustwide/target/debug/deps/libregex_automata-4dbfde1347fa3685.rlib" "/opt/rustwide/target/debug/deps/libaho_corasick-0efee17d6ff570a3.rlib" "/opt/rustwide/target/debug/deps/libmemchr-14a47255884553ca.rlib" "/opt/rustwide/target/debug/deps/libregex_syntax-36e7ddff41779e57.rlib" "/opt/rustwide/target/debug/deps/libchrono-d83908acf87cc48e.rlib" "/opt/rustwide/target/debug/deps/libiana_time_zone-0d3ced6f0a9aca0f.rlib" "/opt/rustwide/target/debug/deps/libnoise-861b1dc0d4c517aa.rlib" "/opt/rustwide/target/debug/deps/libimage-a4f1de113a28a5bc.rlib" "/opt/rustwide/target/debug/deps/libbytemuck-c68724a20902a6a1.rlib" "/opt/rustwide/target/debug/deps/libpng-47d94277662a99d3.rlib" "/opt/rustwide/target/debug/deps/libminiz_oxide-20067e9d4eb649d0.rlib" "/opt/rustwide/target/debug/deps/libcrc32fast-dbea8ee6fb11ce73.rlib" "/opt/rustwide/target/debug/deps/libdeflate-08f58d41dee97e9f.rlib" "/opt/rustwide/target/debug/deps/libadler32-69fdd68b0d4b86c1.rlib" "/opt/rustwide/target/debug/deps/libbitflags-85e13ed1e0c6d910.rlib" "/opt/rustwide/target/debug/deps/libnum_iter-810a55c5d12e4843.rlib" "/opt/rustwide/target/debug/deps/libscoped_threadpool-293da0d486a11c11.rlib" "/opt/rustwide/target/debug/deps/libnum_rational-5cd7658d2ab98352.rlib" "/opt/rustwide/target/debug/deps/libnum_integer-bb4b859741ccff3e.rlib" "/opt/rustwide/target/debug/deps/libgif-cd9b7c1e4d8256a5.rlib" "/opt/rustwide/target/debug/deps/libcolor_quant-da6050448bfc3046.rlib" "/opt/rustwide/target/debug/deps/libbyteorder-6ac88002c46ec63a.rlib" "/opt/rustwide/target/debug/deps/libtiff-80162ccec1c45908.rlib" "/opt/rustwide/target/debug/deps/libweezl-eabccf4d1be8e8f8.rlib" "/opt/rustwide/target/debug/deps/libminiz_oxide-4bc5ea9a20ea8bf6.rlib" "/opt/rustwide/target/debug/deps/libadler-eba61f23bb3cdb48.rlib" "/opt/rustwide/target/debug/deps/libjpeg_decoder-945f88c1a782cfa3.rlib" "/opt/rustwide/target/debug/deps/librayon-68170cd22df7b5ff.rlib" "/opt/rustwide/target/debug/deps/librayon_core-f98d50869bce52bf.rlib" "/opt/rustwide/target/debug/deps/libcrossbeam_deque-be056fd2b4a80808.rlib" "/opt/rustwide/target/debug/deps/libcrossbeam_epoch-9872cc9bcdbb2d05.rlib" "/opt/rustwide/target/debug/deps/libcrossbeam_utils-3c8428aeb3adff12.rlib" "/opt/rustwide/target/debug/deps/libeither-53fc968d8fef4dab.rlib" "/opt/rustwide/target/debug/deps/librand_xorshift-244b6e8516b3a852.rlib" "/opt/rustwide/target/debug/deps/librand-9a32459c5d78960c.rlib" "/opt/rustwide/target/debug/deps/librand_chacha-eb916d3d86527927.rlib" "/opt/rustwide/target/debug/deps/libppv_lite86-db48c90fa293bcfe.rlib" "/opt/rustwide/target/debug/deps/librand_core-218b5402804cb08e.rlib" "/opt/rustwide/target/debug/deps/libgetrandom-2ba0dcb8ed77e99f.rlib" "/opt/rustwide/target/debug/deps/liblibc-449fce0ba19f2718.rlib" "/opt/rustwide/target/debug/deps/libcfg_if-e7002d307f97bc56.rlib" "/opt/rustwide/target/debug/deps/libnum_traits-cc64df6c73429046.rlib" "/opt/rustwide/target/debug/deps/libanyhow-5d20277346359413.rlib" "/opt/rustwide/target/debug/deps/libunwrap-c259f3f9a1b06f0f.rlib" "/opt/rustwide/target/debug/deps/liblog-2cf4a51dfa4e790a.rlib" "/opt/rustwide/rustup-home/toolchains/beta-2023-12-22-x86_64-unknown-linux-gnu/lib/rustlib/x86_64-unknown-linux-gnu/lib/libstd-0672489a78b613de.rlib" "/opt/rustwide/rustup-home/toolchains/beta-2023-12-22-x86_64-unknown-linux-gnu/lib/rustlib/x86_64-unknown-linux-gnu/lib/libpanic_unwind-7eb3ffc34a49f675.rlib" "/opt/rustwide/rustup-home/toolchains/beta-2023-12-22-x86_64-unknown-linux-gnu/lib/rustlib/x86_64-unknown-linux-gnu/lib/libobject-6478a9daa4bee8e2.rlib" "/opt/rustwide/rustup-home/toolchains/beta-2023-12-22-x86_64-unknown-linux-gnu/lib/rustlib/x86_64-unknown-linux-gnu/lib/libmemchr-0c75d871a5c3923d.rlib" "/opt/rustwide/rustup-home/toolchains/beta-2023-12-22-x86_64-unknown-linux-gnu/lib/rustlib/x86_64-unknown-linux-gnu/lib/libaddr2line-d163ef63ad37bb71.rlib" "/opt/rustwide/rustup-home/toolchains/beta-2023-12-22-x86_64-unknown-linux-gnu/lib/rustlib/x86_64-unknown-linux-gnu/lib/libgimli-8a3fd810a85b9f4c.rlib" "/opt/rustwide/rustup-home/toolchains/beta-2023-12-22-x86_64-unknown-linux-gnu/lib/rustlib/x86_64-unknown-linux-gnu/lib/librustc_demangle-462a2cde8c5dfc10.rlib" "/opt/rustwide/rustup-home/toolchains/beta-2023-12-22-x86_64-unknown-linux-gnu/lib/rustlib/x86_64-unknown-linux-gnu/lib/libstd_detect-cb06ac9f54713f71.rlib" "/opt/rustwide/rustup-home/toolchains/beta-2023-12-22-x86_64-unknown-linux-gnu/lib/rustlib/x86_64-unknown-linux-gnu/lib/libhashbrown-f20bfd1f8e59b393.rlib" "/opt/rustwide/rustup-home/toolchains/beta-2023-12-22-x86_64-unknown-linux-gnu/lib/rustlib/x86_64-unknown-linux-gnu/lib/librustc_std_workspace_alloc-1ef460949b49da4b.rlib" "/opt/rustwide/rustup-home/toolchains/beta-2023-12-22-x86_64-unknown-linux-gnu/lib/rustlib/x86_64-unknown-linux-gnu/lib/libminiz_oxide-2cb0c0ffe4f87514.rlib" "/opt/rustwide/rustup-home/toolchains/beta-2023-12-22-x86_64-unknown-linux-gnu/lib/rustlib/x86_64-unknown-linux-gnu/lib/libadler-58d841eb322a11a2.rlib" "/opt/rustwide/rustup-home/toolchains/beta-2023-12-22-x86_64-unknown-linux-gnu/lib/rustlib/x86_64-unknown-linux-gnu/lib/libunwind-aa2ae0b0a9d11533.rlib" "/opt/rustwide/rustup-home/toolchains/beta-2023-12-22-x86_64-unknown-linux-gnu/lib/rustlib/x86_64-unknown-linux-gnu/lib/libcfg_if-23874e15830ed336.rlib" "/opt/rustwide/rustup-home/toolchains/beta-2023-12-22-x86_64-unknown-linux-gnu/lib/rustlib/x86_64-unknown-linux-gnu/lib/liblibc-e47cddc003bce885.rlib" "/opt/rustwide/rustup-home/toolchains/beta-2023-12-22-x86_64-unknown-linux-gnu/lib/rustlib/x86_64-unknown-linux-gnu/lib/liballoc-c22b13b48a8f128e.rlib" "/opt/rustwide/rustup-home/toolchains/beta-2023-12-22-x86_64-unknown-linux-gnu/lib/rustlib/x86_64-unknown-linux-gnu/lib/librustc_std_workspace_core-e46bc3da6d7c462f.rlib" "/opt/rustwide/rustup-home/toolchains/beta-2023-12-22-x86_64-unknown-linux-gnu/lib/rustlib/x86_64-unknown-linux-gnu/lib/libcore-8d1ac131d3cb2645.rlib" "/opt/rustwide/rustup-home/toolchains/beta-2023-12-22-x86_64-unknown-linux-gnu/lib/rustlib/x86_64-unknown-linux-gnu/lib/libcompiler_builtins-a1b43df8c6899c1f.rlib" "-Wl,-Bdynamic" "-lc" "-lm" "-lrt" "-lpthread" "-lgcc_s" "-lutil" "-lrt" "-lpthread" "-lm" "-ldl" "-lc" "-Wl,--eh-frame-hdr" "-Wl,-z,noexecstack" "-L" "/opt/rustwide/rustup-home/toolchains/beta-2023-12-22-x86_64-unknown-linux-gnu/lib/rustlib/x86_64-unknown-linux-gnu/lib" "-o" "/tmp/rustdoctesttRJdmr/rust_out" "-Wl,--gc-sections" "-pie" "-Wl,-z,relro,-z,now" "-nodefaultlibs"
[INFO] [stdout]   = note: collect2: fatal error: ld terminated with signal 9 [Killed]
[INFO] [stdout]           compilation terminated.
[INFO] [stdout]           
[INFO] [stdout] 
[INFO] [stdout] error: aborting due to 1 previous error
[INFO] [stdout] 
[INFO] [stdout] Couldn't compile the test.
[INFO] [stdout] ---- src/data/math/size2d.rs - data::math::size2d::Size2d::new (line 35) stdout ----
[INFO] [stdout] error: linking with `cc` failed: exit status: 1
[INFO] [stdout]   |
[INFO] [stdout]   = note: LC_ALL="C" PATH="/opt/rustwide/rustup-home/toolchains/beta-2023-12-22-x86_64-unknown-linux-gnu/lib/rustlib/x86_64-unknown-linux-gnu/bin:/opt/rustwide/cargo-home/bin:/usr/local/sbin:/usr/local/bin:/usr/sbin:/usr/bin:/sbin:/bin" VSLANG="1033" "cc" "-m64" "/tmp/rustc8inDkm/symbols.o" "/tmp/rustdoctest18eLmb/rust_out.rust_out.1380c8ea7c88b8e2-cgu.0.rcgu.o" "/tmp/rustdoctest18eLmb/rust_out.3lr6z6385pynyhem.rcgu.o" "-Wl,--as-needed" "-L" "/opt/rustwide/target/debug/deps" "-L" "/opt/rustwide/target/debug/deps" "-L" "/opt/rustwide/rustup-home/toolchains/beta-2023-12-22-x86_64-unknown-linux-gnu/lib/rustlib/x86_64-unknown-linux-gnu/lib" "-Wl,-Bstatic" "/opt/rustwide/target/debug/deps/libomg_core-5efdb1f4acf34531.rlib" "/opt/rustwide/target/debug/deps/libenv_logger-e55e007f16f0fbc2.rlib" "/opt/rustwide/target/debug/deps/libatty-d6a3f1e586cef21f.rlib" "/opt/rustwide/target/debug/deps/libtermcolor-35be6d70e8358f35.rlib" "/opt/rustwide/target/debug/deps/libhumantime-ce381c4933d03978.rlib" "/opt/rustwide/target/debug/deps/libregex-9f6250b56ca01b95.rlib" "/opt/rustwide/target/debug/deps/libregex_automata-4dbfde1347fa3685.rlib" "/opt/rustwide/target/debug/deps/libaho_corasick-0efee17d6ff570a3.rlib" "/opt/rustwide/target/debug/deps/libmemchr-14a47255884553ca.rlib" "/opt/rustwide/target/debug/deps/libregex_syntax-36e7ddff41779e57.rlib" "/opt/rustwide/target/debug/deps/libchrono-d83908acf87cc48e.rlib" "/opt/rustwide/target/debug/deps/libiana_time_zone-0d3ced6f0a9aca0f.rlib" "/opt/rustwide/target/debug/deps/libnoise-861b1dc0d4c517aa.rlib" "/opt/rustwide/target/debug/deps/libimage-a4f1de113a28a5bc.rlib" "/opt/rustwide/target/debug/deps/libbytemuck-c68724a20902a6a1.rlib" "/opt/rustwide/target/debug/deps/libpng-47d94277662a99d3.rlib" "/opt/rustwide/target/debug/deps/libminiz_oxide-20067e9d4eb649d0.rlib" "/opt/rustwide/target/debug/deps/libcrc32fast-dbea8ee6fb11ce73.rlib" "/opt/rustwide/target/debug/deps/libdeflate-08f58d41dee97e9f.rlib" "/opt/rustwide/target/debug/deps/libadler32-69fdd68b0d4b86c1.rlib" "/opt/rustwide/target/debug/deps/libbitflags-85e13ed1e0c6d910.rlib" "/opt/rustwide/target/debug/deps/libnum_iter-810a55c5d12e4843.rlib" "/opt/rustwide/target/debug/deps/libscoped_threadpool-293da0d486a11c11.rlib" "/opt/rustwide/target/debug/deps/libnum_rational-5cd7658d2ab98352.rlib" "/opt/rustwide/target/debug/deps/libnum_integer-bb4b859741ccff3e.rlib" "/opt/rustwide/target/debug/deps/libgif-cd9b7c1e4d8256a5.rlib" "/opt/rustwide/target/debug/deps/libcolor_quant-da6050448bfc3046.rlib" "/opt/rustwide/target/debug/deps/libbyteorder-6ac88002c46ec63a.rlib" "/opt/rustwide/target/debug/deps/libtiff-80162ccec1c45908.rlib" "/opt/rustwide/target/debug/deps/libweezl-eabccf4d1be8e8f8.rlib" "/opt/rustwide/target/debug/deps/libminiz_oxide-4bc5ea9a20ea8bf6.rlib" "/opt/rustwide/target/debug/deps/libadler-eba61f23bb3cdb48.rlib" "/opt/rustwide/target/debug/deps/libjpeg_decoder-945f88c1a782cfa3.rlib" "/opt/rustwide/target/debug/deps/librayon-68170cd22df7b5ff.rlib" "/opt/rustwide/target/debug/deps/librayon_core-f98d50869bce52bf.rlib" "/opt/rustwide/target/debug/deps/libcrossbeam_deque-be056fd2b4a80808.rlib" "/opt/rustwide/target/debug/deps/libcrossbeam_epoch-9872cc9bcdbb2d05.rlib" "/opt/rustwide/target/debug/deps/libcrossbeam_utils-3c8428aeb3adff12.rlib" "/opt/rustwide/target/debug/deps/libeither-53fc968d8fef4dab.rlib" "/opt/rustwide/target/debug/deps/librand_xorshift-244b6e8516b3a852.rlib" "/opt/rustwide/target/debug/deps/librand-9a32459c5d78960c.rlib" "/opt/rustwide/target/debug/deps/librand_chacha-eb916d3d86527927.rlib" "/opt/rustwide/target/debug/deps/libppv_lite86-db48c90fa293bcfe.rlib" "/opt/rustwide/target/debug/deps/librand_core-218b5402804cb08e.rlib" "/opt/rustwide/target/debug/deps/libgetrandom-2ba0dcb8ed77e99f.rlib" "/opt/rustwide/target/debug/deps/liblibc-449fce0ba19f2718.rlib" "/opt/rustwide/target/debug/deps/libcfg_if-e7002d307f97bc56.rlib" "/opt/rustwide/target/debug/deps/libnum_traits-cc64df6c73429046.rlib" "/opt/rustwide/target/debug/deps/libanyhow-5d20277346359413.rlib" "/opt/rustwide/target/debug/deps/libunwrap-c259f3f9a1b06f0f.rlib" "/opt/rustwide/target/debug/deps/liblog-2cf4a51dfa4e790a.rlib" "/opt/rustwide/rustup-home/toolchains/beta-2023-12-22-x86_64-unknown-linux-gnu/lib/rustlib/x86_64-unknown-linux-gnu/lib/libstd-0672489a78b613de.rlib" "/opt/rustwide/rustup-home/toolchains/beta-2023-12-22-x86_64-unknown-linux-gnu/lib/rustlib/x86_64-unknown-linux-gnu/lib/libpanic_unwind-7eb3ffc34a49f675.rlib" "/opt/rustwide/rustup-home/toolchains/beta-2023-12-22-x86_64-unknown-linux-gnu/lib/rustlib/x86_64-unknown-linux-gnu/lib/libobject-6478a9daa4bee8e2.rlib" "/opt/rustwide/rustup-home/toolchains/beta-2023-12-22-x86_64-unknown-linux-gnu/lib/rustlib/x86_64-unknown-linux-gnu/lib/libmemchr-0c75d871a5c3923d.rlib" "/opt/rustwide/rustup-home/toolchains/beta-2023-12-22-x86_64-unknown-linux-gnu/lib/rustlib/x86_64-unknown-linux-gnu/lib/libaddr2line-d163ef63ad37bb71.rlib" "/opt/rustwide/rustup-home/toolchains/beta-2023-12-22-x86_64-unknown-linux-gnu/lib/rustlib/x86_64-unknown-linux-gnu/lib/libgimli-8a3fd810a85b9f4c.rlib" "/opt/rustwide/rustup-home/toolchains/beta-2023-12-22-x86_64-unknown-linux-gnu/lib/rustlib/x86_64-unknown-linux-gnu/lib/librustc_demangle-462a2cde8c5dfc10.rlib" "/opt/rustwide/rustup-home/toolchains/beta-2023-12-22-x86_64-unknown-linux-gnu/lib/rustlib/x86_64-unknown-linux-gnu/lib/libstd_detect-cb06ac9f54713f71.rlib" "/opt/rustwide/rustup-home/toolchains/beta-2023-12-22-x86_64-unknown-linux-gnu/lib/rustlib/x86_64-unknown-linux-gnu/lib/libhashbrown-f20bfd1f8e59b393.rlib" "/opt/rustwide/rustup-home/toolchains/beta-2023-12-22-x86_64-unknown-linux-gnu/lib/rustlib/x86_64-unknown-linux-gnu/lib/librustc_std_workspace_alloc-1ef460949b49da4b.rlib" "/opt/rustwide/rustup-home/toolchains/beta-2023-12-22-x86_64-unknown-linux-gnu/lib/rustlib/x86_64-unknown-linux-gnu/lib/libminiz_oxide-2cb0c0ffe4f87514.rlib" "/opt/rustwide/rustup-home/toolchains/beta-2023-12-22-x86_64-unknown-linux-gnu/lib/rustlib/x86_64-unknown-linux-gnu/lib/libadler-58d841eb322a11a2.rlib" "/opt/rustwide/rustup-home/toolchains/beta-2023-12-22-x86_64-unknown-linux-gnu/lib/rustlib/x86_64-unknown-linux-gnu/lib/libunwind-aa2ae0b0a9d11533.rlib" "/opt/rustwide/rustup-home/toolchains/beta-2023-12-22-x86_64-unknown-linux-gnu/lib/rustlib/x86_64-unknown-linux-gnu/lib/libcfg_if-23874e15830ed336.rlib" "/opt/rustwide/rustup-home/toolchains/beta-2023-12-22-x86_64-unknown-linux-gnu/lib/rustlib/x86_64-unknown-linux-gnu/lib/liblibc-e47cddc003bce885.rlib" "/opt/rustwide/rustup-home/toolchains/beta-2023-12-22-x86_64-unknown-linux-gnu/lib/rustlib/x86_64-unknown-linux-gnu/lib/liballoc-c22b13b48a8f128e.rlib" "/opt/rustwide/rustup-home/toolchains/beta-2023-12-22-x86_64-unknown-linux-gnu/lib/rustlib/x86_64-unknown-linux-gnu/lib/librustc_std_workspace_core-e46bc3da6d7c462f.rlib" "/opt/rustwide/rustup-home/toolchains/beta-2023-12-22-x86_64-unknown-linux-gnu/lib/rustlib/x86_64-unknown-linux-gnu/lib/libcore-8d1ac131d3cb2645.rlib" "/opt/rustwide/rustup-home/toolchains/beta-2023-12-22-x86_64-unknown-linux-gnu/lib/rustlib/x86_64-unknown-linux-gnu/lib/libcompiler_builtins-a1b43df8c6899c1f.rlib" "-Wl,-Bdynamic" "-lc" "-lm" "-lrt" "-lpthread" "-lgcc_s" "-lutil" "-lrt" "-lpthread" "-lm" "-ldl" "-lc" "-Wl,--eh-frame-hdr" "-Wl,-z,noexecstack" "-L" "/opt/rustwide/rustup-home/toolchains/beta-2023-12-22-x86_64-unknown-linux-gnu/lib/rustlib/x86_64-unknown-linux-gnu/lib" "-o" "/tmp/rustdoctest18eLmb/rust_out" "-Wl,--gc-sections" "-pie" "-Wl,-z,relro,-z,now" "-nodefaultlibs"
[INFO] [stdout]   = note: collect2: fatal error: ld terminated with signal 9 [Killed]
[INFO] [stdout]           compilation terminated.
[INFO] [stdout]           
[INFO] [stdout] 
[INFO] [stdout] error: aborting due to 1 previous error
[INFO] [stdout] 
[INFO] [stdout] Couldn't compile the test.
[INFO] [stdout] 
[INFO] [stdout] failures:
[INFO] [stdout]     src/data/color.rs - data::color::Color::g (line 46)
[INFO] [stdout]     src/data/map/attribute.rs - data::map::attribute::Attribute (line 162)
[INFO] [stdout]     src/data/map/attribute.rs - data::map::attribute::Attribute::new (line 29)
[INFO] [stdout]     src/data/math/generator/generator1d.rs - data::math::generator::generator1d::Generator1d::AbsoluteGradient (line 19)
[INFO] [stdout]     src/data/math/interpolation/mod.rs - data::math::interpolation::u8::lerp (line 12)
[INFO] [stdout]     src/data/math/size2d.rs - data::math::size2d::Size2d (line 216)
[INFO] [stdout]     src/data/math/size2d.rs - data::math::size2d::Size2d::new (line 35)
[INFO] [stdout] 
[INFO] [stdout] test result: FAILED. 77 passed; 7 failed; 0 ignored; 0 measured; 0 filtered out; finished in 41.82s
[INFO] [stdout] 
[INFO] [stderr] error: doctest failed, to rerun pass `--doc`
[INFO] running `Command { std: "docker" "inspect" "d15ad37c9197740467e9bd52172686ca741ed6ce3ee0cf78ab0f5dc564885c46", kill_on_drop: false }`
[INFO] running `Command { std: "docker" "rm" "-f" "d15ad37c9197740467e9bd52172686ca741ed6ce3ee0cf78ab0f5dc564885c46", kill_on_drop: false }`
[INFO] [stdout] d15ad37c9197740467e9bd52172686ca741ed6ce3ee0cf78ab0f5dc564885c46
