[INFO] fetching crate oma-debcontrol 0.3.0...
[INFO] testing oma-debcontrol-0.3.0 against 1.75.0 for beta-1.76-1
[INFO] extracting crate oma-debcontrol 0.3.0 into /workspace/builds/worker-1-tc1/source
[INFO] validating manifest of crates.io crate oma-debcontrol 0.3.0 on toolchain 1.75.0
[INFO] running `Command { std: CARGO_HOME="/workspace/cargo-home" RUSTUP_HOME="/workspace/rustup-home" "/workspace/cargo-home/bin/cargo" "+1.75.0" "metadata" "--manifest-path" "Cargo.toml" "--no-deps", kill_on_drop: false }`
[INFO] started tweaking crates.io crate oma-debcontrol 0.3.0
[INFO] removed 0 missing examples
[INFO] finished tweaking crates.io crate oma-debcontrol 0.3.0
[INFO] tweaked toml for crates.io crate oma-debcontrol 0.3.0 written to /workspace/builds/worker-1-tc1/source/Cargo.toml
[INFO] crate crates.io crate oma-debcontrol 0.3.0 already has a lockfile, it will not be regenerated
[INFO] running `Command { std: CARGO_HOME="/workspace/cargo-home" RUSTUP_HOME="/workspace/rustup-home" "/workspace/cargo-home/bin/cargo" "+1.75.0" "fetch" "--manifest-path" "Cargo.toml", kill_on_drop: false }`
[INFO] running `Command { std: "docker" "create" "-v" "/var/lib/crater-agent-workspace/builds/worker-1-tc1/target:/opt/rustwide/target:rw,Z" "-v" "/var/lib/crater-agent-workspace/builds/worker-1-tc1/source:/opt/rustwide/workdir:ro,Z" "-v" "/var/lib/crater-agent-workspace/cargo-home:/opt/rustwide/cargo-home:ro,Z" "-v" "/var/lib/crater-agent-workspace/rustup-home:/opt/rustwide/rustup-home:ro,Z" "-e" "SOURCE_DIR=/opt/rustwide/workdir" "-e" "CARGO_TARGET_DIR=/opt/rustwide/target" "-e" "CARGO_HOME=/opt/rustwide/cargo-home" "-e" "RUSTUP_HOME=/opt/rustwide/rustup-home" "-w" "/opt/rustwide/workdir" "-m" "1610612736" "--user" "0:0" "--network" "none" "ghcr.io/rust-lang/crates-build-env/linux@sha256:2788e3201cd34a07e3172128adcd8b3090168a8e3bcc40d7c032b9dda1df7d1c" "/opt/rustwide/cargo-home/bin/cargo" "+1.75.0" "metadata" "--no-deps" "--format-version=1", kill_on_drop: false }`
[INFO] [stdout] 68029493d6ab44977745ef6dd134af2e4d1175dba57daf085cba8b1f863430d6
[INFO] running `Command { std: "docker" "start" "-a" "68029493d6ab44977745ef6dd134af2e4d1175dba57daf085cba8b1f863430d6", kill_on_drop: false }`
[INFO] running `Command { std: "docker" "inspect" "68029493d6ab44977745ef6dd134af2e4d1175dba57daf085cba8b1f863430d6", kill_on_drop: false }`
[INFO] running `Command { std: "docker" "rm" "-f" "68029493d6ab44977745ef6dd134af2e4d1175dba57daf085cba8b1f863430d6", kill_on_drop: false }`
[INFO] [stdout] 68029493d6ab44977745ef6dd134af2e4d1175dba57daf085cba8b1f863430d6
[INFO] running `Command { std: "docker" "create" "-v" "/var/lib/crater-agent-workspace/builds/worker-1-tc1/target:/opt/rustwide/target:rw,Z" "-v" "/var/lib/crater-agent-workspace/builds/worker-1-tc1/source:/opt/rustwide/workdir:ro,Z" "-v" "/var/lib/crater-agent-workspace/cargo-home:/opt/rustwide/cargo-home:ro,Z" "-v" "/var/lib/crater-agent-workspace/rustup-home:/opt/rustwide/rustup-home:ro,Z" "-e" "SOURCE_DIR=/opt/rustwide/workdir" "-e" "CARGO_TARGET_DIR=/opt/rustwide/target" "-e" "CARGO_INCREMENTAL=0" "-e" "RUST_BACKTRACE=full" "-e" "RUSTFLAGS=--cap-lints=warn" "-e" "RUSTDOCFLAGS=--cap-lints=warn" "-e" "CARGO_HOME=/opt/rustwide/cargo-home" "-e" "RUSTUP_HOME=/opt/rustwide/rustup-home" "-w" "/opt/rustwide/workdir" "-m" "1610612736" "--user" "0:0" "--network" "none" "ghcr.io/rust-lang/crates-build-env/linux@sha256:2788e3201cd34a07e3172128adcd8b3090168a8e3bcc40d7c032b9dda1df7d1c" "/opt/rustwide/cargo-home/bin/cargo" "+1.75.0" "build" "--frozen" "--message-format=json", kill_on_drop: false }`
[INFO] [stdout] ea03d4e08bdec0935ca41680d46dd37b86747e0dc7f49e88433784f7dec626ff
[INFO] running `Command { std: "docker" "start" "-a" "ea03d4e08bdec0935ca41680d46dd37b86747e0dc7f49e88433784f7dec626ff", kill_on_drop: false }`
[INFO] [stderr]    Compiling memchr v2.5.0
[INFO] [stderr]    Compiling minimal-lexical v0.2.1
[INFO] [stderr]    Compiling nom v7.1.3
[INFO] [stderr]    Compiling oma-debcontrol v0.3.0 (/opt/rustwide/workdir)
[INFO] [stderr]     Finished dev [unoptimized + debuginfo] target(s) in 1.79s
[INFO] running `Command { std: "docker" "inspect" "ea03d4e08bdec0935ca41680d46dd37b86747e0dc7f49e88433784f7dec626ff", kill_on_drop: false }`
[INFO] running `Command { std: "docker" "rm" "-f" "ea03d4e08bdec0935ca41680d46dd37b86747e0dc7f49e88433784f7dec626ff", kill_on_drop: false }`
[INFO] [stdout] ea03d4e08bdec0935ca41680d46dd37b86747e0dc7f49e88433784f7dec626ff
[INFO] running `Command { std: "docker" "create" "-v" "/var/lib/crater-agent-workspace/builds/worker-1-tc1/target:/opt/rustwide/target:rw,Z" "-v" "/var/lib/crater-agent-workspace/builds/worker-1-tc1/source:/opt/rustwide/workdir:ro,Z" "-v" "/var/lib/crater-agent-workspace/cargo-home:/opt/rustwide/cargo-home:ro,Z" "-v" "/var/lib/crater-agent-workspace/rustup-home:/opt/rustwide/rustup-home:ro,Z" "-e" "SOURCE_DIR=/opt/rustwide/workdir" "-e" "CARGO_TARGET_DIR=/opt/rustwide/target" "-e" "CARGO_INCREMENTAL=0" "-e" "RUST_BACKTRACE=full" "-e" "RUSTFLAGS=--cap-lints=warn" "-e" "RUSTDOCFLAGS=--cap-lints=warn" "-e" "CARGO_HOME=/opt/rustwide/cargo-home" "-e" "RUSTUP_HOME=/opt/rustwide/rustup-home" "-w" "/opt/rustwide/workdir" "-m" "1610612736" "--user" "0:0" "--network" "none" "ghcr.io/rust-lang/crates-build-env/linux@sha256:2788e3201cd34a07e3172128adcd8b3090168a8e3bcc40d7c032b9dda1df7d1c" "/opt/rustwide/cargo-home/bin/cargo" "+1.75.0" "test" "--frozen" "--no-run" "--message-format=json", kill_on_drop: false }`
[INFO] [stdout] 4b4c93cbbedfd4ba806bb622fb03abfcf7c318617023e5f818fb4a4338b18068
[INFO] running `Command { std: "docker" "start" "-a" "4b4c93cbbedfd4ba806bb622fb03abfcf7c318617023e5f818fb4a4338b18068", kill_on_drop: false }`
[INFO] [stderr]    Compiling anyhow v1.0.69
[INFO] [stderr]    Compiling json v0.12.4
[INFO] [stderr]    Compiling indoc v2.0.3
[INFO] [stderr]    Compiling assert_matches v1.5.0
[INFO] [stderr]    Compiling oma-debcontrol v0.3.0 (/opt/rustwide/workdir)
[INFO] [stderr]     Finished test [unoptimized + debuginfo] target(s) in 1.09s
[INFO] running `Command { std: "docker" "inspect" "4b4c93cbbedfd4ba806bb622fb03abfcf7c318617023e5f818fb4a4338b18068", kill_on_drop: false }`
[INFO] running `Command { std: "docker" "rm" "-f" "4b4c93cbbedfd4ba806bb622fb03abfcf7c318617023e5f818fb4a4338b18068", kill_on_drop: false }`
[INFO] [stdout] 4b4c93cbbedfd4ba806bb622fb03abfcf7c318617023e5f818fb4a4338b18068
[INFO] running `Command { std: "docker" "create" "-v" "/var/lib/crater-agent-workspace/builds/worker-1-tc1/target:/opt/rustwide/target:rw,Z" "-v" "/var/lib/crater-agent-workspace/builds/worker-1-tc1/source:/opt/rustwide/workdir:ro,Z" "-v" "/var/lib/crater-agent-workspace/cargo-home:/opt/rustwide/cargo-home:ro,Z" "-v" "/var/lib/crater-agent-workspace/rustup-home:/opt/rustwide/rustup-home:ro,Z" "-e" "SOURCE_DIR=/opt/rustwide/workdir" "-e" "CARGO_TARGET_DIR=/opt/rustwide/target" "-e" "CARGO_INCREMENTAL=0" "-e" "RUST_BACKTRACE=full" "-e" "RUSTFLAGS=--cap-lints=warn" "-e" "RUSTDOCFLAGS=--cap-lints=warn" "-e" "CARGO_HOME=/opt/rustwide/cargo-home" "-e" "RUSTUP_HOME=/opt/rustwide/rustup-home" "-w" "/opt/rustwide/workdir" "-m" "1610612736" "--user" "0:0" "--network" "none" "ghcr.io/rust-lang/crates-build-env/linux@sha256:2788e3201cd34a07e3172128adcd8b3090168a8e3bcc40d7c032b9dda1df7d1c" "/opt/rustwide/cargo-home/bin/cargo" "+1.75.0" "test" "--frozen", kill_on_drop: false }`
[INFO] [stdout] 68668cb5e9854b8d92e560213a1125c4d18e90cbe8f86da43c8b5359e9ca21e1
[INFO] running `Command { std: "docker" "start" "-a" "68668cb5e9854b8d92e560213a1125c4d18e90cbe8f86da43c8b5359e9ca21e1", kill_on_drop: false }`
[INFO] [stderr]     Finished test [unoptimized + debuginfo] target(s) in 0.01s
[INFO] [stderr]      Running unittests src/lib.rs (/opt/rustwide/target/debug/deps/oma_debcontrol-702b878dcd595bf6)
[INFO] [stdout] 
[INFO] [stdout] running 34 tests
[INFO] [stdout] test buf_parse::tests::should_fail_on_invalid_utf8_inside_chunk ... ok
[INFO] [stdout] test buf_parse::tests::should_fail_on_invalid_utf8_on_chunk_border ... ok
[INFO] [stdout] test buf_parse::tests::should_fail_on_trailing_invalid_utf8 ... ok
[INFO] [stdout] test buf_parse::tests::should_fail_on_trailing_partial_utf8 ... ok
[INFO] [stdout] test buf_parse::tests::should_handle_partial_utf8_after_advancing_position ... ok
[INFO] [stdout] test buf_parse::tests::should_handle_partial_utf8_on_chunk_boundary ... ok
[INFO] [stdout] test buf_parse::tests::should_keep_returning_none_when_input_is_exhausted ... ok
[INFO] [stdout] test buf_parse::tests::should_need_to_buffer_at_least_twice_for_nonempty_input ... ok
[INFO] [stdout] test buf_parse::tests::should_return_inner ... ok
[INFO] [stdout] test buf_parse::tests::should_parse_input_in_a_single_chunk ... ok
[INFO] [stdout] test parser::tests::eof::should_accept_empty_input ... ok
[INFO] [stdout] test parser::tests::eof::should_not_accept_non_empty_input ... ok
[INFO] [stdout] test parser::tests::field_from_parts::should_build_field_from_definition_line ... ok
[INFO] [stdout] test parser::tests::field_from_parts::should_build_field_from_definition_line_and_continuations ... ok
[INFO] [stdout] test parser::tests::field_from_parts::should_build_field_from_definition_line_and_mixed_continuations_and_comments ... ok
[INFO] [stdout] test parser::tests::field_from_parts::should_build_field_from_definition_line_and_only_comments ... ok
[INFO] [stdout] test tests::parse_finish::should_parse_paragraph_with_trailing_whitespace ... ok
[INFO] [stdout] test tests::parse_finish::should_parse_paragraph_without_trailing_newline ... ok
[INFO] [stdout] test tests::parse_finish::should_return_error_on_incomplete_field_definition ... ok
[INFO] [stdout] test tests::parse_str::should_parse_empty_input ... ok
[INFO] [stdout] test tests::parse_str::should_return_error_on_invalid_syntax ... ok
[INFO] [stdout] test tests::parse_streaming::should_parse_completed_paragraph ... ok
[INFO] [stdout] test tests::parse_str::should_parse_multiple_paragraphs ... ok
[INFO] [stdout] test tests::parse_streaming::should_return_error_on_field_name_starting_with_hyphen ... ok
[INFO] [stdout] test tests::parse_streaming::should_return_error_on_incomplete_field_definition ... ok
[INFO] [stdout] test tests::parse_streaming::should_return_error_on_invalid_field_name ... ok
[INFO] [stdout] test tests::parse_streaming::should_parse_completed_paragraph_followed_by_partial_paragraph ... ok
[INFO] [stdout] test tests::parse_streaming::should_return_incomplete_on_empty_string ... ok
[INFO] [stdout] test tests::parse_streaming::should_return_incomplete_on_field_definition_without_trailing_newline ... ok
[INFO] [stdout] test tests::parse_streaming::should_return_incomplete_on_paragraph_without_trailing_newline ... ok
[INFO] [stdout] test tests::parse_streaming::should_return_error_on_unexpected_continuation ... ok
[INFO] [stdout] test tests::parse_streaming::should_return_incomplete_on_paragraph_without_trailing_empty_line ... ok
[INFO] [stdout] test tests::parse_streaming::should_return_incomplete_on_incomplete_field_definition ... ok
[INFO] [stdout] test tests::parse_streaming::should_return_incomplete_on_input_without_paragraph ... ok
[INFO] [stdout] 
[INFO] [stdout] test result: ok. 34 passed; 0 failed; 0 ignored; 0 measured; 0 filtered out; finished in 0.00s
[INFO] [stdout] 
[INFO] [stderr]      Running tests/src-control-file.rs (/opt/rustwide/target/debug/deps/src_control_file-6f4f4e49a9e9c96e)
[INFO] [stdout] 
[INFO] [stdout] running 2 tests
[INFO] [stdout] test should_parse_control_file ... ok
[INFO] [stdout] test should_parse_control_file_streaming ... ok
[INFO] [stdout] 
[INFO] [stdout] test result: ok. 2 passed; 0 failed; 0 ignored; 0 measured; 0 filtered out; finished in 0.00s
[INFO] [stdout] 
[INFO] [stderr]    Doc-tests oma-debcontrol
[INFO] [stdout] 
[INFO] [stdout] running 3 tests
[INFO] [stdout] test src/buf_parse.rs - buf_parse::BufParse (line 79) ... FAILED
[INFO] [stdout] test src/lib.rs - (line 8) ... FAILED
[INFO] [stdout] test src/lib.rs - (line 30) ... FAILED
[INFO] [stdout] 
[INFO] [stdout] failures:
[INFO] [stdout] 
[INFO] [stdout] ---- src/buf_parse.rs - buf_parse::BufParse (line 79) stdout ----
[INFO] [stdout] error[E0432]: unresolved import `debcontrol`
[INFO] [stdout]  --> src/buf_parse.rs:81:5
[INFO] [stdout]   |
[INFO] [stdout] 4 | use debcontrol::{BufParse, Streaming};
[INFO] [stdout]   |     ^^^^^^^^^^ use of undeclared crate or module `debcontrol`
[INFO] [stdout] 
[INFO] [stdout] error: aborting due to previous error
[INFO] [stdout] 
[INFO] [stdout] For more information about this error, try `rustc --explain E0432`.
[INFO] [stdout] Couldn't compile the test.
[INFO] [stdout] ---- src/lib.rs - (line 8) stdout ----
[INFO] [stdout] error[E0432]: unresolved import `debcontrol`
[INFO] [stdout]  --> src/lib.rs:9:5
[INFO] [stdout]   |
[INFO] [stdout] 2 | use debcontrol::{Paragraph, Field, parse_str};
[INFO] [stdout]   |     ^^^^^^^^^^ use of undeclared crate or module `debcontrol`
[INFO] [stdout] 
[INFO] [stdout] error[E0433]: failed to resolve: use of undeclared crate or module `debcontrol`
[INFO] [stdout]  --> src/lib.rs:10:25
[INFO] [stdout]   |
[INFO] [stdout] 3 | fn main() -> Result<(), debcontrol::SyntaxError<'static>> {
[INFO] [stdout]   |                         ^^^^^^^^^^ use of undeclared crate or module `debcontrol`
[INFO] [stdout] 
[INFO] [stdout] error: aborting due to 2 previous errors
[INFO] [stdout] 
[INFO] [stdout] Some errors have detailed explanations: E0432, E0433.
[INFO] [stdout] For more information about an error, try `rustc --explain E0432`.
[INFO] [stdout] Couldn't compile the test.
[INFO] [stdout] ---- src/lib.rs - (line 30) stdout ----
[INFO] [stdout] error[E0432]: unresolved import `debcontrol`
[INFO] [stdout]  --> src/lib.rs:31:5
[INFO] [stdout]   |
[INFO] [stdout] 2 | use debcontrol::{Paragraph, Field, Streaming, parse_streaming, parse_finish};
[INFO] [stdout]   |     ^^^^^^^^^^ use of undeclared crate or module `debcontrol`
[INFO] [stdout] 
[INFO] [stdout] error[E0433]: failed to resolve: use of undeclared crate or module `debcontrol`
[INFO] [stdout]  --> src/lib.rs:32:25
[INFO] [stdout]   |
[INFO] [stdout] 3 | fn main() -> Result<(), debcontrol::SyntaxError<'static>> {
[INFO] [stdout]   |                         ^^^^^^^^^^ use of undeclared crate or module `debcontrol`
[INFO] [stdout] 
[INFO] [stdout] error: aborting due to 2 previous errors
[INFO] [stdout] 
[INFO] [stdout] Some errors have detailed explanations: E0432, E0433.
[INFO] [stdout] For more information about an error, try `rustc --explain E0432`.
[INFO] [stdout] Couldn't compile the test.
[INFO] [stdout] 
[INFO] [stdout] failures:
[INFO] [stdout]     src/buf_parse.rs - buf_parse::BufParse (line 79)
[INFO] [stdout]     src/lib.rs - (line 30)
[INFO] [stdout]     src/lib.rs - (line 8)
[INFO] [stdout] 
[INFO] [stdout] test result: FAILED. 0 passed; 3 failed; 0 ignored; 0 measured; 0 filtered out; finished in 0.04s
[INFO] [stdout] 
[INFO] [stderr] error: doctest failed, to rerun pass `--doc`
[INFO] running `Command { std: "docker" "inspect" "68668cb5e9854b8d92e560213a1125c4d18e90cbe8f86da43c8b5359e9ca21e1", kill_on_drop: false }`
[INFO] running `Command { std: "docker" "rm" "-f" "68668cb5e9854b8d92e560213a1125c4d18e90cbe8f86da43c8b5359e9ca21e1", kill_on_drop: false }`
[INFO] [stdout] 68668cb5e9854b8d92e560213a1125c4d18e90cbe8f86da43c8b5359e9ca21e1
[INFO] testing oma-debcontrol-0.3.0 against beta-2023-12-22 for beta-1.76-1
[INFO] extracting crate oma-debcontrol 0.3.0 into /workspace/builds/worker-1-tc2/source
[INFO] validating manifest of crates.io crate oma-debcontrol 0.3.0 on toolchain beta-2023-12-22
[INFO] running `Command { std: CARGO_HOME="/workspace/cargo-home" RUSTUP_HOME="/workspace/rustup-home" "/workspace/cargo-home/bin/cargo" "+beta-2023-12-22" "metadata" "--manifest-path" "Cargo.toml" "--no-deps", kill_on_drop: false }`
[INFO] started tweaking crates.io crate oma-debcontrol 0.3.0
[INFO] removed 0 missing examples
[INFO] finished tweaking crates.io crate oma-debcontrol 0.3.0
[INFO] tweaked toml for crates.io crate oma-debcontrol 0.3.0 written to /workspace/builds/worker-1-tc2/source/Cargo.toml
[INFO] crate crates.io crate oma-debcontrol 0.3.0 already has a lockfile, it will not be regenerated
[INFO] running `Command { std: CARGO_HOME="/workspace/cargo-home" RUSTUP_HOME="/workspace/rustup-home" "/workspace/cargo-home/bin/cargo" "+beta-2023-12-22" "fetch" "--manifest-path" "Cargo.toml", kill_on_drop: false }`
[INFO] running `Command { std: "docker" "create" "-v" "/var/lib/crater-agent-workspace/builds/worker-1-tc2/target:/opt/rustwide/target:rw,Z" "-v" "/var/lib/crater-agent-workspace/builds/worker-1-tc2/source:/opt/rustwide/workdir:ro,Z" "-v" "/var/lib/crater-agent-workspace/cargo-home:/opt/rustwide/cargo-home:ro,Z" "-v" "/var/lib/crater-agent-workspace/rustup-home:/opt/rustwide/rustup-home:ro,Z" "-e" "SOURCE_DIR=/opt/rustwide/workdir" "-e" "CARGO_TARGET_DIR=/opt/rustwide/target" "-e" "CARGO_HOME=/opt/rustwide/cargo-home" "-e" "RUSTUP_HOME=/opt/rustwide/rustup-home" "-w" "/opt/rustwide/workdir" "-m" "1610612736" "--user" "0:0" "--network" "none" "ghcr.io/rust-lang/crates-build-env/linux@sha256:2788e3201cd34a07e3172128adcd8b3090168a8e3bcc40d7c032b9dda1df7d1c" "/opt/rustwide/cargo-home/bin/cargo" "+beta-2023-12-22" "metadata" "--no-deps" "--format-version=1", kill_on_drop: false }`
[INFO] [stdout] a31dd394c6f23fe348a8e2a8cf08a572b02b2271ad8d00f839fcc70013c6cf92
[INFO] running `Command { std: "docker" "start" "-a" "a31dd394c6f23fe348a8e2a8cf08a572b02b2271ad8d00f839fcc70013c6cf92", kill_on_drop: false }`
[INFO] running `Command { std: "docker" "inspect" "a31dd394c6f23fe348a8e2a8cf08a572b02b2271ad8d00f839fcc70013c6cf92", kill_on_drop: false }`
[INFO] running `Command { std: "docker" "rm" "-f" "a31dd394c6f23fe348a8e2a8cf08a572b02b2271ad8d00f839fcc70013c6cf92", kill_on_drop: false }`
[INFO] [stdout] a31dd394c6f23fe348a8e2a8cf08a572b02b2271ad8d00f839fcc70013c6cf92
[INFO] running `Command { std: "docker" "create" "-v" "/var/lib/crater-agent-workspace/builds/worker-1-tc2/target:/opt/rustwide/target:rw,Z" "-v" "/var/lib/crater-agent-workspace/builds/worker-1-tc2/source:/opt/rustwide/workdir:ro,Z" "-v" "/var/lib/crater-agent-workspace/cargo-home:/opt/rustwide/cargo-home:ro,Z" "-v" "/var/lib/crater-agent-workspace/rustup-home:/opt/rustwide/rustup-home:ro,Z" "-e" "SOURCE_DIR=/opt/rustwide/workdir" "-e" "CARGO_TARGET_DIR=/opt/rustwide/target" "-e" "CARGO_INCREMENTAL=0" "-e" "RUST_BACKTRACE=full" "-e" "RUSTFLAGS=--cap-lints=warn" "-e" "RUSTDOCFLAGS=--cap-lints=warn" "-e" "CARGO_HOME=/opt/rustwide/cargo-home" "-e" "RUSTUP_HOME=/opt/rustwide/rustup-home" "-w" "/opt/rustwide/workdir" "-m" "1610612736" "--user" "0:0" "--network" "none" "ghcr.io/rust-lang/crates-build-env/linux@sha256:2788e3201cd34a07e3172128adcd8b3090168a8e3bcc40d7c032b9dda1df7d1c" "/opt/rustwide/cargo-home/bin/cargo" "+beta-2023-12-22" "build" "--frozen" "--message-format=json", kill_on_drop: false }`
[INFO] [stdout] 66ddc254c81497fc874bc6e5b3f878aded1ce77f543bbff2f04cdbdc7072160e
[INFO] running `Command { std: "docker" "start" "-a" "66ddc254c81497fc874bc6e5b3f878aded1ce77f543bbff2f04cdbdc7072160e", kill_on_drop: false }`
[INFO] [stderr]    Compiling memchr v2.5.0
[INFO] [stderr]    Compiling minimal-lexical v0.2.1
[INFO] [stderr]    Compiling nom v7.1.3
[INFO] [stderr]    Compiling oma-debcontrol v0.3.0 (/opt/rustwide/workdir)
[INFO] [stderr]     Finished dev [unoptimized + debuginfo] target(s) in 1.94s
[INFO] running `Command { std: "docker" "inspect" "66ddc254c81497fc874bc6e5b3f878aded1ce77f543bbff2f04cdbdc7072160e", kill_on_drop: false }`
[INFO] running `Command { std: "docker" "rm" "-f" "66ddc254c81497fc874bc6e5b3f878aded1ce77f543bbff2f04cdbdc7072160e", kill_on_drop: false }`
[INFO] [stdout] 66ddc254c81497fc874bc6e5b3f878aded1ce77f543bbff2f04cdbdc7072160e
[INFO] running `Command { std: "docker" "create" "-v" "/var/lib/crater-agent-workspace/builds/worker-1-tc2/target:/opt/rustwide/target:rw,Z" "-v" "/var/lib/crater-agent-workspace/builds/worker-1-tc2/source:/opt/rustwide/workdir:ro,Z" "-v" "/var/lib/crater-agent-workspace/cargo-home:/opt/rustwide/cargo-home:ro,Z" "-v" "/var/lib/crater-agent-workspace/rustup-home:/opt/rustwide/rustup-home:ro,Z" "-e" "SOURCE_DIR=/opt/rustwide/workdir" "-e" "CARGO_TARGET_DIR=/opt/rustwide/target" "-e" "CARGO_INCREMENTAL=0" "-e" "RUST_BACKTRACE=full" "-e" "RUSTFLAGS=--cap-lints=warn" "-e" "RUSTDOCFLAGS=--cap-lints=warn" "-e" "CARGO_HOME=/opt/rustwide/cargo-home" "-e" "RUSTUP_HOME=/opt/rustwide/rustup-home" "-w" "/opt/rustwide/workdir" "-m" "1610612736" "--user" "0:0" "--network" "none" "ghcr.io/rust-lang/crates-build-env/linux@sha256:2788e3201cd34a07e3172128adcd8b3090168a8e3bcc40d7c032b9dda1df7d1c" "/opt/rustwide/cargo-home/bin/cargo" "+beta-2023-12-22" "test" "--frozen" "--no-run" "--message-format=json", kill_on_drop: false }`
[INFO] [stdout] 68307988abbb242eecba4236b463478fcb851fcff1d3b4768d4743c609469159
[INFO] running `Command { std: "docker" "start" "-a" "68307988abbb242eecba4236b463478fcb851fcff1d3b4768d4743c609469159", kill_on_drop: false }`
[INFO] [stderr]    Compiling anyhow v1.0.69
[INFO] [stderr]    Compiling assert_matches v1.5.0
[INFO] [stderr]    Compiling indoc v2.0.3
[INFO] [stderr]    Compiling json v0.12.4
[INFO] [stderr]    Compiling oma-debcontrol v0.3.0 (/opt/rustwide/workdir)
[INFO] [stderr]     Finished test [unoptimized + debuginfo] target(s) in 1.47s
[INFO] running `Command { std: "docker" "inspect" "68307988abbb242eecba4236b463478fcb851fcff1d3b4768d4743c609469159", kill_on_drop: false }`
[INFO] running `Command { std: "docker" "rm" "-f" "68307988abbb242eecba4236b463478fcb851fcff1d3b4768d4743c609469159", kill_on_drop: false }`
[INFO] [stdout] 68307988abbb242eecba4236b463478fcb851fcff1d3b4768d4743c609469159
[INFO] running `Command { std: "docker" "create" "-v" "/var/lib/crater-agent-workspace/builds/worker-1-tc2/target:/opt/rustwide/target:rw,Z" "-v" "/var/lib/crater-agent-workspace/builds/worker-1-tc2/source:/opt/rustwide/workdir:ro,Z" "-v" "/var/lib/crater-agent-workspace/cargo-home:/opt/rustwide/cargo-home:ro,Z" "-v" "/var/lib/crater-agent-workspace/rustup-home:/opt/rustwide/rustup-home:ro,Z" "-e" "SOURCE_DIR=/opt/rustwide/workdir" "-e" "CARGO_TARGET_DIR=/opt/rustwide/target" "-e" "CARGO_INCREMENTAL=0" "-e" "RUST_BACKTRACE=full" "-e" "RUSTFLAGS=--cap-lints=warn" "-e" "RUSTDOCFLAGS=--cap-lints=warn" "-e" "CARGO_HOME=/opt/rustwide/cargo-home" "-e" "RUSTUP_HOME=/opt/rustwide/rustup-home" "-w" "/opt/rustwide/workdir" "-m" "1610612736" "--user" "0:0" "--network" "none" "ghcr.io/rust-lang/crates-build-env/linux@sha256:2788e3201cd34a07e3172128adcd8b3090168a8e3bcc40d7c032b9dda1df7d1c" "/opt/rustwide/cargo-home/bin/cargo" "+beta-2023-12-22" "test" "--frozen", kill_on_drop: false }`
[INFO] [stdout] 6eea8ce267b81f397871f406a7d1eabc2b892b26459f3acbf4cc8f625c71ffa7
[INFO] running `Command { std: "docker" "start" "-a" "6eea8ce267b81f397871f406a7d1eabc2b892b26459f3acbf4cc8f625c71ffa7", kill_on_drop: false }`
[INFO] [stderr]     Finished test [unoptimized + debuginfo] target(s) in 0.02s
[INFO] [stderr]      Running unittests src/lib.rs (/opt/rustwide/target/debug/deps/oma_debcontrol-fbe5a74430e50064)
[INFO] [stdout] 
[INFO] [stdout] running 34 tests
[INFO] [stdout] test buf_parse::tests::should_fail_on_invalid_utf8_inside_chunk ... ok
[INFO] [stdout] test buf_parse::tests::should_fail_on_invalid_utf8_on_chunk_border ... ok
[INFO] [stdout] test buf_parse::tests::should_fail_on_trailing_invalid_utf8 ... ok
[INFO] [stdout] test buf_parse::tests::should_handle_partial_utf8_after_advancing_position ... ok
[INFO] [stdout] test buf_parse::tests::should_fail_on_trailing_partial_utf8 ... ok
[INFO] [stdout] test buf_parse::tests::should_keep_returning_none_when_input_is_exhausted ... ok
[INFO] [stdout] test buf_parse::tests::should_handle_partial_utf8_on_chunk_boundary ... ok
[INFO] [stdout] test buf_parse::tests::should_need_to_buffer_at_least_twice_for_nonempty_input ... ok
[INFO] [stdout] test buf_parse::tests::should_return_inner ... ok
[INFO] [stdout] test buf_parse::tests::should_parse_input_in_a_single_chunk ... ok
[INFO] [stdout] test parser::tests::eof::should_accept_empty_input ... ok
[INFO] [stdout] test parser::tests::eof::should_not_accept_non_empty_input ... ok
[INFO] [stdout] test parser::tests::field_from_parts::should_build_field_from_definition_line ... ok
[INFO] [stdout] test parser::tests::field_from_parts::should_build_field_from_definition_line_and_continuations ... ok
[INFO] [stdout] test parser::tests::field_from_parts::should_build_field_from_definition_line_and_mixed_continuations_and_comments ... ok
[INFO] [stdout] test parser::tests::field_from_parts::should_build_field_from_definition_line_and_only_comments ... ok
[INFO] [stdout] test tests::parse_finish::should_parse_paragraph_with_trailing_whitespace ... ok
[INFO] [stdout] test tests::parse_finish::should_parse_paragraph_without_trailing_newline ... ok
[INFO] [stdout] test tests::parse_str::should_return_error_on_invalid_syntax ... ok
[INFO] [stdout] test tests::parse_str::should_parse_empty_input ... ok
[INFO] [stdout] test tests::parse_finish::should_return_error_on_incomplete_field_definition ... ok
[INFO] [stdout] test tests::parse_streaming::should_return_error_on_incomplete_field_definition ... ok
[INFO] [stdout] test tests::parse_str::should_parse_multiple_paragraphs ... ok
[INFO] [stdout] test tests::parse_streaming::should_return_error_on_field_name_starting_with_hyphen ... ok
[INFO] [stdout] test tests::parse_streaming::should_parse_completed_paragraph ... ok
[INFO] [stdout] test tests::parse_streaming::should_return_incomplete_on_paragraph_without_trailing_newline ... ok
[INFO] [stdout] test tests::parse_streaming::should_parse_completed_paragraph_followed_by_partial_paragraph ... ok
[INFO] [stdout] test tests::parse_streaming::should_return_incomplete_on_empty_string ... ok
[INFO] [stdout] test tests::parse_streaming::should_return_incomplete_on_field_definition_without_trailing_newline ... ok
[INFO] [stdout] test tests::parse_streaming::should_return_incomplete_on_incomplete_field_definition ... ok
[INFO] [stdout] test tests::parse_streaming::should_return_error_on_unexpected_continuation ... ok
[INFO] [stdout] test tests::parse_streaming::should_return_incomplete_on_paragraph_without_trailing_empty_line ... ok
[INFO] [stdout] test tests::parse_streaming::should_return_error_on_invalid_field_name ... ok
[INFO] [stdout] test tests::parse_streaming::should_return_incomplete_on_input_without_paragraph ... ok
[INFO] [stdout] 
[INFO] [stdout] test result: ok. 34 passed; 0 failed; 0 ignored; 0 measured; 0 filtered out; finished in 0.00s
[INFO] [stdout] 
[INFO] [stderr]      Running tests/src-control-file.rs (/opt/rustwide/target/debug/deps/src_control_file-f51144701ee2cfc1)
[INFO] [stdout] 
[INFO] [stdout] running 2 tests
[INFO] [stdout] test should_parse_control_file ... ok
[INFO] [stdout] test should_parse_control_file_streaming ... ok
[INFO] [stdout] 
[INFO] [stdout] test result: ok. 2 passed; 0 failed; 0 ignored; 0 measured; 0 filtered out; finished in 0.01s
[INFO] [stdout] 
[INFO] [stderr]    Doc-tests oma-debcontrol
[INFO] [stdout] 
[INFO] [stdout] running 3 tests
[INFO] [stdout] test src/lib.rs - (line 8) ... FAILED
[INFO] [stdout] test src/buf_parse.rs - buf_parse::BufParse (line 79) ... FAILED
[INFO] [stdout] test src/lib.rs - (line 30) ... FAILED
[INFO] [stdout] 
[INFO] [stdout] failures:
[INFO] [stdout] 
[INFO] [stdout] ---- src/lib.rs - (line 8) stdout ----
[INFO] [stdout] error[E0432]: unresolved import `debcontrol`
[INFO] [stdout]  --> src/lib.rs:9:5
[INFO] [stdout]   |
[INFO] [stdout] 2 | use debcontrol::{Paragraph, Field, parse_str};
[INFO] [stdout]   |     ^^^^^^^^^^ use of undeclared crate or module `debcontrol`
[INFO] [stdout] 
[INFO] [stdout] error[E0433]: failed to resolve: use of undeclared crate or module `debcontrol`
[INFO] [stdout]  --> src/lib.rs:10:25
[INFO] [stdout]   |
[INFO] [stdout] 3 | fn main() -> Result<(), debcontrol::SyntaxError<'static>> {
[INFO] [stdout]   |                         ^^^^^^^^^^ use of undeclared crate or module `debcontrol`
[INFO] [stdout] 
[INFO] [stdout] error: aborting due to 2 previous errors
[INFO] [stdout] 
[INFO] [stdout] Some errors have detailed explanations: E0432, E0433.
[INFO] [stdout] For more information about an error, try `rustc --explain E0432`.
[INFO] [stdout] Couldn't compile the test.
[INFO] [stdout] ---- src/buf_parse.rs - buf_parse::BufParse (line 79) stdout ----
[INFO] [stdout] error[E0432]: unresolved import `debcontrol`
[INFO] [stdout]  --> src/buf_parse.rs:81:5
[INFO] [stdout]   |
[INFO] [stdout] 4 | use debcontrol::{BufParse, Streaming};
[INFO] [stdout]   |     ^^^^^^^^^^ use of undeclared crate or module `debcontrol`
[INFO] [stdout] 
[INFO] [stdout] error: aborting due to 1 previous error
[INFO] [stdout] 
[INFO] [stdout] For more information about this error, try `rustc --explain E0432`.
[INFO] [stdout] Couldn't compile the test.
[INFO] [stdout] ---- src/lib.rs - (line 30) stdout ----
[INFO] [stdout] error[E0432]: unresolved import `debcontrol`
[INFO] [stdout]  --> src/lib.rs:31:5
[INFO] [stdout]   |
[INFO] [stdout] 2 | use debcontrol::{Paragraph, Field, Streaming, parse_streaming, parse_finish};
[INFO] [stdout]   |     ^^^^^^^^^^ use of undeclared crate or module `debcontrol`
[INFO] [stdout] 
[INFO] [stdout] error[E0433]: failed to resolve: use of undeclared crate or module `debcontrol`
[INFO] [stdout]  --> src/lib.rs:32:25
[INFO] [stdout]   |
[INFO] [stdout] 3 | fn main() -> Result<(), debcontrol::SyntaxError<'static>> {
[INFO] [stdout]   |                         ^^^^^^^^^^ use of undeclared crate or module `debcontrol`
[INFO] [stdout] 
[INFO] [stdout] error: aborting due to 2 previous errors
[INFO] [stdout] 
[INFO] [stdout] Some errors have detailed explanations: E0432, E0433.
[INFO] [stdout] For more information about an error, try `rustc --explain E0432`.
[INFO] [stdout] Couldn't compile the test.
[INFO] [stdout] 
[INFO] [stdout] failures:
[INFO] [stdout]     src/buf_parse.rs - buf_parse::BufParse (line 79)
[INFO] [stdout]     src/lib.rs - (line 30)
[INFO] [stdout]     src/lib.rs - (line 8)
[INFO] [stdout] 
[INFO] [stdout] test result: FAILED. 0 passed; 3 failed; 0 ignored; 0 measured; 0 filtered out; finished in 0.06s
[INFO] [stdout] 
[INFO] [stderr] error: doctest failed, to rerun pass `--doc`
[INFO] running `Command { std: "docker" "inspect" "6eea8ce267b81f397871f406a7d1eabc2b892b26459f3acbf4cc8f625c71ffa7", kill_on_drop: false }`
[INFO] running `Command { std: "docker" "rm" "-f" "6eea8ce267b81f397871f406a7d1eabc2b892b26459f3acbf4cc8f625c71ffa7", kill_on_drop: false }`
[INFO] [stdout] 6eea8ce267b81f397871f406a7d1eabc2b892b26459f3acbf4cc8f625c71ffa7
