[INFO] fetching crate ola-parser 1.0.0...
[INFO] testing ola-parser-1.0.0 against 1.75.0 for beta-1.76-1
[INFO] extracting crate ola-parser 1.0.0 into /workspace/builds/worker-3-tc1/source
[INFO] validating manifest of crates.io crate ola-parser 1.0.0 on toolchain 1.75.0
[INFO] running `Command { std: CARGO_HOME="/workspace/cargo-home" RUSTUP_HOME="/workspace/rustup-home" "/workspace/cargo-home/bin/cargo" "+1.75.0" "metadata" "--manifest-path" "Cargo.toml" "--no-deps", kill_on_drop: false }`
[INFO] started tweaking crates.io crate ola-parser 1.0.0
[INFO] finished tweaking crates.io crate ola-parser 1.0.0
[INFO] tweaked toml for crates.io crate ola-parser 1.0.0 written to /workspace/builds/worker-3-tc1/source/Cargo.toml
[INFO] running `Command { std: CARGO_HOME="/workspace/cargo-home" RUSTUP_HOME="/workspace/rustup-home" "/workspace/cargo-home/bin/cargo" "+1.75.0" "generate-lockfile" "--manifest-path" "Cargo.toml", kill_on_drop: false }`
[INFO] [stderr]     Updating crates.io index
[INFO] running `Command { std: CARGO_HOME="/workspace/cargo-home" RUSTUP_HOME="/workspace/rustup-home" "/workspace/cargo-home/bin/cargo" "+1.75.0" "fetch" "--manifest-path" "Cargo.toml", kill_on_drop: false }`
[INFO] [stderr]     Blocking waiting for file lock on package cache
[INFO] [stderr]     Blocking waiting for file lock on package cache
[INFO] running `Command { std: "docker" "create" "-v" "/var/lib/crater-agent-workspace/builds/worker-3-tc1/target:/opt/rustwide/target:rw,Z" "-v" "/var/lib/crater-agent-workspace/builds/worker-3-tc1/source:/opt/rustwide/workdir:ro,Z" "-v" "/var/lib/crater-agent-workspace/cargo-home:/opt/rustwide/cargo-home:ro,Z" "-v" "/var/lib/crater-agent-workspace/rustup-home:/opt/rustwide/rustup-home:ro,Z" "-e" "SOURCE_DIR=/opt/rustwide/workdir" "-e" "CARGO_TARGET_DIR=/opt/rustwide/target" "-e" "CARGO_HOME=/opt/rustwide/cargo-home" "-e" "RUSTUP_HOME=/opt/rustwide/rustup-home" "-w" "/opt/rustwide/workdir" "-m" "1610612736" "--user" "0:0" "--network" "none" "ghcr.io/rust-lang/crates-build-env/linux@sha256:2788e3201cd34a07e3172128adcd8b3090168a8e3bcc40d7c032b9dda1df7d1c" "/opt/rustwide/cargo-home/bin/cargo" "+1.75.0" "metadata" "--no-deps" "--format-version=1", kill_on_drop: false }`
[INFO] [stdout] bc4a63417d2400e2b471fe27a02ece7710462cc2190f3e25f8a2bf98ba01607b
[INFO] running `Command { std: "docker" "start" "-a" "bc4a63417d2400e2b471fe27a02ece7710462cc2190f3e25f8a2bf98ba01607b", kill_on_drop: false }`
[INFO] running `Command { std: "docker" "inspect" "bc4a63417d2400e2b471fe27a02ece7710462cc2190f3e25f8a2bf98ba01607b", kill_on_drop: false }`
[INFO] running `Command { std: "docker" "rm" "-f" "bc4a63417d2400e2b471fe27a02ece7710462cc2190f3e25f8a2bf98ba01607b", kill_on_drop: false }`
[INFO] [stdout] bc4a63417d2400e2b471fe27a02ece7710462cc2190f3e25f8a2bf98ba01607b
[INFO] running `Command { std: "docker" "create" "-v" "/var/lib/crater-agent-workspace/builds/worker-3-tc1/target:/opt/rustwide/target:rw,Z" "-v" "/var/lib/crater-agent-workspace/builds/worker-3-tc1/source:/opt/rustwide/workdir:ro,Z" "-v" "/var/lib/crater-agent-workspace/cargo-home:/opt/rustwide/cargo-home:ro,Z" "-v" "/var/lib/crater-agent-workspace/rustup-home:/opt/rustwide/rustup-home:ro,Z" "-e" "SOURCE_DIR=/opt/rustwide/workdir" "-e" "CARGO_TARGET_DIR=/opt/rustwide/target" "-e" "CARGO_INCREMENTAL=0" "-e" "RUST_BACKTRACE=full" "-e" "RUSTFLAGS=--cap-lints=warn" "-e" "RUSTDOCFLAGS=--cap-lints=warn" "-e" "CARGO_HOME=/opt/rustwide/cargo-home" "-e" "RUSTUP_HOME=/opt/rustwide/rustup-home" "-w" "/opt/rustwide/workdir" "-m" "1610612736" "--user" "0:0" "--network" "none" "ghcr.io/rust-lang/crates-build-env/linux@sha256:2788e3201cd34a07e3172128adcd8b3090168a8e3bcc40d7c032b9dda1df7d1c" "/opt/rustwide/cargo-home/bin/cargo" "+1.75.0" "build" "--frozen" "--message-format=json", kill_on_drop: false }`
[INFO] [stdout] 193474ec9e4f1edee51242a0c01b9b033689c403e56f11c81203cfd1371adbc1
[INFO] running `Command { std: "docker" "start" "-a" "193474ec9e4f1edee51242a0c01b9b033689c403e56f11c81203cfd1371adbc1", kill_on_drop: false }`
[INFO] [stderr]    Compiling parking_lot_core v0.9.9
[INFO] [stderr]    Compiling dirs-sys-next v0.1.2
[INFO] [stderr]    Compiling lock_api v0.4.11
[INFO] [stderr]    Compiling crunchy v0.2.2
[INFO] [stderr]    Compiling smallvec v1.11.2
[INFO] [stderr]    Compiling rustix v0.38.28
[INFO] [stderr]    Compiling scopeguard v1.2.0
[INFO] [stderr]    Compiling tiny-keccak v2.0.2
[INFO] [stderr]    Compiling siphasher v0.3.11
[INFO] [stderr]    Compiling hashbrown v0.14.3
[INFO] [stderr]    Compiling equivalent v1.0.1
[INFO] [stderr]    Compiling fixedbitset v0.4.2
[INFO] [stderr]    Compiling once_cell v1.19.0
[INFO] [stderr]    Compiling either v1.9.0
[INFO] [stderr]    Compiling bit-vec v0.6.3
[INFO] [stderr]    Compiling new_debug_unreachable v1.0.4
[INFO] [stderr]    Compiling precomputed-hash v0.1.1
[INFO] [stderr]    Compiling ena v0.14.2
[INFO] [stderr]    Compiling lalrpop-util v0.19.12
[INFO] [stderr]    Compiling dirs-next v2.0.0
[INFO] [stderr]    Compiling itertools v0.10.5
[INFO] [stderr]    Compiling phf_shared v0.10.0
[INFO] [stderr]    Compiling term v0.7.0
[INFO] [stderr]    Compiling bit-set v0.5.3
[INFO] [stderr]    Compiling diff v0.1.13
[INFO] [stderr]    Compiling unicode-xid v0.2.4
[INFO] [stderr]    Compiling regex-syntax v0.6.29
[INFO] [stderr]    Compiling serde v1.0.194
[INFO] [stderr]    Compiling ascii-canvas v3.0.0
[INFO] [stderr]    Compiling parking_lot v0.12.1
[INFO] [stderr]    Compiling indexmap v2.1.0
[INFO] [stderr]    Compiling string_cache v0.8.7
[INFO] [stderr]    Compiling petgraph v0.6.4
[INFO] [stderr]    Compiling is-terminal v0.4.10
[INFO] [stderr]    Compiling lalrpop v0.19.12
[INFO] [stderr]    Compiling ola-parser v1.0.0 (/opt/rustwide/workdir)
[INFO] [stderr]     Finished dev [unoptimized + debuginfo] target(s) in 26.42s
[INFO] running `Command { std: "docker" "inspect" "193474ec9e4f1edee51242a0c01b9b033689c403e56f11c81203cfd1371adbc1", kill_on_drop: false }`
[INFO] running `Command { std: "docker" "rm" "-f" "193474ec9e4f1edee51242a0c01b9b033689c403e56f11c81203cfd1371adbc1", kill_on_drop: false }`
[INFO] [stdout] 193474ec9e4f1edee51242a0c01b9b033689c403e56f11c81203cfd1371adbc1
[INFO] running `Command { std: "docker" "create" "-v" "/var/lib/crater-agent-workspace/builds/worker-3-tc1/target:/opt/rustwide/target:rw,Z" "-v" "/var/lib/crater-agent-workspace/builds/worker-3-tc1/source:/opt/rustwide/workdir:ro,Z" "-v" "/var/lib/crater-agent-workspace/cargo-home:/opt/rustwide/cargo-home:ro,Z" "-v" "/var/lib/crater-agent-workspace/rustup-home:/opt/rustwide/rustup-home:ro,Z" "-e" "SOURCE_DIR=/opt/rustwide/workdir" "-e" "CARGO_TARGET_DIR=/opt/rustwide/target" "-e" "CARGO_INCREMENTAL=0" "-e" "RUST_BACKTRACE=full" "-e" "RUSTFLAGS=--cap-lints=warn" "-e" "RUSTDOCFLAGS=--cap-lints=warn" "-e" "CARGO_HOME=/opt/rustwide/cargo-home" "-e" "RUSTUP_HOME=/opt/rustwide/rustup-home" "-w" "/opt/rustwide/workdir" "-m" "1610612736" "--user" "0:0" "--network" "none" "ghcr.io/rust-lang/crates-build-env/linux@sha256:2788e3201cd34a07e3172128adcd8b3090168a8e3bcc40d7c032b9dda1df7d1c" "/opt/rustwide/cargo-home/bin/cargo" "+1.75.0" "test" "--frozen" "--no-run" "--message-format=json", kill_on_drop: false }`
[INFO] [stdout] d7e2d37b29e4bcad12df4d7e8cea20fb18c815357c201be3011f5a3a3dadd96b
[INFO] running `Command { std: "docker" "start" "-a" "d7e2d37b29e4bcad12df4d7e8cea20fb18c815357c201be3011f5a3a3dadd96b", kill_on_drop: false }`
[INFO] [stderr]    Compiling diff v0.1.13
[INFO] [stderr]    Compiling yansi v0.5.1
[INFO] [stderr]    Compiling walkdir v2.4.0
[INFO] [stderr]    Compiling lalrpop v0.19.12
[INFO] [stderr]    Compiling pretty_assertions v1.4.0
[INFO] [stderr]    Compiling ola-parser v1.0.0 (/opt/rustwide/workdir)
[INFO] [stderr]     Finished test [unoptimized + debuginfo] target(s) in 15.60s
[INFO] running `Command { std: "docker" "inspect" "d7e2d37b29e4bcad12df4d7e8cea20fb18c815357c201be3011f5a3a3dadd96b", kill_on_drop: false }`
[INFO] running `Command { std: "docker" "rm" "-f" "d7e2d37b29e4bcad12df4d7e8cea20fb18c815357c201be3011f5a3a3dadd96b", kill_on_drop: false }`
[INFO] [stdout] d7e2d37b29e4bcad12df4d7e8cea20fb18c815357c201be3011f5a3a3dadd96b
[INFO] running `Command { std: "docker" "create" "-v" "/var/lib/crater-agent-workspace/builds/worker-3-tc1/target:/opt/rustwide/target:rw,Z" "-v" "/var/lib/crater-agent-workspace/builds/worker-3-tc1/source:/opt/rustwide/workdir:ro,Z" "-v" "/var/lib/crater-agent-workspace/cargo-home:/opt/rustwide/cargo-home:ro,Z" "-v" "/var/lib/crater-agent-workspace/rustup-home:/opt/rustwide/rustup-home:ro,Z" "-e" "SOURCE_DIR=/opt/rustwide/workdir" "-e" "CARGO_TARGET_DIR=/opt/rustwide/target" "-e" "CARGO_INCREMENTAL=0" "-e" "RUST_BACKTRACE=full" "-e" "RUSTFLAGS=--cap-lints=warn" "-e" "RUSTDOCFLAGS=--cap-lints=warn" "-e" "CARGO_HOME=/opt/rustwide/cargo-home" "-e" "RUSTUP_HOME=/opt/rustwide/rustup-home" "-w" "/opt/rustwide/workdir" "-m" "1610612736" "--user" "0:0" "--network" "none" "ghcr.io/rust-lang/crates-build-env/linux@sha256:2788e3201cd34a07e3172128adcd8b3090168a8e3bcc40d7c032b9dda1df7d1c" "/opt/rustwide/cargo-home/bin/cargo" "+1.75.0" "test" "--frozen", kill_on_drop: false }`
[INFO] [stdout] ba5c2a4cd7a520dcefccbf5f3d82f9b19207e3ba11874da315bfb329e847b764
[INFO] running `Command { std: "docker" "start" "-a" "ba5c2a4cd7a520dcefccbf5f3d82f9b19207e3ba11874da315bfb329e847b764", kill_on_drop: false }`
[INFO] [stderr]     Finished test [unoptimized + debuginfo] target(s) in 0.05s
[INFO] [stderr]      Running unittests src/lib.rs (/opt/rustwide/target/debug/deps/ola_parser-2e0aadb22c35eb54)
[INFO] [stdout] 
[INFO] [stdout] running 1 test
[INFO] [stdout] test test::test_ext_source ... FAILED
[INFO] [stdout] 
[INFO] [stdout] failures:
[INFO] [stdout] 
[INFO] [stdout] ---- test::test_ext_source stdout ----
[INFO] [stdout] thread 'test::test_ext_source' panicked at src/test.rs:86:5:
[INFO] [stdout] "/opt/rustwide/workdir/testdata/semanticTests/functionCall/fib.ola":
[INFO] [stdout] 	Diagnostic { loc: File(0, 27, 28), level: Error, ty: ParserError, message: "unrecognised token '{', expected \"(\", \";\", \"[\", \"address\", \"bool\", \"enum\", \"false\", \"field\", \"fields\", \"fn\", \"hash\", \"mapping\", \"string\", \"struct\", \"true\", \"type\", \"u256\", \"u32\", \"u64\", \"}\", r#\"\\\"[^\\\"]*\\\"\"#, r#\"([1-9][0-9]*|0)\"#, r#\"0x([0-9A-Fa-f]{64})address\"#, r#\"0x[0-9A-Fa-f]+\"#, r#\"0x[0-9A-Fa-f]{64}hash\"#, r#\"[$_]*[a-zA-Z][a-zA-Z$_0-9]*\"#", notes: [] }
[INFO] [stdout] 	Diagnostic { loc: File(0, 57, 58), level: Error, ty: ParserError, message: "unrecognised token ';', expected \"(\", \"++\", \"--\", \".\", \"[\", \"const\", \"mut\", \"{\", r#\"[$_]*[a-zA-Z][a-zA-Z$_0-9]*\"#", notes: [] }
[INFO] [stdout] 	Diagnostic { loc: File(0, 70, 72), level: Error, ty: ParserError, message: "unrecognised token 'fn', expected \"contract\", \"import\"", notes: [] }
[INFO] [stdout] 	Diagnostic { loc: File(0, 113, 115), level: Error, ty: ParserError, message: "unrecognised token 'if', expected \"(\", \";\", \"[\", \"address\", \"bool\", \"enum\", \"false\", \"field\", \"fields\", \"fn\", \"hash\", \"mapping\", \"string\", \"struct\", \"true\", \"type\", \"u256\", \"u32\", \"u64\", \"}\", r#\"\\\"[^\\\"]*\\\"\"#, r#\"([1-9][0-9]*|0)\"#, r#\"0x([0-9A-Fa-f]{64})address\"#, r#\"0x[0-9A-Fa-f]+\"#, r#\"0x[0-9A-Fa-f]{64}hash\"#, r#\"[$_]*[a-zA-Z][a-zA-Z$_0-9]*\"#", notes: [] }
[INFO] [stdout] 	Diagnostic { loc: File(0, 139, 145), level: Error, ty: ParserError, message: "unrecognised token 'return', expected \"(\", \";\", \"[\", \"address\", \"bool\", \"enum\", \"false\", \"field\", \"fields\", \"fn\", \"hash\", \"mapping\", \"string\", \"struct\", \"true\", \"type\", \"u256\", \"u32\", \"u64\", \"}\", r#\"\\\"[^\\\"]*\\\"\"#, r#\"([1-9][0-9]*|0)\"#, r#\"0x([0-9A-Fa-f]{64})address\"#, r#\"0x[0-9A-Fa-f]+\"#, r#\"0x[0-9A-Fa-f]{64}hash\"#, r#\"[$_]*[a-zA-Z][a-zA-Z$_0-9]*\"#", notes: [] }
[INFO] [stdout] 	Diagnostic { loc: File(0, 345, 348), level: Error, ty: ParserError, message: "unrecognised token 'for', expected \"(\", \";\", \"[\", \"address\", \"bool\", \"enum\", \"false\", \"field\", \"fields\", \"fn\", \"hash\", \"mapping\", \"string\", \"struct\", \"true\", \"type\", \"u256\", \"u32\", \"u64\", \"}\", r#\"\\\"[^\\\"]*\\\"\"#, r#\"([1-9][0-9]*|0)\"#, r#\"0x([0-9A-Fa-f]{64})address\"#, r#\"0x[0-9A-Fa-f]+\"#, r#\"0x[0-9A-Fa-f]{64}hash\"#, r#\"[$_]*[a-zA-Z][a-zA-Z$_0-9]*\"#", notes: [] }
[INFO] [stdout] 	Diagnostic { loc: File(0, 363, 365), level: Error, ty: ParserError, message: "unrecognised token '<=', expected \"(\", \"++\", \"--\", \".\", \"[\", \"const\", \"mut\", \"{\", r#\"[$_]*[a-zA-Z][a-zA-Z$_0-9]*\"#", notes: [] }
[INFO] [stdout] 	Diagnostic { loc: File(0, 372, 373), level: Error, ty: ParserError, message: "unrecognised token ')', expected \"(\", \"++\", \"--\", \".\", \"[\", \"const\", \"mut\", \"{\", r#\"[$_]*[a-zA-Z][a-zA-Z$_0-9]*\"#", notes: [] }
[INFO] [stdout] 	Diagnostic { loc: File(0, 395, 396), level: Error, ty: ParserError, message: "unrecognised token '=', expected \"(\", \"++\", \"--\", \".\", \"[\", \"const\", \"mut\", \"{\", r#\"[$_]*[a-zA-Z][a-zA-Z$_0-9]*\"#", notes: [] }
[INFO] [stdout] 	Diagnostic { loc: File(0, 432, 433), level: Error, ty: ParserError, message: "unrecognised token '=', expected \"(\", \"++\", \"--\", \".\", \"[\", \"const\", \"mut\", \"{\", r#\"[$_]*[a-zA-Z][a-zA-Z$_0-9]*\"#", notes: [] }
[INFO] [stdout] 	Diagnostic { loc: File(0, 462, 463), level: Error, ty: ParserError, message: "unrecognised token '=', expected \"(\", \"++\", \"--\", \".\", \"[\", \"const\", \"mut\", \"{\", r#\"[$_]*[a-zA-Z][a-zA-Z$_0-9]*\"#", notes: [] }
[INFO] [stdout] 	Diagnostic { loc: File(0, 489, 495), level: Error, ty: ParserError, message: "unrecognised token 'return', expected \"contract\", \"import\"", notes: [] }
[INFO] [stdout] stack backtrace:
[INFO] [stdout]    0:     0x560d2b6a44dc - std::backtrace_rs::backtrace::libunwind::trace::ha637c64ce894333a
[INFO] [stdout]                                at /rustc/82e1608dfa6e0b5569232559e3d385fea5a93112/library/std/src/../../backtrace/src/backtrace/libunwind.rs:104:5
[INFO] [stdout]    1:     0x560d2b6a44dc - std::backtrace_rs::backtrace::trace_unsynchronized::h47f62dea28e0c88d
[INFO] [stdout]                                at /rustc/82e1608dfa6e0b5569232559e3d385fea5a93112/library/std/src/../../backtrace/src/backtrace/mod.rs:66:5
[INFO] [stdout]    2:     0x560d2b6a44dc - std::sys_common::backtrace::_print_fmt::h9eef0abe20ede486
[INFO] [stdout]                                at /rustc/82e1608dfa6e0b5569232559e3d385fea5a93112/library/std/src/sys_common/backtrace.rs:67:5
[INFO] [stdout]    3:     0x560d2b6a44dc - <std::sys_common::backtrace::_print::DisplayBacktrace as core::fmt::Display>::fmt::hed7f999df88cc644
[INFO] [stdout]                                at /rustc/82e1608dfa6e0b5569232559e3d385fea5a93112/library/std/src/sys_common/backtrace.rs:44:22
[INFO] [stdout]    4:     0x560d2b6ced10 - core::fmt::rt::Argument::fmt::h1539a9308b8d058d
[INFO] [stdout]                                at /rustc/82e1608dfa6e0b5569232559e3d385fea5a93112/library/core/src/fmt/rt.rs:142:9
[INFO] [stdout]    5:     0x560d2b6ced10 - core::fmt::write::h3a39390d8560d9c9
[INFO] [stdout]                                at /rustc/82e1608dfa6e0b5569232559e3d385fea5a93112/library/core/src/fmt/mod.rs:1120:17
[INFO] [stdout]    6:     0x560d2b6a1caf - std::io::Write::write_fmt::h040b369f3a0f9cbc
[INFO] [stdout]                                at /rustc/82e1608dfa6e0b5569232559e3d385fea5a93112/library/std/src/io/mod.rs:1762:15
[INFO] [stdout]    7:     0x560d2b6a42c4 - std::sys_common::backtrace::_print::h894006fb5c6f3d45
[INFO] [stdout]                                at /rustc/82e1608dfa6e0b5569232559e3d385fea5a93112/library/std/src/sys_common/backtrace.rs:47:5
[INFO] [stdout]    8:     0x560d2b6a42c4 - std::sys_common::backtrace::print::h23a2d212c6fff936
[INFO] [stdout]                                at /rustc/82e1608dfa6e0b5569232559e3d385fea5a93112/library/std/src/sys_common/backtrace.rs:34:9
[INFO] [stdout]    9:     0x560d2b6a5f87 - std::panicking::default_hook::{{closure}}::h8a1d2ee00185001a
[INFO] [stdout]   10:     0x560d2b6a5c73 - std::panicking::default_hook::h6038f2eba384e475
[INFO] [stdout]                                at /rustc/82e1608dfa6e0b5569232559e3d385fea5a93112/library/std/src/panicking.rs:289:9
[INFO] [stdout]   11:     0x560d2b3af0b7 - <alloc::boxed::Box<F,A> as core::ops::function::Fn<Args>>::call::h0ad024c9bdc6d768
[INFO] [stdout]                                at /rustc/82e1608dfa6e0b5569232559e3d385fea5a93112/library/alloc/src/boxed.rs:2021:9
[INFO] [stdout]   12:     0x560d2b3af0b7 - test::test_main::{{closure}}::h7500b54257359db6
[INFO] [stdout]                                at /rustc/82e1608dfa6e0b5569232559e3d385fea5a93112/library/test/src/lib.rs:138:21
[INFO] [stdout]   13:     0x560d2b6a6598 - <alloc::boxed::Box<F,A> as core::ops::function::Fn<Args>>::call::h1f8f335eaa9cfaee
[INFO] [stdout]                                at /rustc/82e1608dfa6e0b5569232559e3d385fea5a93112/library/alloc/src/boxed.rs:2021:9
[INFO] [stdout]   14:     0x560d2b6a6598 - std::panicking::rust_panic_with_hook::h2b5517d590cab22e
[INFO] [stdout]                                at /rustc/82e1608dfa6e0b5569232559e3d385fea5a93112/library/std/src/panicking.rs:783:13
[INFO] [stdout]   15:     0x560d2b6a62ee - std::panicking::begin_panic_handler::{{closure}}::h233112c06e0ef43e
[INFO] [stdout]                                at /rustc/82e1608dfa6e0b5569232559e3d385fea5a93112/library/std/src/panicking.rs:657:13
[INFO] [stdout]   16:     0x560d2b6a49a6 - std::sys_common::backtrace::__rust_end_short_backtrace::h6e893f24d7ebbff8
[INFO] [stdout]                                at /rustc/82e1608dfa6e0b5569232559e3d385fea5a93112/library/std/src/sys_common/backtrace.rs:170:18
[INFO] [stdout]   17:     0x560d2b6a6052 - rust_begin_unwind
[INFO] [stdout]                                at /rustc/82e1608dfa6e0b5569232559e3d385fea5a93112/library/std/src/panicking.rs:645:5
[INFO] [stdout]   18:     0x560d2b2b64b5 - core::panicking::panic_fmt::hbf0e066aabfa482c
[INFO] [stdout]                                at /rustc/82e1608dfa6e0b5569232559e3d385fea5a93112/library/core/src/panicking.rs:72:14
[INFO] [stdout]   19:     0x560d2b3622cf - core::panicking::panic_display::h29611fc4200f0427
[INFO] [stdout]                                at /rustc/82e1608dfa6e0b5569232559e3d385fea5a93112/library/core/src/panicking.rs:178:5
[INFO] [stdout]   20:     0x560d2b373f4a - ola_parser::test::test_ext_source::panic_cold_display::ha5640bbb7936e4ec
[INFO] [stdout]                                at /rustc/82e1608dfa6e0b5569232559e3d385fea5a93112/library/core/src/panic.rs:99:13
[INFO] [stdout]   21:     0x560d2b372ad0 - ola_parser::test::test_ext_source::h8c6ce534145f5cbe
[INFO] [stdout]                                at /opt/rustwide/workdir/src/test.rs:86:5
[INFO] [stdout]   22:     0x560d2b372827 - ola_parser::test::test_ext_source::{{closure}}::heb02b0fd281ae510
[INFO] [stdout]                                at /opt/rustwide/workdir/src/test.rs:9:21
[INFO] [stdout]   23:     0x560d2b34c216 - core::ops::function::FnOnce::call_once::h4fc6bf4b1a013e1d
[INFO] [stdout]                                at /rustc/82e1608dfa6e0b5569232559e3d385fea5a93112/library/core/src/ops/function.rs:250:5
[INFO] [stdout]   24:     0x560d2b3b470f - core::ops::function::FnOnce::call_once::h2b5d431d5046312d
[INFO] [stdout]                                at /rustc/82e1608dfa6e0b5569232559e3d385fea5a93112/library/core/src/ops/function.rs:250:5
[INFO] [stdout]   25:     0x560d2b3b470f - test::__rust_begin_short_backtrace::h7714669af176e207
[INFO] [stdout]                                at /rustc/82e1608dfa6e0b5569232559e3d385fea5a93112/library/test/src/lib.rs:628:18
[INFO] [stdout]   26:     0x560d2b3b3725 - test::run_test_in_process::{{closure}}::h85218797dcbcec12
[INFO] [stdout]                                at /rustc/82e1608dfa6e0b5569232559e3d385fea5a93112/library/test/src/lib.rs:651:60
[INFO] [stdout]   27:     0x560d2b3b3725 - <core::panic::unwind_safe::AssertUnwindSafe<F> as core::ops::function::FnOnce<()>>::call_once::h76c106ea31c14d7b
[INFO] [stdout]                                at /rustc/82e1608dfa6e0b5569232559e3d385fea5a93112/library/core/src/panic/unwind_safe.rs:272:9
[INFO] [stdout]   28:     0x560d2b3b3725 - std::panicking::try::do_call::h3bd5d0f6620ee946
[INFO] [stdout]                                at /rustc/82e1608dfa6e0b5569232559e3d385fea5a93112/library/std/src/panicking.rs:552:40
[INFO] [stdout]   29:     0x560d2b3b3725 - std::panicking::try::h232e535e4744fe31
[INFO] [stdout]                                at /rustc/82e1608dfa6e0b5569232559e3d385fea5a93112/library/std/src/panicking.rs:516:19
[INFO] [stdout]   30:     0x560d2b3b3725 - std::panic::catch_unwind::h3ce3bd6ca8dbac68
[INFO] [stdout]                                at /rustc/82e1608dfa6e0b5569232559e3d385fea5a93112/library/std/src/panic.rs:142:14
[INFO] [stdout]   31:     0x560d2b3b3725 - test::run_test_in_process::hc97b257c9621286a
[INFO] [stdout]                                at /rustc/82e1608dfa6e0b5569232559e3d385fea5a93112/library/test/src/lib.rs:651:27
[INFO] [stdout]   32:     0x560d2b3b3725 - test::run_test::{{closure}}::h2aa798823a438d38
[INFO] [stdout]                                at /rustc/82e1608dfa6e0b5569232559e3d385fea5a93112/library/test/src/lib.rs:574:43
[INFO] [stdout]   33:     0x560d2b37b9e6 - test::run_test::{{closure}}::h87d231c78fb59832
[INFO] [stdout]                                at /rustc/82e1608dfa6e0b5569232559e3d385fea5a93112/library/test/src/lib.rs:602:41
[INFO] [stdout]   34:     0x560d2b37b9e6 - std::sys_common::backtrace::__rust_begin_short_backtrace::he6df152596625789
[INFO] [stdout]                                at /rustc/82e1608dfa6e0b5569232559e3d385fea5a93112/library/std/src/sys_common/backtrace.rs:154:18
[INFO] [stdout]   35:     0x560d2b380a97 - std::thread::Builder::spawn_unchecked_::{{closure}}::{{closure}}::ha94be15d1e0acf36
[INFO] [stdout]                                at /rustc/82e1608dfa6e0b5569232559e3d385fea5a93112/library/std/src/thread/mod.rs:529:17
[INFO] [stdout]   36:     0x560d2b380a97 - <core::panic::unwind_safe::AssertUnwindSafe<F> as core::ops::function::FnOnce<()>>::call_once::h9dc6bd6372f16606
[INFO] [stdout]                                at /rustc/82e1608dfa6e0b5569232559e3d385fea5a93112/library/core/src/panic/unwind_safe.rs:272:9
[INFO] [stdout]   37:     0x560d2b380a97 - std::panicking::try::do_call::h9057517f80303cd4
[INFO] [stdout]                                at /rustc/82e1608dfa6e0b5569232559e3d385fea5a93112/library/std/src/panicking.rs:552:40
[INFO] [stdout]   38:     0x560d2b380a97 - std::panicking::try::he3a30b11ee45340c
[INFO] [stdout]                                at /rustc/82e1608dfa6e0b5569232559e3d385fea5a93112/library/std/src/panicking.rs:516:19
[INFO] [stdout]   39:     0x560d2b380a97 - std::panic::catch_unwind::h410458cfd3528b8b
[INFO] [stdout]                                at /rustc/82e1608dfa6e0b5569232559e3d385fea5a93112/library/std/src/panic.rs:142:14
[INFO] [stdout]   40:     0x560d2b380a97 - std::thread::Builder::spawn_unchecked_::{{closure}}::h72ac3bdb567b737b
[INFO] [stdout]                                at /rustc/82e1608dfa6e0b5569232559e3d385fea5a93112/library/std/src/thread/mod.rs:528:30
[INFO] [stdout]   41:     0x560d2b380a97 - core::ops::function::FnOnce::call_once{{vtable.shim}}::h38f34da3654a8344
[INFO] [stdout]                                at /rustc/82e1608dfa6e0b5569232559e3d385fea5a93112/library/core/src/ops/function.rs:250:5
[INFO] [stdout]   42:     0x560d2b6ab765 - <alloc::boxed::Box<F,A> as core::ops::function::FnOnce<Args>>::call_once::hc7eafaff61e32df9
[INFO] [stdout]                                at /rustc/82e1608dfa6e0b5569232559e3d385fea5a93112/library/alloc/src/boxed.rs:2007:9
[INFO] [stdout]   43:     0x560d2b6ab765 - <alloc::boxed::Box<F,A> as core::ops::function::FnOnce<Args>>::call_once::h6ba4a5de48dd2304
[INFO] [stdout]                                at /rustc/82e1608dfa6e0b5569232559e3d385fea5a93112/library/alloc/src/boxed.rs:2007:9
[INFO] [stdout]   44:     0x560d2b6ab765 - std::sys::unix::thread::Thread::new::thread_start::he469335aef763e45
[INFO] [stdout]                                at /rustc/82e1608dfa6e0b5569232559e3d385fea5a93112/library/std/src/sys/unix/thread.rs:108:17
[INFO] [stdout]   45:     0x7f09c60b3ac3 - <unknown>
[INFO] [stdout]   46:     0x7f09c6144bf4 - __clone
[INFO] [stdout]   47:                0x0 - <unknown>
[INFO] [stdout] 
[INFO] [stdout] 
[INFO] [stdout] failures:
[INFO] [stdout]     test::test_ext_source
[INFO] [stdout] 
[INFO] [stdout] test result: FAILED. 0 passed; 1 failed; 0 ignored; 0 measured; 0 filtered out; finished in 3.93s
[INFO] [stdout] 
[INFO] [stderr] error: test failed, to rerun pass `--lib`
[INFO] running `Command { std: "docker" "inspect" "ba5c2a4cd7a520dcefccbf5f3d82f9b19207e3ba11874da315bfb329e847b764", kill_on_drop: false }`
[INFO] running `Command { std: "docker" "rm" "-f" "ba5c2a4cd7a520dcefccbf5f3d82f9b19207e3ba11874da315bfb329e847b764", kill_on_drop: false }`
[INFO] [stdout] ba5c2a4cd7a520dcefccbf5f3d82f9b19207e3ba11874da315bfb329e847b764
