[INFO] fetching crate okv_core 0.3.1...
[INFO] testing okv_core-0.3.1 against 1.75.0 for beta-1.76-1
[INFO] extracting crate okv_core 0.3.1 into /workspace/builds/worker-6-tc1/source
[INFO] validating manifest of crates.io crate okv_core 0.3.1 on toolchain 1.75.0
[INFO] running `Command { std: CARGO_HOME="/workspace/cargo-home" RUSTUP_HOME="/workspace/rustup-home" "/workspace/cargo-home/bin/cargo" "+1.75.0" "metadata" "--manifest-path" "Cargo.toml" "--no-deps", kill_on_drop: false }`
[INFO] started tweaking crates.io crate okv_core 0.3.1
[INFO] finished tweaking crates.io crate okv_core 0.3.1
[INFO] tweaked toml for crates.io crate okv_core 0.3.1 written to /workspace/builds/worker-6-tc1/source/Cargo.toml
[INFO] running `Command { std: CARGO_HOME="/workspace/cargo-home" RUSTUP_HOME="/workspace/rustup-home" "/workspace/cargo-home/bin/cargo" "+1.75.0" "generate-lockfile" "--manifest-path" "Cargo.toml", kill_on_drop: false }`
[INFO] [stderr]     Updating crates.io index
[INFO] running `Command { std: CARGO_HOME="/workspace/cargo-home" RUSTUP_HOME="/workspace/rustup-home" "/workspace/cargo-home/bin/cargo" "+1.75.0" "fetch" "--manifest-path" "Cargo.toml", kill_on_drop: false }`
[INFO] [stderr]  Downloading crates ...
[INFO] [stderr]   Downloaded inherent v1.0.11
[INFO] running `Command { std: "docker" "create" "-v" "/var/lib/crater-agent-workspace/builds/worker-6-tc1/target:/opt/rustwide/target:rw,Z" "-v" "/var/lib/crater-agent-workspace/builds/worker-6-tc1/source:/opt/rustwide/workdir:ro,Z" "-v" "/var/lib/crater-agent-workspace/cargo-home:/opt/rustwide/cargo-home:ro,Z" "-v" "/var/lib/crater-agent-workspace/rustup-home:/opt/rustwide/rustup-home:ro,Z" "-e" "SOURCE_DIR=/opt/rustwide/workdir" "-e" "CARGO_TARGET_DIR=/opt/rustwide/target" "-e" "CARGO_HOME=/opt/rustwide/cargo-home" "-e" "RUSTUP_HOME=/opt/rustwide/rustup-home" "-w" "/opt/rustwide/workdir" "-m" "1610612736" "--user" "0:0" "--network" "none" "ghcr.io/rust-lang/crates-build-env/linux@sha256:2788e3201cd34a07e3172128adcd8b3090168a8e3bcc40d7c032b9dda1df7d1c" "/opt/rustwide/cargo-home/bin/cargo" "+1.75.0" "metadata" "--no-deps" "--format-version=1", kill_on_drop: false }`
[INFO] [stdout] f03184ca438fbcbe330fe7e2c444d87efabea903a40fc9b900e59ac6955628ca
[INFO] running `Command { std: "docker" "start" "-a" "f03184ca438fbcbe330fe7e2c444d87efabea903a40fc9b900e59ac6955628ca", kill_on_drop: false }`
[INFO] running `Command { std: "docker" "inspect" "f03184ca438fbcbe330fe7e2c444d87efabea903a40fc9b900e59ac6955628ca", kill_on_drop: false }`
[INFO] running `Command { std: "docker" "rm" "-f" "f03184ca438fbcbe330fe7e2c444d87efabea903a40fc9b900e59ac6955628ca", kill_on_drop: false }`
[INFO] [stdout] f03184ca438fbcbe330fe7e2c444d87efabea903a40fc9b900e59ac6955628ca
[INFO] running `Command { std: "docker" "create" "-v" "/var/lib/crater-agent-workspace/builds/worker-6-tc1/target:/opt/rustwide/target:rw,Z" "-v" "/var/lib/crater-agent-workspace/builds/worker-6-tc1/source:/opt/rustwide/workdir:ro,Z" "-v" "/var/lib/crater-agent-workspace/cargo-home:/opt/rustwide/cargo-home:ro,Z" "-v" "/var/lib/crater-agent-workspace/rustup-home:/opt/rustwide/rustup-home:ro,Z" "-e" "SOURCE_DIR=/opt/rustwide/workdir" "-e" "CARGO_TARGET_DIR=/opt/rustwide/target" "-e" "CARGO_INCREMENTAL=0" "-e" "RUST_BACKTRACE=full" "-e" "RUSTFLAGS=--cap-lints=warn" "-e" "RUSTDOCFLAGS=--cap-lints=warn" "-e" "CARGO_HOME=/opt/rustwide/cargo-home" "-e" "RUSTUP_HOME=/opt/rustwide/rustup-home" "-w" "/opt/rustwide/workdir" "-m" "1610612736" "--user" "0:0" "--network" "none" "ghcr.io/rust-lang/crates-build-env/linux@sha256:2788e3201cd34a07e3172128adcd8b3090168a8e3bcc40d7c032b9dda1df7d1c" "/opt/rustwide/cargo-home/bin/cargo" "+1.75.0" "build" "--frozen" "--message-format=json", kill_on_drop: false }`
[INFO] [stdout] 4de5ba659be53f2f09b3ec4d2b0b04245f1585f629d19105fdbcd0cb45166a8e
[INFO] running `Command { std: "docker" "start" "-a" "4de5ba659be53f2f09b3ec4d2b0b04245f1585f629d19105fdbcd0cb45166a8e", kill_on_drop: false }`
[INFO] [stderr]    Compiling thiserror v1.0.56
[INFO] [stderr]    Compiling byteorder v1.5.0
[INFO] [stderr]    Compiling syn v2.0.48
[INFO] [stderr]    Compiling thiserror-impl v1.0.56
[INFO] [stderr]    Compiling inherent v1.0.11
[INFO] [stderr]    Compiling okv_core v0.3.1 (/opt/rustwide/workdir)
[INFO] [stderr]     Finished dev [unoptimized + debuginfo] target(s) in 5.48s
[INFO] running `Command { std: "docker" "inspect" "4de5ba659be53f2f09b3ec4d2b0b04245f1585f629d19105fdbcd0cb45166a8e", kill_on_drop: false }`
[INFO] running `Command { std: "docker" "rm" "-f" "4de5ba659be53f2f09b3ec4d2b0b04245f1585f629d19105fdbcd0cb45166a8e", kill_on_drop: false }`
[INFO] [stdout] 4de5ba659be53f2f09b3ec4d2b0b04245f1585f629d19105fdbcd0cb45166a8e
[INFO] running `Command { std: "docker" "create" "-v" "/var/lib/crater-agent-workspace/builds/worker-6-tc1/target:/opt/rustwide/target:rw,Z" "-v" "/var/lib/crater-agent-workspace/builds/worker-6-tc1/source:/opt/rustwide/workdir:ro,Z" "-v" "/var/lib/crater-agent-workspace/cargo-home:/opt/rustwide/cargo-home:ro,Z" "-v" "/var/lib/crater-agent-workspace/rustup-home:/opt/rustwide/rustup-home:ro,Z" "-e" "SOURCE_DIR=/opt/rustwide/workdir" "-e" "CARGO_TARGET_DIR=/opt/rustwide/target" "-e" "CARGO_INCREMENTAL=0" "-e" "RUST_BACKTRACE=full" "-e" "RUSTFLAGS=--cap-lints=warn" "-e" "RUSTDOCFLAGS=--cap-lints=warn" "-e" "CARGO_HOME=/opt/rustwide/cargo-home" "-e" "RUSTUP_HOME=/opt/rustwide/rustup-home" "-w" "/opt/rustwide/workdir" "-m" "1610612736" "--user" "0:0" "--network" "none" "ghcr.io/rust-lang/crates-build-env/linux@sha256:2788e3201cd34a07e3172128adcd8b3090168a8e3bcc40d7c032b9dda1df7d1c" "/opt/rustwide/cargo-home/bin/cargo" "+1.75.0" "test" "--frozen" "--no-run" "--message-format=json", kill_on_drop: false }`
[INFO] [stdout] 86b27dd593430b492e318633c849b8b214efdb69fb4aa23f5efedb9f288b295c
[INFO] running `Command { std: "docker" "start" "-a" "86b27dd593430b492e318633c849b8b214efdb69fb4aa23f5efedb9f288b295c", kill_on_drop: false }`
[INFO] [stderr]    Compiling okv_core v0.3.1 (/opt/rustwide/workdir)
[INFO] [stderr]     Finished test [unoptimized + debuginfo] target(s) in 0.55s
[INFO] running `Command { std: "docker" "inspect" "86b27dd593430b492e318633c849b8b214efdb69fb4aa23f5efedb9f288b295c", kill_on_drop: false }`
[INFO] running `Command { std: "docker" "rm" "-f" "86b27dd593430b492e318633c849b8b214efdb69fb4aa23f5efedb9f288b295c", kill_on_drop: false }`
[INFO] [stdout] 86b27dd593430b492e318633c849b8b214efdb69fb4aa23f5efedb9f288b295c
[INFO] running `Command { std: "docker" "create" "-v" "/var/lib/crater-agent-workspace/builds/worker-6-tc1/target:/opt/rustwide/target:rw,Z" "-v" "/var/lib/crater-agent-workspace/builds/worker-6-tc1/source:/opt/rustwide/workdir:ro,Z" "-v" "/var/lib/crater-agent-workspace/cargo-home:/opt/rustwide/cargo-home:ro,Z" "-v" "/var/lib/crater-agent-workspace/rustup-home:/opt/rustwide/rustup-home:ro,Z" "-e" "SOURCE_DIR=/opt/rustwide/workdir" "-e" "CARGO_TARGET_DIR=/opt/rustwide/target" "-e" "CARGO_INCREMENTAL=0" "-e" "RUST_BACKTRACE=full" "-e" "RUSTFLAGS=--cap-lints=warn" "-e" "RUSTDOCFLAGS=--cap-lints=warn" "-e" "CARGO_HOME=/opt/rustwide/cargo-home" "-e" "RUSTUP_HOME=/opt/rustwide/rustup-home" "-w" "/opt/rustwide/workdir" "-m" "1610612736" "--user" "0:0" "--network" "none" "ghcr.io/rust-lang/crates-build-env/linux@sha256:2788e3201cd34a07e3172128adcd8b3090168a8e3bcc40d7c032b9dda1df7d1c" "/opt/rustwide/cargo-home/bin/cargo" "+1.75.0" "test" "--frozen", kill_on_drop: false }`
[INFO] [stdout] 6d7a0dded67d63aa0a340be45027cec3215b5e501203170836b1e010eed88084
[INFO] running `Command { std: "docker" "start" "-a" "6d7a0dded67d63aa0a340be45027cec3215b5e501203170836b1e010eed88084", kill_on_drop: false }`
[INFO] [stderr]     Finished test [unoptimized + debuginfo] target(s) in 0.01s
[INFO] [stderr]      Running unittests src/lib.rs (/opt/rustwide/target/debug/deps/okv_core-d3d02177a448b094)
[INFO] [stdout] 
[INFO] [stdout] running 0 tests
[INFO] [stdout] 
[INFO] [stdout] test result: ok. 0 passed; 0 failed; 0 ignored; 0 measured; 0 filtered out; finished in 0.00s
[INFO] [stdout] 
[INFO] [stderr]    Doc-tests okv_core
[INFO] [stdout] 
[INFO] [stdout] running 1 test
[INFO] [stdout] test src/env.rs - env::Env<D>::open (line 45) ... FAILED
[INFO] [stdout] 
[INFO] [stdout] failures:
[INFO] [stdout] 
[INFO] [stdout] ---- src/env.rs - env::Env<D>::open (line 45) stdout ----
[INFO] [stdout] error[E0433]: failed to resolve: use of undeclared crate or module `okv`
[INFO] [stdout]  --> src/env.rs:46:5
[INFO] [stdout]   |
[INFO] [stdout] 3 | use okv::{Env, backend::memory::MemDB};
[INFO] [stdout]   |     ^^^ use of undeclared crate or module `okv`
[INFO] [stdout] 
[INFO] [stdout] error[E0432]: unresolved import `okv`
[INFO] [stdout]  --> src/env.rs:46:5
[INFO] [stdout]   |
[INFO] [stdout] 3 | use okv::{Env, backend::memory::MemDB};
[INFO] [stdout]   |     ^^^ use of undeclared crate or module `okv`
[INFO] [stdout] 
[INFO] [stdout] error: aborting due to 2 previous errors
[INFO] [stdout] 
[INFO] [stdout] Some errors have detailed explanations: E0432, E0433.
[INFO] [stdout] For more information about an error, try `rustc --explain E0432`.
[INFO] [stdout] Couldn't compile the test.
[INFO] [stdout] 
[INFO] [stdout] failures:
[INFO] [stdout]     src/env.rs - env::Env<D>::open (line 45)
[INFO] [stdout] 
[INFO] [stdout] test result: FAILED. 0 passed; 1 failed; 0 ignored; 0 measured; 0 filtered out; finished in 0.05s
[INFO] [stdout] 
[INFO] [stderr] error: doctest failed, to rerun pass `--doc`
[INFO] running `Command { std: "docker" "inspect" "6d7a0dded67d63aa0a340be45027cec3215b5e501203170836b1e010eed88084", kill_on_drop: false }`
[INFO] running `Command { std: "docker" "rm" "-f" "6d7a0dded67d63aa0a340be45027cec3215b5e501203170836b1e010eed88084", kill_on_drop: false }`
[INFO] [stdout] 6d7a0dded67d63aa0a340be45027cec3215b5e501203170836b1e010eed88084
[INFO] testing okv_core-0.3.1 against beta-2023-12-22 for beta-1.76-1
[INFO] extracting crate okv_core 0.3.1 into /workspace/builds/worker-6-tc2/source
[INFO] validating manifest of crates.io crate okv_core 0.3.1 on toolchain beta-2023-12-22
[INFO] running `Command { std: CARGO_HOME="/workspace/cargo-home" RUSTUP_HOME="/workspace/rustup-home" "/workspace/cargo-home/bin/cargo" "+beta-2023-12-22" "metadata" "--manifest-path" "Cargo.toml" "--no-deps", kill_on_drop: false }`
[INFO] started tweaking crates.io crate okv_core 0.3.1
[INFO] finished tweaking crates.io crate okv_core 0.3.1
[INFO] tweaked toml for crates.io crate okv_core 0.3.1 written to /workspace/builds/worker-6-tc2/source/Cargo.toml
[INFO] running `Command { std: CARGO_HOME="/workspace/cargo-home" RUSTUP_HOME="/workspace/rustup-home" "/workspace/cargo-home/bin/cargo" "+beta-2023-12-22" "generate-lockfile" "--manifest-path" "Cargo.toml", kill_on_drop: false }`
[INFO] [stderr]     Blocking waiting for file lock on package cache
[INFO] [stderr]     Updating crates.io index
[INFO] running `Command { std: CARGO_HOME="/workspace/cargo-home" RUSTUP_HOME="/workspace/rustup-home" "/workspace/cargo-home/bin/cargo" "+beta-2023-12-22" "fetch" "--manifest-path" "Cargo.toml", kill_on_drop: false }`
[INFO] running `Command { std: "docker" "create" "-v" "/var/lib/crater-agent-workspace/builds/worker-6-tc2/target:/opt/rustwide/target:rw,Z" "-v" "/var/lib/crater-agent-workspace/builds/worker-6-tc2/source:/opt/rustwide/workdir:ro,Z" "-v" "/var/lib/crater-agent-workspace/cargo-home:/opt/rustwide/cargo-home:ro,Z" "-v" "/var/lib/crater-agent-workspace/rustup-home:/opt/rustwide/rustup-home:ro,Z" "-e" "SOURCE_DIR=/opt/rustwide/workdir" "-e" "CARGO_TARGET_DIR=/opt/rustwide/target" "-e" "CARGO_HOME=/opt/rustwide/cargo-home" "-e" "RUSTUP_HOME=/opt/rustwide/rustup-home" "-w" "/opt/rustwide/workdir" "-m" "1610612736" "--user" "0:0" "--network" "none" "ghcr.io/rust-lang/crates-build-env/linux@sha256:2788e3201cd34a07e3172128adcd8b3090168a8e3bcc40d7c032b9dda1df7d1c" "/opt/rustwide/cargo-home/bin/cargo" "+beta-2023-12-22" "metadata" "--no-deps" "--format-version=1", kill_on_drop: false }`
[INFO] [stdout] 8179d9a96b5b4f501897034d300eecb78d781885cfaafcf246d97ea4c37355ab
[INFO] running `Command { std: "docker" "start" "-a" "8179d9a96b5b4f501897034d300eecb78d781885cfaafcf246d97ea4c37355ab", kill_on_drop: false }`
[INFO] running `Command { std: "docker" "inspect" "8179d9a96b5b4f501897034d300eecb78d781885cfaafcf246d97ea4c37355ab", kill_on_drop: false }`
[INFO] running `Command { std: "docker" "rm" "-f" "8179d9a96b5b4f501897034d300eecb78d781885cfaafcf246d97ea4c37355ab", kill_on_drop: false }`
[INFO] [stdout] 8179d9a96b5b4f501897034d300eecb78d781885cfaafcf246d97ea4c37355ab
[INFO] running `Command { std: "docker" "create" "-v" "/var/lib/crater-agent-workspace/builds/worker-6-tc2/target:/opt/rustwide/target:rw,Z" "-v" "/var/lib/crater-agent-workspace/builds/worker-6-tc2/source:/opt/rustwide/workdir:ro,Z" "-v" "/var/lib/crater-agent-workspace/cargo-home:/opt/rustwide/cargo-home:ro,Z" "-v" "/var/lib/crater-agent-workspace/rustup-home:/opt/rustwide/rustup-home:ro,Z" "-e" "SOURCE_DIR=/opt/rustwide/workdir" "-e" "CARGO_TARGET_DIR=/opt/rustwide/target" "-e" "CARGO_INCREMENTAL=0" "-e" "RUST_BACKTRACE=full" "-e" "RUSTFLAGS=--cap-lints=warn" "-e" "RUSTDOCFLAGS=--cap-lints=warn" "-e" "CARGO_HOME=/opt/rustwide/cargo-home" "-e" "RUSTUP_HOME=/opt/rustwide/rustup-home" "-w" "/opt/rustwide/workdir" "-m" "1610612736" "--user" "0:0" "--network" "none" "ghcr.io/rust-lang/crates-build-env/linux@sha256:2788e3201cd34a07e3172128adcd8b3090168a8e3bcc40d7c032b9dda1df7d1c" "/opt/rustwide/cargo-home/bin/cargo" "+beta-2023-12-22" "build" "--frozen" "--message-format=json", kill_on_drop: false }`
[INFO] [stdout] 49ca5607f209b04601da3b2baccca97d527d5e3dbb4e85c768ae42d033577452
[INFO] running `Command { std: "docker" "start" "-a" "49ca5607f209b04601da3b2baccca97d527d5e3dbb4e85c768ae42d033577452", kill_on_drop: false }`
[INFO] [stderr]    Compiling thiserror v1.0.56
[INFO] [stderr]    Compiling byteorder v1.5.0
[INFO] [stderr]    Compiling syn v2.0.48
[INFO] [stderr]    Compiling thiserror-impl v1.0.56
[INFO] [stderr]    Compiling inherent v1.0.11
[INFO] [stderr]    Compiling okv_core v0.3.1 (/opt/rustwide/workdir)
[INFO] [stderr]     Finished dev [unoptimized + debuginfo] target(s) in 5.82s
[INFO] running `Command { std: "docker" "inspect" "49ca5607f209b04601da3b2baccca97d527d5e3dbb4e85c768ae42d033577452", kill_on_drop: false }`
[INFO] running `Command { std: "docker" "rm" "-f" "49ca5607f209b04601da3b2baccca97d527d5e3dbb4e85c768ae42d033577452", kill_on_drop: false }`
[INFO] [stdout] 49ca5607f209b04601da3b2baccca97d527d5e3dbb4e85c768ae42d033577452
[INFO] running `Command { std: "docker" "create" "-v" "/var/lib/crater-agent-workspace/builds/worker-6-tc2/target:/opt/rustwide/target:rw,Z" "-v" "/var/lib/crater-agent-workspace/builds/worker-6-tc2/source:/opt/rustwide/workdir:ro,Z" "-v" "/var/lib/crater-agent-workspace/cargo-home:/opt/rustwide/cargo-home:ro,Z" "-v" "/var/lib/crater-agent-workspace/rustup-home:/opt/rustwide/rustup-home:ro,Z" "-e" "SOURCE_DIR=/opt/rustwide/workdir" "-e" "CARGO_TARGET_DIR=/opt/rustwide/target" "-e" "CARGO_INCREMENTAL=0" "-e" "RUST_BACKTRACE=full" "-e" "RUSTFLAGS=--cap-lints=warn" "-e" "RUSTDOCFLAGS=--cap-lints=warn" "-e" "CARGO_HOME=/opt/rustwide/cargo-home" "-e" "RUSTUP_HOME=/opt/rustwide/rustup-home" "-w" "/opt/rustwide/workdir" "-m" "1610612736" "--user" "0:0" "--network" "none" "ghcr.io/rust-lang/crates-build-env/linux@sha256:2788e3201cd34a07e3172128adcd8b3090168a8e3bcc40d7c032b9dda1df7d1c" "/opt/rustwide/cargo-home/bin/cargo" "+beta-2023-12-22" "test" "--frozen" "--no-run" "--message-format=json", kill_on_drop: false }`
[INFO] [stdout] d83bf4b86c4afc808ccb67024d42e108eef53cb298a23094c96211b7cd9e6b99
[INFO] running `Command { std: "docker" "start" "-a" "d83bf4b86c4afc808ccb67024d42e108eef53cb298a23094c96211b7cd9e6b99", kill_on_drop: false }`
[INFO] [stderr]    Compiling okv_core v0.3.1 (/opt/rustwide/workdir)
[INFO] [stderr]     Finished test [unoptimized + debuginfo] target(s) in 0.55s
[INFO] running `Command { std: "docker" "inspect" "d83bf4b86c4afc808ccb67024d42e108eef53cb298a23094c96211b7cd9e6b99", kill_on_drop: false }`
[INFO] running `Command { std: "docker" "rm" "-f" "d83bf4b86c4afc808ccb67024d42e108eef53cb298a23094c96211b7cd9e6b99", kill_on_drop: false }`
[INFO] [stdout] d83bf4b86c4afc808ccb67024d42e108eef53cb298a23094c96211b7cd9e6b99
[INFO] running `Command { std: "docker" "create" "-v" "/var/lib/crater-agent-workspace/builds/worker-6-tc2/target:/opt/rustwide/target:rw,Z" "-v" "/var/lib/crater-agent-workspace/builds/worker-6-tc2/source:/opt/rustwide/workdir:ro,Z" "-v" "/var/lib/crater-agent-workspace/cargo-home:/opt/rustwide/cargo-home:ro,Z" "-v" "/var/lib/crater-agent-workspace/rustup-home:/opt/rustwide/rustup-home:ro,Z" "-e" "SOURCE_DIR=/opt/rustwide/workdir" "-e" "CARGO_TARGET_DIR=/opt/rustwide/target" "-e" "CARGO_INCREMENTAL=0" "-e" "RUST_BACKTRACE=full" "-e" "RUSTFLAGS=--cap-lints=warn" "-e" "RUSTDOCFLAGS=--cap-lints=warn" "-e" "CARGO_HOME=/opt/rustwide/cargo-home" "-e" "RUSTUP_HOME=/opt/rustwide/rustup-home" "-w" "/opt/rustwide/workdir" "-m" "1610612736" "--user" "0:0" "--network" "none" "ghcr.io/rust-lang/crates-build-env/linux@sha256:2788e3201cd34a07e3172128adcd8b3090168a8e3bcc40d7c032b9dda1df7d1c" "/opt/rustwide/cargo-home/bin/cargo" "+beta-2023-12-22" "test" "--frozen", kill_on_drop: false }`
[INFO] [stdout] 892fffa03e8c63b89153dca975fd18f52dafb5e1e668bbf9046ae65746857065
[INFO] running `Command { std: "docker" "start" "-a" "892fffa03e8c63b89153dca975fd18f52dafb5e1e668bbf9046ae65746857065", kill_on_drop: false }`
[INFO] [stderr]     Finished test [unoptimized + debuginfo] target(s) in 0.02s
[INFO] [stderr]      Running unittests src/lib.rs (/opt/rustwide/target/debug/deps/okv_core-4210e6463335c14b)
[INFO] [stdout] 
[INFO] [stdout] running 0 tests
[INFO] [stdout] 
[INFO] [stdout] test result: ok. 0 passed; 0 failed; 0 ignored; 0 measured; 0 filtered out; finished in 0.00s
[INFO] [stdout] 
[INFO] [stderr]    Doc-tests okv_core
[INFO] [stdout] 
[INFO] [stdout] running 1 test
[INFO] [stdout] test src/env.rs - env::Env<D>::open (line 45) ... FAILED
[INFO] [stdout] 
[INFO] [stdout] failures:
[INFO] [stdout] 
[INFO] [stdout] ---- src/env.rs - env::Env<D>::open (line 45) stdout ----
[INFO] [stdout] error[E0433]: failed to resolve: use of undeclared crate or module `okv`
[INFO] [stdout]  --> src/env.rs:46:5
[INFO] [stdout]   |
[INFO] [stdout] 3 | use okv::{Env, backend::memory::MemDB};
[INFO] [stdout]   |     ^^^ use of undeclared crate or module `okv`
[INFO] [stdout] 
[INFO] [stdout] error[E0432]: unresolved import `okv`
[INFO] [stdout]  --> src/env.rs:46:5
[INFO] [stdout]   |
[INFO] [stdout] 3 | use okv::{Env, backend::memory::MemDB};
[INFO] [stdout]   |     ^^^ use of undeclared crate or module `okv`
[INFO] [stdout] 
[INFO] [stdout] error: aborting due to 2 previous errors
[INFO] [stdout] 
[INFO] [stdout] Some errors have detailed explanations: E0432, E0433.
[INFO] [stdout] For more information about an error, try `rustc --explain E0432`.
[INFO] [stdout] Couldn't compile the test.
[INFO] [stdout] 
[INFO] [stdout] failures:
[INFO] [stdout]     src/env.rs - env::Env<D>::open (line 45)
[INFO] [stdout] 
[INFO] [stdout] test result: FAILED. 0 passed; 1 failed; 0 ignored; 0 measured; 0 filtered out; finished in 0.06s
[INFO] [stdout] 
[INFO] [stderr] error: doctest failed, to rerun pass `--doc`
[INFO] running `Command { std: "docker" "inspect" "892fffa03e8c63b89153dca975fd18f52dafb5e1e668bbf9046ae65746857065", kill_on_drop: false }`
[INFO] running `Command { std: "docker" "rm" "-f" "892fffa03e8c63b89153dca975fd18f52dafb5e1e668bbf9046ae65746857065", kill_on_drop: false }`
[INFO] [stdout] 892fffa03e8c63b89153dca975fd18f52dafb5e1e668bbf9046ae65746857065
