[INFO] fetching crate og_image_writer 0.11.0...
[INFO] testing og_image_writer-0.11.0 against 1.75.0 for beta-1.76-1
[INFO] extracting crate og_image_writer 0.11.0 into /workspace/builds/worker-5-tc1/source
[INFO] validating manifest of crates.io crate og_image_writer 0.11.0 on toolchain 1.75.0
[INFO] running `Command { std: CARGO_HOME="/workspace/cargo-home" RUSTUP_HOME="/workspace/rustup-home" "/workspace/cargo-home/bin/cargo" "+1.75.0" "metadata" "--manifest-path" "Cargo.toml" "--no-deps", kill_on_drop: false }`
[INFO] started tweaking crates.io crate og_image_writer 0.11.0
[INFO] finished tweaking crates.io crate og_image_writer 0.11.0
[INFO] tweaked toml for crates.io crate og_image_writer 0.11.0 written to /workspace/builds/worker-5-tc1/source/Cargo.toml
[INFO] running `Command { std: CARGO_HOME="/workspace/cargo-home" RUSTUP_HOME="/workspace/rustup-home" "/workspace/cargo-home/bin/cargo" "+1.75.0" "generate-lockfile" "--manifest-path" "Cargo.toml", kill_on_drop: false }`
[INFO] [stderr]     Updating crates.io index
[INFO] running `Command { std: CARGO_HOME="/workspace/cargo-home" RUSTUP_HOME="/workspace/rustup-home" "/workspace/cargo-home/bin/cargo" "+1.75.0" "fetch" "--manifest-path" "Cargo.toml", kill_on_drop: false }`
[INFO] [stderr]  Downloading crates ...
[INFO] [stderr]   Downloaded rusttype v0.9.3
[INFO] [stderr]   Downloaded owned_ttf_parser v0.15.2
[INFO] [stderr]   Downloaded imageproc v0.22.0
[INFO] running `Command { std: "docker" "create" "-v" "/var/lib/crater-agent-workspace/builds/worker-5-tc1/target:/opt/rustwide/target:rw,Z" "-v" "/var/lib/crater-agent-workspace/builds/worker-5-tc1/source:/opt/rustwide/workdir:ro,Z" "-v" "/var/lib/crater-agent-workspace/cargo-home:/opt/rustwide/cargo-home:ro,Z" "-v" "/var/lib/crater-agent-workspace/rustup-home:/opt/rustwide/rustup-home:ro,Z" "-e" "SOURCE_DIR=/opt/rustwide/workdir" "-e" "CARGO_TARGET_DIR=/opt/rustwide/target" "-e" "CARGO_HOME=/opt/rustwide/cargo-home" "-e" "RUSTUP_HOME=/opt/rustwide/rustup-home" "-w" "/opt/rustwide/workdir" "-m" "1610612736" "--user" "0:0" "--network" "none" "ghcr.io/rust-lang/crates-build-env/linux@sha256:2788e3201cd34a07e3172128adcd8b3090168a8e3bcc40d7c032b9dda1df7d1c" "/opt/rustwide/cargo-home/bin/cargo" "+1.75.0" "metadata" "--no-deps" "--format-version=1", kill_on_drop: false }`
[INFO] [stdout] 9ade25d599ed31903b407a97e39ef48ab1c4ecb27762a0ab3af8f883acb1f73c
[INFO] running `Command { std: "docker" "start" "-a" "9ade25d599ed31903b407a97e39ef48ab1c4ecb27762a0ab3af8f883acb1f73c", kill_on_drop: false }`
[INFO] running `Command { std: "docker" "inspect" "9ade25d599ed31903b407a97e39ef48ab1c4ecb27762a0ab3af8f883acb1f73c", kill_on_drop: false }`
[INFO] running `Command { std: "docker" "rm" "-f" "9ade25d599ed31903b407a97e39ef48ab1c4ecb27762a0ab3af8f883acb1f73c", kill_on_drop: false }`
[INFO] [stdout] 9ade25d599ed31903b407a97e39ef48ab1c4ecb27762a0ab3af8f883acb1f73c
[INFO] running `Command { std: "docker" "create" "-v" "/var/lib/crater-agent-workspace/builds/worker-5-tc1/target:/opt/rustwide/target:rw,Z" "-v" "/var/lib/crater-agent-workspace/builds/worker-5-tc1/source:/opt/rustwide/workdir:ro,Z" "-v" "/var/lib/crater-agent-workspace/cargo-home:/opt/rustwide/cargo-home:ro,Z" "-v" "/var/lib/crater-agent-workspace/rustup-home:/opt/rustwide/rustup-home:ro,Z" "-e" "SOURCE_DIR=/opt/rustwide/workdir" "-e" "CARGO_TARGET_DIR=/opt/rustwide/target" "-e" "CARGO_INCREMENTAL=0" "-e" "RUST_BACKTRACE=full" "-e" "RUSTFLAGS=--cap-lints=warn" "-e" "RUSTDOCFLAGS=--cap-lints=warn" "-e" "CARGO_HOME=/opt/rustwide/cargo-home" "-e" "RUSTUP_HOME=/opt/rustwide/rustup-home" "-w" "/opt/rustwide/workdir" "-m" "1610612736" "--user" "0:0" "--network" "none" "ghcr.io/rust-lang/crates-build-env/linux@sha256:2788e3201cd34a07e3172128adcd8b3090168a8e3bcc40d7c032b9dda1df7d1c" "/opt/rustwide/cargo-home/bin/cargo" "+1.75.0" "build" "--frozen" "--message-format=json", kill_on_drop: false }`
[INFO] [stdout] 065a3eb4c0acd16e6f45ddf7b34bd69601bc71b5ad78b53b8266d7d944683f3b
[INFO] running `Command { std: "docker" "start" "-a" "065a3eb4c0acd16e6f45ddf7b34bd69601bc71b5ad78b53b8266d7d944683f3b", kill_on_drop: false }`
[INFO] [stderr]    Compiling autocfg v1.1.0
[INFO] [stderr]    Compiling cfg-if v1.0.0
[INFO] [stderr]    Compiling libc v0.2.151
[INFO] [stderr]    Compiling crossbeam-utils v0.8.18
[INFO] [stderr]    Compiling getrandom v0.1.16
[INFO] [stderr]    Compiling crc32fast v1.3.2
[INFO] [stderr]    Compiling adler32 v1.2.0
[INFO] [stderr]    Compiling byteorder v1.5.0
[INFO] [stderr]    Compiling ppv-lite86 v0.2.17
[INFO] [stderr]    Compiling matrixmultiply v0.1.15
[INFO] [stderr]    Compiling rayon-core v1.12.0
[INFO] [stderr]    Compiling deflate v0.8.6
[INFO] [stderr]    Compiling miniz_oxide v0.3.7
[INFO] [stderr]    Compiling num-traits v0.2.17
[INFO] [stderr]    Compiling num-integer v0.1.45
[INFO] [stderr]    Compiling num-iter v0.1.43
[INFO] [stderr]    Compiling num-bigint v0.3.3
[INFO] [stderr]    Compiling num-rational v0.3.2
[INFO] [stderr]    Compiling ttf-parser v0.15.2
[INFO] [stderr]    Compiling crossbeam-epoch v0.9.17
[INFO] [stderr]    Compiling ab_glyph_rasterizer v0.1.8
[INFO] [stderr]    Compiling either v1.9.0
[INFO] [stderr]    Compiling rawpointer v0.1.0
[INFO] [stderr]    Compiling rand_core v0.5.1
[INFO] [stderr]    Compiling bitflags v1.3.2
[INFO] [stderr]    Compiling crossbeam-deque v0.8.4
[INFO] [stderr]    Compiling png v0.16.8
[INFO] [stderr]    Compiling color_quant v1.1.0
[INFO] [stderr]    Compiling rand_chacha v0.2.2
[INFO] [stderr]    Compiling jpeg-decoder v0.1.22
[INFO] [stderr]    Compiling custom_derive v0.1.7
[INFO] [stderr]    Compiling rand v0.7.3
[INFO] [stderr]    Compiling bytemuck v1.14.0
[INFO] [stderr]    Compiling ttf-parser v0.20.0
[INFO] [stderr]    Compiling num-complex v0.3.1
[INFO] [stderr]    Compiling rayon v1.8.0
[INFO] [stderr]    Compiling num v0.1.42
[INFO] [stderr]    Compiling owned_ttf_parser v0.15.2
[INFO] [stderr]    Compiling rulinalg v0.4.2
[INFO] [stderr]    Compiling rusttype v0.9.3
[INFO] [stderr]    Compiling rand_distr v0.2.2
[INFO] [stderr]    Compiling conv v0.3.3
[INFO] [stderr]    Compiling itertools v0.9.0
[INFO] [stderr]    Compiling owned_ttf_parser v0.20.0
[INFO] [stderr]    Compiling ab_glyph v0.2.23
[INFO] [stderr]    Compiling image v0.23.14
[INFO] [stderr]    Compiling num v0.3.1
[INFO] [stderr]    Compiling imageproc v0.22.0
[INFO] [stderr]    Compiling og_image_writer v0.11.0 (/opt/rustwide/workdir)
[INFO] [stderr]     Finished dev [unoptimized + debuginfo] target(s) in 6.30s
[INFO] running `Command { std: "docker" "inspect" "065a3eb4c0acd16e6f45ddf7b34bd69601bc71b5ad78b53b8266d7d944683f3b", kill_on_drop: false }`
[INFO] running `Command { std: "docker" "rm" "-f" "065a3eb4c0acd16e6f45ddf7b34bd69601bc71b5ad78b53b8266d7d944683f3b", kill_on_drop: false }`
[INFO] [stdout] 065a3eb4c0acd16e6f45ddf7b34bd69601bc71b5ad78b53b8266d7d944683f3b
[INFO] running `Command { std: "docker" "create" "-v" "/var/lib/crater-agent-workspace/builds/worker-5-tc1/target:/opt/rustwide/target:rw,Z" "-v" "/var/lib/crater-agent-workspace/builds/worker-5-tc1/source:/opt/rustwide/workdir:ro,Z" "-v" "/var/lib/crater-agent-workspace/cargo-home:/opt/rustwide/cargo-home:ro,Z" "-v" "/var/lib/crater-agent-workspace/rustup-home:/opt/rustwide/rustup-home:ro,Z" "-e" "SOURCE_DIR=/opt/rustwide/workdir" "-e" "CARGO_TARGET_DIR=/opt/rustwide/target" "-e" "CARGO_INCREMENTAL=0" "-e" "RUST_BACKTRACE=full" "-e" "RUSTFLAGS=--cap-lints=warn" "-e" "RUSTDOCFLAGS=--cap-lints=warn" "-e" "CARGO_HOME=/opt/rustwide/cargo-home" "-e" "RUSTUP_HOME=/opt/rustwide/rustup-home" "-w" "/opt/rustwide/workdir" "-m" "1610612736" "--user" "0:0" "--network" "none" "ghcr.io/rust-lang/crates-build-env/linux@sha256:2788e3201cd34a07e3172128adcd8b3090168a8e3bcc40d7c032b9dda1df7d1c" "/opt/rustwide/cargo-home/bin/cargo" "+1.75.0" "test" "--frozen" "--no-run" "--message-format=json", kill_on_drop: false }`
[INFO] [stdout] e5e527225f0fc1931645670f3344acac8b9905eb4d9ea9257d643a428de98871
[INFO] running `Command { std: "docker" "start" "-a" "e5e527225f0fc1931645670f3344acac8b9905eb4d9ea9257d643a428de98871", kill_on_drop: false }`
[INFO] [stderr]    Compiling anyhow v1.0.79
[INFO] [stderr]    Compiling og_image_writer v0.11.0 (/opt/rustwide/workdir)
[INFO] [stderr]     Finished test [unoptimized + debuginfo] target(s) in 1.21s
[INFO] running `Command { std: "docker" "inspect" "e5e527225f0fc1931645670f3344acac8b9905eb4d9ea9257d643a428de98871", kill_on_drop: false }`
[INFO] running `Command { std: "docker" "rm" "-f" "e5e527225f0fc1931645670f3344acac8b9905eb4d9ea9257d643a428de98871", kill_on_drop: false }`
[INFO] [stdout] e5e527225f0fc1931645670f3344acac8b9905eb4d9ea9257d643a428de98871
[INFO] running `Command { std: "docker" "create" "-v" "/var/lib/crater-agent-workspace/builds/worker-5-tc1/target:/opt/rustwide/target:rw,Z" "-v" "/var/lib/crater-agent-workspace/builds/worker-5-tc1/source:/opt/rustwide/workdir:ro,Z" "-v" "/var/lib/crater-agent-workspace/cargo-home:/opt/rustwide/cargo-home:ro,Z" "-v" "/var/lib/crater-agent-workspace/rustup-home:/opt/rustwide/rustup-home:ro,Z" "-e" "SOURCE_DIR=/opt/rustwide/workdir" "-e" "CARGO_TARGET_DIR=/opt/rustwide/target" "-e" "CARGO_INCREMENTAL=0" "-e" "RUST_BACKTRACE=full" "-e" "RUSTFLAGS=--cap-lints=warn" "-e" "RUSTDOCFLAGS=--cap-lints=warn" "-e" "CARGO_HOME=/opt/rustwide/cargo-home" "-e" "RUSTUP_HOME=/opt/rustwide/rustup-home" "-w" "/opt/rustwide/workdir" "-m" "1610612736" "--user" "0:0" "--network" "none" "ghcr.io/rust-lang/crates-build-env/linux@sha256:2788e3201cd34a07e3172128adcd8b3090168a8e3bcc40d7c032b9dda1df7d1c" "/opt/rustwide/cargo-home/bin/cargo" "+1.75.0" "test" "--frozen", kill_on_drop: false }`
[INFO] [stdout] 993393a13cdade622b744f4c3496c7a8e7bcc1bb1c1bcb314e5324efba66c8d2
[INFO] running `Command { std: "docker" "start" "-a" "993393a13cdade622b744f4c3496c7a8e7bcc1bb1c1bcb314e5324efba66c8d2", kill_on_drop: false }`
[INFO] [stderr]     Finished test [unoptimized + debuginfo] target(s) in 0.03s
[INFO] [stderr]      Running unittests src/lib.rs (/opt/rustwide/target/debug/deps/og_image_writer-71336dbf9e9898b4)
[INFO] [stdout] 
[INFO] [stdout] running 8 tests
[INFO] [stdout] test char::test::test_rev_rendering_char_indices ... ok
[INFO] [stdout] test char::test::test_rendering_char_indices ... ok
[INFO] [stdout] test line_breaker::tests::test_break_test_with_char ... ok
[INFO] [stdout] test line_breaker::tests::test_break_test_with_pre_line ... ok
[INFO] [stdout] test layout::split_text::test::test_set_glyphs ... ok
[INFO] [stdout] test line_breaker::tests::test_break_test_with_whitespace ... ok
[INFO] [stdout] test line_breaker::tests::test_break_with_newline_as_whitespace ... ok
[INFO] [stdout] test line_breaker::tests::test_break_with_split_text_newline ... ok
[INFO] [stdout] 
[INFO] [stdout] test result: ok. 8 passed; 0 failed; 0 ignored; 0 measured; 0 filtered out; finished in 0.00s
[INFO] [stdout] 
[INFO] [stderr]    Doc-tests og_image_writer
[INFO] [stdout] 
[INFO] [stdout] running 2 tests
[INFO] [stdout] test src/lib.rs - (line 10) ... FAILED
[INFO] [stdout] test src/lib.rs - (line 54) ... FAILED
[INFO] [stdout] 
[INFO] [stdout] failures:
[INFO] [stdout] 
[INFO] [stdout] ---- src/lib.rs - (line 10) stdout ----
[INFO] [stdout] error: couldn't read src/../../assets/og_template.png: No such file or directory (os error 2)
[INFO] [stdout]   --> src/lib.rs:24:9
[INFO] [stdout]    |
[INFO] [stdout] 16 |         include_bytes!("../../assets/og_template.png"),
[INFO] [stdout]    |         ^^^^^^^^^^^^^^^^^^^^^^^^^^^^^^^^^^^^^^^^^^^^^^
[INFO] [stdout]    |
[INFO] [stdout]    = note: this error originates in the macro `include_bytes` (in Nightly builds, run with -Z macro-backtrace for more info)
[INFO] [stdout] 
[INFO] [stdout] error: couldn't read src/../../fonts/Mplus1-Black.ttf: No such file or directory (os error 2)
[INFO] [stdout]   --> src/lib.rs:28:26
[INFO] [stdout]    |
[INFO] [stdout] 20 |     let font = Vec::from(include_bytes!("../../fonts/Mplus1-Black.ttf") as &[u8]);
[INFO] [stdout]    |                          ^^^^^^^^^^^^^^^^^^^^^^^^^^^^^^^^^^^^^^^^^^^^^^
[INFO] [stdout]    |
[INFO] [stdout]    = note: this error originates in the macro `include_bytes` (in Nightly builds, run with -Z macro-backtrace for more info)
[INFO] [stdout] 
[INFO] [stdout] error: aborting due to 2 previous errors
[INFO] [stdout] 
[INFO] [stdout] Couldn't compile the test.
[INFO] [stdout] ---- src/lib.rs - (line 54) stdout ----
[INFO] [stdout] error: couldn't read src/../../fonts/Mplus1-Black.ttf: No such file or directory (os error 2)
[INFO] [stdout]   --> src/lib.rs:71:22
[INFO] [stdout]    |
[INFO] [stdout] 19 |    fc.push(Vec::from(include_bytes!("../../fonts/Mplus1-Black.ttf") as &[u8]))?;
[INFO] [stdout]    |                      ^^^^^^^^^^^^^^^^^^^^^^^^^^^^^^^^^^^^^^^^^^^^^^
[INFO] [stdout]    |
[INFO] [stdout]    = note: this error originates in the macro `include_bytes` (in Nightly builds, run with -Z macro-backtrace for more info)
[INFO] [stdout] 
[INFO] [stdout] error: couldn't read src/../../fonts/Roboto-Light.ttf: No such file or directory (os error 2)
[INFO] [stdout]   --> src/lib.rs:96:23
[INFO] [stdout]    |
[INFO] [stdout] 44 |        Some(Vec::from(include_bytes!("../../fonts/Roboto-Light.ttf") as &[u8])),
[INFO] [stdout]    |                       ^^^^^^^^^^^^^^^^^^^^^^^^^^^^^^^^^^^^^^^^^^^^^^
[INFO] [stdout]    |
[INFO] [stdout]    = note: this error originates in the macro `include_bytes` (in Nightly builds, run with -Z macro-backtrace for more info)
[INFO] [stdout] 
[INFO] [stdout] error: couldn't read src/../../fonts/OpenSansCondensed-Light.ttf: No such file or directory (os error 2)
[INFO] [stdout]   --> src/lib.rs:111:23
[INFO] [stdout]    |
[INFO] [stdout] 59 |        Some(Vec::from(include_bytes!("../../fonts/OpenSansCondensed-Light.ttf") as &[u8])),
[INFO] [stdout]    |                       ^^^^^^^^^^^^^^^^^^^^^^^^^^^^^^^^^^^^^^^^^^^^^^^^^^^^^^^^^
[INFO] [stdout]    |
[INFO] [stdout]    = note: this error originates in the macro `include_bytes` (in Nightly builds, run with -Z macro-backtrace for more info)
[INFO] [stdout] 
[INFO] [stdout] error: aborting due to 3 previous errors
[INFO] [stdout] 
[INFO] [stdout] Couldn't compile the test.
[INFO] [stdout] 
[INFO] [stdout] failures:
[INFO] [stdout]     src/lib.rs - (line 10)
[INFO] [stdout]     src/lib.rs - (line 54)
[INFO] [stdout] 
[INFO] [stdout] test result: FAILED. 0 passed; 2 failed; 0 ignored; 0 measured; 0 filtered out; finished in 0.03s
[INFO] [stdout] 
[INFO] [stderr] error: doctest failed, to rerun pass `--doc`
[INFO] running `Command { std: "docker" "inspect" "993393a13cdade622b744f4c3496c7a8e7bcc1bb1c1bcb314e5324efba66c8d2", kill_on_drop: false }`
[INFO] running `Command { std: "docker" "rm" "-f" "993393a13cdade622b744f4c3496c7a8e7bcc1bb1c1bcb314e5324efba66c8d2", kill_on_drop: false }`
[INFO] [stdout] 993393a13cdade622b744f4c3496c7a8e7bcc1bb1c1bcb314e5324efba66c8d2
