[INFO] fetching crate octopus_query 0.1.0...
[INFO] testing octopus_query-0.1.0 against 1.75.0 for beta-1.76-1
[INFO] extracting crate octopus_query 0.1.0 into /workspace/builds/worker-4-tc1/source
[INFO] validating manifest of crates.io crate octopus_query 0.1.0 on toolchain 1.75.0
[INFO] running `Command { std: CARGO_HOME="/workspace/cargo-home" RUSTUP_HOME="/workspace/rustup-home" "/workspace/cargo-home/bin/cargo" "+1.75.0" "metadata" "--manifest-path" "Cargo.toml" "--no-deps", kill_on_drop: false }`
[INFO] started tweaking crates.io crate octopus_query 0.1.0
[INFO] finished tweaking crates.io crate octopus_query 0.1.0
[INFO] tweaked toml for crates.io crate octopus_query 0.1.0 written to /workspace/builds/worker-4-tc1/source/Cargo.toml
[INFO] running `Command { std: CARGO_HOME="/workspace/cargo-home" RUSTUP_HOME="/workspace/rustup-home" "/workspace/cargo-home/bin/cargo" "+1.75.0" "generate-lockfile" "--manifest-path" "Cargo.toml", kill_on_drop: false }`
[INFO] running `Command { std: CARGO_HOME="/workspace/cargo-home" RUSTUP_HOME="/workspace/rustup-home" "/workspace/cargo-home/bin/cargo" "+1.75.0" "fetch" "--manifest-path" "Cargo.toml", kill_on_drop: false }`
[INFO] running `Command { std: "docker" "create" "-v" "/var/lib/crater-agent-workspace/builds/worker-4-tc1/target:/opt/rustwide/target:rw,Z" "-v" "/var/lib/crater-agent-workspace/builds/worker-4-tc1/source:/opt/rustwide/workdir:ro,Z" "-v" "/var/lib/crater-agent-workspace/cargo-home:/opt/rustwide/cargo-home:ro,Z" "-v" "/var/lib/crater-agent-workspace/rustup-home:/opt/rustwide/rustup-home:ro,Z" "-e" "SOURCE_DIR=/opt/rustwide/workdir" "-e" "CARGO_TARGET_DIR=/opt/rustwide/target" "-e" "CARGO_HOME=/opt/rustwide/cargo-home" "-e" "RUSTUP_HOME=/opt/rustwide/rustup-home" "-w" "/opt/rustwide/workdir" "-m" "1610612736" "--user" "0:0" "--network" "none" "ghcr.io/rust-lang/crates-build-env/linux@sha256:2788e3201cd34a07e3172128adcd8b3090168a8e3bcc40d7c032b9dda1df7d1c" "/opt/rustwide/cargo-home/bin/cargo" "+1.75.0" "metadata" "--no-deps" "--format-version=1", kill_on_drop: false }`
[INFO] [stdout] d27c7ea7fb3f96a04d79fc6df111f36e5d6f1afd72ad585c877d0db149870936
[INFO] running `Command { std: "docker" "start" "-a" "d27c7ea7fb3f96a04d79fc6df111f36e5d6f1afd72ad585c877d0db149870936", kill_on_drop: false }`
[INFO] running `Command { std: "docker" "inspect" "d27c7ea7fb3f96a04d79fc6df111f36e5d6f1afd72ad585c877d0db149870936", kill_on_drop: false }`
[INFO] running `Command { std: "docker" "rm" "-f" "d27c7ea7fb3f96a04d79fc6df111f36e5d6f1afd72ad585c877d0db149870936", kill_on_drop: false }`
[INFO] [stdout] d27c7ea7fb3f96a04d79fc6df111f36e5d6f1afd72ad585c877d0db149870936
[INFO] running `Command { std: "docker" "create" "-v" "/var/lib/crater-agent-workspace/builds/worker-4-tc1/target:/opt/rustwide/target:rw,Z" "-v" "/var/lib/crater-agent-workspace/builds/worker-4-tc1/source:/opt/rustwide/workdir:ro,Z" "-v" "/var/lib/crater-agent-workspace/cargo-home:/opt/rustwide/cargo-home:ro,Z" "-v" "/var/lib/crater-agent-workspace/rustup-home:/opt/rustwide/rustup-home:ro,Z" "-e" "SOURCE_DIR=/opt/rustwide/workdir" "-e" "CARGO_TARGET_DIR=/opt/rustwide/target" "-e" "CARGO_INCREMENTAL=0" "-e" "RUST_BACKTRACE=full" "-e" "RUSTFLAGS=--cap-lints=warn" "-e" "RUSTDOCFLAGS=--cap-lints=warn" "-e" "CARGO_HOME=/opt/rustwide/cargo-home" "-e" "RUSTUP_HOME=/opt/rustwide/rustup-home" "-w" "/opt/rustwide/workdir" "-m" "1610612736" "--user" "0:0" "--network" "none" "ghcr.io/rust-lang/crates-build-env/linux@sha256:2788e3201cd34a07e3172128adcd8b3090168a8e3bcc40d7c032b9dda1df7d1c" "/opt/rustwide/cargo-home/bin/cargo" "+1.75.0" "build" "--frozen" "--message-format=json", kill_on_drop: false }`
[INFO] [stdout] 9af4c428a7d952b075c2e35c393a07fff85053f49b7df81e1dd606786726ca30
[INFO] running `Command { std: "docker" "start" "-a" "9af4c428a7d952b075c2e35c393a07fff85053f49b7df81e1dd606786726ca30", kill_on_drop: false }`
[INFO] [stderr]    Compiling octopus_query v0.1.0 (/opt/rustwide/workdir)
[INFO] [stderr]     Finished dev [unoptimized + debuginfo] target(s) in 0.07s
[INFO] running `Command { std: "docker" "inspect" "9af4c428a7d952b075c2e35c393a07fff85053f49b7df81e1dd606786726ca30", kill_on_drop: false }`
[INFO] running `Command { std: "docker" "rm" "-f" "9af4c428a7d952b075c2e35c393a07fff85053f49b7df81e1dd606786726ca30", kill_on_drop: false }`
[INFO] [stdout] 9af4c428a7d952b075c2e35c393a07fff85053f49b7df81e1dd606786726ca30
[INFO] running `Command { std: "docker" "create" "-v" "/var/lib/crater-agent-workspace/builds/worker-4-tc1/target:/opt/rustwide/target:rw,Z" "-v" "/var/lib/crater-agent-workspace/builds/worker-4-tc1/source:/opt/rustwide/workdir:ro,Z" "-v" "/var/lib/crater-agent-workspace/cargo-home:/opt/rustwide/cargo-home:ro,Z" "-v" "/var/lib/crater-agent-workspace/rustup-home:/opt/rustwide/rustup-home:ro,Z" "-e" "SOURCE_DIR=/opt/rustwide/workdir" "-e" "CARGO_TARGET_DIR=/opt/rustwide/target" "-e" "CARGO_INCREMENTAL=0" "-e" "RUST_BACKTRACE=full" "-e" "RUSTFLAGS=--cap-lints=warn" "-e" "RUSTDOCFLAGS=--cap-lints=warn" "-e" "CARGO_HOME=/opt/rustwide/cargo-home" "-e" "RUSTUP_HOME=/opt/rustwide/rustup-home" "-w" "/opt/rustwide/workdir" "-m" "1610612736" "--user" "0:0" "--network" "none" "ghcr.io/rust-lang/crates-build-env/linux@sha256:2788e3201cd34a07e3172128adcd8b3090168a8e3bcc40d7c032b9dda1df7d1c" "/opt/rustwide/cargo-home/bin/cargo" "+1.75.0" "test" "--frozen" "--no-run" "--message-format=json", kill_on_drop: false }`
[INFO] [stdout] fe305fbd012bc12232318696cd8a6bb2d9ff92bf915257629c185dc8821d87c0
[INFO] running `Command { std: "docker" "start" "-a" "fe305fbd012bc12232318696cd8a6bb2d9ff92bf915257629c185dc8821d87c0", kill_on_drop: false }`
[INFO] [stderr]    Compiling octopus_query v0.1.0 (/opt/rustwide/workdir)
[INFO] [stderr]     Finished test [unoptimized + debuginfo] target(s) in 0.28s
[INFO] running `Command { std: "docker" "inspect" "fe305fbd012bc12232318696cd8a6bb2d9ff92bf915257629c185dc8821d87c0", kill_on_drop: false }`
[INFO] running `Command { std: "docker" "rm" "-f" "fe305fbd012bc12232318696cd8a6bb2d9ff92bf915257629c185dc8821d87c0", kill_on_drop: false }`
[INFO] [stdout] fe305fbd012bc12232318696cd8a6bb2d9ff92bf915257629c185dc8821d87c0
[INFO] running `Command { std: "docker" "create" "-v" "/var/lib/crater-agent-workspace/builds/worker-4-tc1/target:/opt/rustwide/target:rw,Z" "-v" "/var/lib/crater-agent-workspace/builds/worker-4-tc1/source:/opt/rustwide/workdir:ro,Z" "-v" "/var/lib/crater-agent-workspace/cargo-home:/opt/rustwide/cargo-home:ro,Z" "-v" "/var/lib/crater-agent-workspace/rustup-home:/opt/rustwide/rustup-home:ro,Z" "-e" "SOURCE_DIR=/opt/rustwide/workdir" "-e" "CARGO_TARGET_DIR=/opt/rustwide/target" "-e" "CARGO_INCREMENTAL=0" "-e" "RUST_BACKTRACE=full" "-e" "RUSTFLAGS=--cap-lints=warn" "-e" "RUSTDOCFLAGS=--cap-lints=warn" "-e" "CARGO_HOME=/opt/rustwide/cargo-home" "-e" "RUSTUP_HOME=/opt/rustwide/rustup-home" "-w" "/opt/rustwide/workdir" "-m" "1610612736" "--user" "0:0" "--network" "none" "ghcr.io/rust-lang/crates-build-env/linux@sha256:2788e3201cd34a07e3172128adcd8b3090168a8e3bcc40d7c032b9dda1df7d1c" "/opt/rustwide/cargo-home/bin/cargo" "+1.75.0" "test" "--frozen", kill_on_drop: false }`
[INFO] [stdout] 3211e09b6f228df17b95aa5704b3293ebdca80f0c0e63628740f56a430d8971f
[INFO] running `Command { std: "docker" "start" "-a" "3211e09b6f228df17b95aa5704b3293ebdca80f0c0e63628740f56a430d8971f", kill_on_drop: false }`
[INFO] [stderr]     Finished test [unoptimized + debuginfo] target(s) in 0.00s
[INFO] [stderr]      Running unittests src/lib.rs (/opt/rustwide/target/debug/deps/octopus_query-f6e4c2b8ffb06ca7)
[INFO] [stdout] 
[INFO] [stdout] running 12 tests
[INFO] [stdout] test tests::test_and_empty ... ok
[INFO] [stdout] test tests::test_or_empty ... ok
[INFO] [stdout] test tests::test_constant_next ... ok
[INFO] [stdout] test tests::test_and_advance ... ok
[INFO] [stdout] test tests::test_and_next ... ok
[INFO] [stdout] test tests::test_or_next ... ok
[INFO] [stdout] test tests::test_term_advance ... ok
[INFO] [stdout] test tests::test_or_complex ... ok
[INFO] [stdout] test tests::test_dismax_next ... ok
[INFO] [stdout] test tests::test_or_advance ... ok
[INFO] [stdout] test tests::test_example ... ok
[INFO] [stdout] test tests::test_term_next ... ok
[INFO] [stdout] 
[INFO] [stdout] test result: ok. 12 passed; 0 failed; 0 ignored; 0 measured; 0 filtered out; finished in 0.00s
[INFO] [stdout] 
[INFO] [stderr]    Doc-tests octopus_query
[INFO] [stdout] 
[INFO] [stdout] running 1 test
[INFO] [stdout] test src/lib.rs - compute_idf (line 5) ... FAILED
[INFO] [stdout] 
[INFO] [stdout] failures:
[INFO] [stdout] 
[INFO] [stdout] ---- src/lib.rs - compute_idf (line 5) stdout ----
[INFO] [stdout] error: expected one of `!`, `.`, `::`, `;`, `?`, `{`, `}`, or an operator, found `documents`
[INFO] [stdout]  --> src/lib.rs:6:11
[INFO] [stdout]   |
[INFO] [stdout] 3 | N = total documents in the index
[INFO] [stdout]   |           ^^^^^^^^^ expected one of 8 possible tokens
[INFO] [stdout] 
[INFO] [stdout] error: aborting due to previous error
[INFO] [stdout] 
[INFO] [stdout] Couldn't compile the test.
[INFO] [stdout] 
[INFO] [stdout] failures:
[INFO] [stdout]     src/lib.rs - compute_idf (line 5)
[INFO] [stdout] 
[INFO] [stdout] test result: FAILED. 0 passed; 1 failed; 0 ignored; 0 measured; 0 filtered out; finished in 0.03s
[INFO] [stdout] 
[INFO] [stderr] error: doctest failed, to rerun pass `--doc`
[INFO] running `Command { std: "docker" "inspect" "3211e09b6f228df17b95aa5704b3293ebdca80f0c0e63628740f56a430d8971f", kill_on_drop: false }`
[INFO] running `Command { std: "docker" "rm" "-f" "3211e09b6f228df17b95aa5704b3293ebdca80f0c0e63628740f56a430d8971f", kill_on_drop: false }`
[INFO] [stdout] 3211e09b6f228df17b95aa5704b3293ebdca80f0c0e63628740f56a430d8971f
[INFO] testing octopus_query-0.1.0 against beta-2023-12-22 for beta-1.76-1
[INFO] extracting crate octopus_query 0.1.0 into /workspace/builds/worker-4-tc2/source
[INFO] validating manifest of crates.io crate octopus_query 0.1.0 on toolchain beta-2023-12-22
[INFO] running `Command { std: CARGO_HOME="/workspace/cargo-home" RUSTUP_HOME="/workspace/rustup-home" "/workspace/cargo-home/bin/cargo" "+beta-2023-12-22" "metadata" "--manifest-path" "Cargo.toml" "--no-deps", kill_on_drop: false }`
[INFO] started tweaking crates.io crate octopus_query 0.1.0
[INFO] finished tweaking crates.io crate octopus_query 0.1.0
[INFO] tweaked toml for crates.io crate octopus_query 0.1.0 written to /workspace/builds/worker-4-tc2/source/Cargo.toml
[INFO] running `Command { std: CARGO_HOME="/workspace/cargo-home" RUSTUP_HOME="/workspace/rustup-home" "/workspace/cargo-home/bin/cargo" "+beta-2023-12-22" "generate-lockfile" "--manifest-path" "Cargo.toml", kill_on_drop: false }`
[INFO] running `Command { std: CARGO_HOME="/workspace/cargo-home" RUSTUP_HOME="/workspace/rustup-home" "/workspace/cargo-home/bin/cargo" "+beta-2023-12-22" "fetch" "--manifest-path" "Cargo.toml", kill_on_drop: false }`
[INFO] running `Command { std: "docker" "create" "-v" "/var/lib/crater-agent-workspace/builds/worker-4-tc2/target:/opt/rustwide/target:rw,Z" "-v" "/var/lib/crater-agent-workspace/builds/worker-4-tc2/source:/opt/rustwide/workdir:ro,Z" "-v" "/var/lib/crater-agent-workspace/cargo-home:/opt/rustwide/cargo-home:ro,Z" "-v" "/var/lib/crater-agent-workspace/rustup-home:/opt/rustwide/rustup-home:ro,Z" "-e" "SOURCE_DIR=/opt/rustwide/workdir" "-e" "CARGO_TARGET_DIR=/opt/rustwide/target" "-e" "CARGO_HOME=/opt/rustwide/cargo-home" "-e" "RUSTUP_HOME=/opt/rustwide/rustup-home" "-w" "/opt/rustwide/workdir" "-m" "1610612736" "--user" "0:0" "--network" "none" "ghcr.io/rust-lang/crates-build-env/linux@sha256:2788e3201cd34a07e3172128adcd8b3090168a8e3bcc40d7c032b9dda1df7d1c" "/opt/rustwide/cargo-home/bin/cargo" "+beta-2023-12-22" "metadata" "--no-deps" "--format-version=1", kill_on_drop: false }`
[INFO] [stdout] 0df6d805ec60ed15ac12e7670ac3be576830d9728146e08354f406c4d105e2ca
[INFO] running `Command { std: "docker" "start" "-a" "0df6d805ec60ed15ac12e7670ac3be576830d9728146e08354f406c4d105e2ca", kill_on_drop: false }`
[INFO] running `Command { std: "docker" "inspect" "0df6d805ec60ed15ac12e7670ac3be576830d9728146e08354f406c4d105e2ca", kill_on_drop: false }`
[INFO] running `Command { std: "docker" "rm" "-f" "0df6d805ec60ed15ac12e7670ac3be576830d9728146e08354f406c4d105e2ca", kill_on_drop: false }`
[INFO] [stdout] 0df6d805ec60ed15ac12e7670ac3be576830d9728146e08354f406c4d105e2ca
[INFO] running `Command { std: "docker" "create" "-v" "/var/lib/crater-agent-workspace/builds/worker-4-tc2/target:/opt/rustwide/target:rw,Z" "-v" "/var/lib/crater-agent-workspace/builds/worker-4-tc2/source:/opt/rustwide/workdir:ro,Z" "-v" "/var/lib/crater-agent-workspace/cargo-home:/opt/rustwide/cargo-home:ro,Z" "-v" "/var/lib/crater-agent-workspace/rustup-home:/opt/rustwide/rustup-home:ro,Z" "-e" "SOURCE_DIR=/opt/rustwide/workdir" "-e" "CARGO_TARGET_DIR=/opt/rustwide/target" "-e" "CARGO_INCREMENTAL=0" "-e" "RUST_BACKTRACE=full" "-e" "RUSTFLAGS=--cap-lints=warn" "-e" "RUSTDOCFLAGS=--cap-lints=warn" "-e" "CARGO_HOME=/opt/rustwide/cargo-home" "-e" "RUSTUP_HOME=/opt/rustwide/rustup-home" "-w" "/opt/rustwide/workdir" "-m" "1610612736" "--user" "0:0" "--network" "none" "ghcr.io/rust-lang/crates-build-env/linux@sha256:2788e3201cd34a07e3172128adcd8b3090168a8e3bcc40d7c032b9dda1df7d1c" "/opt/rustwide/cargo-home/bin/cargo" "+beta-2023-12-22" "build" "--frozen" "--message-format=json", kill_on_drop: false }`
[INFO] [stdout] 0a83222a55565591b45e457f7688308cc424c06a31764f133c702aa070575f51
[INFO] running `Command { std: "docker" "start" "-a" "0a83222a55565591b45e457f7688308cc424c06a31764f133c702aa070575f51", kill_on_drop: false }`
[INFO] [stderr]    Compiling octopus_query v0.1.0 (/opt/rustwide/workdir)
[INFO] [stderr]     Finished dev [unoptimized + debuginfo] target(s) in 0.07s
[INFO] running `Command { std: "docker" "inspect" "0a83222a55565591b45e457f7688308cc424c06a31764f133c702aa070575f51", kill_on_drop: false }`
[INFO] running `Command { std: "docker" "rm" "-f" "0a83222a55565591b45e457f7688308cc424c06a31764f133c702aa070575f51", kill_on_drop: false }`
[INFO] [stdout] 0a83222a55565591b45e457f7688308cc424c06a31764f133c702aa070575f51
[INFO] running `Command { std: "docker" "create" "-v" "/var/lib/crater-agent-workspace/builds/worker-4-tc2/target:/opt/rustwide/target:rw,Z" "-v" "/var/lib/crater-agent-workspace/builds/worker-4-tc2/source:/opt/rustwide/workdir:ro,Z" "-v" "/var/lib/crater-agent-workspace/cargo-home:/opt/rustwide/cargo-home:ro,Z" "-v" "/var/lib/crater-agent-workspace/rustup-home:/opt/rustwide/rustup-home:ro,Z" "-e" "SOURCE_DIR=/opt/rustwide/workdir" "-e" "CARGO_TARGET_DIR=/opt/rustwide/target" "-e" "CARGO_INCREMENTAL=0" "-e" "RUST_BACKTRACE=full" "-e" "RUSTFLAGS=--cap-lints=warn" "-e" "RUSTDOCFLAGS=--cap-lints=warn" "-e" "CARGO_HOME=/opt/rustwide/cargo-home" "-e" "RUSTUP_HOME=/opt/rustwide/rustup-home" "-w" "/opt/rustwide/workdir" "-m" "1610612736" "--user" "0:0" "--network" "none" "ghcr.io/rust-lang/crates-build-env/linux@sha256:2788e3201cd34a07e3172128adcd8b3090168a8e3bcc40d7c032b9dda1df7d1c" "/opt/rustwide/cargo-home/bin/cargo" "+beta-2023-12-22" "test" "--frozen" "--no-run" "--message-format=json", kill_on_drop: false }`
[INFO] [stdout] f6400805fa25acef92a8268619301a19bbd435b91e80b4dd7ad6d2e548fc9f73
[INFO] running `Command { std: "docker" "start" "-a" "f6400805fa25acef92a8268619301a19bbd435b91e80b4dd7ad6d2e548fc9f73", kill_on_drop: false }`
[INFO] [stderr]    Compiling octopus_query v0.1.0 (/opt/rustwide/workdir)
[INFO] [stderr]     Finished test [unoptimized + debuginfo] target(s) in 0.26s
[INFO] running `Command { std: "docker" "inspect" "f6400805fa25acef92a8268619301a19bbd435b91e80b4dd7ad6d2e548fc9f73", kill_on_drop: false }`
[INFO] running `Command { std: "docker" "rm" "-f" "f6400805fa25acef92a8268619301a19bbd435b91e80b4dd7ad6d2e548fc9f73", kill_on_drop: false }`
[INFO] [stdout] f6400805fa25acef92a8268619301a19bbd435b91e80b4dd7ad6d2e548fc9f73
[INFO] running `Command { std: "docker" "create" "-v" "/var/lib/crater-agent-workspace/builds/worker-4-tc2/target:/opt/rustwide/target:rw,Z" "-v" "/var/lib/crater-agent-workspace/builds/worker-4-tc2/source:/opt/rustwide/workdir:ro,Z" "-v" "/var/lib/crater-agent-workspace/cargo-home:/opt/rustwide/cargo-home:ro,Z" "-v" "/var/lib/crater-agent-workspace/rustup-home:/opt/rustwide/rustup-home:ro,Z" "-e" "SOURCE_DIR=/opt/rustwide/workdir" "-e" "CARGO_TARGET_DIR=/opt/rustwide/target" "-e" "CARGO_INCREMENTAL=0" "-e" "RUST_BACKTRACE=full" "-e" "RUSTFLAGS=--cap-lints=warn" "-e" "RUSTDOCFLAGS=--cap-lints=warn" "-e" "CARGO_HOME=/opt/rustwide/cargo-home" "-e" "RUSTUP_HOME=/opt/rustwide/rustup-home" "-w" "/opt/rustwide/workdir" "-m" "1610612736" "--user" "0:0" "--network" "none" "ghcr.io/rust-lang/crates-build-env/linux@sha256:2788e3201cd34a07e3172128adcd8b3090168a8e3bcc40d7c032b9dda1df7d1c" "/opt/rustwide/cargo-home/bin/cargo" "+beta-2023-12-22" "test" "--frozen", kill_on_drop: false }`
[INFO] [stdout] 32aa84e8d21f35d31ff3ec5591bb8a0c6196d81fe7f9b26b99c37f395708d930
[INFO] running `Command { std: "docker" "start" "-a" "32aa84e8d21f35d31ff3ec5591bb8a0c6196d81fe7f9b26b99c37f395708d930", kill_on_drop: false }`
[INFO] [stderr]     Finished test [unoptimized + debuginfo] target(s) in 0.01s
[INFO] [stderr]      Running unittests src/lib.rs (/opt/rustwide/target/debug/deps/octopus_query-becdab1a3dd9c374)
[INFO] [stdout] 
[INFO] [stdout] running 12 tests
[INFO] [stdout] test tests::test_example ... ok
[INFO] [stdout] test tests::test_and_advance ... ok
[INFO] [stdout] test tests::test_or_advance ... ok
[INFO] [stdout] test tests::test_or_empty ... ok
[INFO] [stdout] test tests::test_or_complex ... ok
[INFO] [stdout] test tests::test_dismax_next ... ok
[INFO] [stdout] test tests::test_or_next ... ok
[INFO] [stdout] test tests::test_constant_next ... ok
[INFO] [stdout] test tests::test_and_next ... ok
[INFO] [stdout] test tests::test_and_empty ... ok
[INFO] [stdout] test tests::test_term_advance ... ok
[INFO] [stdout] test tests::test_term_next ... ok
[INFO] [stdout] 
[INFO] [stdout] test result: ok. 12 passed; 0 failed; 0 ignored; 0 measured; 0 filtered out; finished in 0.01s
[INFO] [stdout] 
[INFO] [stderr]    Doc-tests octopus_query
[INFO] [stdout] 
[INFO] [stdout] running 1 test
[INFO] [stdout] test src/lib.rs - compute_idf (line 5) ... FAILED
[INFO] [stdout] 
[INFO] [stdout] failures:
[INFO] [stdout] 
[INFO] [stdout] ---- src/lib.rs - compute_idf (line 5) stdout ----
[INFO] [stdout] error: expected one of `!`, `.`, `::`, `;`, `?`, `{`, `}`, or an operator, found `documents`
[INFO] [stdout]  --> src/lib.rs:6:11
[INFO] [stdout]   |
[INFO] [stdout] 3 | N = total documents in the index
[INFO] [stdout]   |           ^^^^^^^^^ expected one of 8 possible tokens
[INFO] [stdout] 
[INFO] [stdout] error: aborting due to 1 previous error
[INFO] [stdout] 
[INFO] [stdout] Couldn't compile the test.
[INFO] [stdout] 
[INFO] [stdout] failures:
[INFO] [stdout]     src/lib.rs - compute_idf (line 5)
[INFO] [stdout] 
[INFO] [stdout] test result: FAILED. 0 passed; 1 failed; 0 ignored; 0 measured; 0 filtered out; finished in 0.05s
[INFO] [stdout] 
[INFO] [stderr] error: doctest failed, to rerun pass `--doc`
[INFO] running `Command { std: "docker" "inspect" "32aa84e8d21f35d31ff3ec5591bb8a0c6196d81fe7f9b26b99c37f395708d930", kill_on_drop: false }`
[INFO] running `Command { std: "docker" "rm" "-f" "32aa84e8d21f35d31ff3ec5591bb8a0c6196d81fe7f9b26b99c37f395708d930", kill_on_drop: false }`
[INFO] [stdout] 32aa84e8d21f35d31ff3ec5591bb8a0c6196d81fe7f9b26b99c37f395708d930
