[INFO] fetching crate object_store 0.8.0...
[INFO] testing object_store-0.8.0 against 1.75.0 for beta-1.76-1
[INFO] extracting crate object_store 0.8.0 into /workspace/builds/worker-0-tc1/source
[INFO] validating manifest of crates.io crate object_store 0.8.0 on toolchain 1.75.0
[INFO] running `Command { std: CARGO_HOME="/workspace/cargo-home" RUSTUP_HOME="/workspace/rustup-home" "/workspace/cargo-home/bin/cargo" "+1.75.0" "metadata" "--manifest-path" "Cargo.toml" "--no-deps", kill_on_drop: false }`
[INFO] started tweaking crates.io crate object_store 0.8.0
[INFO] removed 0 missing tests
[INFO] finished tweaking crates.io crate object_store 0.8.0
[INFO] tweaked toml for crates.io crate object_store 0.8.0 written to /workspace/builds/worker-0-tc1/source/Cargo.toml
[INFO] running `Command { std: CARGO_HOME="/workspace/cargo-home" RUSTUP_HOME="/workspace/rustup-home" "/workspace/cargo-home/bin/cargo" "+1.75.0" "generate-lockfile" "--manifest-path" "Cargo.toml", kill_on_drop: false }`
[INFO] [stderr]     Updating crates.io index
[INFO] running `Command { std: CARGO_HOME="/workspace/cargo-home" RUSTUP_HOME="/workspace/rustup-home" "/workspace/cargo-home/bin/cargo" "+1.75.0" "fetch" "--manifest-path" "Cargo.toml", kill_on_drop: false }`
[INFO] [stderr]  Downloading crates ...
[INFO] [stderr]   Downloaded futures-test v0.3.30
[INFO] running `Command { std: "docker" "create" "-v" "/var/lib/crater-agent-workspace/builds/worker-0-tc1/target:/opt/rustwide/target:rw,Z" "-v" "/var/lib/crater-agent-workspace/builds/worker-0-tc1/source:/opt/rustwide/workdir:ro,Z" "-v" "/var/lib/crater-agent-workspace/cargo-home:/opt/rustwide/cargo-home:ro,Z" "-v" "/var/lib/crater-agent-workspace/rustup-home:/opt/rustwide/rustup-home:ro,Z" "-e" "SOURCE_DIR=/opt/rustwide/workdir" "-e" "CARGO_TARGET_DIR=/opt/rustwide/target" "-e" "CARGO_HOME=/opt/rustwide/cargo-home" "-e" "RUSTUP_HOME=/opt/rustwide/rustup-home" "-w" "/opt/rustwide/workdir" "-m" "1610612736" "--user" "0:0" "--network" "none" "ghcr.io/rust-lang/crates-build-env/linux@sha256:2788e3201cd34a07e3172128adcd8b3090168a8e3bcc40d7c032b9dda1df7d1c" "/opt/rustwide/cargo-home/bin/cargo" "+1.75.0" "metadata" "--no-deps" "--format-version=1", kill_on_drop: false }`
[INFO] [stdout] 1d526760a287868add7118d6619eb5d9f4daea1714d2732c0a310703e416f45c
[INFO] running `Command { std: "docker" "start" "-a" "1d526760a287868add7118d6619eb5d9f4daea1714d2732c0a310703e416f45c", kill_on_drop: false }`
[INFO] running `Command { std: "docker" "inspect" "1d526760a287868add7118d6619eb5d9f4daea1714d2732c0a310703e416f45c", kill_on_drop: false }`
[INFO] running `Command { std: "docker" "rm" "-f" "1d526760a287868add7118d6619eb5d9f4daea1714d2732c0a310703e416f45c", kill_on_drop: false }`
[INFO] [stdout] 1d526760a287868add7118d6619eb5d9f4daea1714d2732c0a310703e416f45c
[INFO] running `Command { std: "docker" "create" "-v" "/var/lib/crater-agent-workspace/builds/worker-0-tc1/target:/opt/rustwide/target:rw,Z" "-v" "/var/lib/crater-agent-workspace/builds/worker-0-tc1/source:/opt/rustwide/workdir:ro,Z" "-v" "/var/lib/crater-agent-workspace/cargo-home:/opt/rustwide/cargo-home:ro,Z" "-v" "/var/lib/crater-agent-workspace/rustup-home:/opt/rustwide/rustup-home:ro,Z" "-e" "SOURCE_DIR=/opt/rustwide/workdir" "-e" "CARGO_TARGET_DIR=/opt/rustwide/target" "-e" "CARGO_INCREMENTAL=0" "-e" "RUST_BACKTRACE=full" "-e" "RUSTFLAGS=--cap-lints=warn" "-e" "RUSTDOCFLAGS=--cap-lints=warn" "-e" "CARGO_HOME=/opt/rustwide/cargo-home" "-e" "RUSTUP_HOME=/opt/rustwide/rustup-home" "-w" "/opt/rustwide/workdir" "-m" "1610612736" "--user" "0:0" "--network" "none" "ghcr.io/rust-lang/crates-build-env/linux@sha256:2788e3201cd34a07e3172128adcd8b3090168a8e3bcc40d7c032b9dda1df7d1c" "/opt/rustwide/cargo-home/bin/cargo" "+1.75.0" "build" "--frozen" "--message-format=json", kill_on_drop: false }`
[INFO] [stdout] 613349897e205ad77c9ec07b6290658c9c2e4c787a98583a1060a70aa61023f1
[INFO] running `Command { std: "docker" "start" "-a" "613349897e205ad77c9ec07b6290658c9c2e4c787a98583a1060a70aa61023f1", kill_on_drop: false }`
[INFO] [stderr]    Compiling pin-project-lite v0.2.13
[INFO] [stderr]    Compiling futures-core v0.3.30
[INFO] [stderr]    Compiling tinyvec_macros v0.1.1
[INFO] [stderr]    Compiling syn v1.0.109
[INFO] [stderr]    Compiling futures-sink v0.3.30
[INFO] [stderr]    Compiling futures-io v0.3.30
[INFO] [stderr]    Compiling doc-comment v0.3.3
[INFO] [stderr]    Compiling memchr v2.7.1
[INFO] [stderr]    Compiling pin-utils v0.1.0
[INFO] [stderr]    Compiling futures-task v0.3.30
[INFO] [stderr]    Compiling percent-encoding v2.3.1
[INFO] [stderr]    Compiling slab v0.4.9
[INFO] [stderr]    Compiling num-traits v0.2.17
[INFO] [stderr]    Compiling syn v2.0.48
[INFO] [stderr]    Compiling parking_lot_core v0.9.9
[INFO] [stderr]    Compiling once_cell v1.19.0
[INFO] [stderr]    Compiling tinyvec v1.6.0
[INFO] [stderr]    Compiling async-trait v0.1.77
[INFO] [stderr]    Compiling heck v0.4.1
[INFO] [stderr]    Compiling futures-channel v0.3.30
[INFO] [stderr]    Compiling unicode-bidi v0.3.14
[INFO] [stderr]    Compiling form_urlencoded v1.2.1
[INFO] [stderr]    Compiling iana-time-zone v0.1.59
[INFO] [stderr]    Compiling tracing-core v0.1.32
[INFO] [stderr]    Compiling bytes v1.5.0
[INFO] [stderr]    Compiling either v1.9.0
[INFO] [stderr]    Compiling same-file v1.0.6
[INFO] [stderr]    Compiling parking_lot v0.12.1
[INFO] [stderr]    Compiling walkdir v2.4.0
[INFO] [stderr]    Compiling humantime v2.1.0
[INFO] [stderr]    Compiling itertools v0.11.0
[INFO] [stderr]    Compiling unicode-normalization v0.1.22
[INFO] [stderr]    Compiling idna v0.5.0
[INFO] [stderr]    Compiling chrono v0.4.31
[INFO] [stderr]    Compiling url v2.5.0
[INFO] [stderr]    Compiling snafu-derive v0.7.5
[INFO] [stderr]    Compiling futures-macro v0.3.30
[INFO] [stderr]    Compiling tokio-macros v2.2.0
[INFO] [stderr]    Compiling tracing-attributes v0.1.27
[INFO] [stderr]    Compiling tokio v1.35.1
[INFO] [stderr]    Compiling snafu v0.7.5
[INFO] [stderr]    Compiling futures-util v0.3.30
[INFO] [stderr]    Compiling tracing v0.1.40
[INFO] [stderr]    Compiling futures-executor v0.3.30
[INFO] [stderr]    Compiling futures v0.3.30
[INFO] [stderr]    Compiling object_store v0.8.0 (/opt/rustwide/workdir)
[INFO] [stderr]     Finished dev [unoptimized + debuginfo] target(s) in 8.65s
[INFO] running `Command { std: "docker" "inspect" "613349897e205ad77c9ec07b6290658c9c2e4c787a98583a1060a70aa61023f1", kill_on_drop: false }`
[INFO] running `Command { std: "docker" "rm" "-f" "613349897e205ad77c9ec07b6290658c9c2e4c787a98583a1060a70aa61023f1", kill_on_drop: false }`
[INFO] [stdout] 613349897e205ad77c9ec07b6290658c9c2e4c787a98583a1060a70aa61023f1
[INFO] running `Command { std: "docker" "create" "-v" "/var/lib/crater-agent-workspace/builds/worker-0-tc1/target:/opt/rustwide/target:rw,Z" "-v" "/var/lib/crater-agent-workspace/builds/worker-0-tc1/source:/opt/rustwide/workdir:ro,Z" "-v" "/var/lib/crater-agent-workspace/cargo-home:/opt/rustwide/cargo-home:ro,Z" "-v" "/var/lib/crater-agent-workspace/rustup-home:/opt/rustwide/rustup-home:ro,Z" "-e" "SOURCE_DIR=/opt/rustwide/workdir" "-e" "CARGO_TARGET_DIR=/opt/rustwide/target" "-e" "CARGO_INCREMENTAL=0" "-e" "RUST_BACKTRACE=full" "-e" "RUSTFLAGS=--cap-lints=warn" "-e" "RUSTDOCFLAGS=--cap-lints=warn" "-e" "CARGO_HOME=/opt/rustwide/cargo-home" "-e" "RUSTUP_HOME=/opt/rustwide/rustup-home" "-w" "/opt/rustwide/workdir" "-m" "1610612736" "--user" "0:0" "--network" "none" "ghcr.io/rust-lang/crates-build-env/linux@sha256:2788e3201cd34a07e3172128adcd8b3090168a8e3bcc40d7c032b9dda1df7d1c" "/opt/rustwide/cargo-home/bin/cargo" "+1.75.0" "test" "--frozen" "--no-run" "--message-format=json", kill_on_drop: false }`
[INFO] [stdout] f922ed1e3a1ead85697364f727deb5a90859415c55e252243f5e00982ef4a701
[INFO] running `Command { std: "docker" "start" "-a" "f922ed1e3a1ead85697364f727deb5a90859415c55e252243f5e00982ef4a701", kill_on_drop: false }`
[INFO] [stderr]    Compiling libc v0.2.151
[INFO] [stderr]    Compiling futures-channel v0.3.30
[INFO] [stderr]    Compiling rustix v0.38.28
[INFO] [stderr]    Compiling httparse v1.8.0
[INFO] [stderr]    Compiling fnv v1.0.7
[INFO] [stderr]    Compiling itoa v1.0.10
[INFO] [stderr]    Compiling bitflags v2.4.1
[INFO] [stderr]    Compiling pin-project-internal v1.1.3
[INFO] [stderr]    Compiling ppv-lite86 v0.2.17
[INFO] [stderr]    Compiling linux-raw-sys v0.4.12
[INFO] [stderr]    Compiling try-lock v0.2.5
[INFO] [stderr]    Compiling httpdate v1.0.3
[INFO] [stderr]    Compiling tower-service v0.3.2
[INFO] [stderr]    Compiling fastrand v2.0.1
[INFO] [stderr]    Compiling want v0.3.1
[INFO] [stderr]    Compiling http v0.2.11
[INFO] [stderr]    Compiling futures-util v0.3.30
[INFO] [stderr]    Compiling http-body v0.4.6
[INFO] [stderr]    Compiling getrandom v0.2.11
[INFO] [stderr]    Compiling parking_lot_core v0.9.9
[INFO] [stderr]    Compiling nix v0.27.1
[INFO] [stderr]    Compiling rand_core v0.6.4
[INFO] [stderr]    Compiling pin-project v1.1.3
[INFO] [stderr]    Compiling parking_lot v0.12.1
[INFO] [stderr]    Compiling rand_chacha v0.3.1
[INFO] [stderr]    Compiling rand v0.8.5
[INFO] [stderr]    Compiling tempfile v3.9.0
[INFO] [stderr]    Compiling futures-executor v0.3.30
[INFO] [stderr]    Compiling hyper v0.14.28
[INFO] [stderr]    Compiling futures v0.3.30
[INFO] [stderr]    Compiling futures-test v0.3.30
[INFO] [stderr]    Compiling object_store v0.8.0 (/opt/rustwide/workdir)
[INFO] [stdout] warning: unused macro definition: `maybe_skip_integration`
[INFO] [stdout]     --> src/lib.rs:1194:18
[INFO] [stdout]      |
[INFO] [stdout] 1194 |     macro_rules! maybe_skip_integration {
[INFO] [stdout]      |                  ^^^^^^^^^^^^^^^^^^^^^^
[INFO] [stdout]      |
[INFO] [stdout]      = note: `#[warn(unused_macros)]` on by default
[INFO] [stdout] 
[INFO] [stdout] 
[INFO] [stdout] warning: unused import: `maybe_skip_integration`
[INFO] [stdout]     --> src/lib.rs:1202:20
[INFO] [stdout]      |
[INFO] [stdout] 1202 |     pub(crate) use maybe_skip_integration;
[INFO] [stdout]      |                    ^^^^^^^^^^^^^^^^^^^^^^
[INFO] [stdout]      |
[INFO] [stdout]      = note: `#[warn(unused_imports)]` on by default
[INFO] [stdout] 
[INFO] [stdout] 
[INFO] [stdout] warning: unused import: `std::future::Future`
[INFO] [stdout]     --> src/lib.rs:1224:9
[INFO] [stdout]      |
[INFO] [stdout] 1224 |     use std::future::Future;
[INFO] [stdout]      |         ^^^^^^^^^^^^^^^^^^^
[INFO] [stdout] 
[INFO] [stdout] 
[INFO] [stdout] warning: function `multipart` is never used
[INFO] [stdout]     --> src/lib.rs:2084:25
[INFO] [stdout]      |
[INFO] [stdout] 2084 |     pub(crate) async fn multipart(storage: &dyn ObjectStore, multipart: &dyn MultiPartStore) {
[INFO] [stdout]      |                         ^^^^^^^^^
[INFO] [stdout]      |
[INFO] [stdout]      = note: `#[warn(dead_code)]` on by default
[INFO] [stdout] 
[INFO] [stdout] 
[INFO] [stdout] warning: 4 warnings emitted
[INFO] [stdout] 
[INFO] [stdout] 
[INFO] [stderr]     Finished test [unoptimized + debuginfo] target(s) in 11.09s
[INFO] running `Command { std: "docker" "inspect" "f922ed1e3a1ead85697364f727deb5a90859415c55e252243f5e00982ef4a701", kill_on_drop: false }`
[INFO] running `Command { std: "docker" "rm" "-f" "f922ed1e3a1ead85697364f727deb5a90859415c55e252243f5e00982ef4a701", kill_on_drop: false }`
[INFO] [stdout] f922ed1e3a1ead85697364f727deb5a90859415c55e252243f5e00982ef4a701
[INFO] running `Command { std: "docker" "create" "-v" "/var/lib/crater-agent-workspace/builds/worker-0-tc1/target:/opt/rustwide/target:rw,Z" "-v" "/var/lib/crater-agent-workspace/builds/worker-0-tc1/source:/opt/rustwide/workdir:ro,Z" "-v" "/var/lib/crater-agent-workspace/cargo-home:/opt/rustwide/cargo-home:ro,Z" "-v" "/var/lib/crater-agent-workspace/rustup-home:/opt/rustwide/rustup-home:ro,Z" "-e" "SOURCE_DIR=/opt/rustwide/workdir" "-e" "CARGO_TARGET_DIR=/opt/rustwide/target" "-e" "CARGO_INCREMENTAL=0" "-e" "RUST_BACKTRACE=full" "-e" "RUSTFLAGS=--cap-lints=warn" "-e" "RUSTDOCFLAGS=--cap-lints=warn" "-e" "CARGO_HOME=/opt/rustwide/cargo-home" "-e" "RUSTUP_HOME=/opt/rustwide/rustup-home" "-w" "/opt/rustwide/workdir" "-m" "1610612736" "--user" "0:0" "--network" "none" "ghcr.io/rust-lang/crates-build-env/linux@sha256:2788e3201cd34a07e3172128adcd8b3090168a8e3bcc40d7c032b9dda1df7d1c" "/opt/rustwide/cargo-home/bin/cargo" "+1.75.0" "test" "--frozen", kill_on_drop: false }`
[INFO] [stdout] 4a197cea5e18c4eb6dceb763184d3b6b1b9340e1d21d135cdd97a52f7531d5ae
[INFO] running `Command { std: "docker" "start" "-a" "4a197cea5e18c4eb6dceb763184d3b6b1b9340e1d21d135cdd97a52f7531d5ae", kill_on_drop: false }`
[INFO] [stderr] warning: unused macro definition: `maybe_skip_integration`
[INFO] [stderr]     --> src/lib.rs:1194:18
[INFO] [stderr]      |
[INFO] [stderr] 1194 |     macro_rules! maybe_skip_integration {
[INFO] [stderr]      |                  ^^^^^^^^^^^^^^^^^^^^^^
[INFO] [stderr]      |
[INFO] [stderr]      = note: `#[warn(unused_macros)]` on by default
[INFO] [stderr] 
[INFO] [stderr] warning: unused import: `maybe_skip_integration`
[INFO] [stderr]     --> src/lib.rs:1202:20
[INFO] [stderr]      |
[INFO] [stderr] 1202 |     pub(crate) use maybe_skip_integration;
[INFO] [stderr]      |                    ^^^^^^^^^^^^^^^^^^^^^^
[INFO] [stderr]      |
[INFO] [stderr]      = note: `#[warn(unused_imports)]` on by default
[INFO] [stderr] 
[INFO] [stderr] warning: unused import: `std::future::Future`
[INFO] [stderr]     --> src/lib.rs:1224:9
[INFO] [stderr]      |
[INFO] [stderr] 1224 |     use std::future::Future;
[INFO] [stderr]      |         ^^^^^^^^^^^^^^^^^^^
[INFO] [stderr] 
[INFO] [stderr] warning: function `multipart` is never used
[INFO] [stderr]     --> src/lib.rs:2084:25
[INFO] [stderr]      |
[INFO] [stderr] 2084 |     pub(crate) async fn multipart(storage: &dyn ObjectStore, multipart: &dyn MultiPartStore) {
[INFO] [stderr]      |                         ^^^^^^^^^
[INFO] [stderr]      |
[INFO] [stderr]      = note: `#[warn(dead_code)]` on by default
[INFO] [stderr] 
[INFO] [stderr] warning: `object_store` (lib test) generated 4 warnings (run `cargo fix --lib -p object_store --tests` to apply 2 suggestions)
[INFO] [stderr]     Finished test [unoptimized + debuginfo] target(s) in 0.08s
[INFO] [stderr]      Running unittests src/lib.rs (/opt/rustwide/target/debug/deps/object_store-c195e9cbb07a7768)
[INFO] [stdout] 
[INFO] [stdout] running 61 tests
[INFO] [stdout] test delimited::tests::test_delimiter_escaped ... ok
[INFO] [stdout] test delimited::tests::test_delimiter_stream ... ok
[INFO] [stdout] test delimited::tests::test_delimiter ... ok
[INFO] [stdout] test local::tests::bubble_up_io_errors ... ignored
[INFO] [stdout] test chunked::tests::test_chunked_basic ... ok
[INFO] [stdout] test delimited::tests::test_delimiter_unfold_stream ... ok
[INFO] [stdout] test buffered::tests::test_buf_reader ... ok
[INFO] [stdout] test local::tests::get_nonexistent_location ... ok
[INFO] [stdout] test local::tests::test_valid_path ... ok
[INFO] [stdout] test local::tests::creates_dir_if_not_present ... ok
[INFO] [stdout] test local::not_wasm_tests::test_cleanup_intermediate_files ... ok
[INFO] [stdout] test local::tests::root ... ok
[INFO] [stdout] test local::tests::unknown_length ... ok
[INFO] [stdout] test local::tests::filesystem_filename_with_percent ... ok
[INFO] [stdout] test local::tests::relative_paths ... ok
[INFO] [stdout] test memory::tests::nonexistent_location ... ok
[INFO] [stdout] test memory::tests::unknown_length ... ok
[INFO] [stdout] test local::tests::list_hides_incomplete_uploads ... ok
[INFO] [stdout] test path::parts::tests::path_part_cant_be_one_dot ... ok
[INFO] [stdout] test parse::tests::test_parse ... ok
[INFO] [stdout] test parse::tests::test_url_spaces ... ok
[INFO] [stdout] test path::parts::tests::path_part_given_already_encoded_string ... ok
[INFO] [stdout] test local::tests::test_intermediate_files ... ok
[INFO] [stdout] test path::parts::tests::path_part_delimiter_gets_encoded ... ok
[INFO] [stdout] test path::parts::tests::path_part_cant_be_two_dots ... ok
[INFO] [stdout] test local::unix_test::test_fifo ... ok
[INFO] [stdout] test path::tests::convert_raw_before_partial_eq ... ok
[INFO] [stdout] test path::tests::file_extension ... ok
[INFO] [stdout] test path::parts::tests::path_part_parse ... ok
[INFO] [stdout] test path::tests::filename_from_path ... ok
[INFO] [stdout] test path::tests::cloud_prefix_with_trailing_delimiter ... ok
[INFO] [stdout] test local::tests::test_list_root ... ok
[INFO] [stdout] test path::tests::prefix_matches ... ok
[INFO] [stdout] test path::tests::prefix_matches_with_file_name ... ok
[INFO] [stdout] test path::tests::parts_after_prefix_behavior ... ok
[INFO] [stdout] test path::tests::push_encodes ... ok
[INFO] [stdout] test path::tests::path_containing_spaces ... ok
[INFO] [stdout] test path::tests::from_url_path ... ok
[INFO] [stdout] test path::tests::test_parse ... ok
[INFO] [stdout] test tags::tests::test_tag_set ... ok
[INFO] [stdout] test tests::test_list_lifetimes ... ok
[INFO] [stdout] test tests::test_preconditions ... ok
[INFO] [stdout] test prefix::tests::prefix_test_applies_prefix ... ok
[INFO] [stdout] test local::tests::test_symlink ... ok
[INFO] [stdout] test throttle::tests::throttle_test ... ok
[INFO] [stdout] test util::tests::test_coalesce_ranges ... ok
[INFO] [stdout] test util::tests::test_coalesce_fuzz ... ok
[INFO] [stdout] test local::tests::invalid_path ... FAILED
[INFO] [stdout] test memory::tests::arc_test ... ok
[INFO] [stdout] test memory::tests::box_test ... ok
[INFO] [stdout] test limit::tests::limit_test ... ok
[INFO] [stdout] test memory::tests::in_memory_test ... ok
[INFO] [stdout] test local::tests::test_non_tokio ... ok
[INFO] [stdout] test throttle::tests::put_test ... ok
[INFO] [stdout] test throttle::tests::delete_test ... ok
[INFO] [stdout] test local::tests::file_test ... ok
[INFO] [stdout] test prefix::tests::prefix_test ... ok
[INFO] [stdout] test throttle::tests::list_with_delimiter_test ... ok
[INFO] [stdout] test throttle::tests::get_test ... ok
[INFO] [stdout] test throttle::tests::list_test ... ok
[INFO] [stdout] test chunked::tests::test_chunked ... ok
[INFO] [stdout] 
[INFO] [stdout] failures:
[INFO] [stdout] 
[INFO] [stdout] ---- local::tests::invalid_path stdout ----
[INFO] [stdout] thread 'local::tests::invalid_path' panicked at src/local.rs:1389:9:
[INFO] [stdout] assertion `left == right` failed
[INFO] [stdout]   left: [Path { raw: "directory/child.txt" }, Path { raw: "💀" }]
[INFO] [stdout]  right: [Path { raw: "💀" }, Path { raw: "directory/child.txt" }]
[INFO] [stdout] stack backtrace:
[INFO] [stdout]    0:     0x55861cff972c - std::backtrace_rs::backtrace::libunwind::trace::ha637c64ce894333a
[INFO] [stdout]                                at /rustc/82e1608dfa6e0b5569232559e3d385fea5a93112/library/std/src/../../backtrace/src/backtrace/libunwind.rs:104:5
[INFO] [stdout]    1:     0x55861cff972c - std::backtrace_rs::backtrace::trace_unsynchronized::h47f62dea28e0c88d
[INFO] [stdout]                                at /rustc/82e1608dfa6e0b5569232559e3d385fea5a93112/library/std/src/../../backtrace/src/backtrace/mod.rs:66:5
[INFO] [stdout]    2:     0x55861cff972c - std::sys_common::backtrace::_print_fmt::h9eef0abe20ede486
[INFO] [stdout]                                at /rustc/82e1608dfa6e0b5569232559e3d385fea5a93112/library/std/src/sys_common/backtrace.rs:67:5
[INFO] [stdout]    3:     0x55861cff972c - <std::sys_common::backtrace::_print::DisplayBacktrace as core::fmt::Display>::fmt::hed7f999df88cc644
[INFO] [stdout]                                at /rustc/82e1608dfa6e0b5569232559e3d385fea5a93112/library/std/src/sys_common/backtrace.rs:44:22
[INFO] [stdout]    4:     0x55861d0259c0 - core::fmt::rt::Argument::fmt::h1539a9308b8d058d
[INFO] [stdout]                                at /rustc/82e1608dfa6e0b5569232559e3d385fea5a93112/library/core/src/fmt/rt.rs:142:9
[INFO] [stdout]    5:     0x55861d0259c0 - core::fmt::write::h3a39390d8560d9c9
[INFO] [stdout]                                at /rustc/82e1608dfa6e0b5569232559e3d385fea5a93112/library/core/src/fmt/mod.rs:1120:17
[INFO] [stdout]    6:     0x55861cff6cef - std::io::Write::write_fmt::h040b369f3a0f9cbc
[INFO] [stdout]                                at /rustc/82e1608dfa6e0b5569232559e3d385fea5a93112/library/std/src/io/mod.rs:1762:15
[INFO] [stdout]    7:     0x55861cff9514 - std::sys_common::backtrace::_print::h894006fb5c6f3d45
[INFO] [stdout]                                at /rustc/82e1608dfa6e0b5569232559e3d385fea5a93112/library/std/src/sys_common/backtrace.rs:47:5
[INFO] [stdout]    8:     0x55861cff9514 - std::sys_common::backtrace::print::h23a2d212c6fff936
[INFO] [stdout]                                at /rustc/82e1608dfa6e0b5569232559e3d385fea5a93112/library/std/src/sys_common/backtrace.rs:34:9
[INFO] [stdout]    9:     0x55861cffb1d7 - std::panicking::default_hook::{{closure}}::h8a1d2ee00185001a
[INFO] [stdout]   10:     0x55861cffaec3 - std::panicking::default_hook::h6038f2eba384e475
[INFO] [stdout]                                at /rustc/82e1608dfa6e0b5569232559e3d385fea5a93112/library/std/src/panicking.rs:289:9
[INFO] [stdout]   11:     0x55861cea04b7 - <alloc::boxed::Box<F,A> as core::ops::function::Fn<Args>>::call::h0ad024c9bdc6d768
[INFO] [stdout]                                at /rustc/82e1608dfa6e0b5569232559e3d385fea5a93112/library/alloc/src/boxed.rs:2021:9
[INFO] [stdout]   12:     0x55861cea04b7 - test::test_main::{{closure}}::h7500b54257359db6
[INFO] [stdout]                                at /rustc/82e1608dfa6e0b5569232559e3d385fea5a93112/library/test/src/lib.rs:138:21
[INFO] [stdout]   13:     0x55861cffb7e8 - <alloc::boxed::Box<F,A> as core::ops::function::Fn<Args>>::call::h1f8f335eaa9cfaee
[INFO] [stdout]                                at /rustc/82e1608dfa6e0b5569232559e3d385fea5a93112/library/alloc/src/boxed.rs:2021:9
[INFO] [stdout]   14:     0x55861cffb7e8 - std::panicking::rust_panic_with_hook::h2b5517d590cab22e
[INFO] [stdout]                                at /rustc/82e1608dfa6e0b5569232559e3d385fea5a93112/library/std/src/panicking.rs:783:13
[INFO] [stdout]   15:     0x55861cffb53e - std::panicking::begin_panic_handler::{{closure}}::h233112c06e0ef43e
[INFO] [stdout]                                at /rustc/82e1608dfa6e0b5569232559e3d385fea5a93112/library/std/src/panicking.rs:657:13
[INFO] [stdout]   16:     0x55861cff9bf6 - std::sys_common::backtrace::__rust_end_short_backtrace::h6e893f24d7ebbff8
[INFO] [stdout]                                at /rustc/82e1608dfa6e0b5569232559e3d385fea5a93112/library/std/src/sys_common/backtrace.rs:170:18
[INFO] [stdout]   17:     0x55861cffb2a2 - rust_begin_unwind
[INFO] [stdout]                                at /rustc/82e1608dfa6e0b5569232559e3d385fea5a93112/library/std/src/panicking.rs:645:5
[INFO] [stdout]   18:     0x55861cc4ed05 - core::panicking::panic_fmt::hbf0e066aabfa482c
[INFO] [stdout]                                at /rustc/82e1608dfa6e0b5569232559e3d385fea5a93112/library/core/src/panicking.rs:72:14
[INFO] [stdout]   19:     0x55861cc4f15b - core::panicking::assert_failed_inner::h0bba8b7c26ee4492
[INFO] [stdout]   20:     0x55861cc8fe1e - core::panicking::assert_failed::h396a4a4ce9103fb4
[INFO] [stdout]                                at /rustc/82e1608dfa6e0b5569232559e3d385fea5a93112/library/core/src/panicking.rs:279:5
[INFO] [stdout]   21:     0x55861ce64aaf - object_store::local::tests::invalid_path::{{closure}}::hccf54349591891ca
[INFO] [stdout]                                at /opt/rustwide/workdir/src/local.rs:1389:9
[INFO] [stdout]   22:     0x55861ce4e6d8 - <core::pin::Pin<P> as core::future::future::Future>::poll::h7f9292dc811ec597
[INFO] [stdout]                                at /rustc/82e1608dfa6e0b5569232559e3d385fea5a93112/library/core/src/future/future.rs:125:9
[INFO] [stdout]   23:     0x55861ce4e67b - <core::pin::Pin<P> as core::future::future::Future>::poll::h682d6c221b23e8a2
[INFO] [stdout]                                at /rustc/82e1608dfa6e0b5569232559e3d385fea5a93112/library/core/src/future/future.rs:125:9
[INFO] [stdout]   24:     0x55861cdfe8c4 - tokio::runtime::scheduler::current_thread::CoreGuard::block_on::{{closure}}::{{closure}}::{{closure}}::he191f9c62fb64962
[INFO] [stdout]                                at /opt/rustwide/cargo-home/registry/src/index.crates.io-6f17d22bba15001f/tokio-1.35.1/src/runtime/scheduler/current_thread/mod.rs:665:57
[INFO] [stdout]   25:     0x55861cdfe7ea - tokio::runtime::coop::with_budget::hf450ab252d2587e6
[INFO] [stdout]                                at /opt/rustwide/cargo-home/registry/src/index.crates.io-6f17d22bba15001f/tokio-1.35.1/src/runtime/coop.rs:107:5
[INFO] [stdout]   26:     0x55861cdfe7ea - tokio::runtime::coop::budget::h3082d9e2132274c1
[INFO] [stdout]                                at /opt/rustwide/cargo-home/registry/src/index.crates.io-6f17d22bba15001f/tokio-1.35.1/src/runtime/coop.rs:73:5
[INFO] [stdout]   27:     0x55861cdfe7ea - tokio::runtime::scheduler::current_thread::CoreGuard::block_on::{{closure}}::{{closure}}::h29f38bea8e6f3d04
[INFO] [stdout]                                at /opt/rustwide/cargo-home/registry/src/index.crates.io-6f17d22bba15001f/tokio-1.35.1/src/runtime/scheduler/current_thread/mod.rs:665:25
[INFO] [stdout]   28:     0x55861cdfd19c - tokio::runtime::scheduler::current_thread::Context::enter::h4abd5a4b19f27846
[INFO] [stdout]                                at /opt/rustwide/cargo-home/registry/src/index.crates.io-6f17d22bba15001f/tokio-1.35.1/src/runtime/scheduler/current_thread/mod.rs:410:19
[INFO] [stdout]   29:     0x55861cdfdffb - tokio::runtime::scheduler::current_thread::CoreGuard::block_on::{{closure}}::h5ca831688e719adb
[INFO] [stdout]                                at /opt/rustwide/cargo-home/registry/src/index.crates.io-6f17d22bba15001f/tokio-1.35.1/src/runtime/scheduler/current_thread/mod.rs:664:36
[INFO] [stdout]   30:     0x55861cdfdd0b - tokio::runtime::scheduler::current_thread::CoreGuard::enter::{{closure}}::h947e3f51b33a3a95
[INFO] [stdout]                                at /opt/rustwide/cargo-home/registry/src/index.crates.io-6f17d22bba15001f/tokio-1.35.1/src/runtime/scheduler/current_thread/mod.rs:743:68
[INFO] [stdout]   31:     0x55861cc8bc0b - tokio::runtime::context::scoped::Scoped<T>::set::h3eaf9ff8c83ce99b
[INFO] [stdout]                                at /opt/rustwide/cargo-home/registry/src/index.crates.io-6f17d22bba15001f/tokio-1.35.1/src/runtime/context/scoped.rs:40:9
[INFO] [stdout]   32:     0x55861ce19be9 - tokio::runtime::context::set_scheduler::{{closure}}::hba64b881f05daece
[INFO] [stdout]                                at /opt/rustwide/cargo-home/registry/src/index.crates.io-6f17d22bba15001f/tokio-1.35.1/src/runtime/context.rs:176:26
[INFO] [stdout]   33:     0x55861ccbba86 - std::thread::local::LocalKey<T>::try_with::h20ad373a6d22d171
[INFO] [stdout]                                at /rustc/82e1608dfa6e0b5569232559e3d385fea5a93112/library/std/src/thread/local.rs:270:16
[INFO] [stdout]   34:     0x55861ccbb61a - std::thread::local::LocalKey<T>::with::h88c42ce6e2a7a0f4
[INFO] [stdout]                                at /rustc/82e1608dfa6e0b5569232559e3d385fea5a93112/library/std/src/thread/local.rs:246:9
[INFO] [stdout]   35:     0x55861ce19b9d - tokio::runtime::context::set_scheduler::h8613541bc667fb84
[INFO] [stdout]                                at /opt/rustwide/cargo-home/registry/src/index.crates.io-6f17d22bba15001f/tokio-1.35.1/src/runtime/context.rs:176:9
[INFO] [stdout]   36:     0x55861cdfdaa0 - tokio::runtime::scheduler::current_thread::CoreGuard::enter::h0d78713b89bb0aa6
[INFO] [stdout]                                at /opt/rustwide/cargo-home/registry/src/index.crates.io-6f17d22bba15001f/tokio-1.35.1/src/runtime/scheduler/current_thread/mod.rs:743:27
[INFO] [stdout]   37:     0x55861cdfdd3d - tokio::runtime::scheduler::current_thread::CoreGuard::block_on::h83179f6fe2c35880
[INFO] [stdout]                                at /opt/rustwide/cargo-home/registry/src/index.crates.io-6f17d22bba15001f/tokio-1.35.1/src/runtime/scheduler/current_thread/mod.rs:652:19
[INFO] [stdout]   38:     0x55861cdfcc83 - tokio::runtime::scheduler::current_thread::CurrentThread::block_on::{{closure}}::h9427e84895d4a66a
[INFO] [stdout]                                at /opt/rustwide/cargo-home/registry/src/index.crates.io-6f17d22bba15001f/tokio-1.35.1/src/runtime/scheduler/current_thread/mod.rs:175:28
[INFO] [stdout]   39:     0x55861cd4489b - tokio::runtime::context::runtime::enter_runtime::h1acfcb7ef7947d63
[INFO] [stdout]                                at /opt/rustwide/cargo-home/registry/src/index.crates.io-6f17d22bba15001f/tokio-1.35.1/src/runtime/context/runtime.rs:65:16
[INFO] [stdout]   40:     0x55861cdfcba0 - tokio::runtime::scheduler::current_thread::CurrentThread::block_on::h263bb0c8bcc15e8a
[INFO] [stdout]                                at /opt/rustwide/cargo-home/registry/src/index.crates.io-6f17d22bba15001f/tokio-1.35.1/src/runtime/scheduler/current_thread/mod.rs:167:9
[INFO] [stdout]   41:     0x55861ce19f52 - tokio::runtime::runtime::Runtime::block_on::hd454c2e3344d693d
[INFO] [stdout]                                at /opt/rustwide/cargo-home/registry/src/index.crates.io-6f17d22bba15001f/tokio-1.35.1/src/runtime/runtime.rs:348:47
[INFO] [stdout]   42:     0x55861ce631c4 - object_store::local::tests::invalid_path::h49c96658810829e7
[INFO] [stdout]                                at /opt/rustwide/workdir/src/local.rs:1389:9
[INFO] [stdout]   43:     0x55861ce63057 - object_store::local::tests::invalid_path::{{closure}}::he81198ad174a9dad
[INFO] [stdout]                                at /opt/rustwide/workdir/src/local.rs:1354:28
[INFO] [stdout]   44:     0x55861cc4fb76 - core::ops::function::FnOnce::call_once::h124cd696a4984f22
[INFO] [stdout]                                at /rustc/82e1608dfa6e0b5569232559e3d385fea5a93112/library/core/src/ops/function.rs:250:5
[INFO] [stdout]   45:     0x55861cea5b0f - core::ops::function::FnOnce::call_once::h2b5d431d5046312d
[INFO] [stdout]                                at /rustc/82e1608dfa6e0b5569232559e3d385fea5a93112/library/core/src/ops/function.rs:250:5
[INFO] [stdout]   46:     0x55861cea5b0f - test::__rust_begin_short_backtrace::h7714669af176e207
[INFO] [stdout]                                at /rustc/82e1608dfa6e0b5569232559e3d385fea5a93112/library/test/src/lib.rs:628:18
[INFO] [stdout]   47:     0x55861cea4b25 - test::run_test_in_process::{{closure}}::h85218797dcbcec12
[INFO] [stdout]                                at /rustc/82e1608dfa6e0b5569232559e3d385fea5a93112/library/test/src/lib.rs:651:60
[INFO] [stdout]   48:     0x55861cea4b25 - <core::panic::unwind_safe::AssertUnwindSafe<F> as core::ops::function::FnOnce<()>>::call_once::h76c106ea31c14d7b
[INFO] [stdout]                                at /rustc/82e1608dfa6e0b5569232559e3d385fea5a93112/library/core/src/panic/unwind_safe.rs:272:9
[INFO] [stdout]   49:     0x55861cea4b25 - std::panicking::try::do_call::h3bd5d0f6620ee946
[INFO] [stdout]                                at /rustc/82e1608dfa6e0b5569232559e3d385fea5a93112/library/std/src/panicking.rs:552:40
[INFO] [stdout]   50:     0x55861cea4b25 - std::panicking::try::h232e535e4744fe31
[INFO] [stdout]                                at /rustc/82e1608dfa6e0b5569232559e3d385fea5a93112/library/std/src/panicking.rs:516:19
[INFO] [stdout]   51:     0x55861cea4b25 - std::panic::catch_unwind::h3ce3bd6ca8dbac68
[INFO] [stdout]                                at /rustc/82e1608dfa6e0b5569232559e3d385fea5a93112/library/std/src/panic.rs:142:14
[INFO] [stdout]   52:     0x55861cea4b25 - test::run_test_in_process::hc97b257c9621286a
[INFO] [stdout]                                at /rustc/82e1608dfa6e0b5569232559e3d385fea5a93112/library/test/src/lib.rs:651:27
[INFO] [stdout]   53:     0x55861cea4b25 - test::run_test::{{closure}}::h2aa798823a438d38
[INFO] [stdout]                                at /rustc/82e1608dfa6e0b5569232559e3d385fea5a93112/library/test/src/lib.rs:574:43
[INFO] [stdout]   54:     0x55861ce6cde6 - test::run_test::{{closure}}::h87d231c78fb59832
[INFO] [stdout]                                at /rustc/82e1608dfa6e0b5569232559e3d385fea5a93112/library/test/src/lib.rs:602:41
[INFO] [stdout]   55:     0x55861ce6cde6 - std::sys_common::backtrace::__rust_begin_short_backtrace::he6df152596625789
[INFO] [stdout]                                at /rustc/82e1608dfa6e0b5569232559e3d385fea5a93112/library/std/src/sys_common/backtrace.rs:154:18
[INFO] [stdout]   56:     0x55861ce71e97 - std::thread::Builder::spawn_unchecked_::{{closure}}::{{closure}}::ha94be15d1e0acf36
[INFO] [stdout]                                at /rustc/82e1608dfa6e0b5569232559e3d385fea5a93112/library/std/src/thread/mod.rs:529:17
[INFO] [stdout]   57:     0x55861ce71e97 - <core::panic::unwind_safe::AssertUnwindSafe<F> as core::ops::function::FnOnce<()>>::call_once::h9dc6bd6372f16606
[INFO] [stdout]                                at /rustc/82e1608dfa6e0b5569232559e3d385fea5a93112/library/core/src/panic/unwind_safe.rs:272:9
[INFO] [stdout]   58:     0x55861ce71e97 - std::panicking::try::do_call::h9057517f80303cd4
[INFO] [stdout]                                at /rustc/82e1608dfa6e0b5569232559e3d385fea5a93112/library/std/src/panicking.rs:552:40
[INFO] [stdout]   59:     0x55861ce71e97 - std::panicking::try::he3a30b11ee45340c
[INFO] [stdout]                                at /rustc/82e1608dfa6e0b5569232559e3d385fea5a93112/library/std/src/panicking.rs:516:19
[INFO] [stdout]   60:     0x55861ce71e97 - std::panic::catch_unwind::h410458cfd3528b8b
[INFO] [stdout]                                at /rustc/82e1608dfa6e0b5569232559e3d385fea5a93112/library/std/src/panic.rs:142:14
[INFO] [stdout]   61:     0x55861ce71e97 - std::thread::Builder::spawn_unchecked_::{{closure}}::h72ac3bdb567b737b
[INFO] [stdout]                                at /rustc/82e1608dfa6e0b5569232559e3d385fea5a93112/library/std/src/thread/mod.rs:528:30
[INFO] [stdout]   62:     0x55861ce71e97 - core::ops::function::FnOnce::call_once{{vtable.shim}}::h38f34da3654a8344
[INFO] [stdout]                                at /rustc/82e1608dfa6e0b5569232559e3d385fea5a93112/library/core/src/ops/function.rs:250:5
[INFO] [stdout]   63:     0x55861d0014b5 - <alloc::boxed::Box<F,A> as core::ops::function::FnOnce<Args>>::call_once::hc7eafaff61e32df9
[INFO] [stdout]                                at /rustc/82e1608dfa6e0b5569232559e3d385fea5a93112/library/alloc/src/boxed.rs:2007:9
[INFO] [stdout]   64:     0x55861d0014b5 - <alloc::boxed::Box<F,A> as core::ops::function::FnOnce<Args>>::call_once::h6ba4a5de48dd2304
[INFO] [stdout]                                at /rustc/82e1608dfa6e0b5569232559e3d385fea5a93112/library/alloc/src/boxed.rs:2007:9
[INFO] [stdout]   65:     0x55861d0014b5 - std::sys::unix::thread::Thread::new::thread_start::he469335aef763e45
[INFO] [stdout]                                at /rustc/82e1608dfa6e0b5569232559e3d385fea5a93112/library/std/src/sys/unix/thread.rs:108:17
[INFO] [stdout]   66:     0x7f7d1d0c2ac3 - <unknown>
[INFO] [stdout]   67:     0x7f7d1d153bf4 - __clone
[INFO] [stdout]   68:                0x0 - <unknown>
[INFO] [stdout] 
[INFO] [stdout] 
[INFO] [stdout] failures:
[INFO] [stdout]     local::tests::invalid_path
[INFO] [stdout] 
[INFO] [stdout] test result: FAILED. 59 passed; 1 failed; 1 ignored; 0 measured; 0 filtered out; finished in 11.52s
[INFO] [stdout] 
[INFO] [stderr] error: test failed, to rerun pass `--lib`
[INFO] running `Command { std: "docker" "inspect" "4a197cea5e18c4eb6dceb763184d3b6b1b9340e1d21d135cdd97a52f7531d5ae", kill_on_drop: false }`
[INFO] running `Command { std: "docker" "rm" "-f" "4a197cea5e18c4eb6dceb763184d3b6b1b9340e1d21d135cdd97a52f7531d5ae", kill_on_drop: false }`
[INFO] [stdout] 4a197cea5e18c4eb6dceb763184d3b6b1b9340e1d21d135cdd97a52f7531d5ae
