[INFO] fetching crate o2o-macros 0.3.0...
[INFO] testing o2o-macros-0.3.0 against 1.75.0 for beta-1.76-1
[INFO] extracting crate o2o-macros 0.3.0 into /workspace/builds/worker-0-tc1/source
[INFO] validating manifest of crates.io crate o2o-macros 0.3.0 on toolchain 1.75.0
[INFO] running `Command { std: CARGO_HOME="/workspace/cargo-home" RUSTUP_HOME="/workspace/rustup-home" "/workspace/cargo-home/bin/cargo" "+1.75.0" "metadata" "--manifest-path" "Cargo.toml" "--no-deps", kill_on_drop: false }`
[INFO] started tweaking crates.io crate o2o-macros 0.3.0
[INFO] finished tweaking crates.io crate o2o-macros 0.3.0
[INFO] tweaked toml for crates.io crate o2o-macros 0.3.0 written to /workspace/builds/worker-0-tc1/source/Cargo.toml
[INFO] running `Command { std: CARGO_HOME="/workspace/cargo-home" RUSTUP_HOME="/workspace/rustup-home" "/workspace/cargo-home/bin/cargo" "+1.75.0" "generate-lockfile" "--manifest-path" "Cargo.toml", kill_on_drop: false }`
[INFO] [stderr]     Updating crates.io index
[INFO] running `Command { std: CARGO_HOME="/workspace/cargo-home" RUSTUP_HOME="/workspace/rustup-home" "/workspace/cargo-home/bin/cargo" "+1.75.0" "fetch" "--manifest-path" "Cargo.toml", kill_on_drop: false }`
[INFO] [stderr]     Blocking waiting for file lock on package cache
[INFO] [stderr]  Downloading crates ...
[INFO] [stderr]   Downloaded o2o-impl v0.3.0
[INFO] running `Command { std: "docker" "create" "-v" "/var/lib/crater-agent-workspace/builds/worker-0-tc1/target:/opt/rustwide/target:rw,Z" "-v" "/var/lib/crater-agent-workspace/builds/worker-0-tc1/source:/opt/rustwide/workdir:ro,Z" "-v" "/var/lib/crater-agent-workspace/cargo-home:/opt/rustwide/cargo-home:ro,Z" "-v" "/var/lib/crater-agent-workspace/rustup-home:/opt/rustwide/rustup-home:ro,Z" "-e" "SOURCE_DIR=/opt/rustwide/workdir" "-e" "CARGO_TARGET_DIR=/opt/rustwide/target" "-e" "CARGO_HOME=/opt/rustwide/cargo-home" "-e" "RUSTUP_HOME=/opt/rustwide/rustup-home" "-w" "/opt/rustwide/workdir" "-m" "1610612736" "--user" "0:0" "--network" "none" "ghcr.io/rust-lang/crates-build-env/linux@sha256:2788e3201cd34a07e3172128adcd8b3090168a8e3bcc40d7c032b9dda1df7d1c" "/opt/rustwide/cargo-home/bin/cargo" "+1.75.0" "metadata" "--no-deps" "--format-version=1", kill_on_drop: false }`
[INFO] [stdout] b42fbdc1a8391d42888e783b11702cb1ab3bc512038b17fb714819815cd4ab0b
[INFO] running `Command { std: "docker" "start" "-a" "b42fbdc1a8391d42888e783b11702cb1ab3bc512038b17fb714819815cd4ab0b", kill_on_drop: false }`
[INFO] running `Command { std: "docker" "inspect" "b42fbdc1a8391d42888e783b11702cb1ab3bc512038b17fb714819815cd4ab0b", kill_on_drop: false }`
[INFO] running `Command { std: "docker" "rm" "-f" "b42fbdc1a8391d42888e783b11702cb1ab3bc512038b17fb714819815cd4ab0b", kill_on_drop: false }`
[INFO] [stdout] b42fbdc1a8391d42888e783b11702cb1ab3bc512038b17fb714819815cd4ab0b
[INFO] running `Command { std: "docker" "create" "-v" "/var/lib/crater-agent-workspace/builds/worker-0-tc1/target:/opt/rustwide/target:rw,Z" "-v" "/var/lib/crater-agent-workspace/builds/worker-0-tc1/source:/opt/rustwide/workdir:ro,Z" "-v" "/var/lib/crater-agent-workspace/cargo-home:/opt/rustwide/cargo-home:ro,Z" "-v" "/var/lib/crater-agent-workspace/rustup-home:/opt/rustwide/rustup-home:ro,Z" "-e" "SOURCE_DIR=/opt/rustwide/workdir" "-e" "CARGO_TARGET_DIR=/opt/rustwide/target" "-e" "CARGO_INCREMENTAL=0" "-e" "RUST_BACKTRACE=full" "-e" "RUSTFLAGS=--cap-lints=warn" "-e" "RUSTDOCFLAGS=--cap-lints=warn" "-e" "CARGO_HOME=/opt/rustwide/cargo-home" "-e" "RUSTUP_HOME=/opt/rustwide/rustup-home" "-w" "/opt/rustwide/workdir" "-m" "1610612736" "--user" "0:0" "--network" "none" "ghcr.io/rust-lang/crates-build-env/linux@sha256:2788e3201cd34a07e3172128adcd8b3090168a8e3bcc40d7c032b9dda1df7d1c" "/opt/rustwide/cargo-home/bin/cargo" "+1.75.0" "build" "--frozen" "--message-format=json", kill_on_drop: false }`
[INFO] [stdout] 878ba9cffe6541c41f42a2250a4edeccaf1fb44f29ae97dc809d49d182e42030
[INFO] running `Command { std: "docker" "start" "-a" "878ba9cffe6541c41f42a2250a4edeccaf1fb44f29ae97dc809d49d182e42030", kill_on_drop: false }`
[INFO] [stderr]    Compiling syn v1.0.109
[INFO] [stderr]    Compiling o2o-impl v0.3.0
[INFO] [stderr]    Compiling o2o-macros v0.3.0 (/opt/rustwide/workdir)
[INFO] [stderr]     Finished dev [unoptimized + debuginfo] target(s) in 5.24s
[INFO] running `Command { std: "docker" "inspect" "878ba9cffe6541c41f42a2250a4edeccaf1fb44f29ae97dc809d49d182e42030", kill_on_drop: false }`
[INFO] running `Command { std: "docker" "rm" "-f" "878ba9cffe6541c41f42a2250a4edeccaf1fb44f29ae97dc809d49d182e42030", kill_on_drop: false }`
[INFO] [stdout] 878ba9cffe6541c41f42a2250a4edeccaf1fb44f29ae97dc809d49d182e42030
[INFO] running `Command { std: "docker" "create" "-v" "/var/lib/crater-agent-workspace/builds/worker-0-tc1/target:/opt/rustwide/target:rw,Z" "-v" "/var/lib/crater-agent-workspace/builds/worker-0-tc1/source:/opt/rustwide/workdir:ro,Z" "-v" "/var/lib/crater-agent-workspace/cargo-home:/opt/rustwide/cargo-home:ro,Z" "-v" "/var/lib/crater-agent-workspace/rustup-home:/opt/rustwide/rustup-home:ro,Z" "-e" "SOURCE_DIR=/opt/rustwide/workdir" "-e" "CARGO_TARGET_DIR=/opt/rustwide/target" "-e" "CARGO_INCREMENTAL=0" "-e" "RUST_BACKTRACE=full" "-e" "RUSTFLAGS=--cap-lints=warn" "-e" "RUSTDOCFLAGS=--cap-lints=warn" "-e" "CARGO_HOME=/opt/rustwide/cargo-home" "-e" "RUSTUP_HOME=/opt/rustwide/rustup-home" "-w" "/opt/rustwide/workdir" "-m" "1610612736" "--user" "0:0" "--network" "none" "ghcr.io/rust-lang/crates-build-env/linux@sha256:2788e3201cd34a07e3172128adcd8b3090168a8e3bcc40d7c032b9dda1df7d1c" "/opt/rustwide/cargo-home/bin/cargo" "+1.75.0" "test" "--frozen" "--no-run" "--message-format=json", kill_on_drop: false }`
[INFO] [stdout] 59f5b84ff1650d2fd7489329c46b6f03c3ef7fd1c5785518f7ce254084e59be7
[INFO] running `Command { std: "docker" "start" "-a" "59f5b84ff1650d2fd7489329c46b6f03c3ef7fd1c5785518f7ce254084e59be7", kill_on_drop: false }`
[INFO] [stderr]    Compiling o2o-macros v0.3.0 (/opt/rustwide/workdir)
[INFO] [stderr]     Finished test [unoptimized + debuginfo] target(s) in 0.79s
[INFO] running `Command { std: "docker" "inspect" "59f5b84ff1650d2fd7489329c46b6f03c3ef7fd1c5785518f7ce254084e59be7", kill_on_drop: false }`
[INFO] running `Command { std: "docker" "rm" "-f" "59f5b84ff1650d2fd7489329c46b6f03c3ef7fd1c5785518f7ce254084e59be7", kill_on_drop: false }`
[INFO] [stdout] 59f5b84ff1650d2fd7489329c46b6f03c3ef7fd1c5785518f7ce254084e59be7
[INFO] running `Command { std: "docker" "create" "-v" "/var/lib/crater-agent-workspace/builds/worker-0-tc1/target:/opt/rustwide/target:rw,Z" "-v" "/var/lib/crater-agent-workspace/builds/worker-0-tc1/source:/opt/rustwide/workdir:ro,Z" "-v" "/var/lib/crater-agent-workspace/cargo-home:/opt/rustwide/cargo-home:ro,Z" "-v" "/var/lib/crater-agent-workspace/rustup-home:/opt/rustwide/rustup-home:ro,Z" "-e" "SOURCE_DIR=/opt/rustwide/workdir" "-e" "CARGO_TARGET_DIR=/opt/rustwide/target" "-e" "CARGO_INCREMENTAL=0" "-e" "RUST_BACKTRACE=full" "-e" "RUSTFLAGS=--cap-lints=warn" "-e" "RUSTDOCFLAGS=--cap-lints=warn" "-e" "CARGO_HOME=/opt/rustwide/cargo-home" "-e" "RUSTUP_HOME=/opt/rustwide/rustup-home" "-w" "/opt/rustwide/workdir" "-m" "1610612736" "--user" "0:0" "--network" "none" "ghcr.io/rust-lang/crates-build-env/linux@sha256:2788e3201cd34a07e3172128adcd8b3090168a8e3bcc40d7c032b9dda1df7d1c" "/opt/rustwide/cargo-home/bin/cargo" "+1.75.0" "test" "--frozen", kill_on_drop: false }`
[INFO] [stdout] e3d1f267d06c0b400072a4021de31a11011441b6e249c8f074f8d5d4ddc93f43
[INFO] running `Command { std: "docker" "start" "-a" "e3d1f267d06c0b400072a4021de31a11011441b6e249c8f074f8d5d4ddc93f43", kill_on_drop: false }`
[INFO] [stderr]     Finished test [unoptimized + debuginfo] target(s) in 0.01s
[INFO] [stderr]      Running unittests src/lib.rs (/opt/rustwide/target/debug/deps/o2o_macros-b23b904093a200da)
[INFO] [stdout] 
[INFO] [stdout] running 0 tests
[INFO] [stdout] 
[INFO] [stdout] test result: ok. 0 passed; 0 failed; 0 ignored; 0 measured; 0 filtered out; finished in 0.00s
[INFO] [stdout] 
[INFO] [stderr]    Doc-tests o2o-macros
[INFO] [stdout] 
[INFO] [stdout] running 10 tests
[INFO] [stdout] test src/lib.rs - derive_o2o (line 191) ... FAILED
[INFO] [stdout] test src/lib.rs - derive_o2o (line 12) ... FAILED
[INFO] [stdout] test src/lib.rs - derive_o2o (line 213) ... FAILED
[INFO] [stdout] test src/lib.rs - derive_o2o (line 165) ... FAILED
[INFO] [stdout] test src/lib.rs - derive_o2o (line 100) ... FAILED
[INFO] [stdout] test src/lib.rs - derive_o2o (line 52) ... FAILED
[INFO] [stdout] test src/lib.rs - derive_o2o (line 30) ... FAILED
[INFO] [stdout] test src/lib.rs - derive_o2o (line 80) ... FAILED
[INFO] [stdout] test src/lib.rs - derive_o2o (line 123) ... FAILED
[INFO] [stdout] test src/lib.rs - derive_o2o (line 62) ... FAILED
[INFO] [stdout] 
[INFO] [stdout] failures:
[INFO] [stdout] 
[INFO] [stdout] ---- src/lib.rs - derive_o2o (line 191) stdout ----
[INFO] [stdout] error[E0412]: cannot find type `Entity` in this scope
[INFO] [stdout]  --> src/lib.rs:192:25
[INFO] [stdout]   |
[INFO] [stdout] 3 | impl std::convert::From<Entity> for EntityDto {
[INFO] [stdout]   |                         ^^^^^^ not found in this scope
[INFO] [stdout]   |
[INFO] [stdout] help: you might be missing a type parameter
[INFO] [stdout]   |
[INFO] [stdout] 3 | impl<Entity> std::convert::From<Entity> for EntityDto {
[INFO] [stdout]   |     ++++++++
[INFO] [stdout] 
[INFO] [stdout] error[E0412]: cannot find type `EntityDto` in this scope
[INFO] [stdout]  --> src/lib.rs:192:37
[INFO] [stdout]   |
[INFO] [stdout] 3 | impl std::convert::From<Entity> for EntityDto {
[INFO] [stdout]   |                                     ^^^^^^^^^ not found in this scope
[INFO] [stdout] 
[INFO] [stdout] error[E0412]: cannot find type `Entity` in this scope
[INFO] [stdout]  --> src/lib.rs:193:20
[INFO] [stdout]   |
[INFO] [stdout] 4 |     fn from(value: Entity) -> EntityDto {
[INFO] [stdout]   |                    ^^^^^^ not found in this scope
[INFO] [stdout] 
[INFO] [stdout] error[E0412]: cannot find type `EntityDto` in this scope
[INFO] [stdout]  --> src/lib.rs:193:31
[INFO] [stdout]   |
[INFO] [stdout] 4 |     fn from(value: Entity) -> EntityDto {
[INFO] [stdout]   |                               ^^^^^^^^^ not found in this scope
[INFO] [stdout] 
[INFO] [stdout] error[E0422]: cannot find struct, variant or union type `EntityDto` in this scope
[INFO] [stdout]  --> src/lib.rs:194:9
[INFO] [stdout]   |
[INFO] [stdout] 5 |         EntityDto {
[INFO] [stdout]   |         ^^^^^^^^^ not found in this scope
[INFO] [stdout] 
[INFO] [stdout] error[E0412]: cannot find type `Child` in this scope
[INFO] [stdout]   --> src/lib.rs:201:25
[INFO] [stdout]    |
[INFO] [stdout] 12 | impl std::convert::From<Child> for ChildDto {
[INFO] [stdout]    |                         ^^^^^ not found in this scope
[INFO] [stdout]    |
[INFO] [stdout] help: consider importing this struct
[INFO] [stdout]    |
[INFO] [stdout] 2  + use std::process::Child;
[INFO] [stdout]    |
[INFO] [stdout] 
[INFO] [stdout] error[E0412]: cannot find type `ChildDto` in this scope
[INFO] [stdout]   --> src/lib.rs:201:36
[INFO] [stdout]    |
[INFO] [stdout] 12 | impl std::convert::From<Child> for ChildDto {
[INFO] [stdout]    |                                    ^^^^^^^^ not found in this scope
[INFO] [stdout] 
[INFO] [stdout] error[E0412]: cannot find type `Child` in this scope
[INFO] [stdout]   --> src/lib.rs:202:20
[INFO] [stdout]    |
[INFO] [stdout] 13 |     fn from(value: Child) -> ChildDto {
[INFO] [stdout]    |                    ^^^^^ not found in this scope
[INFO] [stdout]    |
[INFO] [stdout] help: consider importing this struct
[INFO] [stdout]    |
[INFO] [stdout] 2  + use std::process::Child;
[INFO] [stdout]    |
[INFO] [stdout] 
[INFO] [stdout] error[E0412]: cannot find type `ChildDto` in this scope
[INFO] [stdout]   --> src/lib.rs:202:30
[INFO] [stdout]    |
[INFO] [stdout] 13 |     fn from(value: Child) -> ChildDto {
[INFO] [stdout]    |                              ^^^^^^^^ not found in this scope
[INFO] [stdout] 
[INFO] [stdout] error[E0422]: cannot find struct, variant or union type `ChildDto` in this scope
[INFO] [stdout]   --> src/lib.rs:203:9
[INFO] [stdout]    |
[INFO] [stdout] 14 |         ChildDto {
[INFO] [stdout]    |         ^^^^^^^^ not found in this scope
[INFO] [stdout] 
[INFO] [stdout] error: aborting due to 10 previous errors
[INFO] [stdout] 
[INFO] [stdout] Some errors have detailed explanations: E0412, E0422.
[INFO] [stdout] For more information about an error, try `rustc --explain E0412`.
[INFO] [stdout] Couldn't compile the test.
[INFO] [stdout] ---- src/lib.rs - derive_o2o (line 12) stdout ----
[INFO] [stdout] error[E0432]: unresolved import `o2o`
[INFO] [stdout]  --> src/lib.rs:13:5
[INFO] [stdout]   |
[INFO] [stdout] 3 | use o2o::o2o;
[INFO] [stdout]   |     ^^^ use of undeclared crate or module `o2o`
[INFO] [stdout] 
[INFO] [stdout] error: cannot determine resolution for the derive macro `o2o`
[INFO] [stdout]   --> src/lib.rs:20:10
[INFO] [stdout]    |
[INFO] [stdout] 10 | #[derive(o2o)]
[INFO] [stdout]    |          ^^^
[INFO] [stdout]    |
[INFO] [stdout]    = note: import resolution is stuck, try simplifying macro imports
[INFO] [stdout] 
[INFO] [stdout] error: cannot find attribute `map_owned` in this scope
[INFO] [stdout]   --> src/lib.rs:21:3
[INFO] [stdout]    |
[INFO] [stdout] 11 | #[map_owned(Entity)]
[INFO] [stdout]    |   ^^^^^^^^^
[INFO] [stdout] 
[INFO] [stdout] error: aborting due to 3 previous errors
[INFO] [stdout] 
[INFO] [stdout] For more information about this error, try `rustc --explain E0432`.
[INFO] [stdout] Couldn't compile the test.
[INFO] [stdout] ---- src/lib.rs - derive_o2o (line 213) stdout ----
[INFO] [stdout] error: cannot find derive macro `o2o` in this scope
[INFO] [stdout]   --> src/lib.rs:233:10
[INFO] [stdout]    |
[INFO] [stdout] 22 | #[derive(o2o)]
[INFO] [stdout]    |          ^^^
[INFO] [stdout]    |
[INFO] [stdout] help: consider importing this derive macro
[INFO] [stdout]    |
[INFO] [stdout] 2  + use o2o_macros::o2o;
[INFO] [stdout]    |
[INFO] [stdout] 
[INFO] [stdout] error: cannot find attribute `map_ref` in this scope
[INFO] [stdout]   --> src/lib.rs:234:3
[INFO] [stdout]    |
[INFO] [stdout] 23 | #[map_ref(Child)]
[INFO] [stdout]    |   ^^^^^^^
[INFO] [stdout] 
[INFO] [stdout] error: cannot find derive macro `o2o` in this scope
[INFO] [stdout]   --> src/lib.rs:222:10
[INFO] [stdout]    |
[INFO] [stdout] 11 | #[derive(o2o)]
[INFO] [stdout]    |          ^^^
[INFO] [stdout]    |
[INFO] [stdout] help: consider importing this derive macro
[INFO] [stdout]    |
[INFO] [stdout] 2  + use o2o_macros::o2o;
[INFO] [stdout]    |
[INFO] [stdout] 
[INFO] [stdout] error: cannot find attribute `map_owned` in this scope
[INFO] [stdout]   --> src/lib.rs:223:3
[INFO] [stdout]    |
[INFO] [stdout] 12 | #[map_owned(Entity)]
[INFO] [stdout]    |   ^^^^^^^^^
[INFO] [stdout] 
[INFO] [stdout] error: cannot find attribute `map` in this scope
[INFO] [stdout]   --> src/lib.rs:229:7
[INFO] [stdout]    |
[INFO] [stdout] 18 |     #[map(children, ~.iter().map(|p|p.into()).collect())]
[INFO] [stdout]    |       ^^^
[INFO] [stdout] 
[INFO] [stdout] error: aborting due to 5 previous errors
[INFO] [stdout] 
[INFO] [stdout] Couldn't compile the test.
[INFO] [stdout] ---- src/lib.rs - derive_o2o (line 165) stdout ----
[INFO] [stdout] error: cannot find derive macro `o2o` in this scope
[INFO] [stdout]   --> src/lib.rs:182:10
[INFO] [stdout]    |
[INFO] [stdout] 19 | #[derive(o2o)]
[INFO] [stdout]    |          ^^^
[INFO] [stdout]    |
[INFO] [stdout] help: consider importing this derive macro
[INFO] [stdout]    |
[INFO] [stdout] 2  + use o2o_macros::o2o;
[INFO] [stdout]    |
[INFO] [stdout] 
[INFO] [stdout] error: cannot find attribute `from_owned` in this scope
[INFO] [stdout]   --> src/lib.rs:183:3
[INFO] [stdout]    |
[INFO] [stdout] 20 | #[from_owned(Child)]
[INFO] [stdout]    |   ^^^^^^^^^^
[INFO] [stdout] 
[INFO] [stdout] error: cannot find derive macro `o2o` in this scope
[INFO] [stdout]   --> src/lib.rs:174:10
[INFO] [stdout]    |
[INFO] [stdout] 11 | #[derive(o2o)]
[INFO] [stdout]    |          ^^^
[INFO] [stdout]    |
[INFO] [stdout] help: consider importing this derive macro
[INFO] [stdout]    |
[INFO] [stdout] 2  + use o2o_macros::o2o;
[INFO] [stdout]    |
[INFO] [stdout] 
[INFO] [stdout] error: cannot find attribute `from_owned` in this scope
[INFO] [stdout]   --> src/lib.rs:175:3
[INFO] [stdout]    |
[INFO] [stdout] 12 | #[from_owned(Entity)]
[INFO] [stdout]    |   ^^^^^^^^^^
[INFO] [stdout] 
[INFO] [stdout] error: cannot find attribute `map` in this scope
[INFO] [stdout]   --> src/lib.rs:178:7
[INFO] [stdout]    |
[INFO] [stdout] 15 |     #[map(~.into())]
[INFO] [stdout]    |       ^^^
[INFO] [stdout] 
[INFO] [stdout] error: aborting due to 5 previous errors
[INFO] [stdout] 
[INFO] [stdout] Couldn't compile the test.
[INFO] [stdout] ---- src/lib.rs - derive_o2o (line 100) stdout ----
[INFO] [stdout] error: cannot find derive macro `o2o` in this scope
[INFO] [stdout]  --> src/lib.rs:107:10
[INFO] [stdout]   |
[INFO] [stdout] 9 | #[derive(o2o)]
[INFO] [stdout]   |          ^^^
[INFO] [stdout]   |
[INFO] [stdout] help: consider importing this derive macro
[INFO] [stdout]   |
[INFO] [stdout] 2 + use o2o_macros::o2o;
[INFO] [stdout]   |
[INFO] [stdout] 
[INFO] [stdout] error: cannot find attribute `map` in this scope
[INFO] [stdout]   --> src/lib.rs:108:3
[INFO] [stdout]    |
[INFO] [stdout] 10 | #[map(Entity)]
[INFO] [stdout]    |   ^^^
[INFO] [stdout] 
[INFO] [stdout] error: cannot find attribute `from` in this scope
[INFO] [stdout]   --> src/lib.rs:111:7
[INFO] [stdout]    |
[INFO] [stdout] 13 |     #[from(~.to_string())] // Tilde allows to append code at the end of the right side of field initialization for From<T> impls
[INFO] [stdout]    |       ^^^^
[INFO] [stdout] 
[INFO] [stdout] error: cannot find attribute `into` in this scope
[INFO] [stdout]   --> src/lib.rs:112:7
[INFO] [stdout]    |
[INFO] [stdout] 14 |     #[into(~.parse::<i16>().unwrap())] // here it's the same but for Into<T> impls
[INFO] [stdout]    |       ^^^^
[INFO] [stdout] 
[INFO] [stdout] error: cannot find attribute `map_ref` in this scope
[INFO] [stdout]   --> src/lib.rs:116:7
[INFO] [stdout]    |
[INFO] [stdout] 18 |     #[map_ref(~.clone())] 
[INFO] [stdout]    |       ^^^^^^^
[INFO] [stdout] 
[INFO] [stdout] error: aborting due to 5 previous errors
[INFO] [stdout] 
[INFO] [stdout] Couldn't compile the test.
[INFO] [stdout] ---- src/lib.rs - derive_o2o (line 52) stdout ----
[INFO] [stdout] error: expected `;`, found keyword `let`
[INFO] [stdout]  --> src/lib.rs:53:56
[INFO] [stdout]   |
[INFO] [stdout] 3 | let entity = Entity { some_int: 123, another_int: 321 }
[INFO] [stdout]   |                                                        ^ help: add `;` here
[INFO] [stdout] 4 | let dto: EntityDto = entity.into();
[INFO] [stdout]   | --- unexpected token
[INFO] [stdout] 
[INFO] [stdout] error: expected `;`, found keyword `let`
[INFO] [stdout]  --> src/lib.rs:56:56
[INFO] [stdout]   |
[INFO] [stdout] 6 | let dto = EntityDto { some_int: 123, another_int: 321 }
[INFO] [stdout]   |                                                        ^ help: add `;` here
[INFO] [stdout] 7 | let entity: Entity = dto.into();
[INFO] [stdout]   | --- unexpected token
[INFO] [stdout] 
[INFO] [stdout] error[E0422]: cannot find struct, variant or union type `Entity` in this scope
[INFO] [stdout]  --> src/lib.rs:53:14
[INFO] [stdout]   |
[INFO] [stdout] 3 | let entity = Entity { some_int: 123, another_int: 321 }
[INFO] [stdout]   |              ^^^^^^ not found in this scope
[INFO] [stdout] 
[INFO] [stdout] error[E0412]: cannot find type `EntityDto` in this scope
[INFO] [stdout]  --> src/lib.rs:54:10
[INFO] [stdout]   |
[INFO] [stdout] 4 | let dto: EntityDto = entity.into();
[INFO] [stdout]   |          ^^^^^^^^^ not found in this scope
[INFO] [stdout] 
[INFO] [stdout] error[E0422]: cannot find struct, variant or union type `EntityDto` in this scope
[INFO] [stdout]  --> src/lib.rs:56:11
[INFO] [stdout]   |
[INFO] [stdout] 6 | let dto = EntityDto { some_int: 123, another_int: 321 }
[INFO] [stdout]   |           ^^^^^^^^^ not found in this scope
[INFO] [stdout] 
[INFO] [stdout] error[E0412]: cannot find type `Entity` in this scope
[INFO] [stdout]  --> src/lib.rs:57:13
[INFO] [stdout]   |
[INFO] [stdout] 7 | let entity: Entity = dto.into();
[INFO] [stdout]   |             ^^^^^^ not found in this scope
[INFO] [stdout] 
[INFO] [stdout] error: aborting due to 6 previous errors
[INFO] [stdout] 
[INFO] [stdout] Some errors have detailed explanations: E0412, E0422.
[INFO] [stdout] For more information about an error, try `rustc --explain E0412`.
[INFO] [stdout] Couldn't compile the test.
[INFO] [stdout] ---- src/lib.rs - derive_o2o (line 30) stdout ----
[INFO] [stdout] error[E0412]: cannot find type `Entity` in this scope
[INFO] [stdout]  --> src/lib.rs:31:25
[INFO] [stdout]   |
[INFO] [stdout] 3 | impl std::convert::From<Entity> for EntityDto {
[INFO] [stdout]   |                         ^^^^^^ not found in this scope
[INFO] [stdout]   |
[INFO] [stdout] help: you might be missing a type parameter
[INFO] [stdout]   |
[INFO] [stdout] 3 | impl<Entity> std::convert::From<Entity> for EntityDto {
[INFO] [stdout]   |     ++++++++
[INFO] [stdout] 
[INFO] [stdout] error[E0412]: cannot find type `EntityDto` in this scope
[INFO] [stdout]  --> src/lib.rs:31:37
[INFO] [stdout]   |
[INFO] [stdout] 3 | impl std::convert::From<Entity> for EntityDto {
[INFO] [stdout]   |                                     ^^^^^^^^^ not found in this scope
[INFO] [stdout] 
[INFO] [stdout] error[E0412]: cannot find type `Entity` in this scope
[INFO] [stdout]  --> src/lib.rs:32:20
[INFO] [stdout]   |
[INFO] [stdout] 4 |     fn from(value: Entity) -> EntityDto {
[INFO] [stdout]   |                    ^^^^^^ not found in this scope
[INFO] [stdout] 
[INFO] [stdout] error[E0412]: cannot find type `EntityDto` in this scope
[INFO] [stdout]  --> src/lib.rs:32:31
[INFO] [stdout]   |
[INFO] [stdout] 4 |     fn from(value: Entity) -> EntityDto {
[INFO] [stdout]   |                               ^^^^^^^^^ not found in this scope
[INFO] [stdout] 
[INFO] [stdout] error[E0422]: cannot find struct, variant or union type `EntityDto` in this scope
[INFO] [stdout]  --> src/lib.rs:33:9
[INFO] [stdout]   |
[INFO] [stdout] 5 |         EntityDto {
[INFO] [stdout]   |         ^^^^^^^^^ not found in this scope
[INFO] [stdout] 
[INFO] [stdout] error[E0412]: cannot find type `Entity` in this scope
[INFO] [stdout]   --> src/lib.rs:39:25
[INFO] [stdout]    |
[INFO] [stdout] 11 | impl std::convert::Into<Entity> for EntityDto {
[INFO] [stdout]    |                         ^^^^^^ not found in this scope
[INFO] [stdout]    |
[INFO] [stdout] help: you might be missing a type parameter
[INFO] [stdout]    |
[INFO] [stdout] 11 | impl<Entity> std::convert::Into<Entity> for EntityDto {
[INFO] [stdout]    |     ++++++++
[INFO] [stdout] 
[INFO] [stdout] error[E0412]: cannot find type `EntityDto` in this scope
[INFO] [stdout]   --> src/lib.rs:39:37
[INFO] [stdout]    |
[INFO] [stdout] 11 | impl std::convert::Into<Entity> for EntityDto {
[INFO] [stdout]    |                                     ^^^^^^^^^ not found in this scope
[INFO] [stdout] 
[INFO] [stdout] error[E0412]: cannot find type `Entity` in this scope
[INFO] [stdout]   --> src/lib.rs:40:22
[INFO] [stdout]    |
[INFO] [stdout] 12 |     fn into(self) -> Entity {
[INFO] [stdout]    |                      ^^^^^^ not found in this scope
[INFO] [stdout] 
[INFO] [stdout] error[E0422]: cannot find struct, variant or union type `Entity` in this scope
[INFO] [stdout]   --> src/lib.rs:41:9
[INFO] [stdout]    |
[INFO] [stdout] 13 |         Entity {
[INFO] [stdout]    |         ^^^^^^ not found in this scope
[INFO] [stdout] 
[INFO] [stdout] error: aborting due to 9 previous errors
[INFO] [stdout] 
[INFO] [stdout] Some errors have detailed explanations: E0412, E0422.
[INFO] [stdout] For more information about an error, try `rustc --explain E0412`.
[INFO] [stdout] Couldn't compile the test.
[INFO] [stdout] ---- src/lib.rs - derive_o2o (line 80) stdout ----
[INFO] [stdout] error[E0433]: failed to resolve: use of undeclared crate or module `o2o`
[INFO] [stdout]   --> src/lib.rs:89:6
[INFO] [stdout]    |
[INFO] [stdout] 11 | impl o2o::traits::IntoExisting<Entity> for &EntityDto {
[INFO] [stdout]    |      ^^^ use of undeclared crate or module `o2o`
[INFO] [stdout] 
[INFO] [stdout] error[E0412]: cannot find type `Entity` in this scope
[INFO] [stdout]  --> src/lib.rs:81:26
[INFO] [stdout]   |
[INFO] [stdout] 3 | impl std::convert::From<&Entity> for EntityDto {
[INFO] [stdout]   |                          ^^^^^^ not found in this scope
[INFO] [stdout]   |
[INFO] [stdout] help: you might be missing a type parameter
[INFO] [stdout]   |
[INFO] [stdout] 3 | impl<Entity> std::convert::From<&Entity> for EntityDto {
[INFO] [stdout]   |     ++++++++
[INFO] [stdout] 
[INFO] [stdout] error[E0412]: cannot find type `EntityDto` in this scope
[INFO] [stdout]  --> src/lib.rs:81:38
[INFO] [stdout]   |
[INFO] [stdout] 3 | impl std::convert::From<&Entity> for EntityDto {
[INFO] [stdout]   |                                      ^^^^^^^^^ not found in this scope
[INFO] [stdout] 
[INFO] [stdout] error[E0412]: cannot find type `Entity` in this scope
[INFO] [stdout]  --> src/lib.rs:82:21
[INFO] [stdout]   |
[INFO] [stdout] 4 |     fn from(value: &Entity) -> EntityDto {
[INFO] [stdout]   |                     ^^^^^^ not found in this scope
[INFO] [stdout] 
[INFO] [stdout] error[E0412]: cannot find type `EntityDto` in this scope
[INFO] [stdout]  --> src/lib.rs:82:32
[INFO] [stdout]   |
[INFO] [stdout] 4 |     fn from(value: &Entity) -> EntityDto {
[INFO] [stdout]   |                                ^^^^^^^^^ not found in this scope
[INFO] [stdout] 
[INFO] [stdout] error[E0422]: cannot find struct, variant or union type `EntityDto` in this scope
[INFO] [stdout]  --> src/lib.rs:83:9
[INFO] [stdout]   |
[INFO] [stdout] 5 |         EntityDto {
[INFO] [stdout]   |         ^^^^^^^^^ not found in this scope
[INFO] [stdout] 
[INFO] [stdout] error[E0412]: cannot find type `Entity` in this scope
[INFO] [stdout]   --> src/lib.rs:89:32
[INFO] [stdout]    |
[INFO] [stdout] 11 | impl o2o::traits::IntoExisting<Entity> for &EntityDto {
[INFO] [stdout]    |                                ^^^^^^ not found in this scope
[INFO] [stdout]    |
[INFO] [stdout] help: you might be missing a type parameter
[INFO] [stdout]    |
[INFO] [stdout] 11 | impl<Entity> o2o::traits::IntoExisting<Entity> for &EntityDto {
[INFO] [stdout]    |     ++++++++
[INFO] [stdout] 
[INFO] [stdout] error[E0412]: cannot find type `EntityDto` in this scope
[INFO] [stdout]   --> src/lib.rs:89:45
[INFO] [stdout]    |
[INFO] [stdout] 11 | impl o2o::traits::IntoExisting<Entity> for &EntityDto {
[INFO] [stdout]    |                                             ^^^^^^^^^ not found in this scope
[INFO] [stdout] 
[INFO] [stdout] error[E0412]: cannot find type `Entity` in this scope
[INFO] [stdout]   --> src/lib.rs:90:40
[INFO] [stdout]    |
[INFO] [stdout] 12 |     fn into_existing(self, other: &mut Entity) {
[INFO] [stdout]    |                                        ^^^^^^ not found in this scope
[INFO] [stdout] 
[INFO] [stdout] error: aborting due to 9 previous errors
[INFO] [stdout] 
[INFO] [stdout] Some errors have detailed explanations: E0412, E0422, E0433.
[INFO] [stdout] For more information about an error, try `rustc --explain E0412`.
[INFO] [stdout] Couldn't compile the test.
[INFO] [stdout] ---- src/lib.rs - derive_o2o (line 123) stdout ----
[INFO] [stdout] error[E0412]: cannot find type `Entity` in this scope
[INFO] [stdout]  --> src/lib.rs:124:25
[INFO] [stdout]   |
[INFO] [stdout] 3 | impl std::convert::From<Entity> for EntityDto {
[INFO] [stdout]   |                         ^^^^^^ not found in this scope
[INFO] [stdout]   |
[INFO] [stdout] help: you might be missing a type parameter
[INFO] [stdout]   |
[INFO] [stdout] 3 | impl<Entity> std::convert::From<Entity> for EntityDto {
[INFO] [stdout]   |     ++++++++
[INFO] [stdout] 
[INFO] [stdout] error[E0412]: cannot find type `EntityDto` in this scope
[INFO] [stdout]  --> src/lib.rs:124:37
[INFO] [stdout]   |
[INFO] [stdout] 3 | impl std::convert::From<Entity> for EntityDto {
[INFO] [stdout]   |                                     ^^^^^^^^^ not found in this scope
[INFO] [stdout] 
[INFO] [stdout] error[E0412]: cannot find type `Entity` in this scope
[INFO] [stdout]  --> src/lib.rs:125:20
[INFO] [stdout]   |
[INFO] [stdout] 4 |     fn from(value: Entity) -> EntityDto {
[INFO] [stdout]   |                    ^^^^^^ not found in this scope
[INFO] [stdout] 
[INFO] [stdout] error[E0412]: cannot find type `EntityDto` in this scope
[INFO] [stdout]  --> src/lib.rs:125:31
[INFO] [stdout]   |
[INFO] [stdout] 4 |     fn from(value: Entity) -> EntityDto {
[INFO] [stdout]   |                               ^^^^^^^^^ not found in this scope
[INFO] [stdout] 
[INFO] [stdout] error[E0422]: cannot find struct, variant or union type `EntityDto` in this scope
[INFO] [stdout]  --> src/lib.rs:126:9
[INFO] [stdout]   |
[INFO] [stdout] 5 |         EntityDto {
[INFO] [stdout]   |         ^^^^^^^^^ not found in this scope
[INFO] [stdout] 
[INFO] [stdout] error[E0412]: cannot find type `Entity` in this scope
[INFO] [stdout]   --> src/lib.rs:133:26
[INFO] [stdout]    |
[INFO] [stdout] 12 | impl std::convert::From<&Entity> for EntityDto {
[INFO] [stdout]    |                          ^^^^^^ not found in this scope
[INFO] [stdout]    |
[INFO] [stdout] help: you might be missing a type parameter
[INFO] [stdout]    |
[INFO] [stdout] 12 | impl<Entity> std::convert::From<&Entity> for EntityDto {
[INFO] [stdout]    |     ++++++++
[INFO] [stdout] 
[INFO] [stdout] error[E0412]: cannot find type `EntityDto` in this scope
[INFO] [stdout]   --> src/lib.rs:133:38
[INFO] [stdout]    |
[INFO] [stdout] 12 | impl std::convert::From<&Entity> for EntityDto {
[INFO] [stdout]    |                                      ^^^^^^^^^ not found in this scope
[INFO] [stdout] 
[INFO] [stdout] error[E0412]: cannot find type `Entity` in this scope
[INFO] [stdout]   --> src/lib.rs:134:21
[INFO] [stdout]    |
[INFO] [stdout] 13 |     fn from(value: &Entity) -> EntityDto {
[INFO] [stdout]    |                     ^^^^^^ not found in this scope
[INFO] [stdout] 
[INFO] [stdout] error[E0412]: cannot find type `EntityDto` in this scope
[INFO] [stdout]   --> src/lib.rs:134:32
[INFO] [stdout]    |
[INFO] [stdout] 13 |     fn from(value: &Entity) -> EntityDto {
[INFO] [stdout]    |                                ^^^^^^^^^ not found in this scope
[INFO] [stdout] 
[INFO] [stdout] error[E0422]: cannot find struct, variant or union type `EntityDto` in this scope
[INFO] [stdout]   --> src/lib.rs:135:9
[INFO] [stdout]    |
[INFO] [stdout] 14 |         EntityDto {
[INFO] [stdout]    |         ^^^^^^^^^ not found in this scope
[INFO] [stdout] 
[INFO] [stdout] error[E0412]: cannot find type `Entity` in this scope
[INFO] [stdout]   --> src/lib.rs:142:25
[INFO] [stdout]    |
[INFO] [stdout] 21 | impl std::convert::Into<Entity> for EntityDto {
[INFO] [stdout]    |                         ^^^^^^ not found in this scope
[INFO] [stdout]    |
[INFO] [stdout] help: you might be missing a type parameter
[INFO] [stdout]    |
[INFO] [stdout] 21 | impl<Entity> std::convert::Into<Entity> for EntityDto {
[INFO] [stdout]    |     ++++++++
[INFO] [stdout] 
[INFO] [stdout] error[E0412]: cannot find type `EntityDto` in this scope
[INFO] [stdout]   --> src/lib.rs:142:37
[INFO] [stdout]    |
[INFO] [stdout] 21 | impl std::convert::Into<Entity> for EntityDto {
[INFO] [stdout]    |                                     ^^^^^^^^^ not found in this scope
[INFO] [stdout] 
[INFO] [stdout] error[E0412]: cannot find type `Entity` in this scope
[INFO] [stdout]   --> src/lib.rs:143:22
[INFO] [stdout]    |
[INFO] [stdout] 22 |     fn into(self) -> Entity {
[INFO] [stdout]    |                      ^^^^^^ not found in this scope
[INFO] [stdout] 
[INFO] [stdout] error[E0422]: cannot find struct, variant or union type `Entity` in this scope
[INFO] [stdout]   --> src/lib.rs:144:9
[INFO] [stdout]    |
[INFO] [stdout] 23 |         Entity {
[INFO] [stdout]    |         ^^^^^^ not found in this scope
[INFO] [stdout] 
[INFO] [stdout] error[E0412]: cannot find type `Entity` in this scope
[INFO] [stdout]   --> src/lib.rs:151:25
[INFO] [stdout]    |
[INFO] [stdout] 30 | impl std::convert::Into<Entity> for &EntityDto {
[INFO] [stdout]    |                         ^^^^^^ not found in this scope
[INFO] [stdout]    |
[INFO] [stdout] help: you might be missing a type parameter
[INFO] [stdout]    |
[INFO] [stdout] 30 | impl<Entity> std::convert::Into<Entity> for &EntityDto {
[INFO] [stdout]    |     ++++++++
[INFO] [stdout] 
[INFO] [stdout] error[E0412]: cannot find type `EntityDto` in this scope
[INFO] [stdout]   --> src/lib.rs:151:38
[INFO] [stdout]    |
[INFO] [stdout] 30 | impl std::convert::Into<Entity> for &EntityDto {
[INFO] [stdout]    |                                      ^^^^^^^^^ not found in this scope
[INFO] [stdout] 
[INFO] [stdout] error[E0412]: cannot find type `Entity` in this scope
[INFO] [stdout]   --> src/lib.rs:152:22
[INFO] [stdout]    |
[INFO] [stdout] 31 |     fn into(self) -> Entity {
[INFO] [stdout]    |                      ^^^^^^ not found in this scope
[INFO] [stdout] 
[INFO] [stdout] error[E0422]: cannot find struct, variant or union type `Entity` in this scope
[INFO] [stdout]   --> src/lib.rs:153:9
[INFO] [stdout]    |
[INFO] [stdout] 32 |         Entity {
[INFO] [stdout]    |         ^^^^^^ not found in this scope
[INFO] [stdout] 
[INFO] [stdout] error: aborting due to 18 previous errors
[INFO] [stdout] 
[INFO] [stdout] Some errors have detailed explanations: E0412, E0422.
[INFO] [stdout] For more information about an error, try `rustc --explain E0412`.
[INFO] [stdout] Couldn't compile the test.
[INFO] [stdout] ---- src/lib.rs - derive_o2o (line 62) stdout ----
[INFO] [stdout] error: cannot find derive macro `o2o` in this scope
[INFO] [stdout]  --> src/lib.rs:68:10
[INFO] [stdout]   |
[INFO] [stdout] 8 | #[derive(o2o)]
[INFO] [stdout]   |          ^^^
[INFO] [stdout]   |
[INFO] [stdout] help: consider importing this derive macro
[INFO] [stdout]   |
[INFO] [stdout] 2 + use o2o_macros::o2o;
[INFO] [stdout]   |
[INFO] [stdout] 
[INFO] [stdout] error: cannot find attribute `from_ref` in this scope
[INFO] [stdout]  --> src/lib.rs:69:3
[INFO] [stdout]   |
[INFO] [stdout] 9 | #[from_ref(Entity)]
[INFO] [stdout]   |   ^^^^^^^^
[INFO] [stdout] 
[INFO] [stdout] error: cannot find attribute `ref_into_existing` in this scope
[INFO] [stdout]   --> src/lib.rs:70:3
[INFO] [stdout]    |
[INFO] [stdout] 10 | #[ref_into_existing(Entity)]
[INFO] [stdout]    |   ^^^^^^^^^^^^^^^^^
[INFO] [stdout] 
[INFO] [stdout] error: cannot find attribute `map` in this scope
[INFO] [stdout]   --> src/lib.rs:73:7
[INFO] [stdout]    |
[INFO] [stdout] 13 |     #[map(another_int)]
[INFO] [stdout]    |       ^^^
[INFO] [stdout] 
[INFO] [stdout] error: aborting due to 4 previous errors
[INFO] [stdout] 
[INFO] [stdout] Couldn't compile the test.
[INFO] [stdout] 
[INFO] [stdout] failures:
[INFO] [stdout]     src/lib.rs - derive_o2o (line 100)
[INFO] [stdout]     src/lib.rs - derive_o2o (line 12)
[INFO] [stdout]     src/lib.rs - derive_o2o (line 123)
[INFO] [stdout]     src/lib.rs - derive_o2o (line 165)
[INFO] [stdout]     src/lib.rs - derive_o2o (line 191)
[INFO] [stdout]     src/lib.rs - derive_o2o (line 213)
[INFO] [stdout]     src/lib.rs - derive_o2o (line 30)
[INFO] [stdout]     src/lib.rs - derive_o2o (line 52)
[INFO] [stdout]     src/lib.rs - derive_o2o (line 62)
[INFO] [stdout]     src/lib.rs - derive_o2o (line 80)
[INFO] [stdout] 
[INFO] [stdout] test result: FAILED. 0 passed; 10 failed; 0 ignored; 0 measured; 0 filtered out; finished in 0.48s
[INFO] [stdout] 
[INFO] [stderr] error: doctest failed, to rerun pass `--doc`
[INFO] running `Command { std: "docker" "inspect" "e3d1f267d06c0b400072a4021de31a11011441b6e249c8f074f8d5d4ddc93f43", kill_on_drop: false }`
[INFO] running `Command { std: "docker" "rm" "-f" "e3d1f267d06c0b400072a4021de31a11011441b6e249c8f074f8d5d4ddc93f43", kill_on_drop: false }`
[INFO] [stdout] e3d1f267d06c0b400072a4021de31a11011441b6e249c8f074f8d5d4ddc93f43
