[INFO] fetching crate nurl 0.3.7...
[INFO] testing nurl-0.3.7 against 1.75.0 for beta-1.76-1
[INFO] extracting crate nurl 0.3.7 into /workspace/builds/worker-6-tc1/source
[INFO] validating manifest of crates.io crate nurl 0.3.7 on toolchain 1.75.0
[INFO] running `Command { std: CARGO_HOME="/workspace/cargo-home" RUSTUP_HOME="/workspace/rustup-home" "/workspace/cargo-home/bin/cargo" "+1.75.0" "metadata" "--manifest-path" "Cargo.toml" "--no-deps", kill_on_drop: false }`
[INFO] started tweaking crates.io crate nurl 0.3.7
[INFO] finished tweaking crates.io crate nurl 0.3.7
[INFO] tweaked toml for crates.io crate nurl 0.3.7 written to /workspace/builds/worker-6-tc1/source/Cargo.toml
[INFO] crate crates.io crate nurl 0.3.7 already has a lockfile, it will not be regenerated
[INFO] running `Command { std: CARGO_HOME="/workspace/cargo-home" RUSTUP_HOME="/workspace/rustup-home" "/workspace/cargo-home/bin/cargo" "+1.75.0" "fetch" "--manifest-path" "Cargo.toml", kill_on_drop: false }`
[INFO] [stderr]     Updating crates.io index
[INFO] [stderr]  Downloading crates ...
[INFO] [stderr]   Downloaded home v0.5.4
[INFO] [stderr]   Downloaded dunce v1.0.3
[INFO] [stderr]   Downloaded filetime v0.2.19
[INFO] [stderr]   Downloaded os_pipe v1.1.3
[INFO] [stderr]   Downloaded clap_complete v4.1.1
[INFO] [stderr]   Downloaded concolor-query v0.1.0
[INFO] [stderr]   Downloaded concolor v0.0.11
[INFO] [stderr]   Downloaded toml_edit v0.19.1
[INFO] [stderr]   Downloaded snapbox-macros v0.3.1
[INFO] [stderr]   Downloaded git-path v0.7.0
[INFO] [stderr]   Downloaded clap_mangen v0.2.7
[INFO] [stderr]   Downloaded nu-glob v0.75.0
[INFO] [stderr]   Downloaded git-features v0.26.1
[INFO] [stderr]   Downloaded snapbox v0.4.4
[INFO] [stderr]   Downloaded trycmd v0.14.11
[INFO] [stderr]   Downloaded git-hash v0.10.1
[INFO] [stderr]   Downloaded git-url v0.13.1
[INFO] running `Command { std: "docker" "create" "-v" "/var/lib/crater-agent-workspace/builds/worker-6-tc1/target:/opt/rustwide/target:rw,Z" "-v" "/var/lib/crater-agent-workspace/builds/worker-6-tc1/source:/opt/rustwide/workdir:ro,Z" "-v" "/var/lib/crater-agent-workspace/cargo-home:/opt/rustwide/cargo-home:ro,Z" "-v" "/var/lib/crater-agent-workspace/rustup-home:/opt/rustwide/rustup-home:ro,Z" "-e" "SOURCE_DIR=/opt/rustwide/workdir" "-e" "CARGO_TARGET_DIR=/opt/rustwide/target" "-e" "CARGO_HOME=/opt/rustwide/cargo-home" "-e" "RUSTUP_HOME=/opt/rustwide/rustup-home" "-w" "/opt/rustwide/workdir" "-m" "1610612736" "--user" "0:0" "--network" "none" "ghcr.io/rust-lang/crates-build-env/linux@sha256:2788e3201cd34a07e3172128adcd8b3090168a8e3bcc40d7c032b9dda1df7d1c" "/opt/rustwide/cargo-home/bin/cargo" "+1.75.0" "metadata" "--no-deps" "--format-version=1", kill_on_drop: false }`
[INFO] [stdout] b0a1a1bba95b8d2bd710fed6906f16ca7e83492364cde0349c00268db0d30d26
[INFO] running `Command { std: "docker" "start" "-a" "b0a1a1bba95b8d2bd710fed6906f16ca7e83492364cde0349c00268db0d30d26", kill_on_drop: false }`
[INFO] running `Command { std: "docker" "inspect" "b0a1a1bba95b8d2bd710fed6906f16ca7e83492364cde0349c00268db0d30d26", kill_on_drop: false }`
[INFO] running `Command { std: "docker" "rm" "-f" "b0a1a1bba95b8d2bd710fed6906f16ca7e83492364cde0349c00268db0d30d26", kill_on_drop: false }`
[INFO] [stdout] b0a1a1bba95b8d2bd710fed6906f16ca7e83492364cde0349c00268db0d30d26
[INFO] running `Command { std: "docker" "create" "-v" "/var/lib/crater-agent-workspace/builds/worker-6-tc1/target:/opt/rustwide/target:rw,Z" "-v" "/var/lib/crater-agent-workspace/builds/worker-6-tc1/source:/opt/rustwide/workdir:ro,Z" "-v" "/var/lib/crater-agent-workspace/cargo-home:/opt/rustwide/cargo-home:ro,Z" "-v" "/var/lib/crater-agent-workspace/rustup-home:/opt/rustwide/rustup-home:ro,Z" "-e" "SOURCE_DIR=/opt/rustwide/workdir" "-e" "CARGO_TARGET_DIR=/opt/rustwide/target" "-e" "CARGO_INCREMENTAL=0" "-e" "RUST_BACKTRACE=full" "-e" "RUSTFLAGS=--cap-lints=warn" "-e" "RUSTDOCFLAGS=--cap-lints=warn" "-e" "CARGO_HOME=/opt/rustwide/cargo-home" "-e" "RUSTUP_HOME=/opt/rustwide/rustup-home" "-w" "/opt/rustwide/workdir" "-m" "1610612736" "--user" "0:0" "--network" "none" "ghcr.io/rust-lang/crates-build-env/linux@sha256:2788e3201cd34a07e3172128adcd8b3090168a8e3bcc40d7c032b9dda1df7d1c" "/opt/rustwide/cargo-home/bin/cargo" "+1.75.0" "build" "--frozen" "--message-format=json", kill_on_drop: false }`
[INFO] [stdout] b4e8af0253ed950433f51f83a601dff2a712717cf4bf978534e00112ec637664
[INFO] running `Command { std: "docker" "start" "-a" "b4e8af0253ed950433f51f83a601dff2a712717cf4bf978534e00112ec637664", kill_on_drop: false }`
[INFO] [stderr]    Compiling proc-macro2 v1.0.50
[INFO] [stderr]    Compiling libc v0.2.139
[INFO] [stderr]    Compiling unicode-ident v1.0.6
[INFO] [stderr]    Compiling quote v1.0.23
[INFO] [stderr]    Compiling syn v1.0.107
[INFO] [stderr]    Compiling once_cell v1.17.0
[INFO] [stderr]    Compiling io-lifetimes v1.0.5
[INFO] [stderr]    Compiling rustix v0.36.7
[INFO] [stderr]    Compiling cc v1.0.79
[INFO] [stderr]    Compiling linux-raw-sys v0.1.4
[INFO] [stderr]    Compiling os_str_bytes v6.4.1
[INFO] [stderr]    Compiling termcolor v1.2.0
[INFO] [stderr]    Compiling thiserror v1.0.38
[INFO] [stderr]    Compiling memchr v2.5.0
[INFO] [stderr]    Compiling serde_derive v1.0.152
[INFO] [stderr]    Compiling unicode-normalization v0.1.22
[INFO] [stderr]    Compiling log v0.4.17
[INFO] [stderr]    Compiling clap_lex v0.3.1
[INFO] [stderr]    Compiling crc32fast v1.3.2
[INFO] [stderr]    Compiling unicode-bidi v0.3.10
[INFO] [stderr]    Compiling serde v1.0.152
[INFO] [stderr]    Compiling percent-encoding v2.2.0
[INFO] [stderr]    Compiling unicase v2.6.0
[INFO] [stderr]    Compiling rustls v0.20.8
[INFO] [stderr]    Compiling form_urlencoded v1.1.0
[INFO] [stderr]    Compiling hex v0.4.3
[INFO] [stderr]    Compiling roff v0.2.1
[INFO] [stderr]    Compiling serde_json v1.0.91
[INFO] [stderr]    Compiling miniz_oxide v0.6.2
[INFO] [stderr]    Compiling is_ci v1.1.1
[INFO] [stderr]    Compiling idna v0.3.0
[INFO] [stderr]    Compiling anyhow v1.0.68
[INFO] [stderr]    Compiling itoa v1.0.5
[INFO] [stderr]    Compiling bstr v1.2.0
[INFO] [stderr]    Compiling ryu v1.0.12
[INFO] [stderr]    Compiling unicode-width v0.1.10
[INFO] [stderr]    Compiling base64 v0.13.1
[INFO] [stderr]    Compiling home v0.5.4
[INFO] [stderr]    Compiling either v1.8.1
[INFO] [stderr]    Compiling rustc-hash v1.1.0
[INFO] [stderr]    Compiling itertools v0.10.5
[INFO] [stderr]    Compiling flate2 v1.0.25
[INFO] [stderr]    Compiling proc-macro-error-attr v1.0.4
[INFO] [stderr]    Compiling url v2.3.1
[INFO] [stderr]    Compiling ring v0.16.20
[INFO] [stderr]    Compiling atty v0.2.14
[INFO] [stderr]    Compiling supports-color v1.3.1
[INFO] [stderr]    Compiling owo-colors v3.5.0
[INFO] [stderr]    Compiling is-terminal v0.4.3
[INFO] [stderr]    Compiling terminal_size v0.2.3
[INFO] [stderr]    Compiling proc-macro-error v1.0.4
[INFO] [stderr]    Compiling clap_derive v4.1.0
[INFO] [stderr]    Compiling thiserror-impl v1.0.38
[INFO] [stderr]    Compiling enum_dispatch v0.3.11
[INFO] [stderr]    Compiling webpki v0.22.0
[INFO] [stderr]    Compiling sct v0.7.0
[INFO] [stderr]    Compiling webpki-roots v0.22.6
[INFO] [stderr]    Compiling git-hash v0.10.1
[INFO] [stderr]    Compiling git-path v0.7.0
[INFO] [stderr]    Compiling git-features v0.26.1
[INFO] [stderr]    Compiling git-url v0.13.1
[INFO] [stderr]    Compiling clap v4.1.4
[INFO] [stderr]    Compiling clap_mangen v0.2.7
[INFO] [stderr]    Compiling clap_complete v4.1.1
[INFO] [stderr]    Compiling nurl v0.3.7 (/opt/rustwide/workdir)
[INFO] [stderr]    Compiling ureq v2.6.2
[INFO] [stderr]     Finished dev [unoptimized + debuginfo] target(s) in 13.10s
[INFO] running `Command { std: "docker" "inspect" "b4e8af0253ed950433f51f83a601dff2a712717cf4bf978534e00112ec637664", kill_on_drop: false }`
[INFO] running `Command { std: "docker" "rm" "-f" "b4e8af0253ed950433f51f83a601dff2a712717cf4bf978534e00112ec637664", kill_on_drop: false }`
[INFO] [stdout] b4e8af0253ed950433f51f83a601dff2a712717cf4bf978534e00112ec637664
[INFO] running `Command { std: "docker" "create" "-v" "/var/lib/crater-agent-workspace/builds/worker-6-tc1/target:/opt/rustwide/target:rw,Z" "-v" "/var/lib/crater-agent-workspace/builds/worker-6-tc1/source:/opt/rustwide/workdir:ro,Z" "-v" "/var/lib/crater-agent-workspace/cargo-home:/opt/rustwide/cargo-home:ro,Z" "-v" "/var/lib/crater-agent-workspace/rustup-home:/opt/rustwide/rustup-home:ro,Z" "-e" "SOURCE_DIR=/opt/rustwide/workdir" "-e" "CARGO_TARGET_DIR=/opt/rustwide/target" "-e" "CARGO_INCREMENTAL=0" "-e" "RUST_BACKTRACE=full" "-e" "RUSTFLAGS=--cap-lints=warn" "-e" "RUSTDOCFLAGS=--cap-lints=warn" "-e" "CARGO_HOME=/opt/rustwide/cargo-home" "-e" "RUSTUP_HOME=/opt/rustwide/rustup-home" "-w" "/opt/rustwide/workdir" "-m" "1610612736" "--user" "0:0" "--network" "none" "ghcr.io/rust-lang/crates-build-env/linux@sha256:2788e3201cd34a07e3172128adcd8b3090168a8e3bcc40d7c032b9dda1df7d1c" "/opt/rustwide/cargo-home/bin/cargo" "+1.75.0" "test" "--frozen" "--no-run" "--message-format=json", kill_on_drop: false }`
[INFO] [stdout] 27b4dd85ccd22322727db48a360598c44787d6b3dcf7d4bb6f778469c981bf66
[INFO] running `Command { std: "docker" "start" "-a" "27b4dd85ccd22322727db48a360598c44787d6b3dcf7d4bb6f778469c981bf66", kill_on_drop: false }`
[INFO] [stderr]    Compiling crossbeam-utils v0.8.14
[INFO] [stderr]    Compiling memoffset v0.7.1
[INFO] [stderr]    Compiling crossbeam-epoch v0.9.13
[INFO] [stderr]    Compiling scopeguard v1.1.0
[INFO] [stderr]    Compiling bstr v1.2.0
[INFO] [stderr]    Compiling indexmap v1.9.2
[INFO] [stderr]    Compiling rayon-core v1.10.2
[INFO] [stderr]    Compiling wait-timeout v0.2.0
[INFO] [stderr]    Compiling num_cpus v1.15.0
[INFO] [stderr]    Compiling doc-comment v0.3.3
[INFO] [stderr]    Compiling fastrand v1.8.0
[INFO] [stderr]    Compiling predicates-core v1.0.5
[INFO] [stderr]    Compiling same-file v1.0.6
[INFO] [stderr]    Compiling concolor-query v0.1.0
[INFO] [stderr]    Compiling remove_dir_all v0.5.3
[INFO] [stderr]    Compiling toml_datetime v0.6.1
[INFO] [stderr]    Compiling serde_spanned v0.6.1
[INFO] [stderr]    Compiling content_inspector v0.2.4
[INFO] [stderr]    Compiling walkdir v2.3.2
[INFO] [stderr]    Compiling concolor v0.0.11
[INFO] [stderr]    Compiling nom8 v0.2.0
[INFO] [stderr]    Compiling filetime v0.2.19
[INFO] [stderr]    Compiling tempfile v3.3.0
[INFO] [stderr]    Compiling os_pipe v1.1.3
[INFO] [stderr]    Compiling normalize-line-endings v0.3.0
[INFO] [stderr]    Compiling dunce v1.0.3
[INFO] [stderr]    Compiling similar v2.2.1
[INFO] [stderr]    Compiling humantime v2.1.0
[INFO] [stderr]    Compiling termtree v0.4.0
[INFO] [stderr]    Compiling snapbox-macros v0.3.1
[INFO] [stderr]    Compiling windows-sys v0.42.0
[INFO] [stderr]    Compiling yansi v0.5.1
[INFO] [stderr]    Compiling difflib v0.4.0
[INFO] [stderr]    Compiling glob v0.3.1
[INFO] [stderr]    Compiling shlex v1.1.0
[INFO] [stderr]    Compiling predicates-tree v1.0.7
[INFO] [stderr]    Compiling nu-glob v0.75.0
[INFO] [stderr]    Compiling git-path v0.7.0
[INFO] [stderr]    Compiling humantime-serde v1.1.1
[INFO] [stderr]    Compiling predicates v2.1.5
[INFO] [stderr]    Compiling git-url v0.13.1
[INFO] [stderr]    Compiling crossbeam-channel v0.5.6
[INFO] [stderr]    Compiling crossbeam-deque v0.8.2
[INFO] [stderr]    Compiling assert_cmd v2.0.8
[INFO] [stderr]    Compiling nurl v0.3.7 (/opt/rustwide/workdir)
[INFO] [stderr]    Compiling snapbox v0.4.4
[INFO] [stderr]    Compiling rayon v1.6.1
[INFO] [stderr]    Compiling toml_edit v0.19.1
[INFO] [stderr]    Compiling trycmd v0.14.11
[INFO] [stderr]     Finished test [unoptimized + debuginfo] target(s) in 6.29s
[INFO] running `Command { std: "docker" "inspect" "27b4dd85ccd22322727db48a360598c44787d6b3dcf7d4bb6f778469c981bf66", kill_on_drop: false }`
[INFO] running `Command { std: "docker" "rm" "-f" "27b4dd85ccd22322727db48a360598c44787d6b3dcf7d4bb6f778469c981bf66", kill_on_drop: false }`
[INFO] [stdout] 27b4dd85ccd22322727db48a360598c44787d6b3dcf7d4bb6f778469c981bf66
[INFO] running `Command { std: "docker" "create" "-v" "/var/lib/crater-agent-workspace/builds/worker-6-tc1/target:/opt/rustwide/target:rw,Z" "-v" "/var/lib/crater-agent-workspace/builds/worker-6-tc1/source:/opt/rustwide/workdir:ro,Z" "-v" "/var/lib/crater-agent-workspace/cargo-home:/opt/rustwide/cargo-home:ro,Z" "-v" "/var/lib/crater-agent-workspace/rustup-home:/opt/rustwide/rustup-home:ro,Z" "-e" "SOURCE_DIR=/opt/rustwide/workdir" "-e" "CARGO_TARGET_DIR=/opt/rustwide/target" "-e" "CARGO_INCREMENTAL=0" "-e" "RUST_BACKTRACE=full" "-e" "RUSTFLAGS=--cap-lints=warn" "-e" "RUSTDOCFLAGS=--cap-lints=warn" "-e" "CARGO_HOME=/opt/rustwide/cargo-home" "-e" "RUSTUP_HOME=/opt/rustwide/rustup-home" "-w" "/opt/rustwide/workdir" "-m" "1610612736" "--user" "0:0" "--network" "none" "ghcr.io/rust-lang/crates-build-env/linux@sha256:2788e3201cd34a07e3172128adcd8b3090168a8e3bcc40d7c032b9dda1df7d1c" "/opt/rustwide/cargo-home/bin/cargo" "+1.75.0" "test" "--frozen", kill_on_drop: false }`
[INFO] [stdout] 43c26f1d1b659a1ff7d680a9ee9773294557976288c6187d51f6f6bc56d186d3
[INFO] running `Command { std: "docker" "start" "-a" "43c26f1d1b659a1ff7d680a9ee9773294557976288c6187d51f6f6bc56d186d3", kill_on_drop: false }`
[INFO] [stderr]     Finished test [unoptimized + debuginfo] target(s) in 0.09s
[INFO] [stderr]      Running unittests src/main.rs (/opt/rustwide/target/debug/deps/nurl-e185960db792e630)
[INFO] [stdout] 
[INFO] [stdout] running 0 tests
[INFO] [stdout] 
[INFO] [stdout] test result: ok. 0 passed; 0 failed; 0 ignored; 0 measured; 0 filtered out; finished in 0.00s
[INFO] [stdout] 
[INFO] [stderr]      Running tests/integration.rs (/opt/rustwide/target/debug/deps/integration-5f0fad52b2fbc484)
[INFO] [stdout] 
[INFO] [stdout] running 2 tests
[INFO] [stderr] Testing tests/cmd/arg.toml ... failed
[INFO] [stderr] Expected success, was 1
[INFO] [stderr] 
[INFO] [stderr] ---- expected: stdout
[INFO] [stderr] ++++ actual:   stdout
[INFO] [stderr]    1      - fetchFromGitHub {
[INFO] [stderr]    2      -   owner = "Koihik";
[INFO] [stderr]    3      -   repo = "LuaFormatter";
[INFO] [stderr]    4      -   rev = "1.3.0";
[INFO] [stderr]    5      -   hash = "sha256-O42sNIFDi2Dv6KWkBynrR60RABCAitSVTp42W6w0tcg=";
[INFO] [stderr]    6      -   fetchSubmodules = true;
[INFO] [stderr]    7      - }∅
[INFO] [stderr] stderr:
[INFO] [stderr] $ nix build --experimental-features nix-command --impure --no-link --expr '(import(<nixpkgs>){}).fetchFromGitHub{owner="Koihik";repo="LuaFormatter";rev="1.3.0";hash="sha256-AAAAAAAAAAAAAAAAAAAAAAAAAAAAAAAAAAAAAAAAAAA=";fetchSubmodules=true;}'
[INFO] [stderr] Error: No such file or directory (os error 2)
[INFO] [stderr] 
[INFO] [stderr] Testing tests/cmd/arg_str.toml ... failed
[INFO] [stderr] Expected success, was 1
[INFO] [stderr] 
[INFO] [stderr] ---- expected: stdout
[INFO] [stderr] ++++ actual:   stdout
[INFO] [stderr]    1      - fetchFromGitHub {
[INFO] [stderr]    2      -   owner = "nix-community";
[INFO] [stderr]    3      -   repo = "nurl";
[INFO] [stderr]    4      -   rev = "v0.3.0";
[INFO] [stderr]    5      -   hash = "sha256-jZ+cCp1THDhfHH5yMmRPjGuthOqsgcF/3OjZ61FMdA4=";
[INFO] [stderr]    6      -   name = "nurl-src";
[INFO] [stderr]    7      - }∅
[INFO] [stderr] stderr:
[INFO] [stderr] $ nix build --experimental-features nix-command --impure --no-link --expr '(import(<nixpkgs>){}).fetchFromGitHub{owner="nix-community";repo="nurl";rev="v0.3.0";hash="sha256-AAAAAAAAAAAAAAAAAAAAAAAAAAAAAAAAAAAAAAAAAAA=";name="nurl-src";}'
[INFO] [stderr] Error: No such file or directory (os error 2)
[INFO] [stderr] 
[INFO] [stderr] Testing tests/cmd/fetcher/git/scheme_plus.toml ... failed
[INFO] [stderr] Expected success, was 1
[INFO] [stderr] 
[INFO] [stderr] ---- expected: stdout
[INFO] [stderr] ++++ actual:   stdout
[INFO] [stderr]    1      - fetchgit {
[INFO] [stderr]    2      -   url = "https://github.com/nix-community/nurl";
[INFO] [stderr]    3      -   rev = "refs/tags/v0.3.0";
[INFO] [stderr]    4      -   hash = "sha256-jZ+cCp1THDhfHH5yMmRPjGuthOqsgcF/3OjZ61FMdA4=";
[INFO] [stderr]    5      - }∅
[INFO] [stderr] stderr:
[INFO] [stderr] $ nix flake prefetch --experimental-features 'nix-command flakes' --json git+https://github.com/nix-community/nurl?ref=refs/tags/v0.3.0&submodules=1
[INFO] [stderr] Error: No such file or directory (os error 2)
[INFO] [stderr] 
[INFO] [stderr] Testing tests/cmd/fetcher/builtin_git.toml ... ok
[INFO] [stderr] Testing tests/cmd/fetcher/sourcehut.toml ... failed
[INFO] [stderr] Expected success, was 1
[INFO] [stderr] 
[INFO] [stderr] ---- expected: stdout
[INFO] [stderr] ++++ actual:   stdout
[INFO] [stderr]    1      - fetchFromSourcehut {
[INFO] [stderr]    2      -   owner = "~sircmpwn";
[INFO] [stderr]    3      -   repo = "core.sr.ht";
[INFO] [stderr]    4      -   rev = "0.60.0";
[INFO] [stderr]    5      -   hash = "sha256-d2lfBMf5dJeqvTT6NWPNDSuYC3Hgof8PanYwSHqOCEk=";
[INFO] [stderr]    6      - }∅
[INFO] [stderr] stderr:
[INFO] [stderr] $ nix flake prefetch --experimental-features 'nix-command flakes' --json sourcehut:~sircmpwn/core.sr.ht/0.60.0
[INFO] [stderr] Error: No such file or directory (os error 2)
[INFO] [stderr] 
[INFO] [stderr] Testing tests/cmd/fetcher/pypi.toml ... failed
[INFO] [stderr] Expected success, was 1
[INFO] [stderr] 
[INFO] [stderr] ---- expected: stdout
[INFO] [stderr] ++++ actual:   stdout
[INFO] [stderr]    1      - fetchPypi {
[INFO] [stderr]    2      -   pname = "requests";
[INFO] [stderr]    3      -   version = "2.20.0";
[INFO] [stderr]    4      -   hash = "sha256-mdz9qusXyvblJvMrant4BGFRKrPx2ZIYeAFpTLpCdww=";
[INFO] [stderr]    5      - }∅
[INFO] [stderr] stderr:
[INFO] [stderr] $ nix-prefetch-url https://pypi.org/packages/source/r/requests/requests-2.20.0.tar.gz
[INFO] [stderr] Error: No such file or directory (os error 2)
[INFO] [stderr] 
[INFO] [stderr] Testing tests/cmd/fetcher/crates_io/short.toml ... failed
[INFO] [stderr] Expected success, was 1
[INFO] [stderr] 
[INFO] [stderr] ---- expected: stdout
[INFO] [stderr] ++++ actual:   stdout
[INFO] [stderr]    1      - fetchCrate {
[INFO] [stderr]    2      -   pname = "nurl";
[INFO] [stderr]    3      -   version = "0.3.0";
[INFO] [stderr]    4      -   hash = "sha256-B6T4DEhE2Jq3YSL+b//27gRkQlvqhynSMBCGdYD5Gog=";
[INFO] [stderr]    5      - }∅
[INFO] [stderr] stderr:
[INFO] [stderr] $ nix-prefetch-url --unpack https://crates.io/api/v1/crates/nurl/0.3.0/download
[INFO] [stderr] Error: No such file or directory (os error 2)
[INFO] [stderr] 
[INFO] [stderr] Testing tests/cmd/fetcher/crates_io/install.toml ... failed
[INFO] [stderr] Expected success, was 1
[INFO] [stderr] 
[INFO] [stderr] ---- expected: stdout
[INFO] [stderr] ++++ actual:   stdout
[INFO] [stderr]    1      - fetchCrate {
[INFO] [stderr]    2      -   pname = "nurl";
[INFO] [stderr]    3      -   version = "0.3.0";
[INFO] [stderr]    4      -   hash = "sha256-B6T4DEhE2Jq3YSL+b//27gRkQlvqhynSMBCGdYD5Gog=";
[INFO] [stderr]    5      - }∅
[INFO] [stderr] stderr:
[INFO] [stderr] $ nix-prefetch-url --unpack https://crates.io/api/v1/crates/nurl/0.3.0/download
[INFO] [stderr] Error: No such file or directory (os error 2)
[INFO] [stderr] 
[INFO] [stderr] Testing tests/cmd/fetcher/gitlab/group.toml ... failed
[INFO] [stderr] Expected success, was 1
[INFO] [stderr] 
[INFO] [stderr] ---- expected: stdout
[INFO] [stderr] ++++ actual:   stdout
[INFO] [stderr]    1      - fetchFromGitLab {
[INFO] [stderr]    2      -   domain = "gitlab.gnome.org";
[INFO] [stderr]    3      -   group = "World";
[INFO] [stderr]    4      -   owner = "Phosh";
[INFO] [stderr]    5      -   repo = "phosh";
[INFO] [stderr]    6      -   rev = "v0.20.0";
[INFO] [stderr]    7      -   hash = "sha256-KKoRAUqy9l/Y/R7iLqZe6sHcyHHvRRTj+WeVmyAm7+I=";
[INFO] [stderr]    8      - }∅
[INFO] [stderr] stderr:
[INFO] [stderr] $ nix flake prefetch --experimental-features 'nix-command flakes' --json gitlab:World%2FPhosh/phosh/v0.20.0?host=gitlab.gnome.org
[INFO] [stderr] Error: No such file or directory (os error 2)
[INFO] [stderr] 
[INFO] [stderr] Testing tests/cmd/fetcher/crates_io/lib_rs.toml ... failed
[INFO] [stderr] Expected success, was 1
[INFO] [stderr] 
[INFO] [stderr] ---- expected: stdout
[INFO] [stderr] ++++ actual:   stdout
[INFO] [stderr]    1      - fetchCrate {
[INFO] [stderr]    2      -   pname = "nurl";
[INFO] [stderr]    3      -   version = "0.3.0";
[INFO] [stderr]    4      -   hash = "sha256-B6T4DEhE2Jq3YSL+b//27gRkQlvqhynSMBCGdYD5Gog=";
[INFO] [stderr]    5      - }∅
[INFO] [stderr] stderr:
[INFO] [stderr] $ nix-prefetch-url --unpack https://crates.io/api/v1/crates/nurl/0.3.0/download
[INFO] [stderr] Error: No such file or directory (os error 2)
[INFO] [stderr] 
[INFO] [stderr] Testing tests/cmd/overwrite_str.toml ... failed
[INFO] [stderr] Expected success, was 1
[INFO] [stderr] 
[INFO] [stderr] ---- expected: stdout
[INFO] [stderr] ++++ actual:   stdout
[INFO] [stderr]    1      - fetchFromGitHub {
[INFO] [stderr]    2      -   owner = "nix-community";
[INFO] [stderr]    3      -   repo = "nurl";
[INFO] [stderr]    4      -   rev = "v${version}";
[INFO] [stderr]    5      -   hash = "sha256-jZ+cCp1THDhfHH5yMmRPjGuthOqsgcF/3OjZ61FMdA4=";
[INFO] [stderr]    6      - }∅
[INFO] [stderr] stderr:
[INFO] [stderr] $ nix flake prefetch --experimental-features 'nix-command flakes' --json github:nix-community/nurl/v0.3.0
[INFO] [stderr] Error: No such file or directory (os error 2)
[INFO] [stderr] 
[INFO] [stderr] Testing tests/cmd/fetcher/crates_io/basic.toml ... failed
[INFO] [stderr] Expected success, was 1
[INFO] [stderr] 
[INFO] [stderr] ---- expected: stdout
[INFO] [stderr] ++++ actual:   stdout
[INFO] [stderr]    1      - fetchCrate {
[INFO] [stderr]    2      -   pname = "nurl";
[INFO] [stderr]    3      -   version = "0.3.0";
[INFO] [stderr]    4      -   hash = "sha256-B6T4DEhE2Jq3YSL+b//27gRkQlvqhynSMBCGdYD5Gog=";
[INFO] [stderr]    5      - }∅
[INFO] [stderr] stderr:
[INFO] [stderr] $ nix-prefetch-url --unpack https://crates.io/api/v1/crates/nurl/0.3.0/download
[INFO] [stderr] Error: No such file or directory (os error 2)
[INFO] [stderr] 
[INFO] [stderr] Testing tests/cmd/fetcher/svn.toml ... failed
[INFO] [stderr] Expected success, was 1
[INFO] [stderr] 
[INFO] [stderr] ---- expected: stdout
[INFO] [stderr] ++++ actual:   stdout
[INFO] [stderr]    1      - fetchsvn {
[INFO] [stderr]    2      -   url = "svn://svn.mplayerhq.hu/mplayer/trunk";
[INFO] [stderr]    3      -   rev = "30000";
[INFO] [stderr]    4      -   sha256 = "sha256-gmiB9GR2VfzTzdIWe6kVCldaau6Cq0F9J0exFZChT1o=";
[INFO] [stderr]    5      - }∅
[INFO] [stderr] stderr:
[INFO] [stderr] $ nix build --experimental-features nix-command --impure --no-link --expr '(import(<nixpkgs>){}).fetchsvn{url="svn://svn.mplayerhq.hu/mplayer/trunk";rev="30000";sha256="sha256-AAAAAAAAAAAAAAAAAAAAAAAAAAAAAAAAAAAAAAAAAAA=";}'
[INFO] [stderr] Error: No such file or directory (os error 2)
[INFO] [stderr] 
[INFO] [stderr] Testing tests/cmd/fetcher/gitea.toml ... failed
[INFO] [stderr] Expected success, was 1
[INFO] [stderr] 
[INFO] [stderr] ---- expected: stdout
[INFO] [stderr] ++++ actual:   stdout
[INFO] [stderr]    1      - fetchFromGitea {
[INFO] [stderr]    2      -   domain = "codeberg.org";
[INFO] [stderr]    3      -   owner = "nsxiv";
[INFO] [stderr]    4      -   repo = "nsxiv";
[INFO] [stderr]    5      -   rev = "v30";
[INFO] [stderr]    6      -   hash = "sha256-swzTdQ6ow1At4bKRORqz6fb0Ej92yU9rlI/OgcinPu4=";
[INFO] [stderr]    7      - }∅
[INFO] [stderr] stderr:
[INFO] [stderr] $ nix-prefetch-url --unpack https://codeberg.org/nsxiv/nsxiv/archive/v30.tar.gz
[INFO] [stderr] Error: No such file or directory (os error 2)
[INFO] [stderr] 
[INFO] [stderr] Testing tests/cmd/fetcher/gitlab/trailing_slash.toml ... failed
[INFO] [stderr] Expected success, was 1
[INFO] [stderr] 
[INFO] [stderr] ---- expected: stdout
[INFO] [stderr] ++++ actual:   stdout
[INFO] [stderr]    1      - fetchFromGitLab {
[INFO] [stderr]    2      -   owner = "timvisee";
[INFO] [stderr]    3      -   repo = "ffsend";
[INFO] [stderr]    4      -   rev = "v0.2.0";
[INFO] [stderr]    5      -   hash = "sha256-0+ekty3dK3IVkFiNn3/NxOPJhkp3ZkTKaVC404t2Rac=";
[INFO] [stderr]    6      - }∅
[INFO] [stderr] stderr:
[INFO] [stderr] $ nix flake prefetch --experimental-features 'nix-command flakes' --json gitlab:timvisee/ffsend/v0.2.0
[INFO] [stderr] Error: No such file or directory (os error 2)
[INFO] [stderr] 
[INFO] [stderr] Testing tests/cmd/fetcher/hg/basic.toml ... failed
[INFO] [stderr] Expected success, was 1
[INFO] [stderr] 
[INFO] [stderr] ---- expected: stdout
[INFO] [stderr] ++++ actual:   stdout
[INFO] [stderr]    1      - fetchhg {
[INFO] [stderr]    2      -   url = "https://hg.sr.ht/~scoopta/wofi";
[INFO] [stderr]    3      -   rev = "v1.3";
[INFO] [stderr]    4      -   sha256 = "sha256-GxMjEXBPQniD+Yc9QZjd8TH4ILJAX5dNzrjxDawhy8w=";
[INFO] [stderr]    5      - }∅
[INFO] [stderr] stderr:
[INFO] [stderr] $ nix flake prefetch --experimental-features 'nix-command flakes' --json hg+https://hg.sr.ht/~scoopta/wofi?ref=v1.3
[INFO] [stderr] Error: No such file or directory (os error 2)
[INFO] [stderr] 
[INFO] [stderr] Testing tests/cmd/fetcher/hex.toml ... failed
[INFO] [stderr] Expected success, was 1
[INFO] [stderr] 
[INFO] [stderr] ---- expected: stdout
[INFO] [stderr] ++++ actual:   stdout
[INFO] [stderr]    1      - fetchHex {
[INFO] [stderr]    2      -   pkg = "phoenix";
[INFO] [stderr]    3      -   version = "1.6.0";
[INFO] [stderr]    4      -   sha256 = "sha256-Uv/dMfLa6zmbLh61fUaPmaGtbu5djqGdI1NJLwbJ/JY=";
[INFO] [stderr]    5      - }∅
[INFO] [stderr] stderr:
[INFO] [stderr] $ nix-prefetch-url https://repo.hex.pm/tarballs/phoenix-1.6.0.tar
[INFO] [stderr] Error: No such file or directory (os error 2)
[INFO] [stderr] 
[INFO] [stderr] Testing tests/cmd/parse.toml ... ok
[INFO] [stderr] Testing tests/cmd/fetcher/git/basic.toml ... failed
[INFO] [stderr] Expected success, was 1
[INFO] [stderr] 
[INFO] [stderr] ---- expected: stdout
[INFO] [stderr] ++++ actual:   stdout
[INFO] [stderr]    1      - fetchgit {
[INFO] [stderr]    2      -   url = "https://github.com/nix-community/nurl";
[INFO] [stderr]    3      -   rev = "v0.3.0";
[INFO] [stderr]    4      -   hash = "sha256-jZ+cCp1THDhfHH5yMmRPjGuthOqsgcF/3OjZ61FMdA4=";
[INFO] [stderr]    5      - }∅
[INFO] [stderr] stderr:
[INFO] [stderr] $ nix flake prefetch --experimental-features 'nix-command flakes' --json git+https://github.com/nix-community/nurl?ref=refs/tags/v0.3.0&submodules=1
[INFO] [stderr] $ nix flake prefetch --experimental-features 'nix-command flakes' --json git+https://github.com/nix-community/nurl?ref=v0.3.0&submodules=1
[INFO] [stderr] Error: No such file or directory (os error 2)
[INFO] [stderr] 
[INFO] [stderr] Testing tests/cmd/fetcher/gitlab/instance.toml ... failed
[INFO] [stderr] Expected success, was 1
[INFO] [stderr] 
[INFO] [stderr] ---- expected: stdout
[INFO] [stderr] ++++ actual:   stdout
[INFO] [stderr]    1      - fetchFromGitLab {
[INFO] [stderr]    2      -   domain = "gitlab.gnome.org";
[INFO] [stderr]    3      -   owner = "GNOME";
[INFO] [stderr]    4      -   repo = "libadwaita";
[INFO] [stderr]    5      -   rev = "1.2.0";
[INFO] [stderr]    6      -   hash = "sha256-3lH7Vi9M8k+GSrCpvruRpLrIpMoOakKbcJlaAc/FK+U=";
[INFO] [stderr]    7      - }∅
[INFO] [stderr] stderr:
[INFO] [stderr] $ nix flake prefetch --experimental-features 'nix-command flakes' --json gitlab:GNOME/libadwaita/1.2.0?host=gitlab.gnome.org
[INFO] [stderr] Error: No such file or directory (os error 2)
[INFO] [stderr] 
[INFO] [stderr] Testing tests/cmd/fetcher/github.toml ... failed
[INFO] [stderr] Expected success, was 1
[INFO] [stderr] 
[INFO] [stderr] ---- expected: stdout
[INFO] [stderr] ++++ actual:   stdout
[INFO] [stderr]    1      - fetchFromGitHub {
[INFO] [stderr]    2      -   owner = "nix-community";
[INFO] [stderr]    3      -   repo = "nurl";
[INFO] [stderr]    4      -   rev = "v0.3.0";
[INFO] [stderr]    5      -   hash = "sha256-jZ+cCp1THDhfHH5yMmRPjGuthOqsgcF/3OjZ61FMdA4=";
[INFO] [stderr]    6      - }∅
[INFO] [stderr] stderr:
[INFO] [stderr] $ nix flake prefetch --experimental-features 'nix-command flakes' --json github:nix-community/nurl/v0.3.0
[INFO] [stderr] Error: No such file or directory (os error 2)
[INFO] [stderr] 
[INFO] [stderr] Testing tests/cmd/fetcher/gitiles.toml ... failed
[INFO] [stderr] Expected success, was 1
[INFO] [stderr] 
[INFO] [stderr] ---- expected: stdout
[INFO] [stderr] ++++ actual:   stdout
[INFO] [stderr]    1      - fetchFromGitiles {
[INFO] [stderr]    2      -   url = "https://android.googlesource.com/platform/external/minijail";
[INFO] [stderr]    3      -   rev = "linux-v18";
[INFO] [stderr]    4      -   hash = "sha256-OpwzISZ5iZNQvJAX7UJJ4gELEaVfcQgY9cqMM0YvBzc=";
[INFO] [stderr]    5      - }∅
[INFO] [stderr] stderr:
[INFO] [stderr] $ nix-prefetch-url --unpack https://android.googlesource.com/platform/external/minijail/+archive/linux-v18.tar.gz
[INFO] [stderr] Error: No such file or directory (os error 2)
[INFO] [stderr] 
[INFO] [stderr] Testing tests/cmd/hash.toml ... failed
[INFO] [stderr] Expected success, was 1
[INFO] [stderr] 
[INFO] [stderr] ---- expected: stdout
[INFO] [stderr] ++++ actual:   stdout
[INFO] [stderr]    1      - sha256-jZ+cCp1THDhfHH5yMmRPjGuthOqsgcF/3OjZ61FMdA4=∅
[INFO] [stderr] stderr:
[INFO] [stderr] $ nix flake prefetch --experimental-features 'nix-command flakes' --json github:nix-community/nurl/v0.3.0
[INFO] [stderr] Error: No such file or directory (os error 2)
[INFO] [stderr] 
[INFO] [stderr] Testing tests/cmd/fetcher/gitlab/basic.toml ... failed
[INFO] [stderr] Expected success, was 1
[INFO] [stderr] 
[INFO] [stderr] ---- expected: stdout
[INFO] [stderr] ++++ actual:   stdout
[INFO] [stderr]    1      - fetchFromGitLab {
[INFO] [stderr]    2      -   owner = "timvisee";
[INFO] [stderr]    3      -   repo = "ffsend";
[INFO] [stderr]    4      -   rev = "v0.2.0";
[INFO] [stderr]    5      -   hash = "sha256-0+ekty3dK3IVkFiNn3/NxOPJhkp3ZkTKaVC404t2Rac=";
[INFO] [stderr]    6      - }∅
[INFO] [stderr] stderr:
[INFO] [stderr] $ nix flake prefetch --experimental-features 'nix-command flakes' --json gitlab:timvisee/ffsend/v0.2.0
[INFO] [stderr] Error: No such file or directory (os error 2)
[INFO] [stderr] 
[INFO] [stderr] Testing tests/cmd/fetcher/hg/scheme_plus.toml ... failed
[INFO] [stderr] Expected success, was 1
[INFO] [stderr] 
[INFO] [stderr] ---- expected: stdout
[INFO] [stderr] ++++ actual:   stdout
[INFO] [stderr]    1      - fetchhg {
[INFO] [stderr]    2      -   url = "https://hg.sr.ht/~scoopta/wofi";
[INFO] [stderr]    3      -   rev = "v1.3";
[INFO] [stderr]    4      -   sha256 = "sha256-GxMjEXBPQniD+Yc9QZjd8TH4ILJAX5dNzrjxDawhy8w=";
[INFO] [stderr]    5      - }∅
[INFO] [stderr] stderr:
[INFO] [stderr] $ nix flake prefetch --experimental-features 'nix-command flakes' --json hg+https://hg.sr.ht/~scoopta/wofi?ref=v1.3
[INFO] [stderr] Error: No such file or directory (os error 2)
[INFO] [stderr] 
[INFO] [stderr] Testing tests/cmd/submodules/gitlab.toml ... failed
[INFO] [stderr] Expected success, was 1
[INFO] [stderr] 
[INFO] [stderr] ---- expected: stdout
[INFO] [stderr] ++++ actual:   stdout
[INFO] [stderr]    1      - fetchFromGitLab {
[INFO] [stderr]    2      -   group = "librewolf-community";
[INFO] [stderr]    3      -   owner = "browser";
[INFO] [stderr]    4      -   repo = "source";
[INFO] [stderr]    5      -   rev = "100.0-1";
[INFO] [stderr]    6      -   hash = "sha256-ijqyZAEKyL7V/NFtI3ErHcSnj7VbBFvgCgK9NJren/U=";
[INFO] [stderr]    7      -   fetchSubmodules = true;
[INFO] [stderr]    8      - }∅
[INFO] [stderr] stderr:
[INFO] [stderr] $ nix flake prefetch --experimental-features 'nix-command flakes' --json git+https://gitlab.com/librewolf-community/browser/source?ref=refs/tags/100.0-1&submodules=1
[INFO] [stderr] $ nix flake prefetch --experimental-features 'nix-command flakes' --json git+https://gitlab.com/librewolf-community/browser/source?ref=100.0-1&submodules=1
[INFO] [stderr] Error: No such file or directory (os error 2)
[INFO] [stderr] 
[INFO] [stderr] Testing tests/cmd/submodules/git.toml ... failed
[INFO] [stderr] Expected success, was 1
[INFO] [stderr] 
[INFO] [stderr] ---- expected: stdout
[INFO] [stderr] ++++ actual:   stdout
[INFO] [stderr]    1      - fetchgit {
[INFO] [stderr]    2      -   url = "https://github.com/Koihik/LuaFormatter";
[INFO] [stderr]    3      -   rev = "1.3.0";
[INFO] [stderr]    4      -   hash = "sha256-O42sNIFDi2Dv6KWkBynrR60RABCAitSVTp42W6w0tcg=";
[INFO] [stderr]    5      - }∅
[INFO] [stderr] stderr:
[INFO] [stderr] $ nix flake prefetch --experimental-features 'nix-command flakes' --json git+https://github.com/Koihik/LuaFormatter?ref=refs/tags/1.3.0&submodules=1
[INFO] [stderr] $ nix flake prefetch --experimental-features 'nix-command flakes' --json git+https://github.com/Koihik/LuaFormatter?ref=1.3.0&submodules=1
[INFO] [stderr] Error: No such file or directory (os error 2)
[INFO] [stderr] 
[INFO] [stderr] Testing tests/cmd/submodules/sourcehut.toml ... failed
[INFO] [stderr] Expected success, was 1
[INFO] [stderr] 
[INFO] [stderr] ---- expected: stdout
[INFO] [stderr] ++++ actual:   stdout
[INFO] [stderr]    1      - fetchFromSourcehut {
[INFO] [stderr]    2      -   owner = "~cnx";
[INFO] [stderr]    3      -   repo = "blackshades";
[INFO] [stderr]    4      -   rev = "2.4.0";
[INFO] [stderr]    5      -   hash = "sha256-owsP50zYFV1Z+c0bSUaHmnvH+BywfJSp7oSk3ys/+GM=";
[INFO] [stderr]    6      -   fetchSubmodules = true;
[INFO] [stderr]    7      - }∅
[INFO] [stderr] stderr:
[INFO] [stderr] $ nix flake prefetch --experimental-features 'nix-command flakes' --json git+https://git.sr.ht/~cnx/blackshades?ref=refs/tags/2.4.0&submodules=1
[INFO] [stderr] $ nix flake prefetch --experimental-features 'nix-command flakes' --json git+https://git.sr.ht/~cnx/blackshades?ref=2.4.0&submodules=1
[INFO] [stderr] Error: No such file or directory (os error 2)
[INFO] [stderr] 
[INFO] [stderr] Testing tests/cmd/submodules/github.toml ... failed
[INFO] [stderr] Expected success, was 1
[INFO] [stderr] stdout:
[INFO] [stderr] 
[INFO] [stderr] stderr:
[INFO] [stderr] $ nix flake prefetch --experimental-features 'nix-command flakes' --json git+https://github.com/Koihik/LuaFormatter?ref=refs/tags/1.3.0&submodules=1
[INFO] [stderr] $ nix flake prefetch --experimental-features 'nix-command flakes' --json git+https://github.com/Koihik/LuaFormatter?ref=1.3.0&submodules=1
[INFO] [stderr] Error: No such file or directory (os error 2)
[INFO] [stderr] 
[INFO] [stderr] Testing tests/cmd/fetcher/git/scheme.toml ... failed
[INFO] [stderr] Expected success, was 1
[INFO] [stderr] 
[INFO] [stderr] ---- expected: stdout
[INFO] [stderr] ++++ actual:   stdout
[INFO] [stderr]    1      - fetchgit {
[INFO] [stderr]    2      -   url = "git://git.kernel.org/pub/scm/linux/kernel/git/jejb/efitools.git";
[INFO] [stderr]    3      -   rev = "v1.9.0";
[INFO] [stderr]    4      -   hash = "sha256-W38CWoPnkt0+VkVp+uW+sjWjo6MXYq2eTXRxWKyQph8=";
[INFO] [stderr]    5      - }∅
[INFO] [stderr] stderr:
[INFO] [stderr] $ nix flake prefetch --experimental-features 'nix-command flakes' --json git://git.kernel.org/pub/scm/linux/kernel/git/jejb/efitools.git?ref=refs/tags/v1.9.0&submodules=1
[INFO] [stderr] $ nix flake prefetch --experimental-features 'nix-command flakes' --json git://git.kernel.org/pub/scm/linux/kernel/git/jejb/efitools.git?ref=v1.9.0&submodules=1
[INFO] [stderr] Error: No such file or directory (os error 2)
[INFO] [stderr] 
[INFO] [stderr] Testing tests/cmd/submodules/hg.toml ... failed
[INFO] [stderr] Expected success, was 1
[INFO] [stderr] 
[INFO] [stderr] ---- expected: stdout
[INFO] [stderr] ++++ actual:   stdout
[INFO] [stderr]    1      - fetchhg {
[INFO] [stderr]    2      -   url = "http://www.octave.org/hg/octave";
[INFO] [stderr]    3      -   rev = "release-7-1-0";
[INFO] [stderr]    4      -   sha256 = "sha256-zNpgpPPGAoIpSIRx39wJpEyLbxjJBsnFjUy47hGiZLs=";
[INFO] [stderr]    5      -   fetchSubrepos = true;
[INFO] [stderr]    6      - }∅
[INFO] [stderr] stderr:
[INFO] [stderr] $ nix flake prefetch --experimental-features 'nix-command flakes' --json hg+http://www.octave.org/hg/octave?ref=release-7-1-0&submodules=1
[INFO] [stderr] Error: No such file or directory (os error 2)
[INFO] [stderr] 
[INFO] [stderr] Testing tests/cmd/submodules/gitea.toml ... failed
[INFO] [stderr] Expected success, was 1
[INFO] [stderr] 
[INFO] [stderr] ---- expected: stdout
[INFO] [stderr] ++++ actual:   stdout
[INFO] [stderr]    1      - fetchFromGitea {
[INFO] [stderr]    2      -   domain = "repo.palemoon.org";
[INFO] [stderr]    3      -   owner = "MoonchildProductions";
[INFO] [stderr]    4      -   repo = "Pale-Moon";
[INFO] [stderr]    5      -   rev = "31.0.0_Release";
[INFO] [stderr]    6      -   hash = "sha256-fIQAQCtjA/9Otft3e9Z4xWgE09sqsdArYQtZqmEgfTc=";
[INFO] [stderr]    7      -   fetchSubmodules = true;
[INFO] [stderr]    8      - }∅
[INFO] [stderr] stderr:
[INFO] [stderr] $ nix flake prefetch --experimental-features 'nix-command flakes' --json git+https://repo.palemoon.org/MoonchildProductions/Pale-Moon?ref=refs/tags/31.0.0_Release&submodules=1
[INFO] [stderr] $ nix flake prefetch --experimental-features 'nix-command flakes' --json git+https://repo.palemoon.org/MoonchildProductions/Pale-Moon?ref=31.0.0_Release&submodules=1
[INFO] [stderr] Error: No such file or directory (os error 2)
[INFO] [stderr] 
[INFO] [stderr] Testing tests/cmd/submodules/false.toml ... failed
[INFO] [stderr] Expected success, was 1
[INFO] [stderr] 
[INFO] [stderr] ---- expected: stdout
[INFO] [stderr] ++++ actual:   stdout
[INFO] [stderr]    1      - fetchgit {
[INFO] [stderr]    2      -   url = "https://github.com/Koihik/LuaFormatter";
[INFO] [stderr]    3      -   rev = "1.3.0";
[INFO] [stderr]    4      -   hash = "sha256-UrADnTFH8y1rqA2LytSK9HkIQdxOIrY4CwqfL139Oag=";
[INFO] [stderr]    5      -   fetchSubmodules = false;
[INFO] [stderr]    6      - }∅
[INFO] [stderr] stderr:
[INFO] [stderr] $ nix flake prefetch --experimental-features 'nix-command flakes' --json git+https://github.com/Koihik/LuaFormatter?ref=refs/tags/1.3.0
[INFO] [stderr] $ nix flake prefetch --experimental-features 'nix-command flakes' --json git+https://github.com/Koihik/LuaFormatter?ref=1.3.0
[INFO] [stderr] Error: No such file or directory (os error 2)
[INFO] [stderr] 
[INFO] [stderr] Testing tests/cmd/submodules/json.toml ... failed
[INFO] [stderr] Expected success, was 1
[INFO] [stderr] 
[INFO] [stderr] ---- expected: stdout
[INFO] [stderr] ++++ actual:   stdout
[INFO] [stderr]    1      - {"args":{"fetchSubmodules":true,"hash":"sha256-O42sNIFDi2Dv6KWkBynrR60RABCAitSVTp42W6w0tcg=","owner":"Koihik","repo":"LuaFormatter","rev":"1.3.0"},"fetcher":"fetchFromGitHub"}∅
[INFO] [stderr] stderr:
[INFO] [stderr] $ nix flake prefetch --experimental-features 'nix-command flakes' --json git+https://github.com/Koihik/LuaFormatter?ref=refs/tags/1.3.0&submodules=1
[INFO] [stderr] $ nix flake prefetch --experimental-features 'nix-command flakes' --json git+https://github.com/Koihik/LuaFormatter?ref=1.3.0&submodules=1
[INFO] [stderr] Error: No such file or directory (os error 2)
[INFO] [stderr] 
[INFO] [stderr] Testing tests/cmd/submodules/unsupported.toml ... failed
[INFO] [stderr] Expected success, was 1
[INFO] [stderr] 
[INFO] [stderr] ---- expected: stdout
[INFO] [stderr] ++++ actual:   stdout
[INFO] [stderr]    1      - fetchCrate {
[INFO] [stderr]    2      -   pname = "nurl";
[INFO] [stderr]    3      -   version = "0.3.0";
[INFO] [stderr]    4      -   hash = "sha256-B6T4DEhE2Jq3YSL+b//27gRkQlvqhynSMBCGdYD5Gog=";
[INFO] [stderr]    5      - }∅
[INFO] [stderr] stderr:
[INFO] [stderr] $ nix-prefetch-url --unpack https://crates.io/api/v1/crates/nurl/0.3.0/download
[INFO] [stderr] Error: No such file or directory (os error 2)
[INFO] [stderr] 
[INFO] [stderr] Testing tests/cmd/submodules/true.toml ... failed
[INFO] [stderr] Expected success, was 1
[INFO] [stderr] 
[INFO] [stderr] ---- expected: stdout
[INFO] [stderr] ++++ actual:   stdout
[INFO] [stderr]    1      - fetchFromGitHub {
[INFO] [stderr]    2      -   owner = "Koihik";
[INFO] [stderr]    3      -   repo = "LuaFormatter";
[INFO] [stderr]    4      -   rev = "1.3.0";
[INFO] [stderr]    5      -   hash = "sha256-O42sNIFDi2Dv6KWkBynrR60RABCAitSVTp42W6w0tcg=";
[INFO] [stderr]    6      -   fetchSubmodules = true;
[INFO] [stderr]    7      - }∅
[INFO] [stderr] stderr:
[INFO] [stderr] $ nix flake prefetch --experimental-features 'nix-command flakes' --json git+https://github.com/Koihik/LuaFormatter?ref=refs/tags/1.3.0&submodules=1
[INFO] [stderr] $ nix flake prefetch --experimental-features 'nix-command flakes' --json git+https://github.com/Koihik/LuaFormatter?ref=1.3.0&submodules=1
[INFO] [stderr] Error: No such file or directory (os error 2)
[INFO] [stderr] 
[INFO] [stderr] Testing tests/cmd/json.toml ... failed
[INFO] [stderr] Expected success, was 1
[INFO] [stderr] 
[INFO] [stderr] ---- expected: stdout
[INFO] [stderr] ++++ actual:   stdout
[INFO] [stderr]    1      - {"args":{"hash":"sha256-jZ+cCp1THDhfHH5yMmRPjGuthOqsgcF/3OjZ61FMdA4=","owner":"nix-community","repo":"nurl","rev":"v0.3.0"},"fetcher":"fetchFromGitHub"}∅
[INFO] [stderr] stderr:
[INFO] [stderr] $ nix flake prefetch --experimental-features 'nix-command flakes' --json github:nix-community/nurl/v0.3.0
[INFO] [stderr] Error: No such file or directory (os error 2)
[INFO] [stderr] 
[INFO] [stderr] Testing tests/cmd/fetcher/bitbucket.toml ... failed
[INFO] [stderr] Expected success, was 1
[INFO] [stderr] 
[INFO] [stderr] ---- expected: stdout
[INFO] [stderr] ++++ actual:   stdout
[INFO] [stderr]    1      - fetchFromBitbucket {
[INFO] [stderr]    2      -   owner = "asbuch";
[INFO] [stderr]    3      -   repo = "lrcalc";
[INFO] [stderr]    4      -   rev = "lrcalc-2.0";
[INFO] [stderr]    5      -   hash = "sha256-9u2tNAp1DDPHu7FtFZWDrVkqCeFCyz0RI8oXmmSwj5I=";
[INFO] [stderr]    6      - }∅
[INFO] [stderr] stderr:
[INFO] [stderr] $ nix-prefetch-url --unpack https://bitbucket.org/asbuch/lrcalc/get/lrcalc-2.0.tar.gz
[INFO] [stderr] Error: No such file or directory (os error 2)
[INFO] [stderr] 
[INFO] [stderr] Testing tests/cmd/submodules/builtin_git.toml ... ok
[INFO] [stderr] Testing tests/cmd/fetcher/repo_or_cz.toml ... failed
[INFO] [stderr] Expected success, was 1
[INFO] [stderr] 
[INFO] [stderr] ---- expected: stdout
[INFO] [stderr] ++++ actual:   stdout
[INFO] [stderr]    1      - fetchFromRepoOrCz {
[INFO] [stderr]    2      -   repo = "tinycc";
[INFO] [stderr]    3      -   rev = "release_0_9_27";
[INFO] [stderr]    4      -   hash = "sha256-5yRaB/gxk1Gm/rukAe0pm1PEl5NdieVFngp87jENtYo=";
[INFO] [stderr]    5      - }∅
[INFO] [stderr] stderr:
[INFO] [stderr] $ nix-prefetch-url --unpack https://repo.or.cz/tinycc.git/snapshot/release_0_9_27.tar.gz
[INFO] [stderr] Error: No such file or directory (os error 2)
[INFO] [stderr] 
[INFO] [stderr] Testing tests/cmd/overwrite.toml ... failed
[INFO] [stderr] Expected success, was 1
[INFO] [stderr] 
[INFO] [stderr] ---- expected: stdout
[INFO] [stderr] ++++ actual:   stdout
[INFO] [stderr]    1      - fetchFromGitHub {
[INFO] [stderr]    2      -   owner = "nix-community";
[INFO] [stderr]    3      -   repo = pname;
[INFO] [stderr]    4      -   rev = "v0.3.0";
[INFO] [stderr]    5      -   hash = "sha256-jZ+cCp1THDhfHH5yMmRPjGuthOqsgcF/3OjZ61FMdA4=";
[INFO] [stderr]    6      - }∅
[INFO] [stderr] stderr:
[INFO] [stderr] $ nix flake prefetch --experimental-features 'nix-command flakes' --json github:nix-community/nurl/v0.3.0
[INFO] [stderr] Error: No such file or directory (os error 2)
[INFO] [stderr] 
[INFO] [stderr] Testing tests/cmd/indent.toml ... failed
[INFO] [stderr] Expected success, was 1
[INFO] [stderr] 
[INFO] [stderr] ---- expected: stdout
[INFO] [stderr] ++++ actual:   stdout
[INFO] [stderr]    1      - fetchFromGitHub {
[INFO] [stderr]    2      -     owner = "nix-community";
[INFO] [stderr]    3      -     repo = "nurl";
[INFO] [stderr]    4      -     rev = "v0.3.0";
[INFO] [stderr]    5      -     hash = "sha256-jZ+cCp1THDhfHH5yMmRPjGuthOqsgcF/3OjZ61FMdA4=";
[INFO] [stderr]    6      -   }∅
[INFO] [stderr] stderr:
[INFO] [stderr] $ nix flake prefetch --experimental-features 'nix-command flakes' --json github:nix-community/nurl/v0.3.0
[INFO] [stderr] Error: No such file or directory (os error 2)
[INFO] [stderr] 
[INFO] [stderr] Update snapshots with `TRYCMD=overwrite`
[INFO] [stderr] Debug output with `TRYCMD=dump`
[INFO] [stdout] test verify_outputs ... FAILED
[INFO] [stdout] test integration ... FAILED
[INFO] [stdout] 
[INFO] [stdout] failures:
[INFO] [stdout] 
[INFO] [stdout] ---- verify_outputs stdout ----
[INFO] [stdout] testing tests/cmd/arg.stdout
[INFO] [stdout] thread 'verify_outputs' panicked at /opt/rustwide/cargo-home/registry/src/index.crates.io-6f17d22bba15001f/assert_cmd-2.0.8/src/output.rs:65:25:
[INFO] [stdout] No such file or directory (os error 2)
[INFO] [stdout] stack backtrace:
[INFO] [stdout]    0:     0x5582c1ec4a3c - std::backtrace_rs::backtrace::libunwind::trace::ha637c64ce894333a
[INFO] [stdout]                                at /rustc/82e1608dfa6e0b5569232559e3d385fea5a93112/library/std/src/../../backtrace/src/backtrace/libunwind.rs:104:5
[INFO] [stdout]    1:     0x5582c1ec4a3c - std::backtrace_rs::backtrace::trace_unsynchronized::h47f62dea28e0c88d
[INFO] [stdout]                                at /rustc/82e1608dfa6e0b5569232559e3d385fea5a93112/library/std/src/../../backtrace/src/backtrace/mod.rs:66:5
[INFO] [stdout]    2:     0x5582c1ec4a3c - std::sys_common::backtrace::_print_fmt::h9eef0abe20ede486
[INFO] [stdout]                                at /rustc/82e1608dfa6e0b5569232559e3d385fea5a93112/library/std/src/sys_common/backtrace.rs:67:5
[INFO] [stdout]    3:     0x5582c1ec4a3c - <std::sys_common::backtrace::_print::DisplayBacktrace as core::fmt::Display>::fmt::hed7f999df88cc644
[INFO] [stdout]                                at /rustc/82e1608dfa6e0b5569232559e3d385fea5a93112/library/std/src/sys_common/backtrace.rs:44:22
[INFO] [stdout]    4:     0x5582c1ef2ac0 - core::fmt::rt::Argument::fmt::h1539a9308b8d058d
[INFO] [stdout]                                at /rustc/82e1608dfa6e0b5569232559e3d385fea5a93112/library/core/src/fmt/rt.rs:142:9
[INFO] [stdout]    5:     0x5582c1ef2ac0 - core::fmt::write::h3a39390d8560d9c9
[INFO] [stdout]                                at /rustc/82e1608dfa6e0b5569232559e3d385fea5a93112/library/core/src/fmt/mod.rs:1120:17
[INFO] [stdout]    6:     0x5582c1ec152f - std::io::Write::write_fmt::h040b369f3a0f9cbc
[INFO] [stdout]                                at /rustc/82e1608dfa6e0b5569232559e3d385fea5a93112/library/std/src/io/mod.rs:1762:15
[INFO] [stdout]    7:     0x5582c1ec4824 - std::sys_common::backtrace::_print::h894006fb5c6f3d45
[INFO] [stdout]                                at /rustc/82e1608dfa6e0b5569232559e3d385fea5a93112/library/std/src/sys_common/backtrace.rs:47:5
[INFO] [stdout]    8:     0x5582c1ec4824 - std::sys_common::backtrace::print::h23a2d212c6fff936
[INFO] [stdout]                                at /rustc/82e1608dfa6e0b5569232559e3d385fea5a93112/library/std/src/sys_common/backtrace.rs:34:9
[INFO] [stdout]    9:     0x5582c1ec6b87 - std::panicking::default_hook::{{closure}}::h8a1d2ee00185001a
[INFO] [stdout]   10:     0x5582c1ec6873 - std::panicking::default_hook::h6038f2eba384e475
[INFO] [stdout]                                at /rustc/82e1608dfa6e0b5569232559e3d385fea5a93112/library/std/src/panicking.rs:289:9
[INFO] [stdout]   11:     0x5582c1b54087 - <alloc::boxed::Box<F,A> as core::ops::function::Fn<Args>>::call::h0ad024c9bdc6d768
[INFO] [stdout]                                at /rustc/82e1608dfa6e0b5569232559e3d385fea5a93112/library/alloc/src/boxed.rs:2021:9
[INFO] [stdout]   12:     0x5582c1b54087 - test::test_main::{{closure}}::h7500b54257359db6
[INFO] [stdout]                                at /rustc/82e1608dfa6e0b5569232559e3d385fea5a93112/library/test/src/lib.rs:138:21
[INFO] [stdout]   13:     0x5582c1ec7198 - <alloc::boxed::Box<F,A> as core::ops::function::Fn<Args>>::call::h1f8f335eaa9cfaee
[INFO] [stdout]                                at /rustc/82e1608dfa6e0b5569232559e3d385fea5a93112/library/alloc/src/boxed.rs:2021:9
[INFO] [stdout]   14:     0x5582c1ec7198 - std::panicking::rust_panic_with_hook::h2b5517d590cab22e
[INFO] [stdout]                                at /rustc/82e1608dfa6e0b5569232559e3d385fea5a93112/library/std/src/panicking.rs:783:13
[INFO] [stdout]   15:     0x5582c1ec6eee - std::panicking::begin_panic_handler::{{closure}}::h233112c06e0ef43e
[INFO] [stdout]                                at /rustc/82e1608dfa6e0b5569232559e3d385fea5a93112/library/std/src/panicking.rs:657:13
[INFO] [stdout]   16:     0x5582c1ec4f06 - std::sys_common::backtrace::__rust_end_short_backtrace::h6e893f24d7ebbff8
[INFO] [stdout]                                at /rustc/82e1608dfa6e0b5569232559e3d385fea5a93112/library/std/src/sys_common/backtrace.rs:170:18
[INFO] [stdout]   17:     0x5582c1ec6c52 - rust_begin_unwind
[INFO] [stdout]                                at /rustc/82e1608dfa6e0b5569232559e3d385fea5a93112/library/std/src/panicking.rs:645:5
[INFO] [stdout]   18:     0x5582c1b1d8b5 - core::panicking::panic_fmt::hbf0e066aabfa482c
[INFO] [stdout]                                at /rustc/82e1608dfa6e0b5569232559e3d385fea5a93112/library/core/src/panicking.rs:72:14
[INFO] [stdout]   19:     0x5582c1e7bc6f - core::panicking::panic_display::h512ec5b80decdf98
[INFO] [stdout]                                at /rustc/82e1608dfa6e0b5569232559e3d385fea5a93112/library/core/src/panicking.rs:178:5
[INFO] [stdout]   20:     0x5582c1e8127e - assert_cmd::output::OutputOkExt::unwrap::panic_cold_display::h427c84526dbd98bc
[INFO] [stdout]                                at /rustc/82e1608dfa6e0b5569232559e3d385fea5a93112/library/core/src/panic.rs:99:13
[INFO] [stdout]   21:     0x5582c1e76972 - assert_cmd::output::OutputOkExt::unwrap::h6acc66e7b98ea1d2
[INFO] [stdout]                                at /opt/rustwide/cargo-home/registry/src/index.crates.io-6f17d22bba15001f/assert_cmd-2.0.8/src/output.rs:65:25
[INFO] [stdout]   22:     0x5582c1e755f7 - assert_cmd::cmd::Command::unwrap::h057dc99d2f1d1303
[INFO] [stdout]                                at /opt/rustwide/cargo-home/registry/src/index.crates.io-6f17d22bba15001f/assert_cmd-2.0.8/src/cmd.rs:152:9
[INFO] [stdout]   23:     0x5582c1b20550 - integration::verify_outputs::h809634d9a147149b
[INFO] [stdout]                                at /opt/rustwide/workdir/tests/integration.rs:45:9
[INFO] [stdout]   24:     0x5582c1b1fe17 - integration::verify_outputs::{{closure}}::hf70d543cb84f91ce
[INFO] [stdout]                                at /opt/rustwide/workdir/tests/integration.rs:15:20
[INFO] [stdout]   25:     0x5582c1b1e916 - core::ops::function::FnOnce::call_once::hb9afaf811e18140a
[INFO] [stdout]                                at /rustc/82e1608dfa6e0b5569232559e3d385fea5a93112/library/core/src/ops/function.rs:250:5
[INFO] [stdout]   26:     0x5582c1b596df - core::ops::function::FnOnce::call_once::h2b5d431d5046312d
[INFO] [stdout]                                at /rustc/82e1608dfa6e0b5569232559e3d385fea5a93112/library/core/src/ops/function.rs:250:5
[INFO] [stdout]   27:     0x5582c1b596df - test::__rust_begin_short_backtrace::h7714669af176e207
[INFO] [stdout]                                at /rustc/82e1608dfa6e0b5569232559e3d385fea5a93112/library/test/src/lib.rs:628:18
[INFO] [stdout]   28:     0x5582c1b586f5 - test::run_test_in_process::{{closure}}::h85218797dcbcec12
[INFO] [stdout]                                at /rustc/82e1608dfa6e0b5569232559e3d385fea5a93112/library/test/src/lib.rs:651:60
[INFO] [stdout]   29:     0x5582c1b586f5 - <core::panic::unwind_safe::AssertUnwindSafe<F> as core::ops::function::FnOnce<()>>::call_once::h76c106ea31c14d7b
[INFO] [stdout]                                at /rustc/82e1608dfa6e0b5569232559e3d385fea5a93112/library/core/src/panic/unwind_safe.rs:272:9
[INFO] [stdout]   30:     0x5582c1b586f5 - std::panicking::try::do_call::h3bd5d0f6620ee946
[INFO] [stdout]                                at /rustc/82e1608dfa6e0b5569232559e3d385fea5a93112/library/std/src/panicking.rs:552:40
[INFO] [stdout]   31:     0x5582c1b586f5 - std::panicking::try::h232e535e4744fe31
[INFO] [stdout]                                at /rustc/82e1608dfa6e0b5569232559e3d385fea5a93112/library/std/src/panicking.rs:516:19
[INFO] [stdout]   32:     0x5582c1b586f5 - std::panic::catch_unwind::h3ce3bd6ca8dbac68
[INFO] [stdout]                                at /rustc/82e1608dfa6e0b5569232559e3d385fea5a93112/library/std/src/panic.rs:142:14
[INFO] [stdout]   33:     0x5582c1b586f5 - test::run_test_in_process::hc97b257c9621286a
[INFO] [stdout]                                at /rustc/82e1608dfa6e0b5569232559e3d385fea5a93112/library/test/src/lib.rs:651:27
[INFO] [stdout]   34:     0x5582c1b586f5 - test::run_test::{{closure}}::h2aa798823a438d38
[INFO] [stdout]                                at /rustc/82e1608dfa6e0b5569232559e3d385fea5a93112/library/test/src/lib.rs:574:43
[INFO] [stdout]   35:     0x5582c1b209b6 - test::run_test::{{closure}}::h87d231c78fb59832
[INFO] [stdout]                                at /rustc/82e1608dfa6e0b5569232559e3d385fea5a93112/library/test/src/lib.rs:602:41
[INFO] [stdout]   36:     0x5582c1b209b6 - std::sys_common::backtrace::__rust_begin_short_backtrace::he6df152596625789
[INFO] [stdout]                                at /rustc/82e1608dfa6e0b5569232559e3d385fea5a93112/library/std/src/sys_common/backtrace.rs:154:18
[INFO] [stdout]   37:     0x5582c1b25a67 - std::thread::Builder::spawn_unchecked_::{{closure}}::{{closure}}::ha94be15d1e0acf36
[INFO] [stdout]                                at /rustc/82e1608dfa6e0b5569232559e3d385fea5a93112/library/std/src/thread/mod.rs:529:17
[INFO] [stdout]   38:     0x5582c1b25a67 - <core::panic::unwind_safe::AssertUnwindSafe<F> as core::ops::function::FnOnce<()>>::call_once::h9dc6bd6372f16606
[INFO] [stdout]                                at /rustc/82e1608dfa6e0b5569232559e3d385fea5a93112/library/core/src/panic/unwind_safe.rs:272:9
[INFO] [stdout]   39:     0x5582c1b25a67 - std::panicking::try::do_call::h9057517f80303cd4
[INFO] [stdout]                                at /rustc/82e1608dfa6e0b5569232559e3d385fea5a93112/library/std/src/panicking.rs:552:40
[INFO] [stdout]   40:     0x5582c1b25a67 - std::panicking::try::he3a30b11ee45340c
[INFO] [stdout]                                at /rustc/82e1608dfa6e0b5569232559e3d385fea5a93112/library/std/src/panicking.rs:516:19
[INFO] [stdout]   41:     0x5582c1b25a67 - std::panic::catch_unwind::h410458cfd3528b8b
[INFO] [stdout]                                at /rustc/82e1608dfa6e0b5569232559e3d385fea5a93112/library/std/src/panic.rs:142:14
[INFO] [stdout]   42:     0x5582c1b25a67 - std::thread::Builder::spawn_unchecked_::{{closure}}::h72ac3bdb567b737b
[INFO] [stdout]                                at /rustc/82e1608dfa6e0b5569232559e3d385fea5a93112/library/std/src/thread/mod.rs:528:30
[INFO] [stdout]   43:     0x5582c1b25a67 - core::ops::function::FnOnce::call_once{{vtable.shim}}::h38f34da3654a8344
[INFO] [stdout]                                at /rustc/82e1608dfa6e0b5569232559e3d385fea5a93112/library/core/src/ops/function.rs:250:5
[INFO] [stdout]   44:     0x5582c1ecdec5 - <alloc::boxed::Box<F,A> as core::ops::function::FnOnce<Args>>::call_once::hc7eafaff61e32df9
[INFO] [stdout]                                at /rustc/82e1608dfa6e0b5569232559e3d385fea5a93112/library/alloc/src/boxed.rs:2007:9
[INFO] [stdout]   45:     0x5582c1ecdec5 - <alloc::boxed::Box<F,A> as core::ops::function::FnOnce<Args>>::call_once::h6ba4a5de48dd2304
[INFO] [stdout]                                at /rustc/82e1608dfa6e0b5569232559e3d385fea5a93112/library/alloc/src/boxed.rs:2007:9
[INFO] [stdout]   46:     0x5582c1ecdec5 - std::sys::unix::thread::Thread::new::thread_start::he469335aef763e45
[INFO] [stdout]                                at /rustc/82e1608dfa6e0b5569232559e3d385fea5a93112/library/std/src/sys/unix/thread.rs:108:17
[INFO] [stdout]   47:     0x7f45820e1ac3 - <unknown>
[INFO] [stdout]   48:     0x7f4582172bf4 - __clone
[INFO] [stdout]   49:                0x0 - <unknown>
[INFO] [stdout] 
[INFO] [stdout] ---- integration stdout ----
[INFO] [stdout] thread 'integration' panicked at /opt/rustwide/cargo-home/registry/src/index.crates.io-6f17d22bba15001f/trycmd-0.14.11/src/runner.rs:93:17:
[INFO] [stdout] 39 of 42 tests failed
[INFO] [stdout] stack backtrace:
[INFO] [stdout]    0:     0x5582c1ec4a3c - std::backtrace_rs::backtrace::libunwind::trace::ha637c64ce894333a
[INFO] [stdout]                                at /rustc/82e1608dfa6e0b5569232559e3d385fea5a93112/library/std/src/../../backtrace/src/backtrace/libunwind.rs:104:5
[INFO] [stdout]    1:     0x5582c1ec4a3c - std::backtrace_rs::backtrace::trace_unsynchronized::h47f62dea28e0c88d
[INFO] [stdout]                                at /rustc/82e1608dfa6e0b5569232559e3d385fea5a93112/library/std/src/../../backtrace/src/backtrace/mod.rs:66:5
[INFO] [stdout]    2:     0x5582c1ec4a3c - std::sys_common::backtrace::_print_fmt::h9eef0abe20ede486
[INFO] [stdout]                                at /rustc/82e1608dfa6e0b5569232559e3d385fea5a93112/library/std/src/sys_common/backtrace.rs:67:5
[INFO] [stdout]    3:     0x5582c1ec4a3c - <std::sys_common::backtrace::_print::DisplayBacktrace as core::fmt::Display>::fmt::hed7f999df88cc644
[INFO] [stdout]                                at /rustc/82e1608dfa6e0b5569232559e3d385fea5a93112/library/std/src/sys_common/backtrace.rs:44:22
[INFO] [stdout]    4:     0x5582c1ef2ac0 - core::fmt::rt::Argument::fmt::h1539a9308b8d058d
[INFO] [stdout]                                at /rustc/82e1608dfa6e0b5569232559e3d385fea5a93112/library/core/src/fmt/rt.rs:142:9
[INFO] [stdout]    5:     0x5582c1ef2ac0 - core::fmt::write::h3a39390d8560d9c9
[INFO] [stdout]                                at /rustc/82e1608dfa6e0b5569232559e3d385fea5a93112/library/core/src/fmt/mod.rs:1120:17
[INFO] [stdout]    6:     0x5582c1ec152f - std::io::Write::write_fmt::h040b369f3a0f9cbc
[INFO] [stdout]                                at /rustc/82e1608dfa6e0b5569232559e3d385fea5a93112/library/std/src/io/mod.rs:1762:15
[INFO] [stdout]    7:     0x5582c1ec4824 - std::sys_common::backtrace::_print::h894006fb5c6f3d45
[INFO] [stdout]                                at /rustc/82e1608dfa6e0b5569232559e3d385fea5a93112/library/std/src/sys_common/backtrace.rs:47:5
[INFO] [stdout]    8:     0x5582c1ec4824 - std::sys_common::backtrace::print::h23a2d212c6fff936
[INFO] [stdout]                                at /rustc/82e1608dfa6e0b5569232559e3d385fea5a93112/library/std/src/sys_common/backtrace.rs:34:9
[INFO] [stdout]    9:     0x5582c1ec6b87 - std::panicking::default_hook::{{closure}}::h8a1d2ee00185001a
[INFO] [stdout]   10:     0x5582c1ec6873 - std::panicking::default_hook::h6038f2eba384e475
[INFO] [stdout]                                at /rustc/82e1608dfa6e0b5569232559e3d385fea5a93112/library/std/src/panicking.rs:289:9
[INFO] [stdout]   11:     0x5582c1b54087 - <alloc::boxed::Box<F,A> as core::ops::function::Fn<Args>>::call::h0ad024c9bdc6d768
[INFO] [stdout]                                at /rustc/82e1608dfa6e0b5569232559e3d385fea5a93112/library/alloc/src/boxed.rs:2021:9
[INFO] [stdout]   12:     0x5582c1b54087 - test::test_main::{{closure}}::h7500b54257359db6
[INFO] [stdout]                                at /rustc/82e1608dfa6e0b5569232559e3d385fea5a93112/library/test/src/lib.rs:138:21
[INFO] [stdout]   13:     0x5582c1ec7198 - <alloc::boxed::Box<F,A> as core::ops::function::Fn<Args>>::call::h1f8f335eaa9cfaee
[INFO] [stdout]                                at /rustc/82e1608dfa6e0b5569232559e3d385fea5a93112/library/alloc/src/boxed.rs:2021:9
[INFO] [stdout]   14:     0x5582c1ec7198 - std::panicking::rust_panic_with_hook::h2b5517d590cab22e
[INFO] [stdout]                                at /rustc/82e1608dfa6e0b5569232559e3d385fea5a93112/library/std/src/panicking.rs:783:13
[INFO] [stdout]   15:     0x5582c1ec6eee - std::panicking::begin_panic_handler::{{closure}}::h233112c06e0ef43e
[INFO] [stdout]                                at /rustc/82e1608dfa6e0b5569232559e3d385fea5a93112/library/std/src/panicking.rs:657:13
[INFO] [stdout]   16:     0x5582c1ec4f06 - std::sys_common::backtrace::__rust_end_short_backtrace::h6e893f24d7ebbff8
[INFO] [stdout]                                at /rustc/82e1608dfa6e0b5569232559e3d385fea5a93112/library/std/src/sys_common/backtrace.rs:170:18
[INFO] [stdout]   17:     0x5582c1ec6c52 - rust_begin_unwind
[INFO] [stdout]                                at /rustc/82e1608dfa6e0b5569232559e3d385fea5a93112/library/std/src/panicking.rs:645:5
[INFO] [stdout]   18:     0x5582c1b1d8b5 - core::panicking::panic_fmt::hbf0e066aabfa482c
[INFO] [stdout]                                at /rustc/82e1608dfa6e0b5569232559e3d385fea5a93112/library/core/src/panicking.rs:72:14
[INFO] [stdout]   19:     0x5582c1bb8a0b - trycmd::runner::Runner::run::hed5d5b65111d1e75
[INFO] [stdout]                                at /opt/rustwide/cargo-home/registry/src/index.crates.io-6f17d22bba15001f/trycmd-0.14.11/src/runner.rs:93:17
[INFO] [stdout]   20:     0x5582c1b66763 - trycmd::cases::TestCases::run::h3ab4afb1dbdad9e0
[INFO] [stdout]                                at /opt/rustwide/cargo-home/registry/src/index.crates.io-6f17d22bba15001f/trycmd-0.14.11/src/cases.rs:165:9
[INFO] [stdout]   21:     0x5582c1b6680a - <trycmd::cases::TestCases as core::ops::drop::Drop>::drop::h11e108bf4d96dae4
[INFO] [stdout]                                at /opt/rustwide/cargo-home/registry/src/index.crates.io-6f17d22bba15001f/trycmd-0.14.11/src/cases.rs:175:13
[INFO] [stdout]   22:     0x5582c1bca887 - core::ptr::drop_in_place<trycmd::cases::TestCases>::h5fc0119f6fe981f9
[INFO] [stdout]                                at /rustc/82e1608dfa6e0b5569232559e3d385fea5a93112/library/core/src/ptr/mod.rs:498:1
[INFO] [stdout]   23:     0x5582c1b1fdde - integration::integration::h49047d7a76b84d96
[INFO] [stdout]                                at /opt/rustwide/workdir/tests/integration.rs:11:37
[INFO] [stdout]   24:     0x5582c1b1fd47 - integration::integration::{{closure}}::h441104155bd8c11e
[INFO] [stdout]                                at /opt/rustwide/workdir/tests/integration.rs:8:17
[INFO] [stdout]   25:     0x5582c1b1e886 - core::ops::function::FnOnce::call_once::h09afae293e16cf0d
[INFO] [stdout]                                at /rustc/82e1608dfa6e0b5569232559e3d385fea5a93112/library/core/src/ops/function.rs:250:5
[INFO] [stdout]   26:     0x5582c1b596df - core::ops::function::FnOnce::call_once::h2b5d431d5046312d
[INFO] [stdout]                                at /rustc/82e1608dfa6e0b5569232559e3d385fea5a93112/library/core/src/ops/function.rs:250:5
[INFO] [stdout]   27:     0x5582c1b596df - test::__rust_begin_short_backtrace::h7714669af176e207
[INFO] [stdout]                                at /rustc/82e1608dfa6e0b5569232559e3d385fea5a93112/library/test/src/lib.rs:628:18
[INFO] [stdout]   28:     0x5582c1b586f5 - test::run_test_in_process::{{closure}}::h85218797dcbcec12
[INFO] [stdout]                                at /rustc/82e1608dfa6e0b5569232559e3d385fea5a93112/library/test/src/lib.rs:651:60
[INFO] [stdout]   29:     0x5582c1b586f5 - <core::panic::unwind_safe::AssertUnwindSafe<F> as core::ops::function::FnOnce<()>>::call_once::h76c106ea31c14d7b
[INFO] [stdout]                                at /rustc/82e1608dfa6e0b5569232559e3d385fea5a93112/library/core/src/panic/unwind_safe.rs:272:9
[INFO] [stdout]   30:     0x5582c1b586f5 - std::panicking::try::do_call::h3bd5d0f6620ee946
[INFO] [stdout]                                at /rustc/82e1608dfa6e0b5569232559e3d385fea5a93112/library/std/src/panicking.rs:552:40
[INFO] [stdout]   31:     0x5582c1b586f5 - std::panicking::try::h232e535e4744fe31
[INFO] [stdout]                                at /rustc/82e1608dfa6e0b5569232559e3d385fea5a93112/library/std/src/panicking.rs:516:19
[INFO] [stdout]   32:     0x5582c1b586f5 - std::panic::catch_unwind::h3ce3bd6ca8dbac68
[INFO] [stdout]                                at /rustc/82e1608dfa6e0b5569232559e3d385fea5a93112/library/std/src/panic.rs:142:14
[INFO] [stdout]   33:     0x5582c1b586f5 - test::run_test_in_process::hc97b257c9621286a
[INFO] [stdout]                                at /rustc/82e1608dfa6e0b5569232559e3d385fea5a93112/library/test/src/lib.rs:651:27
[INFO] [stdout]   34:     0x5582c1b586f5 - test::run_test::{{closure}}::h2aa798823a438d38
[INFO] [stdout]                                at /rustc/82e1608dfa6e0b5569232559e3d385fea5a93112/library/test/src/lib.rs:574:43
[INFO] [stdout]   35:     0x5582c1b209b6 - test::run_test::{{closure}}::h87d231c78fb59832
[INFO] [stdout]                                at /rustc/82e1608dfa6e0b5569232559e3d385fea5a93112/library/test/src/lib.rs:602:41
[INFO] [stdout]   36:     0x5582c1b209b6 - std::sys_common::backtrace::__rust_begin_short_backtrace::he6df152596625789
[INFO] [stdout]                                at /rustc/82e1608dfa6e0b5569232559e3d385fea5a93112/library/std/src/sys_common/backtrace.rs:154:18
[INFO] [stdout]   37:     0x5582c1b25a67 - std::thread::Builder::spawn_unchecked_::{{closure}}::{{closure}}::ha94be15d1e0acf36
[INFO] [stdout]                                at /rustc/82e1608dfa6e0b5569232559e3d385fea5a93112/library/std/src/thread/mod.rs:529:17
[INFO] [stdout]   38:     0x5582c1b25a67 - <core::panic::unwind_safe::AssertUnwindSafe<F> as core::ops::function::FnOnce<()>>::call_once::h9dc6bd6372f16606
[INFO] [stdout]                                at /rustc/82e1608dfa6e0b5569232559e3d385fea5a93112/library/core/src/panic/unwind_safe.rs:272:9
[INFO] [stdout]   39:     0x5582c1b25a67 - std::panicking::try::do_call::h9057517f80303cd4
[INFO] [stdout]                                at /rustc/82e1608dfa6e0b5569232559e3d385fea5a93112/library/std/src/panicking.rs:552:40
[INFO] [stdout]   40:     0x5582c1b25a67 - std::panicking::try::he3a30b11ee45340c
[INFO] [stdout]                                at /rustc/82e1608dfa6e0b5569232559e3d385fea5a93112/library/std/src/panicking.rs:516:19
[INFO] [stdout]   41:     0x5582c1b25a67 - std::panic::catch_unwind::h410458cfd3528b8b
[INFO] [stdout]                                at /rustc/82e1608dfa6e0b5569232559e3d385fea5a93112/library/std/src/panic.rs:142:14
[INFO] [stdout]   42:     0x5582c1b25a67 - std::thread::Builder::spawn_unchecked_::{{closure}}::h72ac3bdb567b737b
[INFO] [stdout]                                at /rustc/82e1608dfa6e0b5569232559e3d385fea5a93112/library/std/src/thread/mod.rs:528:30
[INFO] [stdout]   43:     0x5582c1b25a67 - core::ops::function::FnOnce::call_once{{vtable.shim}}::h38f34da3654a8344
[INFO] [stdout]                                at /rustc/82e1608dfa6e0b5569232559e3d385fea5a93112/library/core/src/ops/function.rs:250:5
[INFO] [stdout]   44:     0x5582c1ecdec5 - <alloc::boxed::Box<F,A> as core::ops::function::FnOnce<Args>>::call_once::hc7eafaff61e32df9
[INFO] [stdout]                                at /rustc/82e1608dfa6e0b5569232559e3d385fea5a93112/library/alloc/src/boxed.rs:2007:9
[INFO] [stdout]   45:     0x5582c1ecdec5 - <alloc::boxed::Box<F,A> as core::ops::function::FnOnce<Args>>::call_once::h6ba4a5de48dd2304
[INFO] [stdout]                                at /rustc/82e1608dfa6e0b5569232559e3d385fea5a93112/library/alloc/src/boxed.rs:2007:9
[INFO] [stdout]   46:     0x5582c1ecdec5 - std::sys::unix::thread::Thread::new::thread_start::he469335aef763e45
[INFO] [stdout]                                at /rustc/82e1608dfa6e0b5569232559e3d385fea5a93112/library/std/src/sys/unix/thread.rs:108:17
[INFO] [stdout]   47:     0x7f45820e1ac3 - <unknown>
[INFO] [stdout]   48:     0x7f4582172bf4 - __clone
[INFO] [stdout]   49:                0x0 - <unknown>
[INFO] [stdout] 
[INFO] [stdout] 
[INFO] [stdout] failures:
[INFO] [stdout]     integration
[INFO] [stdout]     verify_outputs
[INFO] [stdout] 
[INFO] [stdout] test result: FAILED. 0 passed; 2 failed; 0 ignored; 0 measured; 0 filtered out; finished in 0.06s
[INFO] [stdout] 
[INFO] [stderr] error: test failed, to rerun pass `--test integration`
[INFO] running `Command { std: "docker" "inspect" "43c26f1d1b659a1ff7d680a9ee9773294557976288c6187d51f6f6bc56d186d3", kill_on_drop: false }`
[INFO] running `Command { std: "docker" "rm" "-f" "43c26f1d1b659a1ff7d680a9ee9773294557976288c6187d51f6f6bc56d186d3", kill_on_drop: false }`
[INFO] [stdout] 43c26f1d1b659a1ff7d680a9ee9773294557976288c6187d51f6f6bc56d186d3
[INFO] testing nurl-0.3.7 against beta-2023-12-22 for beta-1.76-1
[INFO] extracting crate nurl 0.3.7 into /workspace/builds/worker-6-tc2/source
[INFO] validating manifest of crates.io crate nurl 0.3.7 on toolchain beta-2023-12-22
[INFO] running `Command { std: CARGO_HOME="/workspace/cargo-home" RUSTUP_HOME="/workspace/rustup-home" "/workspace/cargo-home/bin/cargo" "+beta-2023-12-22" "metadata" "--manifest-path" "Cargo.toml" "--no-deps", kill_on_drop: false }`
[INFO] started tweaking crates.io crate nurl 0.3.7
[INFO] finished tweaking crates.io crate nurl 0.3.7
[INFO] tweaked toml for crates.io crate nurl 0.3.7 written to /workspace/builds/worker-6-tc2/source/Cargo.toml
[INFO] crate crates.io crate nurl 0.3.7 already has a lockfile, it will not be regenerated
[INFO] running `Command { std: CARGO_HOME="/workspace/cargo-home" RUSTUP_HOME="/workspace/rustup-home" "/workspace/cargo-home/bin/cargo" "+beta-2023-12-22" "fetch" "--manifest-path" "Cargo.toml", kill_on_drop: false }`
[INFO] running `Command { std: "docker" "create" "-v" "/var/lib/crater-agent-workspace/builds/worker-6-tc2/target:/opt/rustwide/target:rw,Z" "-v" "/var/lib/crater-agent-workspace/builds/worker-6-tc2/source:/opt/rustwide/workdir:ro,Z" "-v" "/var/lib/crater-agent-workspace/cargo-home:/opt/rustwide/cargo-home:ro,Z" "-v" "/var/lib/crater-agent-workspace/rustup-home:/opt/rustwide/rustup-home:ro,Z" "-e" "SOURCE_DIR=/opt/rustwide/workdir" "-e" "CARGO_TARGET_DIR=/opt/rustwide/target" "-e" "CARGO_HOME=/opt/rustwide/cargo-home" "-e" "RUSTUP_HOME=/opt/rustwide/rustup-home" "-w" "/opt/rustwide/workdir" "-m" "1610612736" "--user" "0:0" "--network" "none" "ghcr.io/rust-lang/crates-build-env/linux@sha256:2788e3201cd34a07e3172128adcd8b3090168a8e3bcc40d7c032b9dda1df7d1c" "/opt/rustwide/cargo-home/bin/cargo" "+beta-2023-12-22" "metadata" "--no-deps" "--format-version=1", kill_on_drop: false }`
[INFO] [stdout] b5273bd144283472a2935d380d0508f959bbfd5a5b0684f1469b662b2dcb64f9
[INFO] running `Command { std: "docker" "start" "-a" "b5273bd144283472a2935d380d0508f959bbfd5a5b0684f1469b662b2dcb64f9", kill_on_drop: false }`
[INFO] running `Command { std: "docker" "inspect" "b5273bd144283472a2935d380d0508f959bbfd5a5b0684f1469b662b2dcb64f9", kill_on_drop: false }`
[INFO] running `Command { std: "docker" "rm" "-f" "b5273bd144283472a2935d380d0508f959bbfd5a5b0684f1469b662b2dcb64f9", kill_on_drop: false }`
[INFO] [stdout] b5273bd144283472a2935d380d0508f959bbfd5a5b0684f1469b662b2dcb64f9
[INFO] running `Command { std: "docker" "create" "-v" "/var/lib/crater-agent-workspace/builds/worker-6-tc2/target:/opt/rustwide/target:rw,Z" "-v" "/var/lib/crater-agent-workspace/builds/worker-6-tc2/source:/opt/rustwide/workdir:ro,Z" "-v" "/var/lib/crater-agent-workspace/cargo-home:/opt/rustwide/cargo-home:ro,Z" "-v" "/var/lib/crater-agent-workspace/rustup-home:/opt/rustwide/rustup-home:ro,Z" "-e" "SOURCE_DIR=/opt/rustwide/workdir" "-e" "CARGO_TARGET_DIR=/opt/rustwide/target" "-e" "CARGO_INCREMENTAL=0" "-e" "RUST_BACKTRACE=full" "-e" "RUSTFLAGS=--cap-lints=warn" "-e" "RUSTDOCFLAGS=--cap-lints=warn" "-e" "CARGO_HOME=/opt/rustwide/cargo-home" "-e" "RUSTUP_HOME=/opt/rustwide/rustup-home" "-w" "/opt/rustwide/workdir" "-m" "1610612736" "--user" "0:0" "--network" "none" "ghcr.io/rust-lang/crates-build-env/linux@sha256:2788e3201cd34a07e3172128adcd8b3090168a8e3bcc40d7c032b9dda1df7d1c" "/opt/rustwide/cargo-home/bin/cargo" "+beta-2023-12-22" "build" "--frozen" "--message-format=json", kill_on_drop: false }`
[INFO] [stdout] 43c9bc6ff9642dfddcb87c5d63358d4d426929074fe69b617b6d75064fd7c511
[INFO] running `Command { std: "docker" "start" "-a" "43c9bc6ff9642dfddcb87c5d63358d4d426929074fe69b617b6d75064fd7c511", kill_on_drop: false }`
[INFO] [stderr]    Compiling proc-macro2 v1.0.50
[INFO] [stderr]    Compiling libc v0.2.139
[INFO] [stderr]    Compiling unicode-ident v1.0.6
[INFO] [stderr]    Compiling quote v1.0.23
[INFO] [stderr]    Compiling syn v1.0.107
[INFO] [stderr]    Compiling once_cell v1.17.0
[INFO] [stderr]    Compiling io-lifetimes v1.0.5
[INFO] [stderr]    Compiling rustix v0.36.7
[INFO] [stderr]    Compiling linux-raw-sys v0.1.4
[INFO] [stderr]    Compiling cc v1.0.79
[INFO] [stderr]    Compiling os_str_bytes v6.4.1
[INFO] [stderr]    Compiling termcolor v1.2.0
[INFO] [stderr]    Compiling thiserror v1.0.38
[INFO] [stderr]    Compiling serde_derive v1.0.152
[INFO] [stderr]    Compiling memchr v2.5.0
[INFO] [stderr]    Compiling unicode-normalization v0.1.22
[INFO] [stderr]    Compiling crc32fast v1.3.2
[INFO] [stderr]    Compiling clap_lex v0.3.1
[INFO] [stderr]    Compiling unicode-bidi v0.3.10
[INFO] [stderr]    Compiling serde v1.0.152
[INFO] [stderr]    Compiling log v0.4.17
[INFO] [stderr]    Compiling percent-encoding v2.2.0
[INFO] [stderr]    Compiling unicase v2.6.0
[INFO] [stderr]    Compiling hex v0.4.3
[INFO] [stderr]    Compiling form_urlencoded v1.1.0
[INFO] [stderr]    Compiling rustls v0.20.8
[INFO] [stderr]    Compiling roff v0.2.1
[INFO] [stderr]    Compiling serde_json v1.0.91
[INFO] [stderr]    Compiling miniz_oxide v0.6.2
[INFO] [stderr]    Compiling idna v0.3.0
[INFO] [stderr]    Compiling ryu v1.0.12
[INFO] [stderr]    Compiling anyhow v1.0.68
[INFO] [stderr]    Compiling is_ci v1.1.1
[INFO] [stderr]    Compiling itoa v1.0.5
[INFO] [stderr]    Compiling either v1.8.1
[INFO] [stderr]    Compiling bstr v1.2.0
[INFO] [stderr]    Compiling home v0.5.4
[INFO] [stderr]    Compiling base64 v0.13.1
[INFO] [stderr]    Compiling unicode-width v0.1.10
[INFO] [stderr]    Compiling rustc-hash v1.1.0
[INFO] [stderr]    Compiling itertools v0.10.5
[INFO] [stderr]    Compiling url v2.3.1
[INFO] [stderr]    Compiling flate2 v1.0.25
[INFO] [stderr]    Compiling proc-macro-error-attr v1.0.4
[INFO] [stderr]    Compiling ring v0.16.20
[INFO] [stderr]    Compiling atty v0.2.14
[INFO] [stderr]    Compiling supports-color v1.3.1
[INFO] [stderr]    Compiling owo-colors v3.5.0
[INFO] [stderr]    Compiling is-terminal v0.4.3
[INFO] [stderr]    Compiling terminal_size v0.2.3
[INFO] [stderr]    Compiling proc-macro-error v1.0.4
[INFO] [stderr]    Compiling clap_derive v4.1.0
[INFO] [stderr]    Compiling thiserror-impl v1.0.38
[INFO] [stderr]    Compiling enum_dispatch v0.3.11
[INFO] [stderr]    Compiling webpki v0.22.0
[INFO] [stderr]    Compiling sct v0.7.0
[INFO] [stderr]    Compiling webpki-roots v0.22.6
[INFO] [stderr]    Compiling git-hash v0.10.1
[INFO] [stderr]    Compiling git-path v0.7.0
[INFO] [stderr]    Compiling git-features v0.26.1
[INFO] [stderr]    Compiling git-url v0.13.1
[INFO] [stderr]    Compiling clap v4.1.4
[INFO] [stderr]    Compiling clap_complete v4.1.1
[INFO] [stderr]    Compiling clap_mangen v0.2.7
[INFO] [stderr]    Compiling nurl v0.3.7 (/opt/rustwide/workdir)
[INFO] [stderr]    Compiling ureq v2.6.2
[INFO] [stderr]     Finished dev [unoptimized + debuginfo] target(s) in 14.17s
[INFO] running `Command { std: "docker" "inspect" "43c9bc6ff9642dfddcb87c5d63358d4d426929074fe69b617b6d75064fd7c511", kill_on_drop: false }`
[INFO] running `Command { std: "docker" "rm" "-f" "43c9bc6ff9642dfddcb87c5d63358d4d426929074fe69b617b6d75064fd7c511", kill_on_drop: false }`
[INFO] [stdout] 43c9bc6ff9642dfddcb87c5d63358d4d426929074fe69b617b6d75064fd7c511
[INFO] running `Command { std: "docker" "create" "-v" "/var/lib/crater-agent-workspace/builds/worker-6-tc2/target:/opt/rustwide/target:rw,Z" "-v" "/var/lib/crater-agent-workspace/builds/worker-6-tc2/source:/opt/rustwide/workdir:ro,Z" "-v" "/var/lib/crater-agent-workspace/cargo-home:/opt/rustwide/cargo-home:ro,Z" "-v" "/var/lib/crater-agent-workspace/rustup-home:/opt/rustwide/rustup-home:ro,Z" "-e" "SOURCE_DIR=/opt/rustwide/workdir" "-e" "CARGO_TARGET_DIR=/opt/rustwide/target" "-e" "CARGO_INCREMENTAL=0" "-e" "RUST_BACKTRACE=full" "-e" "RUSTFLAGS=--cap-lints=warn" "-e" "RUSTDOCFLAGS=--cap-lints=warn" "-e" "CARGO_HOME=/opt/rustwide/cargo-home" "-e" "RUSTUP_HOME=/opt/rustwide/rustup-home" "-w" "/opt/rustwide/workdir" "-m" "1610612736" "--user" "0:0" "--network" "none" "ghcr.io/rust-lang/crates-build-env/linux@sha256:2788e3201cd34a07e3172128adcd8b3090168a8e3bcc40d7c032b9dda1df7d1c" "/opt/rustwide/cargo-home/bin/cargo" "+beta-2023-12-22" "test" "--frozen" "--no-run" "--message-format=json", kill_on_drop: false }`
[INFO] [stdout] 27bfa39b7b50534a21b38b586a69f6919eb09b0030ac1e09c1b45a1d5f95ddaf
[INFO] running `Command { std: "docker" "start" "-a" "27bfa39b7b50534a21b38b586a69f6919eb09b0030ac1e09c1b45a1d5f95ddaf", kill_on_drop: false }`
[INFO] [stderr]    Compiling crossbeam-utils v0.8.14
[INFO] [stderr]    Compiling memoffset v0.7.1
[INFO] [stderr]    Compiling crossbeam-epoch v0.9.13
[INFO] [stderr]    Compiling scopeguard v1.1.0
[INFO] [stderr]    Compiling indexmap v1.9.2
[INFO] [stderr]    Compiling bstr v1.2.0
[INFO] [stderr]    Compiling rayon-core v1.10.2
[INFO] [stderr]    Compiling wait-timeout v0.2.0
[INFO] [stderr]    Compiling num_cpus v1.15.0
[INFO] [stderr]    Compiling fastrand v1.8.0
[INFO] [stderr]    Compiling concolor-query v0.1.0
[INFO] [stderr]    Compiling remove_dir_all v0.5.3
[INFO] [stderr]    Compiling doc-comment v0.3.3
[INFO] [stderr]    Compiling predicates-core v1.0.5
[INFO] [stderr]    Compiling same-file v1.0.6
[INFO] [stderr]    Compiling serde_spanned v0.6.1
[INFO] [stderr]    Compiling toml_datetime v0.6.1
[INFO] [stderr]    Compiling concolor v0.0.11
[INFO] [stderr]    Compiling walkdir v2.3.2
[INFO] [stderr]    Compiling nom8 v0.2.0
[INFO] [stderr]    Compiling content_inspector v0.2.4
[INFO] [stderr]    Compiling tempfile v3.3.0
[INFO] [stderr]    Compiling filetime v0.2.19
[INFO] [stderr]    Compiling os_pipe v1.1.3
[INFO] [stderr]    Compiling windows-sys v0.42.0
[INFO] [stderr]    Compiling similar v2.2.1
[INFO] [stderr]    Compiling dunce v1.0.3
[INFO] [stderr]    Compiling humantime v2.1.0
[INFO] [stderr]    Compiling snapbox-macros v0.3.1
[INFO] [stderr]    Compiling normalize-line-endings v0.3.0
[INFO] [stderr]    Compiling yansi v0.5.1
[INFO] [stderr]    Compiling difflib v0.4.0
[INFO] [stderr]    Compiling termtree v0.4.0
[INFO] [stderr]    Compiling shlex v1.1.0
[INFO] [stderr]    Compiling glob v0.3.1
[INFO] [stderr]    Compiling git-path v0.7.0
[INFO] [stderr]    Compiling predicates-tree v1.0.7
[INFO] [stderr]    Compiling humantime-serde v1.1.1
[INFO] [stderr]    Compiling nu-glob v0.75.0
[INFO] [stderr]    Compiling predicates v2.1.5
[INFO] [stderr]    Compiling git-url v0.13.1
[INFO] [stderr]    Compiling crossbeam-channel v0.5.6
[INFO] [stderr]    Compiling crossbeam-deque v0.8.2
[INFO] [stderr]    Compiling assert_cmd v2.0.8
[INFO] [stderr]    Compiling nurl v0.3.7 (/opt/rustwide/workdir)
[INFO] [stderr]    Compiling snapbox v0.4.4
[INFO] [stderr]    Compiling rayon v1.6.1
[INFO] [stderr]    Compiling toml_edit v0.19.1
[INFO] [stderr]    Compiling trycmd v0.14.11
[INFO] [stderr]     Finished test [unoptimized + debuginfo] target(s) in 7.10s
[INFO] running `Command { std: "docker" "inspect" "27bfa39b7b50534a21b38b586a69f6919eb09b0030ac1e09c1b45a1d5f95ddaf", kill_on_drop: false }`
[INFO] running `Command { std: "docker" "rm" "-f" "27bfa39b7b50534a21b38b586a69f6919eb09b0030ac1e09c1b45a1d5f95ddaf", kill_on_drop: false }`
[INFO] [stdout] 27bfa39b7b50534a21b38b586a69f6919eb09b0030ac1e09c1b45a1d5f95ddaf
[INFO] running `Command { std: "docker" "create" "-v" "/var/lib/crater-agent-workspace/builds/worker-6-tc2/target:/opt/rustwide/target:rw,Z" "-v" "/var/lib/crater-agent-workspace/builds/worker-6-tc2/source:/opt/rustwide/workdir:ro,Z" "-v" "/var/lib/crater-agent-workspace/cargo-home:/opt/rustwide/cargo-home:ro,Z" "-v" "/var/lib/crater-agent-workspace/rustup-home:/opt/rustwide/rustup-home:ro,Z" "-e" "SOURCE_DIR=/opt/rustwide/workdir" "-e" "CARGO_TARGET_DIR=/opt/rustwide/target" "-e" "CARGO_INCREMENTAL=0" "-e" "RUST_BACKTRACE=full" "-e" "RUSTFLAGS=--cap-lints=warn" "-e" "RUSTDOCFLAGS=--cap-lints=warn" "-e" "CARGO_HOME=/opt/rustwide/cargo-home" "-e" "RUSTUP_HOME=/opt/rustwide/rustup-home" "-w" "/opt/rustwide/workdir" "-m" "1610612736" "--user" "0:0" "--network" "none" "ghcr.io/rust-lang/crates-build-env/linux@sha256:2788e3201cd34a07e3172128adcd8b3090168a8e3bcc40d7c032b9dda1df7d1c" "/opt/rustwide/cargo-home/bin/cargo" "+beta-2023-12-22" "test" "--frozen", kill_on_drop: false }`
[INFO] [stdout] 7ce20a375e706ee1beddf2506c256caf80494fa836ef95ddead49bec7074b9d7
[INFO] running `Command { std: "docker" "start" "-a" "7ce20a375e706ee1beddf2506c256caf80494fa836ef95ddead49bec7074b9d7", kill_on_drop: false }`
[INFO] [stderr]     Finished test [unoptimized + debuginfo] target(s) in 0.19s
[INFO] [stderr]      Running unittests src/main.rs (/opt/rustwide/target/debug/deps/nurl-507ff48a5cd22067)
[INFO] [stdout] 
[INFO] [stdout] running 0 tests
[INFO] [stdout] 
[INFO] [stdout] test result: ok. 0 passed; 0 failed; 0 ignored; 0 measured; 0 filtered out; finished in 0.00s
[INFO] [stdout] 
[INFO] [stderr]      Running tests/integration.rs (/opt/rustwide/target/debug/deps/integration-5aec03a7bdb45a83)
[INFO] [stdout] 
[INFO] [stdout] running 2 tests
[INFO] [stderr] Testing tests/cmd/fetcher/pypi.toml ... failed
[INFO] [stderr] Expected success, was 1
[INFO] [stderr] 
[INFO] [stderr] ---- expected: stdout
[INFO] [stderr] ++++ actual:   stdout
[INFO] [stderr]    1      - fetchPypi {
[INFO] [stderr]    2      -   pname = "requests";
[INFO] [stderr]    3      -   version = "2.20.0";
[INFO] [stderr]    4      -   hash = "sha256-mdz9qusXyvblJvMrant4BGFRKrPx2ZIYeAFpTLpCdww=";
[INFO] [stderr]    5      - }∅
[INFO] [stderr] stderr:
[INFO] [stderr] $ nix-prefetch-url https://pypi.org/packages/source/r/requests/requests-2.20.0.tar.gz
[INFO] [stderr] Error: No such file or directory (os error 2)
[INFO] [stderr] 
[INFO] [stderr] Testing tests/cmd/arg.toml ... failed
[INFO] [stderr] Expected success, was 1
[INFO] [stderr] 
[INFO] [stderr] ---- expected: stdout
[INFO] [stderr] ++++ actual:   stdout
[INFO] [stderr]    1      - fetchFromGitHub {
[INFO] [stderr]    2      -   owner = "Koihik";
[INFO] [stderr]    3      -   repo = "LuaFormatter";
[INFO] [stderr]    4      -   rev = "1.3.0";
[INFO] [stderr]    5      -   hash = "sha256-O42sNIFDi2Dv6KWkBynrR60RABCAitSVTp42W6w0tcg=";
[INFO] [stderr]    6      -   fetchSubmodules = true;
[INFO] [stderr]    7      - }∅
[INFO] [stderr] stderr:
[INFO] [stderr] $ nix build --experimental-features nix-command --impure --no-link --expr '(import(<nixpkgs>){}).fetchFromGitHub{owner="Koihik";repo="LuaFormatter";rev="1.3.0";hash="sha256-AAAAAAAAAAAAAAAAAAAAAAAAAAAAAAAAAAAAAAAAAAA=";fetchSubmodules=true;}'
[INFO] [stderr] Error: No such file or directory (os error 2)
[INFO] [stderr] 
[INFO] [stderr] Testing tests/cmd/indent.toml ... failed
[INFO] [stderr] Expected success, was 1
[INFO] [stderr] 
[INFO] [stderr] ---- expected: stdout
[INFO] [stderr] ++++ actual:   stdout
[INFO] [stderr]    1      - fetchFromGitHub {
[INFO] [stderr]    2      -     owner = "nix-community";
[INFO] [stderr]    3      -     repo = "nurl";
[INFO] [stderr]    4      -     rev = "v0.3.0";
[INFO] [stderr]    5      -     hash = "sha256-jZ+cCp1THDhfHH5yMmRPjGuthOqsgcF/3OjZ61FMdA4=";
[INFO] [stderr]    6      -   }∅
[INFO] [stderr] stderr:
[INFO] [stderr] $ nix flake prefetch --experimental-features 'nix-command flakes' --json github:nix-community/nurl/v0.3.0
[INFO] [stderr] Error: No such file or directory (os error 2)
[INFO] [stderr] 
[INFO] [stderr] Testing tests/cmd/submodules/sourcehut.toml ... failed
[INFO] [stderr] Expected success, was 1
[INFO] [stderr] 
[INFO] [stderr] ---- expected: stdout
[INFO] [stderr] ++++ actual:   stdout
[INFO] [stderr]    1      - fetchFromSourcehut {
[INFO] [stderr]    2      -   owner = "~cnx";
[INFO] [stderr]    3      -   repo = "blackshades";
[INFO] [stderr]    4      -   rev = "2.4.0";
[INFO] [stderr]    5      -   hash = "sha256-owsP50zYFV1Z+c0bSUaHmnvH+BywfJSp7oSk3ys/+GM=";
[INFO] [stderr]    6      -   fetchSubmodules = true;
[INFO] [stderr]    7      - }∅
[INFO] [stderr] stderr:
[INFO] [stderr] $ nix flake prefetch --experimental-features 'nix-command flakes' --json git+https://git.sr.ht/~cnx/blackshades?ref=refs/tags/2.4.0&submodules=1
[INFO] [stderr] $ nix flake prefetch --experimental-features 'nix-command flakes' --json git+https://git.sr.ht/~cnx/blackshades?ref=2.4.0&submodules=1
[INFO] [stderr] Error: No such file or directory (os error 2)
[INFO] [stderr] 
[INFO] [stderr] Testing tests/cmd/submodules/builtin_git.toml ... ok
[INFO] [stderr] Testing tests/cmd/fetcher/crates_io/short.toml ... failed
[INFO] [stderr] Expected success, was 1
[INFO] [stderr] 
[INFO] [stderr] ---- expected: stdout
[INFO] [stderr] ++++ actual:   stdout
[INFO] [stderr]    1      - fetchCrate {
[INFO] [stderr]    2      -   pname = "nurl";
[INFO] [stderr]    3      -   version = "0.3.0";
[INFO] [stderr]    4      -   hash = "sha256-B6T4DEhE2Jq3YSL+b//27gRkQlvqhynSMBCGdYD5Gog=";
[INFO] [stderr]    5      - }∅
[INFO] [stderr] stderr:
[INFO] [stderr] $ nix-prefetch-url --unpack https://crates.io/api/v1/crates/nurl/0.3.0/download
[INFO] [stderr] Error: No such file or directory (os error 2)
[INFO] [stderr] 
[INFO] [stderr] Testing tests/cmd/fetcher/repo_or_cz.toml ... failed
[INFO] [stderr] Expected success, was 1
[INFO] [stderr] 
[INFO] [stderr] ---- expected: stdout
[INFO] [stderr] ++++ actual:   stdout
[INFO] [stderr]    1      - fetchFromRepoOrCz {
[INFO] [stderr]    2      -   repo = "tinycc";
[INFO] [stderr]    3      -   rev = "release_0_9_27";
[INFO] [stderr]    4      -   hash = "sha256-5yRaB/gxk1Gm/rukAe0pm1PEl5NdieVFngp87jENtYo=";
[INFO] [stderr]    5      - }∅
[INFO] [stderr] stderr:
[INFO] [stderr] $ nix-prefetch-url --unpack https://repo.or.cz/tinycc.git/snapshot/release_0_9_27.tar.gz
[INFO] [stderr] Error: No such file or directory (os error 2)
[INFO] [stderr] 
[INFO] [stderr] Testing tests/cmd/fetcher/gitlab/trailing_slash.toml ... failed
[INFO] [stderr] Expected success, was 1
[INFO] [stderr] 
[INFO] [stderr] ---- expected: stdout
[INFO] [stderr] ++++ actual:   stdout
[INFO] [stderr]    1      - fetchFromGitLab {
[INFO] [stderr]    2      -   owner = "timvisee";
[INFO] [stderr]    3      -   repo = "ffsend";
[INFO] [stderr]    4      -   rev = "v0.2.0";
[INFO] [stderr]    5      -   hash = "sha256-0+ekty3dK3IVkFiNn3/NxOPJhkp3ZkTKaVC404t2Rac=";
[INFO] [stderr]    6      - }∅
[INFO] [stderr] stderr:
[INFO] [stderr] $ nix flake prefetch --experimental-features 'nix-command flakes' --json gitlab:timvisee/ffsend/v0.2.0
[INFO] [stderr] Error: No such file or directory (os error 2)
[INFO] [stderr] 
[INFO] [stderr] Testing tests/cmd/arg_str.toml ... failed
[INFO] [stderr] Expected success, was 1
[INFO] [stderr] 
[INFO] [stderr] ---- expected: stdout
[INFO] [stderr] ++++ actual:   stdout
[INFO] [stderr]    1      - fetchFromGitHub {
[INFO] [stderr]    2      -   owner = "nix-community";
[INFO] [stderr]    3      -   repo = "nurl";
[INFO] [stderr]    4      -   rev = "v0.3.0";
[INFO] [stderr]    5      -   hash = "sha256-jZ+cCp1THDhfHH5yMmRPjGuthOqsgcF/3OjZ61FMdA4=";
[INFO] [stderr]    6      -   name = "nurl-src";
[INFO] [stderr]    7      - }∅
[INFO] [stderr] stderr:
[INFO] [stderr] $ nix build --experimental-features nix-command --impure --no-link --expr '(import(<nixpkgs>){}).fetchFromGitHub{owner="nix-community";repo="nurl";rev="v0.3.0";hash="sha256-AAAAAAAAAAAAAAAAAAAAAAAAAAAAAAAAAAAAAAAAAAA=";name="nurl-src";}'
[INFO] [stderr] Error: No such file or directory (os error 2)
[INFO] [stderr] 
[INFO] [stderr] Testing tests/cmd/submodules/true.toml ... failed
[INFO] [stderr] Expected success, was 1
[INFO] [stderr] 
[INFO] [stderr] ---- expected: stdout
[INFO] [stderr] ++++ actual:   stdout
[INFO] [stderr]    1      - fetchFromGitHub {
[INFO] [stderr]    2      -   owner = "Koihik";
[INFO] [stderr]    3      -   repo = "LuaFormatter";
[INFO] [stderr]    4      -   rev = "1.3.0";
[INFO] [stderr]    5      -   hash = "sha256-O42sNIFDi2Dv6KWkBynrR60RABCAitSVTp42W6w0tcg=";
[INFO] [stderr]    6      -   fetchSubmodules = true;
[INFO] [stderr]    7      - }∅
[INFO] [stderr] stderr:
[INFO] [stderr] $ nix flake prefetch --experimental-features 'nix-command flakes' --json git+https://github.com/Koihik/LuaFormatter?ref=refs/tags/1.3.0&submodules=1
[INFO] [stderr] $ nix flake prefetch --experimental-features 'nix-command flakes' --json git+https://github.com/Koihik/LuaFormatter?ref=1.3.0&submodules=1
[INFO] [stderr] Error: No such file or directory (os error 2)
[INFO] [stderr] 
[INFO] [stderr] Testing tests/cmd/submodules/gitlab.toml ... failed
[INFO] [stderr] Expected success, was 1
[INFO] [stderr] 
[INFO] [stderr] ---- expected: stdout
[INFO] [stderr] ++++ actual:   stdout
[INFO] [stderr]    1      - fetchFromGitLab {
[INFO] [stderr]    2      -   group = "librewolf-community";
[INFO] [stderr]    3      -   owner = "browser";
[INFO] [stderr]    4      -   repo = "source";
[INFO] [stderr]    5      -   rev = "100.0-1";
[INFO] [stderr]    6      -   hash = "sha256-ijqyZAEKyL7V/NFtI3ErHcSnj7VbBFvgCgK9NJren/U=";
[INFO] [stderr]    7      -   fetchSubmodules = true;
[INFO] [stderr]    8      - }∅
[INFO] [stderr] stderr:
[INFO] [stderr] $ nix flake prefetch --experimental-features 'nix-command flakes' --json git+https://gitlab.com/librewolf-community/browser/source?ref=refs/tags/100.0-1&submodules=1
[INFO] [stderr] $ nix flake prefetch --experimental-features 'nix-command flakes' --json git+https://gitlab.com/librewolf-community/browser/source?ref=100.0-1&submodules=1
[INFO] [stderr] Error: No such file or directory (os error 2)
[INFO] [stderr] 
[INFO] [stderr] Testing tests/cmd/json.toml ... failed
[INFO] [stderr] Expected success, was 1
[INFO] [stderr] 
[INFO] [stderr] ---- expected: stdout
[INFO] [stderr] ++++ actual:   stdout
[INFO] [stderr]    1      - {"args":{"hash":"sha256-jZ+cCp1THDhfHH5yMmRPjGuthOqsgcF/3OjZ61FMdA4=","owner":"nix-community","repo":"nurl","rev":"v0.3.0"},"fetcher":"fetchFromGitHub"}∅
[INFO] [stderr] stderr:
[INFO] [stderr] $ nix flake prefetch --experimental-features 'nix-command flakes' --json github:nix-community/nurl/v0.3.0
[INFO] [stderr] Error: No such file or directory (os error 2)
[INFO] [stderr] 
[INFO] [stderr] Testing tests/cmd/fetcher/crates_io/lib_rs.toml ... failed
[INFO] [stderr] Expected success, was 1
[INFO] [stderr] 
[INFO] [stderr] ---- expected: stdout
[INFO] [stderr] ++++ actual:   stdout
[INFO] [stderr]    1      - fetchCrate {
[INFO] [stderr]    2      -   pname = "nurl";
[INFO] [stderr]    3      -   version = "0.3.0";
[INFO] [stderr]    4      -   hash = "sha256-B6T4DEhE2Jq3YSL+b//27gRkQlvqhynSMBCGdYD5Gog=";
[INFO] [stderr]    5      - }∅
[INFO] [stderr] stderr:
[INFO] [stderr] $ nix-prefetch-url --unpack https://crates.io/api/v1/crates/nurl/0.3.0/download
[INFO] [stderr] Error: No such file or directory (os error 2)
[INFO] [stderr] 
[INFO] [stderr] Testing tests/cmd/fetcher/git/scheme.toml ... failed
[INFO] [stderr] Expected success, was 1
[INFO] [stderr] 
[INFO] [stderr] ---- expected: stdout
[INFO] [stderr] ++++ actual:   stdout
[INFO] [stderr]    1      - fetchgit {
[INFO] [stderr]    2      -   url = "git://git.kernel.org/pub/scm/linux/kernel/git/jejb/efitools.git";
[INFO] [stderr]    3      -   rev = "v1.9.0";
[INFO] [stderr]    4      -   hash = "sha256-W38CWoPnkt0+VkVp+uW+sjWjo6MXYq2eTXRxWKyQph8=";
[INFO] [stderr]    5      - }∅
[INFO] [stderr] stderr:
[INFO] [stderr] $ nix flake prefetch --experimental-features 'nix-command flakes' --json git://git.kernel.org/pub/scm/linux/kernel/git/jejb/efitools.git?ref=refs/tags/v1.9.0&submodules=1
[INFO] [stderr] $ nix flake prefetch --experimental-features 'nix-command flakes' --json git://git.kernel.org/pub/scm/linux/kernel/git/jejb/efitools.git?ref=v1.9.0&submodules=1
[INFO] [stderr] Error: No such file or directory (os error 2)
[INFO] [stderr] 
[INFO] [stderr] Testing tests/cmd/submodules/false.toml ... failed
[INFO] [stderr] Expected success, was 1
[INFO] [stderr] 
[INFO] [stderr] ---- expected: stdout
[INFO] [stderr] ++++ actual:   stdout
[INFO] [stderr]    1      - fetchgit {
[INFO] [stderr]    2      -   url = "https://github.com/Koihik/LuaFormatter";
[INFO] [stderr]    3      -   rev = "1.3.0";
[INFO] [stderr]    4      -   hash = "sha256-UrADnTFH8y1rqA2LytSK9HkIQdxOIrY4CwqfL139Oag=";
[INFO] [stderr]    5      -   fetchSubmodules = false;
[INFO] [stderr]    6      - }∅
[INFO] [stderr] stderr:
[INFO] [stderr] $ nix flake prefetch --experimental-features 'nix-command flakes' --json git+https://github.com/Koihik/LuaFormatter?ref=refs/tags/1.3.0
[INFO] [stderr] $ nix flake prefetch --experimental-features 'nix-command flakes' --json git+https://github.com/Koihik/LuaFormatter?ref=1.3.0
[INFO] [stderr] Error: No such file or directory (os error 2)
[INFO] [stderr] 
[INFO] [stderr] Testing tests/cmd/submodules/unsupported.toml ... failed
[INFO] [stderr] Expected success, was 1
[INFO] [stderr] 
[INFO] [stderr] ---- expected: stdout
[INFO] [stderr] ++++ actual:   stdout
[INFO] [stderr]    1      - fetchCrate {
[INFO] [stderr]    2      -   pname = "nurl";
[INFO] [stderr]    3      -   version = "0.3.0";
[INFO] [stderr]    4      -   hash = "sha256-B6T4DEhE2Jq3YSL+b//27gRkQlvqhynSMBCGdYD5Gog=";
[INFO] [stderr]    5      - }∅
[INFO] [stderr] stderr:
[INFO] [stderr] $ nix-prefetch-url --unpack https://crates.io/api/v1/crates/nurl/0.3.0/download
[INFO] [stderr] Error: No such file or directory (os error 2)
[INFO] [stderr] 
[INFO] [stderr] Testing tests/cmd/overwrite_str.toml ... failed
[INFO] [stderr] Expected success, was 1
[INFO] [stderr] 
[INFO] [stderr] ---- expected: stdout
[INFO] [stderr] ++++ actual:   stdout
[INFO] [stderr]    1      - fetchFromGitHub {
[INFO] [stderr]    2      -   owner = "nix-community";
[INFO] [stderr]    3      -   repo = "nurl";
[INFO] [stderr]    4      -   rev = "v${version}";
[INFO] [stderr]    5      -   hash = "sha256-jZ+cCp1THDhfHH5yMmRPjGuthOqsgcF/3OjZ61FMdA4=";
[INFO] [stderr]    6      - }∅
[INFO] [stderr] stderr:
[INFO] [stderr] $ nix flake prefetch --experimental-features 'nix-command flakes' --json github:nix-community/nurl/v0.3.0
[INFO] [stderr] Error: No such file or directory (os error 2)
[INFO] [stderr] 
[INFO] [stderr] Testing tests/cmd/submodules/json.toml ... failed
[INFO] [stderr] Expected success, was 1
[INFO] [stderr] 
[INFO] [stderr] ---- expected: stdout
[INFO] [stderr] ++++ actual:   stdout
[INFO] [stderr]    1      - {"args":{"fetchSubmodules":true,"hash":"sha256-O42sNIFDi2Dv6KWkBynrR60RABCAitSVTp42W6w0tcg=","owner":"Koihik","repo":"LuaFormatter","rev":"1.3.0"},"fetcher":"fetchFromGitHub"}∅
[INFO] [stderr] stderr:
[INFO] [stderr] $ nix flake prefetch --experimental-features 'nix-command flakes' --json git+https://github.com/Koihik/LuaFormatter?ref=refs/tags/1.3.0&submodules=1
[INFO] [stderr] $ nix flake prefetch --experimental-features 'nix-command flakes' --json git+https://github.com/Koihik/LuaFormatter?ref=1.3.0&submodules=1
[INFO] [stderr] Error: No such file or directory (os error 2)
[INFO] [stderr] 
[INFO] [stderr] Testing tests/cmd/fetcher/crates_io/install.toml ... failed
[INFO] [stderr] Expected success, was 1
[INFO] [stderr] 
[INFO] [stderr] ---- expected: stdout
[INFO] [stderr] ++++ actual:   stdout
[INFO] [stderr]    1      - fetchCrate {
[INFO] [stderr]    2      -   pname = "nurl";
[INFO] [stderr]    3      -   version = "0.3.0";
[INFO] [stderr]    4      -   hash = "sha256-B6T4DEhE2Jq3YSL+b//27gRkQlvqhynSMBCGdYD5Gog=";
[INFO] [stderr]    5      - }∅
[INFO] [stderr] stderr:
[INFO] [stderr] $ nix-prefetch-url --unpack https://crates.io/api/v1/crates/nurl/0.3.0/download
[INFO] [stderr] Error: No such file or directory (os error 2)
[INFO] [stderr] 
[INFO] [stderr] Testing tests/cmd/submodules/hg.toml ... failed
[INFO] [stderr] Expected success, was 1
[INFO] [stderr] 
[INFO] [stderr] ---- expected: stdout
[INFO] [stderr] ++++ actual:   stdout
[INFO] [stderr]    1      - fetchhg {
[INFO] [stderr]    2      -   url = "http://www.octave.org/hg/octave";
[INFO] [stderr]    3      -   rev = "release-7-1-0";
[INFO] [stderr]    4      -   sha256 = "sha256-zNpgpPPGAoIpSIRx39wJpEyLbxjJBsnFjUy47hGiZLs=";
[INFO] [stderr]    5      -   fetchSubrepos = true;
[INFO] [stderr]    6      - }∅
[INFO] [stderr] stderr:
[INFO] [stderr] $ nix flake prefetch --experimental-features 'nix-command flakes' --json hg+http://www.octave.org/hg/octave?ref=release-7-1-0&submodules=1
[INFO] [stderr] Error: No such file or directory (os error 2)
[INFO] [stderr] 
[INFO] [stderr] Testing tests/cmd/overwrite.toml ... failed
[INFO] [stderr] Expected success, was 1
[INFO] [stderr] 
[INFO] [stderr] ---- expected: stdout
[INFO] [stderr] ++++ actual:   stdout
[INFO] [stderr]    1      - fetchFromGitHub {
[INFO] [stderr]    2      -   owner = "nix-community";
[INFO] [stderr]    3      -   repo = pname;
[INFO] [stderr]    4      -   rev = "v0.3.0";
[INFO] [stderr]    5      -   hash = "sha256-jZ+cCp1THDhfHH5yMmRPjGuthOqsgcF/3OjZ61FMdA4=";
[INFO] [stderr]    6      - }∅
[INFO] [stderr] stderr:
[INFO] [stderr] $ nix flake prefetch --experimental-features 'nix-command flakes' --json github:nix-community/nurl/v0.3.0
[INFO] [stderr] Error: No such file or directory (os error 2)
[INFO] [stderr] 
[INFO] [stderr] Testing tests/cmd/fetcher/github.toml ... failed
[INFO] [stderr] Expected success, was 1
[INFO] [stderr] 
[INFO] [stderr] ---- expected: stdout
[INFO] [stderr] ++++ actual:   stdout
[INFO] [stderr]    1      - fetchFromGitHub {
[INFO] [stderr]    2      -   owner = "nix-community";
[INFO] [stderr]    3      -   repo = "nurl";
[INFO] [stderr]    4      -   rev = "v0.3.0";
[INFO] [stderr]    5      -   hash = "sha256-jZ+cCp1THDhfHH5yMmRPjGuthOqsgcF/3OjZ61FMdA4=";
[INFO] [stderr]    6      - }∅
[INFO] [stderr] stderr:
[INFO] [stderr] $ nix flake prefetch --experimental-features 'nix-command flakes' --json github:nix-community/nurl/v0.3.0
[INFO] [stderr] Error: No such file or directory (os error 2)
[INFO] [stderr] 
[INFO] [stderr] Testing tests/cmd/fetcher/hex.toml ... failed
[INFO] [stderr] Expected success, was 1
[INFO] [stderr] 
[INFO] [stderr] ---- expected: stdout
[INFO] [stderr] ++++ actual:   stdout
[INFO] [stderr]    1      - fetchHex {
[INFO] [stderr]    2      -   pkg = "phoenix";
[INFO] [stderr]    3      -   version = "1.6.0";
[INFO] [stderr]    4      -   sha256 = "sha256-Uv/dMfLa6zmbLh61fUaPmaGtbu5djqGdI1NJLwbJ/JY=";
[INFO] [stderr]    5      - }∅
[INFO] [stderr] stderr:
[INFO] [stderr] $ nix-prefetch-url https://repo.hex.pm/tarballs/phoenix-1.6.0.tar
[INFO] [stderr] Error: No such file or directory (os error 2)
[INFO] [stderr] 
[INFO] [stderr] Testing tests/cmd/fetcher/git/basic.toml ... failed
[INFO] [stderr] Expected success, was 1
[INFO] [stderr] 
[INFO] [stderr] ---- expected: stdout
[INFO] [stderr] ++++ actual:   stdout
[INFO] [stderr]    1      - fetchgit {
[INFO] [stderr]    2      -   url = "https://github.com/nix-community/nurl";
[INFO] [stderr]    3      -   rev = "v0.3.0";
[INFO] [stderr]    4      -   hash = "sha256-jZ+cCp1THDhfHH5yMmRPjGuthOqsgcF/3OjZ61FMdA4=";
[INFO] [stderr]    5      - }∅
[INFO] [stderr] stderr:
[INFO] [stderr] $ nix flake prefetch --experimental-features 'nix-command flakes' --json git+https://github.com/nix-community/nurl?ref=refs/tags/v0.3.0&submodules=1
[INFO] [stderr] $ nix flake prefetch --experimental-features 'nix-command flakes' --json git+https://github.com/nix-community/nurl?ref=v0.3.0&submodules=1
[INFO] [stderr] Error: No such file or directory (os error 2)
[INFO] [stderr] 
[INFO] [stderr] Testing tests/cmd/parse.toml ... ok
[INFO] [stderr] Testing tests/cmd/submodules/gitea.toml ... failed
[INFO] [stderr] Expected success, was 1
[INFO] [stderr] 
[INFO] [stderr] ---- expected: stdout
[INFO] [stderr] ++++ actual:   stdout
[INFO] [stderr]    1      - fetchFromGitea {
[INFO] [stderr]    2      -   domain = "repo.palemoon.org";
[INFO] [stderr]    3      -   owner = "MoonchildProductions";
[INFO] [stderr]    4      -   repo = "Pale-Moon";
[INFO] [stderr]    5      -   rev = "31.0.0_Release";
[INFO] [stderr]    6      -   hash = "sha256-fIQAQCtjA/9Otft3e9Z4xWgE09sqsdArYQtZqmEgfTc=";
[INFO] [stderr]    7      -   fetchSubmodules = true;
[INFO] [stderr]    8      - }∅
[INFO] [stderr] stderr:
[INFO] [stderr] $ nix flake prefetch --experimental-features 'nix-command flakes' --json git+https://repo.palemoon.org/MoonchildProductions/Pale-Moon?ref=refs/tags/31.0.0_Release&submodules=1
[INFO] [stderr] $ nix flake prefetch --experimental-features 'nix-command flakes' --json git+https://repo.palemoon.org/MoonchildProductions/Pale-Moon?ref=31.0.0_Release&submodules=1
[INFO] [stderr] Error: No such file or directory (os error 2)
[INFO] [stderr] 
[INFO] [stderr] Testing tests/cmd/submodules/git.toml ... failed
[INFO] [stderr] Expected success, was 1
[INFO] [stderr] 
[INFO] [stderr] ---- expected: stdout
[INFO] [stderr] ++++ actual:   stdout
[INFO] [stderr]    1      - fetchgit {
[INFO] [stderr]    2      -   url = "https://github.com/Koihik/LuaFormatter";
[INFO] [stderr]    3      -   rev = "1.3.0";
[INFO] [stderr]    4      -   hash = "sha256-O42sNIFDi2Dv6KWkBynrR60RABCAitSVTp42W6w0tcg=";
[INFO] [stderr]    5      - }∅
[INFO] [stderr] stderr:
[INFO] [stderr] $ nix flake prefetch --experimental-features 'nix-command flakes' --json git+https://github.com/Koihik/LuaFormatter?ref=refs/tags/1.3.0&submodules=1
[INFO] [stderr] $ nix flake prefetch --experimental-features 'nix-command flakes' --json git+https://github.com/Koihik/LuaFormatter?ref=1.3.0&submodules=1
[INFO] [stderr] Error: No such file or directory (os error 2)
[INFO] [stderr] 
[INFO] [stderr] Testing tests/cmd/fetcher/builtin_git.toml ... ok
[INFO] [stderr] Testing tests/cmd/fetcher/gitlab/basic.toml ... failed
[INFO] [stderr] Expected success, was 1
[INFO] [stderr] 
[INFO] [stderr] ---- expected: stdout
[INFO] [stderr] ++++ actual:   stdout
[INFO] [stderr]    1      - fetchFromGitLab {
[INFO] [stderr]    2      -   owner = "timvisee";
[INFO] [stderr]    3      -   repo = "ffsend";
[INFO] [stderr]    4      -   rev = "v0.2.0";
[INFO] [stderr]    5      -   hash = "sha256-0+ekty3dK3IVkFiNn3/NxOPJhkp3ZkTKaVC404t2Rac=";
[INFO] [stderr]    6      - }∅
[INFO] [stderr] stderr:
[INFO] [stderr] $ nix flake prefetch --experimental-features 'nix-command flakes' --json gitlab:timvisee/ffsend/v0.2.0
[INFO] [stderr] Error: No such file or directory (os error 2)
[INFO] [stderr] 
[INFO] [stderr] Testing tests/cmd/fetcher/hg/basic.toml ... failed
[INFO] [stderr] Expected success, was 1
[INFO] [stderr] 
[INFO] [stderr] ---- expected: stdout
[INFO] [stderr] ++++ actual:   stdout
[INFO] [stderr]    1      - fetchhg {
[INFO] [stderr]    2      -   url = "https://hg.sr.ht/~scoopta/wofi";
[INFO] [stderr]    3      -   rev = "v1.3";
[INFO] [stderr]    4      -   sha256 = "sha256-GxMjEXBPQniD+Yc9QZjd8TH4ILJAX5dNzrjxDawhy8w=";
[INFO] [stderr]    5      - }∅
[INFO] [stderr] stderr:
[INFO] [stderr] $ nix flake prefetch --experimental-features 'nix-command flakes' --json hg+https://hg.sr.ht/~scoopta/wofi?ref=v1.3
[INFO] [stderr] Error: No such file or directory (os error 2)
[INFO] [stderr] 
[INFO] [stderr] Testing tests/cmd/fetcher/bitbucket.toml ... failed
[INFO] [stderr] Expected success, was 1
[INFO] [stderr] 
[INFO] [stderr] ---- expected: stdout
[INFO] [stderr] ++++ actual:   stdout
[INFO] [stderr]    1      - fetchFromBitbucket {
[INFO] [stderr]    2      -   owner = "asbuch";
[INFO] [stderr]    3      -   repo = "lrcalc";
[INFO] [stderr]    4      -   rev = "lrcalc-2.0";
[INFO] [stderr]    5      -   hash = "sha256-9u2tNAp1DDPHu7FtFZWDrVkqCeFCyz0RI8oXmmSwj5I=";
[INFO] [stderr]    6      - }∅
[INFO] [stderr] stderr:
[INFO] [stderr] $ nix-prefetch-url --unpack https://bitbucket.org/asbuch/lrcalc/get/lrcalc-2.0.tar.gz
[INFO] [stderr] Error: No such file or directory (os error 2)
[INFO] [stderr] 
[INFO] [stderr] Testing tests/cmd/fetcher/svn.toml ... failed
[INFO] [stderr] Expected success, was 1
[INFO] [stderr] 
[INFO] [stderr] ---- expected: stdout
[INFO] [stderr] ++++ actual:   stdout
[INFO] [stderr]    1      - fetchsvn {
[INFO] [stderr]    2      -   url = "svn://svn.mplayerhq.hu/mplayer/trunk";
[INFO] [stderr]    3      -   rev = "30000";
[INFO] [stderr]    4      -   sha256 = "sha256-gmiB9GR2VfzTzdIWe6kVCldaau6Cq0F9J0exFZChT1o=";
[INFO] [stderr]    5      - }∅
[INFO] [stderr] stderr:
[INFO] [stderr] $ nix build --experimental-features nix-command --impure --no-link --expr '(import(<nixpkgs>){}).fetchsvn{url="svn://svn.mplayerhq.hu/mplayer/trunk";rev="30000";sha256="sha256-AAAAAAAAAAAAAAAAAAAAAAAAAAAAAAAAAAAAAAAAAAA=";}'
[INFO] [stderr] Error: No such file or directory (os error 2)
[INFO] [stderr] 
[INFO] [stderr] Testing tests/cmd/fetcher/gitlab/group.toml ... failed
[INFO] [stderr] Expected success, was 1
[INFO] [stderr] 
[INFO] [stderr] ---- expected: stdout
[INFO] [stderr] ++++ actual:   stdout
[INFO] [stderr]    1      - fetchFromGitLab {
[INFO] [stderr]    2      -   domain = "gitlab.gnome.org";
[INFO] [stderr]    3      -   group = "World";
[INFO] [stderr]    4      -   owner = "Phosh";
[INFO] [stderr]    5      -   repo = "phosh";
[INFO] [stderr]    6      -   rev = "v0.20.0";
[INFO] [stderr]    7      -   hash = "sha256-KKoRAUqy9l/Y/R7iLqZe6sHcyHHvRRTj+WeVmyAm7+I=";
[INFO] [stderr]    8      - }∅
[INFO] [stderr] stderr:
[INFO] [stderr] $ nix flake prefetch --experimental-features 'nix-command flakes' --json gitlab:World%2FPhosh/phosh/v0.20.0?host=gitlab.gnome.org
[INFO] [stderr] Error: No such file or directory (os error 2)
[INFO] [stderr] 
[INFO] [stderr] Testing tests/cmd/hash.toml ... failed
[INFO] [stderr] Expected success, was 1
[INFO] [stderr] 
[INFO] [stderr] ---- expected: stdout
[INFO] [stderr] ++++ actual:   stdout
[INFO] [stderr]    1      - sha256-jZ+cCp1THDhfHH5yMmRPjGuthOqsgcF/3OjZ61FMdA4=∅
[INFO] [stderr] stderr:
[INFO] [stderr] $ nix flake prefetch --experimental-features 'nix-command flakes' --json github:nix-community/nurl/v0.3.0
[INFO] [stderr] Error: No such file or directory (os error 2)
[INFO] [stderr] 
[INFO] [stderr] Testing tests/cmd/fetcher/crates_io/basic.toml ... failed
[INFO] [stderr] Expected success, was 1
[INFO] [stderr] 
[INFO] [stderr] ---- expected: stdout
[INFO] [stderr] ++++ actual:   stdout
[INFO] [stderr]    1      - fetchCrate {
[INFO] [stderr]    2      -   pname = "nurl";
[INFO] [stderr]    3      -   version = "0.3.0";
[INFO] [stderr]    4      -   hash = "sha256-B6T4DEhE2Jq3YSL+b//27gRkQlvqhynSMBCGdYD5Gog=";
[INFO] [stderr]    5      - }∅
[INFO] [stderr] stderr:
[INFO] [stderr] $ nix-prefetch-url --unpack https://crates.io/api/v1/crates/nurl/0.3.0/download
[INFO] [stderr] Error: No such file or directory (os error 2)
[INFO] [stderr] 
[INFO] [stderr] Testing tests/cmd/fetcher/sourcehut.toml ... failed
[INFO] [stderr] Expected success, was 1
[INFO] [stderr] 
[INFO] [stderr] ---- expected: stdout
[INFO] [stderr] ++++ actual:   stdout
[INFO] [stderr]    1      - fetchFromSourcehut {
[INFO] [stderr]    2      -   owner = "~sircmpwn";
[INFO] [stderr]    3      -   repo = "core.sr.ht";
[INFO] [stderr]    4      -   rev = "0.60.0";
[INFO] [stderr]    5      -   hash = "sha256-d2lfBMf5dJeqvTT6NWPNDSuYC3Hgof8PanYwSHqOCEk=";
[INFO] [stderr]    6      - }∅
[INFO] [stderr] stderr:
[INFO] [stderr] $ nix flake prefetch --experimental-features 'nix-command flakes' --json sourcehut:~sircmpwn/core.sr.ht/0.60.0
[INFO] [stderr] Error: No such file or directory (os error 2)
[INFO] [stderr] 
[INFO] [stderr] Testing tests/cmd/fetcher/gitea.toml ... failed
[INFO] [stderr] Expected success, was 1
[INFO] [stderr] 
[INFO] [stderr] ---- expected: stdout
[INFO] [stderr] ++++ actual:   stdout
[INFO] [stderr]    1      - fetchFromGitea {
[INFO] [stderr]    2      -   domain = "codeberg.org";
[INFO] [stderr]    3      -   owner = "nsxiv";
[INFO] [stderr]    4      -   repo = "nsxiv";
[INFO] [stderr]    5      -   rev = "v30";
[INFO] [stderr]    6      -   hash = "sha256-swzTdQ6ow1At4bKRORqz6fb0Ej92yU9rlI/OgcinPu4=";
[INFO] [stderr]    7      - }∅
[INFO] [stderr] stderr:
[INFO] [stderr] $ nix-prefetch-url --unpack https://codeberg.org/nsxiv/nsxiv/archive/v30.tar.gz
[INFO] [stderr] Error: No such file or directory (os error 2)
[INFO] [stderr] 
[INFO] [stderr] Testing tests/cmd/fetcher/gitiles.toml ... failed
[INFO] [stderr] Expected success, was 1
[INFO] [stderr] 
[INFO] [stderr] ---- expected: stdout
[INFO] [stderr] ++++ actual:   stdout
[INFO] [stderr]    1      - fetchFromGitiles {
[INFO] [stderr]    2      -   url = "https://android.googlesource.com/platform/external/minijail";
[INFO] [stderr]    3      -   rev = "linux-v18";
[INFO] [stderr]    4      -   hash = "sha256-OpwzISZ5iZNQvJAX7UJJ4gELEaVfcQgY9cqMM0YvBzc=";
[INFO] [stderr]    5      - }∅
[INFO] [stderr] stderr:
[INFO] [stderr] $ nix-prefetch-url --unpack https://android.googlesource.com/platform/external/minijail/+archive/linux-v18.tar.gz
[INFO] [stderr] Error: No such file or directory (os error 2)
[INFO] [stderr] 
[INFO] [stderr] Testing tests/cmd/fetcher/git/scheme_plus.toml ... failed
[INFO] [stderr] Expected success, was 1
[INFO] [stderr] 
[INFO] [stderr] ---- expected: stdout
[INFO] [stderr] ++++ actual:   stdout
[INFO] [stderr]    1      - fetchgit {
[INFO] [stderr]    2      -   url = "https://github.com/nix-community/nurl";
[INFO] [stderr]    3      -   rev = "refs/tags/v0.3.0";
[INFO] [stderr]    4      -   hash = "sha256-jZ+cCp1THDhfHH5yMmRPjGuthOqsgcF/3OjZ61FMdA4=";
[INFO] [stderr]    5      - }∅
[INFO] [stderr] stderr:
[INFO] [stderr] $ nix flake prefetch --experimental-features 'nix-command flakes' --json git+https://github.com/nix-community/nurl?ref=refs/tags/v0.3.0&submodules=1
[INFO] [stderr] Error: No such file or directory (os error 2)
[INFO] [stderr] 
[INFO] [stderr] Testing tests/cmd/fetcher/gitlab/instance.toml ... failed
[INFO] [stderr] Expected success, was 1
[INFO] [stderr] 
[INFO] [stderr] ---- expected: stdout
[INFO] [stderr] ++++ actual:   stdout
[INFO] [stderr]    1      - fetchFromGitLab {
[INFO] [stderr]    2      -   domain = "gitlab.gnome.org";
[INFO] [stderr]    3      -   owner = "GNOME";
[INFO] [stderr]    4      -   repo = "libadwaita";
[INFO] [stderr]    5      -   rev = "1.2.0";
[INFO] [stderr]    6      -   hash = "sha256-3lH7Vi9M8k+GSrCpvruRpLrIpMoOakKbcJlaAc/FK+U=";
[INFO] [stderr]    7      - }∅
[INFO] [stderr] stderr:
[INFO] [stderr] $ nix flake prefetch --experimental-features 'nix-command flakes' --json gitlab:GNOME/libadwaita/1.2.0?host=gitlab.gnome.org
[INFO] [stderr] Error: No such file or directory (os error 2)
[INFO] [stderr] 
[INFO] [stderr] Testing tests/cmd/fetcher/hg/scheme_plus.toml ... failed
[INFO] [stderr] Expected success, was 1
[INFO] [stderr] 
[INFO] [stderr] ---- expected: stdout
[INFO] [stderr] ++++ actual:   stdout
[INFO] [stderr]    1      - fetchhg {
[INFO] [stderr]    2      -   url = "https://hg.sr.ht/~scoopta/wofi";
[INFO] [stderr]    3      -   rev = "v1.3";
[INFO] [stderr]    4      -   sha256 = "sha256-GxMjEXBPQniD+Yc9QZjd8TH4ILJAX5dNzrjxDawhy8w=";
[INFO] [stderr]    5      - }∅
[INFO] [stderr] stderr:
[INFO] [stderr] $ nix flake prefetch --experimental-features 'nix-command flakes' --json hg+https://hg.sr.ht/~scoopta/wofi?ref=v1.3
[INFO] [stderr] Error: No such file or directory (os error 2)
[INFO] [stderr] 
[INFO] [stderr] Testing tests/cmd/submodules/github.toml ... failed
[INFO] [stderr] Expected success, was 1
[INFO] [stderr] stdout:
[INFO] [stderr] 
[INFO] [stderr] stderr:
[INFO] [stderr] $ nix flake prefetch --experimental-features 'nix-command flakes' --json git+https://github.com/Koihik/LuaFormatter?ref=refs/tags/1.3.0&submodules=1
[INFO] [stderr] $ nix flake prefetch --experimental-features 'nix-command flakes' --json git+https://github.com/Koihik/LuaFormatter?ref=1.3.0&submodules=1
[INFO] [stderr] Error: No such file or directory (os error 2)
[INFO] [stderr] 
[INFO] [stderr] Update snapshots with `TRYCMD=overwrite`
[INFO] [stdout] test verify_outputs ... FAILED
[INFO] [stderr] Debug output with `TRYCMD=dump`
[INFO] [stdout] test integration ... FAILED
[INFO] [stdout] 
[INFO] [stdout] failures:
[INFO] [stdout] 
[INFO] [stdout] ---- verify_outputs stdout ----
[INFO] [stdout] testing tests/cmd/arg.stdout
[INFO] [stdout] thread 'verify_outputs' panicked at /opt/rustwide/cargo-home/registry/src/index.crates.io-6f17d22bba15001f/assert_cmd-2.0.8/src/output.rs:65:25:
[INFO] [stdout] No such file or directory (os error 2)
[INFO] [stdout] stack backtrace:
[INFO] [stdout]    0:     0x55988ed98c66 - std::backtrace_rs::backtrace::libunwind::trace::h261606ad26a499c1
[INFO] [stdout]                                at /rustc/0e09125c6c3c2fd70d7de961bcf0e51575235fad/library/std/src/../../backtrace/src/backtrace/libunwind.rs:104:5
[INFO] [stdout]    1:     0x55988ed98c66 - std::backtrace_rs::backtrace::trace_unsynchronized::hd183f0625477fb28
[INFO] [stdout]                                at /rustc/0e09125c6c3c2fd70d7de961bcf0e51575235fad/library/std/src/../../backtrace/src/backtrace/mod.rs:66:5
[INFO] [stdout]    2:     0x55988ed98c66 - std::sys_common::backtrace::_print_fmt::hd7f8fef21b4eda67
[INFO] [stdout]                                at /rustc/0e09125c6c3c2fd70d7de961bcf0e51575235fad/library/std/src/sys_common/backtrace.rs:68:5
[INFO] [stdout]    3:     0x55988ed98c66 - <std::sys_common::backtrace::_print::DisplayBacktrace as core::fmt::Display>::fmt::h623d9b51f2f453f1
[INFO] [stdout]                                at /rustc/0e09125c6c3c2fd70d7de961bcf0e51575235fad/library/std/src/sys_common/backtrace.rs:44:22
[INFO] [stdout]    4:     0x55988edc6080 - core::fmt::rt::Argument::fmt::h9f417ac76a86f368
[INFO] [stdout]                                at /rustc/0e09125c6c3c2fd70d7de961bcf0e51575235fad/library/core/src/fmt/rt.rs:142:9
[INFO] [stdout]    5:     0x55988edc6080 - core::fmt::write::hc9b6faf4ac2aeff7
[INFO] [stdout]                                at /rustc/0e09125c6c3c2fd70d7de961bcf0e51575235fad/library/core/src/fmt/mod.rs:1120:17
[INFO] [stdout]    6:     0x55988ed9575f - std::io::Write::write_fmt::he04625a3a989fec3
[INFO] [stdout]                                at /rustc/0e09125c6c3c2fd70d7de961bcf0e51575235fad/library/std/src/io/mod.rs:1810:15
[INFO] [stdout]    7:     0x55988ed98a44 - std::sys_common::backtrace::_print::hd5d66399c7df88a2
[INFO] [stdout]                                at /rustc/0e09125c6c3c2fd70d7de961bcf0e51575235fad/library/std/src/sys_common/backtrace.rs:47:5
[INFO] [stdout]    8:     0x55988ed98a44 - std::sys_common::backtrace::print::he81ed2da642d37e5
[INFO] [stdout]                                at /rustc/0e09125c6c3c2fd70d7de961bcf0e51575235fad/library/std/src/sys_common/backtrace.rs:34:9
[INFO] [stdout]    9:     0x55988ed9ae87 - std::panicking::default_hook::{{closure}}::h85773f4fa117163d
[INFO] [stdout]   10:     0x55988ed9ab6d - std::panicking::default_hook::h6a1694a91d09b278
[INFO] [stdout]                                at /rustc/0e09125c6c3c2fd70d7de961bcf0e51575235fad/library/std/src/panicking.rs:289:9
[INFO] [stdout]   11:     0x55988ea25067 - <alloc::boxed::Box<F,A> as core::ops::function::Fn<Args>>::call::h616ac37fa3cd6c8f
[INFO] [stdout]                                at /rustc/0e09125c6c3c2fd70d7de961bcf0e51575235fad/library/alloc/src/boxed.rs:2029:9
[INFO] [stdout]   12:     0x55988ea25067 - test::test_main::{{closure}}::h00d84697cefdcbb6
[INFO] [stdout]                                at /rustc/0e09125c6c3c2fd70d7de961bcf0e51575235fad/library/test/src/lib.rs:138:21
[INFO] [stdout]   13:     0x55988ed9b4a6 - <alloc::boxed::Box<F,A> as core::ops::function::Fn<Args>>::call::hcb3fe3b9bb537ba8
[INFO] [stdout]                                at /rustc/0e09125c6c3c2fd70d7de961bcf0e51575235fad/library/alloc/src/boxed.rs:2029:9
[INFO] [stdout]   14:     0x55988ed9b4a6 - std::panicking::rust_panic_with_hook::h0a7ad96e90f7145b
[INFO] [stdout]                                at /rustc/0e09125c6c3c2fd70d7de961bcf0e51575235fad/library/std/src/panicking.rs:783:13
[INFO] [stdout]   15:     0x55988ed9b1f2 - std::panicking::begin_panic_handler::{{closure}}::h7919090525c6485e
[INFO] [stdout]                                at /rustc/0e09125c6c3c2fd70d7de961bcf0e51575235fad/library/std/src/panicking.rs:657:13
[INFO] [stdout]   16:     0x55988ed99166 - std::sys_common::backtrace::__rust_end_short_backtrace::hf3289479464f7dfe
[INFO] [stdout]                                at /rustc/0e09125c6c3c2fd70d7de961bcf0e51575235fad/library/std/src/sys_common/backtrace.rs:171:18
[INFO] [stdout]   17:     0x55988ed9af50 - rust_begin_unwind
[INFO] [stdout]                                at /rustc/0e09125c6c3c2fd70d7de961bcf0e51575235fad/library/std/src/panicking.rs:645:5
[INFO] [stdout]   18:     0x55988e9ed8e5 - core::panicking::panic_fmt::hcc9f77c5c132af55
[INFO] [stdout]                                at /rustc/0e09125c6c3c2fd70d7de961bcf0e51575235fad/library/core/src/panicking.rs:72:14
[INFO] [stdout]   19:     0x55988ed45cef - core::panicking::panic_display::h9b33a0dda64ee180
[INFO] [stdout]                                at /rustc/0e09125c6c3c2fd70d7de961bcf0e51575235fad/library/core/src/panicking.rs:196:5
[INFO] [stdout]   20:     0x55988ed549fe - assert_cmd::output::OutputOkExt::unwrap::panic_cold_display::he8b7db638e81c9a7
[INFO] [stdout]                                at /rustc/0e09125c6c3c2fd70d7de961bcf0e51575235fad/library/core/src/panic.rs:99:13
[INFO] [stdout]   21:     0x55988ed4735c - assert_cmd::output::OutputOkExt::unwrap::h1a3feb2b780eaae6
[INFO] [stdout]                                at /opt/rustwide/cargo-home/registry/src/index.crates.io-6f17d22bba15001f/assert_cmd-2.0.8/src/output.rs:65:25
[INFO] [stdout]   22:     0x55988ed45fd7 - assert_cmd::cmd::Command::unwrap::h7a1e017cd32bb389
[INFO] [stdout]                                at /opt/rustwide/cargo-home/registry/src/index.crates.io-6f17d22bba15001f/assert_cmd-2.0.8/src/cmd.rs:152:9
[INFO] [stdout]   23:     0x55988e9f05a5 - integration::verify_outputs::h8fd2934e87d1b571
[INFO] [stdout]                                at /opt/rustwide/workdir/tests/integration.rs:45:9
[INFO] [stdout]   24:     0x55988e9efe57 - integration::verify_outputs::{{closure}}::h06d9c61ab4b2426f
[INFO] [stdout]                                at /opt/rustwide/workdir/tests/integration.rs:15:20
[INFO] [stdout]   25:     0x55988e9ee8f6 - core::ops::function::FnOnce::call_once::h21d8a0545bc77914
[INFO] [stdout]                                at /rustc/0e09125c6c3c2fd70d7de961bcf0e51575235fad/library/core/src/ops/function.rs:250:5
[INFO] [stdout]   26:     0x55988ea2a93f - core::ops::function::FnOnce::call_once::hd64d26f405258157
[INFO] [stdout]                                at /rustc/0e09125c6c3c2fd70d7de961bcf0e51575235fad/library/core/src/ops/function.rs:250:5
[INFO] [stdout]   27:     0x55988ea2a93f - test::__rust_begin_short_backtrace::he21b0b7a6d731bf9
[INFO] [stdout]                                at /rustc/0e09125c6c3c2fd70d7de961bcf0e51575235fad/library/test/src/lib.rs:627:18
[INFO] [stdout]   28:     0x55988ea296c1 - test::run_test_in_process::{{closure}}::hf5c73986d7bdfde2
[INFO] [stdout]                                at /rustc/0e09125c6c3c2fd70d7de961bcf0e51575235fad/library/test/src/lib.rs:650:60
[INFO] [stdout]   29:     0x55988ea296c1 - <core::panic::unwind_safe::AssertUnwindSafe<F> as core::ops::function::FnOnce<()>>::call_once::h330011ad032aadc0
[INFO] [stdout]                                at /rustc/0e09125c6c3c2fd70d7de961bcf0e51575235fad/library/core/src/panic/unwind_safe.rs:272:9
[INFO] [stdout]   30:     0x55988ea296c1 - std::panicking::try::do_call::he61b0a958b795a41
[INFO] [stdout]                                at /rustc/0e09125c6c3c2fd70d7de961bcf0e51575235fad/library/std/src/panicking.rs:552:40
[INFO] [stdout]   31:     0x55988ea296c1 - std::panicking::try::h7309da130f906eb7
[INFO] [stdout]                                at /rustc/0e09125c6c3c2fd70d7de961bcf0e51575235fad/library/std/src/panicking.rs:516:19
[INFO] [stdout]   32:     0x55988ea296c1 - std::panic::catch_unwind::hc5c3a06fdaf0a92a
[INFO] [stdout]                                at /rustc/0e09125c6c3c2fd70d7de961bcf0e51575235fad/library/std/src/panic.rs:142:14
[INFO] [stdout]   33:     0x55988ea296c1 - test::run_test_in_process::h7e7b7c71c3324e0f
[INFO] [stdout]                                at /rustc/0e09125c6c3c2fd70d7de961bcf0e51575235fad/library/test/src/lib.rs:650:27
[INFO] [stdout]   34:     0x55988ea296c1 - test::run_test::{{closure}}::h1f509f28f5cf20b1
[INFO] [stdout]                                at /rustc/0e09125c6c3c2fd70d7de961bcf0e51575235fad/library/test/src/lib.rs:573:43
[INFO] [stdout]   35:     0x55988e9f09f6 - test::run_test::{{closure}}::h1754218abf443f6d
[INFO] [stdout]                                at /rustc/0e09125c6c3c2fd70d7de961bcf0e51575235fad/library/test/src/lib.rs:601:41
[INFO] [stdout]   36:     0x55988e9f09f6 - std::sys_common::backtrace::__rust_begin_short_backtrace::h2ee174b9d5954948
[INFO] [stdout]                                at /rustc/0e09125c6c3c2fd70d7de961bcf0e51575235fad/library/std/src/sys_common/backtrace.rs:155:18
[INFO] [stdout]   37:     0x55988e9f5a57 - std::thread::Builder::spawn_unchecked_::{{closure}}::{{closure}}::hf60bee9c1a17ef09
[INFO] [stdout]                                at /rustc/0e09125c6c3c2fd70d7de961bcf0e51575235fad/library/std/src/thread/mod.rs:529:17
[INFO] [stdout]   38:     0x55988e9f5a57 - <core::panic::unwind_safe::AssertUnwindSafe<F> as core::ops::function::FnOnce<()>>::call_once::h33d0dddec5216160
[INFO] [stdout]                                at /rustc/0e09125c6c3c2fd70d7de961bcf0e51575235fad/library/core/src/panic/unwind_safe.rs:272:9
[INFO] [stdout]   39:     0x55988e9f5a57 - std::panicking::try::do_call::h144b3048b546f835
[INFO] [stdout]                                at /rustc/0e09125c6c3c2fd70d7de961bcf0e51575235fad/library/std/src/panicking.rs:552:40
[INFO] [stdout]   40:     0x55988e9f5a57 - std::panicking::try::h978244d04646189f
[INFO] [stdout]                                at /rustc/0e09125c6c3c2fd70d7de961bcf0e51575235fad/library/std/src/panicking.rs:516:19
[INFO] [stdout]   41:     0x55988e9f5a57 - std::panic::catch_unwind::hdf436369d188fe86
[INFO] [stdout]                                at /rustc/0e09125c6c3c2fd70d7de961bcf0e51575235fad/library/std/src/panic.rs:142:14
[INFO] [stdout]   42:     0x55988e9f5a57 - std::thread::Builder::spawn_unchecked_::{{closure}}::h87329cbdd33c79ec
[INFO] [stdout]                                at /rustc/0e09125c6c3c2fd70d7de961bcf0e51575235fad/library/std/src/thread/mod.rs:528:30
[INFO] [stdout]   43:     0x55988e9f5a57 - core::ops::function::FnOnce::call_once{{vtable.shim}}::h401abbe67897d450
[INFO] [stdout]                                at /rustc/0e09125c6c3c2fd70d7de961bcf0e51575235fad/library/core/src/ops/function.rs:250:5
[INFO] [stdout]   44:     0x55988eda2275 - <alloc::boxed::Box<F,A> as core::ops::function::FnOnce<Args>>::call_once::h5d7c8f150ab9c84c
[INFO] [stdout]                                at /rustc/0e09125c6c3c2fd70d7de961bcf0e51575235fad/library/alloc/src/boxed.rs:2015:9
[INFO] [stdout]   45:     0x55988eda2275 - <alloc::boxed::Box<F,A> as core::ops::function::FnOnce<Args>>::call_once::h570d5b005c242c15
[INFO] [stdout]                                at /rustc/0e09125c6c3c2fd70d7de961bcf0e51575235fad/library/alloc/src/boxed.rs:2015:9
[INFO] [stdout]   46:     0x55988eda2275 - std::sys::unix::thread::Thread::new::thread_start::h36b0a20c0b2361ad
[INFO] [stdout]                                at /rustc/0e09125c6c3c2fd70d7de961bcf0e51575235fad/library/std/src/sys/unix/thread.rs:108:17
[INFO] [stdout]   47:     0x7fe59dc62ac3 - <unknown>
[INFO] [stdout]   48:     0x7fe59dcf3bf4 - __clone
[INFO] [stdout]   49:                0x0 - <unknown>
[INFO] [stdout] 
[INFO] [stdout] ---- integration stdout ----
[INFO] [stdout] thread 'integration' panicked at /opt/rustwide/cargo-home/registry/src/index.crates.io-6f17d22bba15001f/trycmd-0.14.11/src/runner.rs:93:17:
[INFO] [stdout] 39 of 42 tests failed
[INFO] [stdout] stack backtrace:
[INFO] [stdout]    0:     0x55988ed98c66 - std::backtrace_rs::backtrace::libunwind::trace::h261606ad26a499c1
[INFO] [stdout]                                at /rustc/0e09125c6c3c2fd70d7de961bcf0e51575235fad/library/std/src/../../backtrace/src/backtrace/libunwind.rs:104:5
[INFO] [stdout]    1:     0x55988ed98c66 - std::backtrace_rs::backtrace::trace_unsynchronized::hd183f0625477fb28
[INFO] [stdout]                                at /rustc/0e09125c6c3c2fd70d7de961bcf0e51575235fad/library/std/src/../../backtrace/src/backtrace/mod.rs:66:5
[INFO] [stdout]    2:     0x55988ed98c66 - std::sys_common::backtrace::_print_fmt::hd7f8fef21b4eda67
[INFO] [stdout]                                at /rustc/0e09125c6c3c2fd70d7de961bcf0e51575235fad/library/std/src/sys_common/backtrace.rs:68:5
[INFO] [stdout]    3:     0x55988ed98c66 - <std::sys_common::backtrace::_print::DisplayBacktrace as core::fmt::Display>::fmt::h623d9b51f2f453f1
[INFO] [stdout]                                at /rustc/0e09125c6c3c2fd70d7de961bcf0e51575235fad/library/std/src/sys_common/backtrace.rs:44:22
[INFO] [stdout]    4:     0x55988edc6080 - core::fmt::rt::Argument::fmt::h9f417ac76a86f368
[INFO] [stdout]                                at /rustc/0e09125c6c3c2fd70d7de961bcf0e51575235fad/library/core/src/fmt/rt.rs:142:9
[INFO] [stdout]    5:     0x55988edc6080 - core::fmt::write::hc9b6faf4ac2aeff7
[INFO] [stdout]                                at /rustc/0e09125c6c3c2fd70d7de961bcf0e51575235fad/library/core/src/fmt/mod.rs:1120:17
[INFO] [stdout]    6:     0x55988ed9575f - std::io::Write::write_fmt::he04625a3a989fec3
[INFO] [stdout]                                at /rustc/0e09125c6c3c2fd70d7de961bcf0e51575235fad/library/std/src/io/mod.rs:1810:15
[INFO] [stdout]    7:     0x55988ed98a44 - std::sys_common::backtrace::_print::hd5d66399c7df88a2
[INFO] [stdout]                                at /rustc/0e09125c6c3c2fd70d7de961bcf0e51575235fad/library/std/src/sys_common/backtrace.rs:47:5
[INFO] [stdout]    8:     0x55988ed98a44 - std::sys_common::backtrace::print::he81ed2da642d37e5
[INFO] [stdout]                                at /rustc/0e09125c6c3c2fd70d7de961bcf0e51575235fad/library/std/src/sys_common/backtrace.rs:34:9
[INFO] [stdout]    9:     0x55988ed9ae87 - std::panicking::default_hook::{{closure}}::h85773f4fa117163d
[INFO] [stdout]   10:     0x55988ed9ab6d - std::panicking::default_hook::h6a1694a91d09b278
[INFO] [stdout]                                at /rustc/0e09125c6c3c2fd70d7de961bcf0e51575235fad/library/std/src/panicking.rs:289:9
[INFO] [stdout]   11:     0x55988ea25067 - <alloc::boxed::Box<F,A> as core::ops::function::Fn<Args>>::call::h616ac37fa3cd6c8f
[INFO] [stdout]                                at /rustc/0e09125c6c3c2fd70d7de961bcf0e51575235fad/library/alloc/src/boxed.rs:2029:9
[INFO] [stdout]   12:     0x55988ea25067 - test::test_main::{{closure}}::h00d84697cefdcbb6
[INFO] [stdout]                                at /rustc/0e09125c6c3c2fd70d7de961bcf0e51575235fad/library/test/src/lib.rs:138:21
[INFO] [stdout]   13:     0x55988ed9b4a6 - <alloc::boxed::Box<F,A> as core::ops::function::Fn<Args>>::call::hcb3fe3b9bb537ba8
[INFO] [stdout]                                at /rustc/0e09125c6c3c2fd70d7de961bcf0e51575235fad/library/alloc/src/boxed.rs:2029:9
[INFO] [stdout]   14:     0x55988ed9b4a6 - std::panicking::rust_panic_with_hook::h0a7ad96e90f7145b
[INFO] [stdout]                                at /rustc/0e09125c6c3c2fd70d7de961bcf0e51575235fad/library/std/src/panicking.rs:783:13
[INFO] [stdout]   15:     0x55988ed9b1f2 - std::panicking::begin_panic_handler::{{closure}}::h7919090525c6485e
[INFO] [stdout]                                at /rustc/0e09125c6c3c2fd70d7de961bcf0e51575235fad/library/std/src/panicking.rs:657:13
[INFO] [stdout]   16:     0x55988ed99166 - std::sys_common::backtrace::__rust_end_short_backtrace::hf3289479464f7dfe
[INFO] [stdout]                                at /rustc/0e09125c6c3c2fd70d7de961bcf0e51575235fad/library/std/src/sys_common/backtrace.rs:171:18
[INFO] [stdout]   17:     0x55988ed9af50 - rust_begin_unwind
[INFO] [stdout]                                at /rustc/0e09125c6c3c2fd70d7de961bcf0e51575235fad/library/std/src/panicking.rs:645:5
[INFO] [stdout]   18:     0x55988e9ed8e5 - core::panicking::panic_fmt::hcc9f77c5c132af55
[INFO] [stdout]                                at /rustc/0e09125c6c3c2fd70d7de961bcf0e51575235fad/library/core/src/panicking.rs:72:14
[INFO] [stdout]   19:     0x55988ea5e55b - trycmd::runner::Runner::run::h10c685a1026949d0
[INFO] [stdout]                                at /opt/rustwide/cargo-home/registry/src/index.crates.io-6f17d22bba15001f/trycmd-0.14.11/src/runner.rs:93:17
[INFO] [stdout]   20:     0x55988ea35675 - trycmd::cases::TestCases::run::h4b9350ebebea379f
[INFO] [stdout]                                at /opt/rustwide/cargo-home/registry/src/index.crates.io-6f17d22bba15001f/trycmd-0.14.11/src/cases.rs:165:9
[INFO] [stdout]   21:     0x55988ea3571a - <trycmd::cases::TestCases as core::ops::drop::Drop>::drop::hdf8634beaed93d14
[INFO] [stdout]                                at /opt/rustwide/cargo-home/registry/src/index.crates.io-6f17d22bba15001f/trycmd-0.14.11/src/cases.rs:175:13
[INFO] [stdout]   22:     0x55988ea77777 - core::ptr::drop_in_place<trycmd::cases::TestCases>::h3470e301cca7af45
[INFO] [stdout]                                at /rustc/0e09125c6c3c2fd70d7de961bcf0e51575235fad/library/core/src/ptr/mod.rs:507:1
[INFO] [stdout]   23:     0x55988e9efe1e - integration::integration::h71bb0427c96f3418
[INFO] [stdout]                                at /opt/rustwide/workdir/tests/integration.rs:11:37
[INFO] [stdout]   24:     0x55988e9efd87 - integration::integration::{{closure}}::ha61c7ac820459bbf
[INFO] [stdout]                                at /opt/rustwide/workdir/tests/integration.rs:8:17
[INFO] [stdout]   25:     0x55988e9ee946 - core::ops::function::FnOnce::call_once::ha9c81149f18bd00b
[INFO] [stdout]                                at /rustc/0e09125c6c3c2fd70d7de961bcf0e51575235fad/library/core/src/ops/function.rs:250:5
[INFO] [stdout]   26:     0x55988ea2a93f - core::ops::function::FnOnce::call_once::hd64d26f405258157
[INFO] [stdout]                                at /rustc/0e09125c6c3c2fd70d7de961bcf0e51575235fad/library/core/src/ops/function.rs:250:5
[INFO] [stdout]   27:     0x55988ea2a93f - test::__rust_begin_short_backtrace::he21b0b7a6d731bf9
[INFO] [stdout]                                at /rustc/0e09125c6c3c2fd70d7de961bcf0e51575235fad/library/test/src/lib.rs:627:18
[INFO] [stdout]   28:     0x55988ea296c1 - test::run_test_in_process::{{closure}}::hf5c73986d7bdfde2
[INFO] [stdout]                                at /rustc/0e09125c6c3c2fd70d7de961bcf0e51575235fad/library/test/src/lib.rs:650:60
[INFO] [stdout]   29:     0x55988ea296c1 - <core::panic::unwind_safe::AssertUnwindSafe<F> as core::ops::function::FnOnce<()>>::call_once::h330011ad032aadc0
[INFO] [stdout]                                at /rustc/0e09125c6c3c2fd70d7de961bcf0e51575235fad/library/core/src/panic/unwind_safe.rs:272:9
[INFO] [stdout]   30:     0x55988ea296c1 - std::panicking::try::do_call::he61b0a958b795a41
[INFO] [stdout]                                at /rustc/0e09125c6c3c2fd70d7de961bcf0e51575235fad/library/std/src/panicking.rs:552:40
[INFO] [stdout]   31:     0x55988ea296c1 - std::panicking::try::h7309da130f906eb7
[INFO] [stdout]                                at /rustc/0e09125c6c3c2fd70d7de961bcf0e51575235fad/library/std/src/panicking.rs:516:19
[INFO] [stdout]   32:     0x55988ea296c1 - std::panic::catch_unwind::hc5c3a06fdaf0a92a
[INFO] [stdout]                                at /rustc/0e09125c6c3c2fd70d7de961bcf0e51575235fad/library/std/src/panic.rs:142:14
[INFO] [stdout]   33:     0x55988ea296c1 - test::run_test_in_process::h7e7b7c71c3324e0f
[INFO] [stdout]                                at /rustc/0e09125c6c3c2fd70d7de961bcf0e51575235fad/library/test/src/lib.rs:650:27
[INFO] [stdout]   34:     0x55988ea296c1 - test::run_test::{{closure}}::h1f509f28f5cf20b1
[INFO] [stdout]                                at /rustc/0e09125c6c3c2fd70d7de961bcf0e51575235fad/library/test/src/lib.rs:573:43
[INFO] [stdout]   35:     0x55988e9f09f6 - test::run_test::{{closure}}::h1754218abf443f6d
[INFO] [stdout]                                at /rustc/0e09125c6c3c2fd70d7de961bcf0e51575235fad/library/test/src/lib.rs:601:41
[INFO] [stdout]   36:     0x55988e9f09f6 - std::sys_common::backtrace::__rust_begin_short_backtrace::h2ee174b9d5954948
[INFO] [stdout]                                at /rustc/0e09125c6c3c2fd70d7de961bcf0e51575235fad/library/std/src/sys_common/backtrace.rs:155:18
[INFO] [stdout]   37:     0x55988e9f5a57 - std::thread::Builder::spawn_unchecked_::{{closure}}::{{closure}}::hf60bee9c1a17ef09
[INFO] [stdout]                                at /rustc/0e09125c6c3c2fd70d7de961bcf0e51575235fad/library/std/src/thread/mod.rs:529:17
[INFO] [stdout]   38:     0x55988e9f5a57 - <core::panic::unwind_safe::AssertUnwindSafe<F> as core::ops::function::FnOnce<()>>::call_once::h33d0dddec5216160
[INFO] [stdout]                                at /rustc/0e09125c6c3c2fd70d7de961bcf0e51575235fad/library/core/src/panic/unwind_safe.rs:272:9
[INFO] [stdout]   39:     0x55988e9f5a57 - std::panicking::try::do_call::h144b3048b546f835
[INFO] [stdout]                                at /rustc/0e09125c6c3c2fd70d7de961bcf0e51575235fad/library/std/src/panicking.rs:552:40
[INFO] [stdout]   40:     0x55988e9f5a57 - std::panicking::try::h978244d04646189f
[INFO] [stdout]                                at /rustc/0e09125c6c3c2fd70d7de961bcf0e51575235fad/library/std/src/panicking.rs:516:19
[INFO] [stdout]   41:     0x55988e9f5a57 - std::panic::catch_unwind::hdf436369d188fe86
[INFO] [stdout]                                at /rustc/0e09125c6c3c2fd70d7de961bcf0e51575235fad/library/std/src/panic.rs:142:14
[INFO] [stdout]   42:     0x55988e9f5a57 - std::thread::Builder::spawn_unchecked_::{{closure}}::h87329cbdd33c79ec
[INFO] [stdout]                                at /rustc/0e09125c6c3c2fd70d7de961bcf0e51575235fad/library/std/src/thread/mod.rs:528:30
[INFO] [stdout]   43:     0x55988e9f5a57 - core::ops::function::FnOnce::call_once{{vtable.shim}}::h401abbe67897d450
[INFO] [stdout]                                at /rustc/0e09125c6c3c2fd70d7de961bcf0e51575235fad/library/core/src/ops/function.rs:250:5
[INFO] [stdout]   44:     0x55988eda2275 - <alloc::boxed::Box<F,A> as core::ops::function::FnOnce<Args>>::call_once::h5d7c8f150ab9c84c
[INFO] [stdout]                                at /rustc/0e09125c6c3c2fd70d7de961bcf0e51575235fad/library/alloc/src/boxed.rs:2015:9
[INFO] [stdout]   45:     0x55988eda2275 - <alloc::boxed::Box<F,A> as core::ops::function::FnOnce<Args>>::call_once::h570d5b005c242c15
[INFO] [stdout]                                at /rustc/0e09125c6c3c2fd70d7de961bcf0e51575235fad/library/alloc/src/boxed.rs:2015:9
[INFO] [stdout]   46:     0x55988eda2275 - std::sys::unix::thread::Thread::new::thread_start::h36b0a20c0b2361ad
[INFO] [stdout]                                at /rustc/0e09125c6c3c2fd70d7de961bcf0e51575235fad/library/std/src/sys/unix/thread.rs:108:17
[INFO] [stdout]   47:     0x7fe59dc62ac3 - <unknown>
[INFO] [stdout]   48:     0x7fe59dcf3bf4 - __clone
[INFO] [stdout]   49:                0x0 - <unknown>
[INFO] [stdout] 
[INFO] [stdout] 
[INFO] [stdout] failures:
[INFO] [stdout]     integration
[INFO] [stdout]     verify_outputs
[INFO] [stdout] 
[INFO] [stdout] test result: FAILED. 0 passed; 2 failed; 0 ignored; 0 measured; 0 filtered out; finished in 0.41s
[INFO] [stdout] 
[INFO] [stderr] error: test failed, to rerun pass `--test integration`
[INFO] running `Command { std: "docker" "inspect" "7ce20a375e706ee1beddf2506c256caf80494fa836ef95ddead49bec7074b9d7", kill_on_drop: false }`
[INFO] running `Command { std: "docker" "rm" "-f" "7ce20a375e706ee1beddf2506c256caf80494fa836ef95ddead49bec7074b9d7", kill_on_drop: false }`
[INFO] [stdout] 7ce20a375e706ee1beddf2506c256caf80494fa836ef95ddead49bec7074b9d7
