[INFO] fetching crate number-based 0.2.3...
[INFO] testing number-based-0.2.3 against 1.75.0 for beta-1.76-1
[INFO] extracting crate number-based 0.2.3 into /workspace/builds/worker-0-tc1/source
[INFO] validating manifest of crates.io crate number-based 0.2.3 on toolchain 1.75.0
[INFO] running `Command { std: CARGO_HOME="/workspace/cargo-home" RUSTUP_HOME="/workspace/rustup-home" "/workspace/cargo-home/bin/cargo" "+1.75.0" "metadata" "--manifest-path" "Cargo.toml" "--no-deps", kill_on_drop: false }`
[INFO] started tweaking crates.io crate number-based 0.2.3
[INFO] finished tweaking crates.io crate number-based 0.2.3
[INFO] tweaked toml for crates.io crate number-based 0.2.3 written to /workspace/builds/worker-0-tc1/source/Cargo.toml
[INFO] crate crates.io crate number-based 0.2.3 already has a lockfile, it will not be regenerated
[INFO] running `Command { std: CARGO_HOME="/workspace/cargo-home" RUSTUP_HOME="/workspace/rustup-home" "/workspace/cargo-home/bin/cargo" "+1.75.0" "fetch" "--manifest-path" "Cargo.toml", kill_on_drop: false }`
[INFO] running `Command { std: "docker" "create" "-v" "/var/lib/crater-agent-workspace/builds/worker-0-tc1/target:/opt/rustwide/target:rw,Z" "-v" "/var/lib/crater-agent-workspace/builds/worker-0-tc1/source:/opt/rustwide/workdir:ro,Z" "-v" "/var/lib/crater-agent-workspace/cargo-home:/opt/rustwide/cargo-home:ro,Z" "-v" "/var/lib/crater-agent-workspace/rustup-home:/opt/rustwide/rustup-home:ro,Z" "-e" "SOURCE_DIR=/opt/rustwide/workdir" "-e" "CARGO_TARGET_DIR=/opt/rustwide/target" "-e" "CARGO_HOME=/opt/rustwide/cargo-home" "-e" "RUSTUP_HOME=/opt/rustwide/rustup-home" "-w" "/opt/rustwide/workdir" "-m" "1610612736" "--user" "0:0" "--network" "none" "ghcr.io/rust-lang/crates-build-env/linux@sha256:2788e3201cd34a07e3172128adcd8b3090168a8e3bcc40d7c032b9dda1df7d1c" "/opt/rustwide/cargo-home/bin/cargo" "+1.75.0" "metadata" "--no-deps" "--format-version=1", kill_on_drop: false }`
[INFO] [stdout] bbbeaeb237f4f3349a19527e43468df1dc7e51fbab27df8dc594a1230f5fb70b
[INFO] running `Command { std: "docker" "start" "-a" "bbbeaeb237f4f3349a19527e43468df1dc7e51fbab27df8dc594a1230f5fb70b", kill_on_drop: false }`
[INFO] running `Command { std: "docker" "inspect" "bbbeaeb237f4f3349a19527e43468df1dc7e51fbab27df8dc594a1230f5fb70b", kill_on_drop: false }`
[INFO] running `Command { std: "docker" "rm" "-f" "bbbeaeb237f4f3349a19527e43468df1dc7e51fbab27df8dc594a1230f5fb70b", kill_on_drop: false }`
[INFO] [stdout] bbbeaeb237f4f3349a19527e43468df1dc7e51fbab27df8dc594a1230f5fb70b
[INFO] running `Command { std: "docker" "create" "-v" "/var/lib/crater-agent-workspace/builds/worker-0-tc1/target:/opt/rustwide/target:rw,Z" "-v" "/var/lib/crater-agent-workspace/builds/worker-0-tc1/source:/opt/rustwide/workdir:ro,Z" "-v" "/var/lib/crater-agent-workspace/cargo-home:/opt/rustwide/cargo-home:ro,Z" "-v" "/var/lib/crater-agent-workspace/rustup-home:/opt/rustwide/rustup-home:ro,Z" "-e" "SOURCE_DIR=/opt/rustwide/workdir" "-e" "CARGO_TARGET_DIR=/opt/rustwide/target" "-e" "CARGO_INCREMENTAL=0" "-e" "RUST_BACKTRACE=full" "-e" "RUSTFLAGS=--cap-lints=warn" "-e" "RUSTDOCFLAGS=--cap-lints=warn" "-e" "CARGO_HOME=/opt/rustwide/cargo-home" "-e" "RUSTUP_HOME=/opt/rustwide/rustup-home" "-w" "/opt/rustwide/workdir" "-m" "1610612736" "--user" "0:0" "--network" "none" "ghcr.io/rust-lang/crates-build-env/linux@sha256:2788e3201cd34a07e3172128adcd8b3090168a8e3bcc40d7c032b9dda1df7d1c" "/opt/rustwide/cargo-home/bin/cargo" "+1.75.0" "build" "--frozen" "--message-format=json", kill_on_drop: false }`
[INFO] [stdout] fa94a0b90a15f6f28e2a91f14e6dfa9e8ecee34894958453745884c1fcc7975a
[INFO] running `Command { std: "docker" "start" "-a" "fa94a0b90a15f6f28e2a91f14e6dfa9e8ecee34894958453745884c1fcc7975a", kill_on_drop: false }`
[INFO] [stderr]    Compiling number-based v0.2.3 (/opt/rustwide/workdir)
[INFO] [stderr]     Finished dev [unoptimized + debuginfo] target(s) in 0.30s
[INFO] running `Command { std: "docker" "inspect" "fa94a0b90a15f6f28e2a91f14e6dfa9e8ecee34894958453745884c1fcc7975a", kill_on_drop: false }`
[INFO] running `Command { std: "docker" "rm" "-f" "fa94a0b90a15f6f28e2a91f14e6dfa9e8ecee34894958453745884c1fcc7975a", kill_on_drop: false }`
[INFO] [stdout] fa94a0b90a15f6f28e2a91f14e6dfa9e8ecee34894958453745884c1fcc7975a
[INFO] running `Command { std: "docker" "create" "-v" "/var/lib/crater-agent-workspace/builds/worker-0-tc1/target:/opt/rustwide/target:rw,Z" "-v" "/var/lib/crater-agent-workspace/builds/worker-0-tc1/source:/opt/rustwide/workdir:ro,Z" "-v" "/var/lib/crater-agent-workspace/cargo-home:/opt/rustwide/cargo-home:ro,Z" "-v" "/var/lib/crater-agent-workspace/rustup-home:/opt/rustwide/rustup-home:ro,Z" "-e" "SOURCE_DIR=/opt/rustwide/workdir" "-e" "CARGO_TARGET_DIR=/opt/rustwide/target" "-e" "CARGO_INCREMENTAL=0" "-e" "RUST_BACKTRACE=full" "-e" "RUSTFLAGS=--cap-lints=warn" "-e" "RUSTDOCFLAGS=--cap-lints=warn" "-e" "CARGO_HOME=/opt/rustwide/cargo-home" "-e" "RUSTUP_HOME=/opt/rustwide/rustup-home" "-w" "/opt/rustwide/workdir" "-m" "1610612736" "--user" "0:0" "--network" "none" "ghcr.io/rust-lang/crates-build-env/linux@sha256:2788e3201cd34a07e3172128adcd8b3090168a8e3bcc40d7c032b9dda1df7d1c" "/opt/rustwide/cargo-home/bin/cargo" "+1.75.0" "test" "--frozen" "--no-run" "--message-format=json", kill_on_drop: false }`
[INFO] [stdout] 1b7ab17e7845f0c3379a8776a819e6867f2b3a0988736824ad0c95c5ebc13fc7
[INFO] running `Command { std: "docker" "start" "-a" "1b7ab17e7845f0c3379a8776a819e6867f2b3a0988736824ad0c95c5ebc13fc7", kill_on_drop: false }`
[INFO] [stderr]    Compiling number-based v0.2.3 (/opt/rustwide/workdir)
[INFO] [stderr]     Finished test [unoptimized + debuginfo] target(s) in 0.47s
[INFO] running `Command { std: "docker" "inspect" "1b7ab17e7845f0c3379a8776a819e6867f2b3a0988736824ad0c95c5ebc13fc7", kill_on_drop: false }`
[INFO] running `Command { std: "docker" "rm" "-f" "1b7ab17e7845f0c3379a8776a819e6867f2b3a0988736824ad0c95c5ebc13fc7", kill_on_drop: false }`
[INFO] [stdout] 1b7ab17e7845f0c3379a8776a819e6867f2b3a0988736824ad0c95c5ebc13fc7
[INFO] running `Command { std: "docker" "create" "-v" "/var/lib/crater-agent-workspace/builds/worker-0-tc1/target:/opt/rustwide/target:rw,Z" "-v" "/var/lib/crater-agent-workspace/builds/worker-0-tc1/source:/opt/rustwide/workdir:ro,Z" "-v" "/var/lib/crater-agent-workspace/cargo-home:/opt/rustwide/cargo-home:ro,Z" "-v" "/var/lib/crater-agent-workspace/rustup-home:/opt/rustwide/rustup-home:ro,Z" "-e" "SOURCE_DIR=/opt/rustwide/workdir" "-e" "CARGO_TARGET_DIR=/opt/rustwide/target" "-e" "CARGO_INCREMENTAL=0" "-e" "RUST_BACKTRACE=full" "-e" "RUSTFLAGS=--cap-lints=warn" "-e" "RUSTDOCFLAGS=--cap-lints=warn" "-e" "CARGO_HOME=/opt/rustwide/cargo-home" "-e" "RUSTUP_HOME=/opt/rustwide/rustup-home" "-w" "/opt/rustwide/workdir" "-m" "1610612736" "--user" "0:0" "--network" "none" "ghcr.io/rust-lang/crates-build-env/linux@sha256:2788e3201cd34a07e3172128adcd8b3090168a8e3bcc40d7c032b9dda1df7d1c" "/opt/rustwide/cargo-home/bin/cargo" "+1.75.0" "test" "--frozen", kill_on_drop: false }`
[INFO] [stdout] e9f0e6f6eafc910e49dfd93cedce3aff3de3f29237ce99c66479e7661ec89ced
[INFO] running `Command { std: "docker" "start" "-a" "e9f0e6f6eafc910e49dfd93cedce3aff3de3f29237ce99c66479e7661ec89ced", kill_on_drop: false }`
[INFO] [stderr]     Finished test [unoptimized + debuginfo] target(s) in 0.01s
[INFO] [stderr]      Running unittests src/lib.rs (/opt/rustwide/target/debug/deps/number_based-09ed1b12b9a23bef)
[INFO] [stdout] 
[INFO] [stdout] running 0 tests
[INFO] [stdout] 
[INFO] [stdout] test result: ok. 0 passed; 0 failed; 0 ignored; 0 measured; 0 filtered out; finished in 0.00s
[INFO] [stdout] 
[INFO] [stderr]    Doc-tests number-based
[INFO] [stdout] 
[INFO] [stdout] running 12 tests
[INFO] [stdout] test src/signed_integer/ibase.rs - signed_integer::ibase::iBase (line 280) ... FAILED
[INFO] [stdout] test src/lib.rs - (line 4) ... FAILED
[INFO] [stdout] test src/signed_integer/ibase.rs - signed_integer::ibase::iBase (line 260) ... FAILED
[INFO] [stdout] test src/signed_integer/ibase.rs - signed_integer::ibase::iBase (line 312) ... FAILED
[INFO] [stdout] test src/signed_integer/ibase.rs - signed_integer::ibase::iBase (line 222) ... FAILED
[INFO] [stdout] test src/unsigned_integer/ubase.rs - unsigned_integer::ubase::uBase (line 139) ... FAILED
[INFO] [stdout] test src/signed_integer/ibase.rs - signed_integer::ibase::iBase (line 184) ... FAILED
[INFO] [stdout] test src/lib.rs - (line 34) ... FAILED
[INFO] [stdout] test src/unsigned_integer/ubase.rs - unsigned_integer::ubase::uBase (line 180) ... FAILED
[INFO] [stdout] test src/unsigned_integer/ubase.rs - unsigned_integer::ubase::uBase (line 225) ... FAILED
[INFO] [stdout] test src/unsigned_integer/ubase.rs - unsigned_integer::ubase::uBase (line 245) ... FAILED
[INFO] [stdout] test src/unsigned_integer/ubase.rs - unsigned_integer::ubase::uBase (line 280) ... FAILED
[INFO] [stdout] 
[INFO] [stdout] failures:
[INFO] [stdout] 
[INFO] [stdout] ---- src/signed_integer/ibase.rs - signed_integer::ibase::iBase (line 280) stdout ----
[INFO] [stdout] error[E0425]: cannot find value `number2` in this scope
[INFO] [stdout]  --> src/signed_integer/ibase.rs:284:11
[INFO] [stdout]   |
[INFO] [stdout] 6 | let res = number2 / number1;
[INFO] [stdout]   |           ^^^^^^^ not found in this scope
[INFO] [stdout] 
[INFO] [stdout] error[E0425]: cannot find value `number1` in this scope
[INFO] [stdout]  --> src/signed_integer/ibase.rs:284:21
[INFO] [stdout]   |
[INFO] [stdout] 6 | let res = number2 / number1;
[INFO] [stdout]   |                     ^^^^^^^ not found in this scope
[INFO] [stdout] 
[INFO] [stdout] error: aborting due to 2 previous errors
[INFO] [stdout] 
[INFO] [stdout] For more information about this error, try `rustc --explain E0425`.
[INFO] [stdout] Couldn't compile the test.
[INFO] [stdout] ---- src/lib.rs - (line 4) stdout ----
[INFO] [stdout] error[E0433]: failed to resolve: use of undeclared crate or module `uBase`
[INFO] [stdout]  --> src/lib.rs:8:18
[INFO] [stdout]   |
[INFO] [stdout] 6 | let mut number = uBase::from_string(7863, "NUMBERBASED");
[INFO] [stdout]   |                  ^^^^^ use of undeclared crate or module `uBase`
[INFO] [stdout]   |
[INFO] [stdout] help: consider importing this type alias
[INFO] [stdout]   |
[INFO] [stdout] 5 + use number_based::uBase;
[INFO] [stdout]   |
[INFO] [stdout] 
[INFO] [stdout] error[E0433]: failed to resolve: use of undeclared crate or module `uBase`
[INFO] [stdout]   --> src/lib.rs:24:24
[INFO] [stdout]    |
[INFO] [stdout] 22 | let mut other_number = uBase::from_string(10, "120387517860123746975");
[INFO] [stdout]    |                        ^^^^^ use of undeclared crate or module `uBase`
[INFO] [stdout]    |
[INFO] [stdout] help: consider importing this type alias
[INFO] [stdout]    |
[INFO] [stdout] 5  + use number_based::uBase;
[INFO] [stdout]    |
[INFO] [stdout] 
[INFO] [stdout] error: aborting due to 2 previous errors
[INFO] [stdout] 
[INFO] [stdout] For more information about this error, try `rustc --explain E0433`.
[INFO] [stdout] Couldn't compile the test.
[INFO] [stdout] ---- src/signed_integer/ibase.rs - signed_integer::ibase::iBase (line 260) stdout ----
[INFO] [stdout] error[E0433]: failed to resolve: use of undeclared crate or module `iBase`
[INFO] [stdout]  --> src/signed_integer/ibase.rs:263:15
[INFO] [stdout]   |
[INFO] [stdout] 5 | let number1 = iBase::from_string(17, "-AB123");
[INFO] [stdout]   |               ^^^^^ use of undeclared crate or module `iBase`
[INFO] [stdout]   |
[INFO] [stdout] help: consider importing this type alias
[INFO] [stdout]   |
[INFO] [stdout] 4 + use number_based::iBase;
[INFO] [stdout]   |
[INFO] [stdout] 
[INFO] [stdout] error[E0433]: failed to resolve: use of undeclared crate or module `iBase`
[INFO] [stdout]  --> src/signed_integer/ibase.rs:266:19
[INFO] [stdout]   |
[INFO] [stdout] 8 |     let number2 = iBase::from_string(7, "456");
[INFO] [stdout]   |                   ^^^^^ use of undeclared crate or module `iBase`
[INFO] [stdout]   |
[INFO] [stdout] help: consider importing this type alias
[INFO] [stdout]   |
[INFO] [stdout] 4 + use number_based::iBase;
[INFO] [stdout]   |
[INFO] [stdout] 
[INFO] [stdout] error: aborting due to 2 previous errors
[INFO] [stdout] 
[INFO] [stdout] For more information about this error, try `rustc --explain E0433`.
[INFO] [stdout] Couldn't compile the test.
[INFO] [stdout] ---- src/signed_integer/ibase.rs - signed_integer::ibase::iBase (line 312) stdout ----
[INFO] [stdout] error[E0433]: failed to resolve: use of undeclared crate or module `iBase`
[INFO] [stdout]  --> src/signed_integer/ibase.rs:315:15
[INFO] [stdout]   |
[INFO] [stdout] 5 | let number1 = iBase::from_string(2, "1001011101101011");
[INFO] [stdout]   |               ^^^^^ use of undeclared crate or module `iBase`
[INFO] [stdout]   |
[INFO] [stdout] help: consider importing this type alias
[INFO] [stdout]   |
[INFO] [stdout] 4 + use number_based::iBase;
[INFO] [stdout]   |
[INFO] [stdout] 
[INFO] [stdout] error[E0433]: failed to resolve: use of undeclared crate or module `iBase`
[INFO] [stdout]  --> src/signed_integer/ibase.rs:318:19
[INFO] [stdout]   |
[INFO] [stdout] 8 |     let number2 = iBase::from_string(27, "-ABGL");
[INFO] [stdout]   |                   ^^^^^ use of undeclared crate or module `iBase`
[INFO] [stdout]   |
[INFO] [stdout] help: consider importing this type alias
[INFO] [stdout]   |
[INFO] [stdout] 4 + use number_based::iBase;
[INFO] [stdout]   |
[INFO] [stdout] 
[INFO] [stdout] error: aborting due to 2 previous errors
[INFO] [stdout] 
[INFO] [stdout] For more information about this error, try `rustc --explain E0433`.
[INFO] [stdout] Couldn't compile the test.
[INFO] [stdout] ---- src/signed_integer/ibase.rs - signed_integer::ibase::iBase (line 222) stdout ----
[INFO] [stdout] error[E0433]: failed to resolve: use of undeclared crate or module `iBase`
[INFO] [stdout]  --> src/signed_integer/ibase.rs:225:15
[INFO] [stdout]   |
[INFO] [stdout] 5 | let number1 = iBase::from_string(20, "1234876");
[INFO] [stdout]   |               ^^^^^ use of undeclared crate or module `iBase`
[INFO] [stdout]   |
[INFO] [stdout] help: consider importing this type alias
[INFO] [stdout]   |
[INFO] [stdout] 4 + use number_based::iBase;
[INFO] [stdout]   |
[INFO] [stdout] 
[INFO] [stdout] error[E0433]: failed to resolve: use of undeclared crate or module `iBase`
[INFO] [stdout]  --> src/signed_integer/ibase.rs:228:19
[INFO] [stdout]   |
[INFO] [stdout] 8 |     let number2 = iBase::from_string(15, "-3245");
[INFO] [stdout]   |                   ^^^^^ use of undeclared crate or module `iBase`
[INFO] [stdout]   |
[INFO] [stdout] help: consider importing this type alias
[INFO] [stdout]   |
[INFO] [stdout] 4 + use number_based::iBase;
[INFO] [stdout]   |
[INFO] [stdout] 
[INFO] [stdout] error: aborting due to 2 previous errors
[INFO] [stdout] 
[INFO] [stdout] For more information about this error, try `rustc --explain E0433`.
[INFO] [stdout] Couldn't compile the test.
[INFO] [stdout] ---- src/unsigned_integer/ubase.rs - unsigned_integer::ubase::uBase (line 139) stdout ----
[INFO] [stdout] error[E0433]: failed to resolve: use of undeclared crate or module `uBase`
[INFO] [stdout]  --> src/unsigned_integer/ubase.rs:141:15
[INFO] [stdout]   |
[INFO] [stdout] 4 | let number1 = uBase::from_string(20, "1287");
[INFO] [stdout]   |               ^^^^^ use of undeclared crate or module `uBase`
[INFO] [stdout]   |
[INFO] [stdout] help: consider importing this type alias
[INFO] [stdout]   |
[INFO] [stdout] 3 + use number_based::uBase;
[INFO] [stdout]   |
[INFO] [stdout] 
[INFO] [stdout] error[E0433]: failed to resolve: use of undeclared crate or module `uBase`
[INFO] [stdout]  --> src/unsigned_integer/ubase.rs:144:19
[INFO] [stdout]   |
[INFO] [stdout] 7 |     let number2 = uBase::from_string(15, "1238970");
[INFO] [stdout]   |                   ^^^^^ use of undeclared crate or module `uBase`
[INFO] [stdout]   |
[INFO] [stdout] help: consider importing this type alias
[INFO] [stdout]   |
[INFO] [stdout] 3 + use number_based::uBase;
[INFO] [stdout]   |
[INFO] [stdout] 
[INFO] [stdout] error: aborting due to 2 previous errors
[INFO] [stdout] 
[INFO] [stdout] For more information about this error, try `rustc --explain E0433`.
[INFO] [stdout] Couldn't compile the test.
[INFO] [stdout] ---- src/signed_integer/ibase.rs - signed_integer::ibase::iBase (line 184) stdout ----
[INFO] [stdout] error[E0433]: failed to resolve: use of undeclared crate or module `iBase`
[INFO] [stdout]  --> src/signed_integer/ibase.rs:186:15
[INFO] [stdout]   |
[INFO] [stdout] 4 | let number1 = iBase::from_string(20, "-1287");
[INFO] [stdout]   |               ^^^^^ use of undeclared crate or module `iBase`
[INFO] [stdout]   |
[INFO] [stdout] help: consider importing this type alias
[INFO] [stdout]   |
[INFO] [stdout] 3 + use number_based::iBase;
[INFO] [stdout]   |
[INFO] [stdout] 
[INFO] [stdout] error[E0433]: failed to resolve: use of undeclared crate or module `iBase`
[INFO] [stdout]  --> src/signed_integer/ibase.rs:189:19
[INFO] [stdout]   |
[INFO] [stdout] 7 |     let number2 = iBase::from_string(15, "1238970");
[INFO] [stdout]   |                   ^^^^^ use of undeclared crate or module `iBase`
[INFO] [stdout]   |
[INFO] [stdout] help: consider importing this type alias
[INFO] [stdout]   |
[INFO] [stdout] 3 + use number_based::iBase;
[INFO] [stdout]   |
[INFO] [stdout] 
[INFO] [stdout] error: aborting due to 2 previous errors
[INFO] [stdout] 
[INFO] [stdout] For more information about this error, try `rustc --explain E0433`.
[INFO] [stdout] Couldn't compile the test.
[INFO] [stdout] ---- src/lib.rs - (line 34) stdout ----
[INFO] [stdout] error[E0433]: failed to resolve: use of undeclared crate or module `iBase`
[INFO] [stdout]  --> src/lib.rs:36:15
[INFO] [stdout]   |
[INFO] [stdout] 4 | let number1 = iBase::from_string(30000, "-ð䧈炙㞈榻");
[INFO] [stdout]   |               ^^^^^ use of undeclared crate or module `iBase`
[INFO] [stdout]   |
[INFO] [stdout] help: consider importing this type alias
[INFO] [stdout]   |
[INFO] [stdout] 3 + use number_based::iBase;
[INFO] [stdout]   |
[INFO] [stdout] 
[INFO] [stdout] error[E0433]: failed to resolve: use of undeclared crate or module `iBase`
[INFO] [stdout]  --> src/lib.rs:39:15
[INFO] [stdout]   |
[INFO] [stdout] 7 | let number2 = iBase::from_string(30000, "20");
[INFO] [stdout]   |               ^^^^^ use of undeclared crate or module `iBase`
[INFO] [stdout]   |
[INFO] [stdout] help: consider importing this type alias
[INFO] [stdout]   |
[INFO] [stdout] 3 + use number_based::iBase;
[INFO] [stdout]   |
[INFO] [stdout] 
[INFO] [stdout] error: aborting due to 2 previous errors
[INFO] [stdout] 
[INFO] [stdout] For more information about this error, try `rustc --explain E0433`.
[INFO] [stdout] Couldn't compile the test.
[INFO] [stdout] ---- src/unsigned_integer/ubase.rs - unsigned_integer::ubase::uBase (line 180) stdout ----
[INFO] [stdout] error[E0433]: failed to resolve: use of undeclared crate or module `uBase`
[INFO] [stdout]  --> src/unsigned_integer/ubase.rs:183:15
[INFO] [stdout]   |
[INFO] [stdout] 5 | let number1 = uBase::from_string(20, "1234876");
[INFO] [stdout]   |               ^^^^^ use of undeclared crate or module `uBase`
[INFO] [stdout]   |
[INFO] [stdout] help: consider importing this type alias
[INFO] [stdout]   |
[INFO] [stdout] 4 + use number_based::uBase;
[INFO] [stdout]   |
[INFO] [stdout] 
[INFO] [stdout] error[E0433]: failed to resolve: use of undeclared crate or module `uBase`
[INFO] [stdout]  --> src/unsigned_integer/ubase.rs:186:19
[INFO] [stdout]   |
[INFO] [stdout] 8 |     let number2 = uBase::from_string(15, "3245");
[INFO] [stdout]   |                   ^^^^^ use of undeclared crate or module `uBase`
[INFO] [stdout]   |
[INFO] [stdout] help: consider importing this type alias
[INFO] [stdout]   |
[INFO] [stdout] 4 + use number_based::uBase;
[INFO] [stdout]   |
[INFO] [stdout] 
[INFO] [stdout] error: aborting due to 2 previous errors
[INFO] [stdout] 
[INFO] [stdout] For more information about this error, try `rustc --explain E0433`.
[INFO] [stdout] Couldn't compile the test.
[INFO] [stdout] ---- src/unsigned_integer/ubase.rs - unsigned_integer::ubase::uBase (line 225) stdout ----
[INFO] [stdout] error[E0433]: failed to resolve: use of undeclared crate or module `uBase`
[INFO] [stdout]  --> src/unsigned_integer/ubase.rs:228:15
[INFO] [stdout]   |
[INFO] [stdout] 5 | let number1 = uBase::from_string(17, "AB123");
[INFO] [stdout]   |               ^^^^^ use of undeclared crate or module `uBase`
[INFO] [stdout]   |
[INFO] [stdout] help: consider importing this type alias
[INFO] [stdout]   |
[INFO] [stdout] 4 + use number_based::uBase;
[INFO] [stdout]   |
[INFO] [stdout] 
[INFO] [stdout] error[E0433]: failed to resolve: use of undeclared crate or module `uBase`
[INFO] [stdout]  --> src/unsigned_integer/ubase.rs:231:19
[INFO] [stdout]   |
[INFO] [stdout] 8 |     let number2 = uBase::from_string(7, "456");
[INFO] [stdout]   |                   ^^^^^ use of undeclared crate or module `uBase`
[INFO] [stdout]   |
[INFO] [stdout] help: consider importing this type alias
[INFO] [stdout]   |
[INFO] [stdout] 4 + use number_based::uBase;
[INFO] [stdout]   |
[INFO] [stdout] 
[INFO] [stdout] error: aborting due to 2 previous errors
[INFO] [stdout] 
[INFO] [stdout] For more information about this error, try `rustc --explain E0433`.
[INFO] [stdout] Couldn't compile the test.
[INFO] [stdout] ---- src/unsigned_integer/ubase.rs - unsigned_integer::ubase::uBase (line 245) stdout ----
[INFO] [stdout] error[E0425]: cannot find value `number2` in this scope
[INFO] [stdout]  --> src/unsigned_integer/ubase.rs:249:11
[INFO] [stdout]   |
[INFO] [stdout] 6 | let res = number2 / number1;
[INFO] [stdout]   |           ^^^^^^^ not found in this scope
[INFO] [stdout] 
[INFO] [stdout] error[E0425]: cannot find value `number1` in this scope
[INFO] [stdout]  --> src/unsigned_integer/ubase.rs:249:21
[INFO] [stdout]   |
[INFO] [stdout] 6 | let res = number2 / number1;
[INFO] [stdout]   |                     ^^^^^^^ not found in this scope
[INFO] [stdout] 
[INFO] [stdout] error: aborting due to 2 previous errors
[INFO] [stdout] 
[INFO] [stdout] For more information about this error, try `rustc --explain E0425`.
[INFO] [stdout] Couldn't compile the test.
[INFO] [stdout] ---- src/unsigned_integer/ubase.rs - unsigned_integer::ubase::uBase (line 280) stdout ----
[INFO] [stdout] error[E0433]: failed to resolve: use of undeclared crate or module `uBase`
[INFO] [stdout]  --> src/unsigned_integer/ubase.rs:283:15
[INFO] [stdout]   |
[INFO] [stdout] 5 | let number1 = uBase::from_string(2, "1001011101101011");
[INFO] [stdout]   |               ^^^^^ use of undeclared crate or module `uBase`
[INFO] [stdout]   |
[INFO] [stdout] help: consider importing this type alias
[INFO] [stdout]   |
[INFO] [stdout] 4 + use number_based::uBase;
[INFO] [stdout]   |
[INFO] [stdout] 
[INFO] [stdout] error[E0433]: failed to resolve: use of undeclared crate or module `uBase`
[INFO] [stdout]  --> src/unsigned_integer/ubase.rs:286:19
[INFO] [stdout]   |
[INFO] [stdout] 8 |     let number2 = uBase::from_string(27, "ABGL");
[INFO] [stdout]   |                   ^^^^^ use of undeclared crate or module `uBase`
[INFO] [stdout]   |
[INFO] [stdout] help: consider importing this type alias
[INFO] [stdout]   |
[INFO] [stdout] 4 + use number_based::uBase;
[INFO] [stdout]   |
[INFO] [stdout] 
[INFO] [stdout] error: aborting due to 2 previous errors
[INFO] [stdout] 
[INFO] [stdout] For more information about this error, try `rustc --explain E0433`.
[INFO] [stdout] Couldn't compile the test.
[INFO] [stdout] 
[INFO] [stdout] failures:
[INFO] [stdout]     src/lib.rs - (line 34)
[INFO] [stdout]     src/lib.rs - (line 4)
[INFO] [stdout]     src/signed_integer/ibase.rs - signed_integer::ibase::iBase (line 184)
[INFO] [stdout]     src/signed_integer/ibase.rs - signed_integer::ibase::iBase (line 222)
[INFO] [stdout]     src/signed_integer/ibase.rs - signed_integer::ibase::iBase (line 260)
[INFO] [stdout]     src/signed_integer/ibase.rs - signed_integer::ibase::iBase (line 280)
[INFO] [stdout]     src/signed_integer/ibase.rs - signed_integer::ibase::iBase (line 312)
[INFO] [stdout]     src/unsigned_integer/ubase.rs - unsigned_integer::ubase::uBase (line 139)
[INFO] [stdout]     src/unsigned_integer/ubase.rs - unsigned_integer::ubase::uBase (line 180)
[INFO] [stdout]     src/unsigned_integer/ubase.rs - unsigned_integer::ubase::uBase (line 225)
[INFO] [stdout]     src/unsigned_integer/ubase.rs - unsigned_integer::ubase::uBase (line 245)
[INFO] [stdout]     src/unsigned_integer/ubase.rs - unsigned_integer::ubase::uBase (line 280)
[INFO] [stdout] 
[INFO] [stdout] test result: FAILED. 0 passed; 12 failed; 0 ignored; 0 measured; 0 filtered out; finished in 0.19s
[INFO] [stdout] 
[INFO] [stderr] error: doctest failed, to rerun pass `--doc`
[INFO] running `Command { std: "docker" "inspect" "e9f0e6f6eafc910e49dfd93cedce3aff3de3f29237ce99c66479e7661ec89ced", kill_on_drop: false }`
[INFO] running `Command { std: "docker" "rm" "-f" "e9f0e6f6eafc910e49dfd93cedce3aff3de3f29237ce99c66479e7661ec89ced", kill_on_drop: false }`
[INFO] [stdout] e9f0e6f6eafc910e49dfd93cedce3aff3de3f29237ce99c66479e7661ec89ced
