[INFO] fetching crate num_enum_derive 0.7.1...
[INFO] testing num_enum_derive-0.7.1 against 1.75.0 for beta-1.76-1
[INFO] extracting crate num_enum_derive 0.7.1 into /workspace/builds/worker-4-tc1/source
[INFO] validating manifest of crates.io crate num_enum_derive 0.7.1 on toolchain 1.75.0
[INFO] running `Command { std: CARGO_HOME="/workspace/cargo-home" RUSTUP_HOME="/workspace/rustup-home" "/workspace/cargo-home/bin/cargo" "+1.75.0" "metadata" "--manifest-path" "Cargo.toml" "--no-deps", kill_on_drop: false }`
[INFO] started tweaking crates.io crate num_enum_derive 0.7.1
[INFO] finished tweaking crates.io crate num_enum_derive 0.7.1
[INFO] tweaked toml for crates.io crate num_enum_derive 0.7.1 written to /workspace/builds/worker-4-tc1/source/Cargo.toml
[INFO] running `Command { std: CARGO_HOME="/workspace/cargo-home" RUSTUP_HOME="/workspace/rustup-home" "/workspace/cargo-home/bin/cargo" "+1.75.0" "generate-lockfile" "--manifest-path" "Cargo.toml", kill_on_drop: false }`
[INFO] [stderr]     Updating crates.io index
[INFO] running `Command { std: CARGO_HOME="/workspace/cargo-home" RUSTUP_HOME="/workspace/rustup-home" "/workspace/cargo-home/bin/cargo" "+1.75.0" "fetch" "--manifest-path" "Cargo.toml", kill_on_drop: false }`
[INFO] running `Command { std: "docker" "create" "-v" "/var/lib/crater-agent-workspace/builds/worker-4-tc1/target:/opt/rustwide/target:rw,Z" "-v" "/var/lib/crater-agent-workspace/builds/worker-4-tc1/source:/opt/rustwide/workdir:ro,Z" "-v" "/var/lib/crater-agent-workspace/cargo-home:/opt/rustwide/cargo-home:ro,Z" "-v" "/var/lib/crater-agent-workspace/rustup-home:/opt/rustwide/rustup-home:ro,Z" "-e" "SOURCE_DIR=/opt/rustwide/workdir" "-e" "CARGO_TARGET_DIR=/opt/rustwide/target" "-e" "CARGO_HOME=/opt/rustwide/cargo-home" "-e" "RUSTUP_HOME=/opt/rustwide/rustup-home" "-w" "/opt/rustwide/workdir" "-m" "1610612736" "--user" "0:0" "--network" "none" "ghcr.io/rust-lang/crates-build-env/linux@sha256:2788e3201cd34a07e3172128adcd8b3090168a8e3bcc40d7c032b9dda1df7d1c" "/opt/rustwide/cargo-home/bin/cargo" "+1.75.0" "metadata" "--no-deps" "--format-version=1", kill_on_drop: false }`
[INFO] [stdout] 311856086a7b59ada7a415080425899a3efb6a0369d6bc9a160413bd4dc69eaf
[INFO] running `Command { std: "docker" "start" "-a" "311856086a7b59ada7a415080425899a3efb6a0369d6bc9a160413bd4dc69eaf", kill_on_drop: false }`
[INFO] running `Command { std: "docker" "inspect" "311856086a7b59ada7a415080425899a3efb6a0369d6bc9a160413bd4dc69eaf", kill_on_drop: false }`
[INFO] running `Command { std: "docker" "rm" "-f" "311856086a7b59ada7a415080425899a3efb6a0369d6bc9a160413bd4dc69eaf", kill_on_drop: false }`
[INFO] [stdout] 311856086a7b59ada7a415080425899a3efb6a0369d6bc9a160413bd4dc69eaf
[INFO] running `Command { std: "docker" "create" "-v" "/var/lib/crater-agent-workspace/builds/worker-4-tc1/target:/opt/rustwide/target:rw,Z" "-v" "/var/lib/crater-agent-workspace/builds/worker-4-tc1/source:/opt/rustwide/workdir:ro,Z" "-v" "/var/lib/crater-agent-workspace/cargo-home:/opt/rustwide/cargo-home:ro,Z" "-v" "/var/lib/crater-agent-workspace/rustup-home:/opt/rustwide/rustup-home:ro,Z" "-e" "SOURCE_DIR=/opt/rustwide/workdir" "-e" "CARGO_TARGET_DIR=/opt/rustwide/target" "-e" "CARGO_INCREMENTAL=0" "-e" "RUST_BACKTRACE=full" "-e" "RUSTFLAGS=--cap-lints=warn" "-e" "RUSTDOCFLAGS=--cap-lints=warn" "-e" "CARGO_HOME=/opt/rustwide/cargo-home" "-e" "RUSTUP_HOME=/opt/rustwide/rustup-home" "-w" "/opt/rustwide/workdir" "-m" "1610612736" "--user" "0:0" "--network" "none" "ghcr.io/rust-lang/crates-build-env/linux@sha256:2788e3201cd34a07e3172128adcd8b3090168a8e3bcc40d7c032b9dda1df7d1c" "/opt/rustwide/cargo-home/bin/cargo" "+1.75.0" "build" "--frozen" "--message-format=json", kill_on_drop: false }`
[INFO] [stdout] 41d64fadd212792cf6205d064a7ac9a2a978dcf9fb2a336cc651bfabfa097a2a
[INFO] running `Command { std: "docker" "start" "-a" "41d64fadd212792cf6205d064a7ac9a2a978dcf9fb2a336cc651bfabfa097a2a", kill_on_drop: false }`
[INFO] [stderr]    Compiling equivalent v1.0.1
[INFO] [stderr]    Compiling toml_datetime v0.6.3
[INFO] [stderr]    Compiling syn v2.0.48
[INFO] [stderr]    Compiling indexmap v2.1.0
[INFO] [stderr]    Compiling toml_edit v0.20.2
[INFO] [stderr]    Compiling proc-macro-crate v2.0.1
[INFO] [stderr]    Compiling num_enum_derive v0.7.1 (/opt/rustwide/workdir)
[INFO] [stderr]     Finished dev [unoptimized + debuginfo] target(s) in 3.85s
[INFO] running `Command { std: "docker" "inspect" "41d64fadd212792cf6205d064a7ac9a2a978dcf9fb2a336cc651bfabfa097a2a", kill_on_drop: false }`
[INFO] running `Command { std: "docker" "rm" "-f" "41d64fadd212792cf6205d064a7ac9a2a978dcf9fb2a336cc651bfabfa097a2a", kill_on_drop: false }`
[INFO] [stdout] 41d64fadd212792cf6205d064a7ac9a2a978dcf9fb2a336cc651bfabfa097a2a
[INFO] running `Command { std: "docker" "create" "-v" "/var/lib/crater-agent-workspace/builds/worker-4-tc1/target:/opt/rustwide/target:rw,Z" "-v" "/var/lib/crater-agent-workspace/builds/worker-4-tc1/source:/opt/rustwide/workdir:ro,Z" "-v" "/var/lib/crater-agent-workspace/cargo-home:/opt/rustwide/cargo-home:ro,Z" "-v" "/var/lib/crater-agent-workspace/rustup-home:/opt/rustwide/rustup-home:ro,Z" "-e" "SOURCE_DIR=/opt/rustwide/workdir" "-e" "CARGO_TARGET_DIR=/opt/rustwide/target" "-e" "CARGO_INCREMENTAL=0" "-e" "RUST_BACKTRACE=full" "-e" "RUSTFLAGS=--cap-lints=warn" "-e" "RUSTDOCFLAGS=--cap-lints=warn" "-e" "CARGO_HOME=/opt/rustwide/cargo-home" "-e" "RUSTUP_HOME=/opt/rustwide/rustup-home" "-w" "/opt/rustwide/workdir" "-m" "1610612736" "--user" "0:0" "--network" "none" "ghcr.io/rust-lang/crates-build-env/linux@sha256:2788e3201cd34a07e3172128adcd8b3090168a8e3bcc40d7c032b9dda1df7d1c" "/opt/rustwide/cargo-home/bin/cargo" "+1.75.0" "test" "--frozen" "--no-run" "--message-format=json", kill_on_drop: false }`
[INFO] [stdout] b832188e40ba3a4d16aa16921fc55aa45ec2405cbc5c6cf5b26f0480d9da593f
[INFO] running `Command { std: "docker" "start" "-a" "b832188e40ba3a4d16aa16921fc55aa45ec2405cbc5c6cf5b26f0480d9da593f", kill_on_drop: false }`
[INFO] [stderr]    Compiling syn v2.0.48
[INFO] [stderr]    Compiling num_enum_derive v0.7.1 (/opt/rustwide/workdir)
[INFO] [stderr]     Finished test [unoptimized + debuginfo] target(s) in 3.17s
[INFO] running `Command { std: "docker" "inspect" "b832188e40ba3a4d16aa16921fc55aa45ec2405cbc5c6cf5b26f0480d9da593f", kill_on_drop: false }`
[INFO] running `Command { std: "docker" "rm" "-f" "b832188e40ba3a4d16aa16921fc55aa45ec2405cbc5c6cf5b26f0480d9da593f", kill_on_drop: false }`
[INFO] [stdout] b832188e40ba3a4d16aa16921fc55aa45ec2405cbc5c6cf5b26f0480d9da593f
[INFO] running `Command { std: "docker" "create" "-v" "/var/lib/crater-agent-workspace/builds/worker-4-tc1/target:/opt/rustwide/target:rw,Z" "-v" "/var/lib/crater-agent-workspace/builds/worker-4-tc1/source:/opt/rustwide/workdir:ro,Z" "-v" "/var/lib/crater-agent-workspace/cargo-home:/opt/rustwide/cargo-home:ro,Z" "-v" "/var/lib/crater-agent-workspace/rustup-home:/opt/rustwide/rustup-home:ro,Z" "-e" "SOURCE_DIR=/opt/rustwide/workdir" "-e" "CARGO_TARGET_DIR=/opt/rustwide/target" "-e" "CARGO_INCREMENTAL=0" "-e" "RUST_BACKTRACE=full" "-e" "RUSTFLAGS=--cap-lints=warn" "-e" "RUSTDOCFLAGS=--cap-lints=warn" "-e" "CARGO_HOME=/opt/rustwide/cargo-home" "-e" "RUSTUP_HOME=/opt/rustwide/rustup-home" "-w" "/opt/rustwide/workdir" "-m" "1610612736" "--user" "0:0" "--network" "none" "ghcr.io/rust-lang/crates-build-env/linux@sha256:2788e3201cd34a07e3172128adcd8b3090168a8e3bcc40d7c032b9dda1df7d1c" "/opt/rustwide/cargo-home/bin/cargo" "+1.75.0" "test" "--frozen", kill_on_drop: false }`
[INFO] [stdout] 7b374ee9afea25e5d6dda78be7a5cdde99391d252bbcc8902061f062451228cb
[INFO] running `Command { std: "docker" "start" "-a" "7b374ee9afea25e5d6dda78be7a5cdde99391d252bbcc8902061f062451228cb", kill_on_drop: false }`
[INFO] [stderr]     Finished test [unoptimized + debuginfo] target(s) in 0.01s
[INFO] [stderr]      Running unittests src/lib.rs (/opt/rustwide/target/debug/deps/num_enum_derive-8b13417e96db7096)
[INFO] [stdout] 
[INFO] [stdout] running 8 tests
[INFO] [stdout] test enum_attributes::test::missing_both ... ok
[INFO] [stdout] test enum_attributes::test::missing_constructor ... ok
[INFO] [stdout] test enum_attributes::test::extra_attr ... ok
[INFO] [stdout] test enum_attributes::test::missing_name ... ok
[INFO] [stdout] test enum_attributes::test::multiple_constructors ... ok
[INFO] [stdout] test enum_attributes::test::multiple_names ... ok
[INFO] [stdout] test enum_attributes::test::parse_num_enum_attr ... ok
[INFO] [stdout] test enum_attributes::test::parse_num_enum_attr_swapped_order ... ok
[INFO] [stdout] 
[INFO] [stdout] test result: ok. 8 passed; 0 failed; 0 ignored; 0 measured; 0 filtered out; finished in 0.00s
[INFO] [stdout] 
[INFO] [stderr]    Doc-tests num_enum_derive
[INFO] [stdout] 
[INFO] [stdout] running 5 tests
[INFO] [stdout] test src/lib.rs - derive_into_primitive (line 23) ... FAILED
[INFO] [stdout] test src/lib.rs - derive_try_from_primitive (line 170) ... FAILED
[INFO] [stdout] test src/lib.rs - derive_unsafe_from_primitive (line 277) ... FAILED
[INFO] [stdout] test src/lib.rs - derive_default (line 327) ... FAILED
[INFO] [stdout] test src/lib.rs - derive_from_primitive (line 70) ... FAILED
[INFO] [stdout] 
[INFO] [stdout] failures:
[INFO] [stdout] 
[INFO] [stdout] ---- src/lib.rs - derive_into_primitive (line 23) stdout ----
[INFO] [stdout] error[E0432]: unresolved import `num_enum`
[INFO] [stdout]  --> src/lib.rs:24:5
[INFO] [stdout]   |
[INFO] [stdout] 3 | use num_enum::IntoPrimitive;
[INFO] [stdout]   |     ^^^^^^^^ use of undeclared crate or module `num_enum`
[INFO] [stdout] 
[INFO] [stdout] error: cannot determine resolution for the derive macro `IntoPrimitive`
[INFO] [stdout]  --> src/lib.rs:26:10
[INFO] [stdout]   |
[INFO] [stdout] 5 | #[derive(IntoPrimitive)]
[INFO] [stdout]   |          ^^^^^^^^^^^^^
[INFO] [stdout]   |
[INFO] [stdout]   = note: import resolution is stuck, try simplifying macro imports
[INFO] [stdout] 
[INFO] [stdout] error[E0277]: the trait bound `u8: From<Number>` is not satisfied
[INFO] [stdout]   --> src/lib.rs:33:29
[INFO] [stdout]    |
[INFO] [stdout] 12 | let zero: u8 = Number::Zero.into();
[INFO] [stdout]    |                             ^^^^ the trait `From<Number>` is not implemented for `u8`
[INFO] [stdout]    |
[INFO] [stdout]    = help: the following other types implement trait `From<T>`:
[INFO] [stdout]              <u8 as From<bool>>
[INFO] [stdout]              <u8 as From<NonZeroU8>>
[INFO] [stdout]    = note: required for `Number` to implement `Into<u8>`
[INFO] [stdout] 
[INFO] [stdout] error: aborting due to 3 previous errors
[INFO] [stdout] 
[INFO] [stdout] Some errors have detailed explanations: E0277, E0432.
[INFO] [stdout] For more information about an error, try `rustc --explain E0277`.
[INFO] [stdout] Couldn't compile the test.
[INFO] [stdout] ---- src/lib.rs - derive_try_from_primitive (line 170) stdout ----
[INFO] [stdout] error[E0432]: unresolved import `num_enum`
[INFO] [stdout]  --> src/lib.rs:171:5
[INFO] [stdout]   |
[INFO] [stdout] 3 | use num_enum::TryFromPrimitive;
[INFO] [stdout]   |     ^^^^^^^^ use of undeclared crate or module `num_enum`
[INFO] [stdout] 
[INFO] [stdout] error: cannot determine resolution for the derive macro `TryFromPrimitive`
[INFO] [stdout]  --> src/lib.rs:174:32
[INFO] [stdout]   |
[INFO] [stdout] 6 | #[derive(Debug, Eq, PartialEq, TryFromPrimitive)]
[INFO] [stdout]   |                                ^^^^^^^^^^^^^^^^
[INFO] [stdout]   |
[INFO] [stdout]   = note: import resolution is stuck, try simplifying macro imports
[INFO] [stdout] 
[INFO] [stdout] error[E0277]: the trait bound `Number: From<u8>` is not satisfied
[INFO] [stdout]   --> src/lib.rs:181:12
[INFO] [stdout]    |
[INFO] [stdout] 13 | let zero = Number::try_from(0u8);
[INFO] [stdout]    |            ^^^^^^ the trait `From<u8>` is not implemented for `Number`
[INFO] [stdout]    |
[INFO] [stdout]    = note: required for `u8` to implement `Into<Number>`
[INFO] [stdout]    = note: required for `Number` to implement `TryFrom<u8>`
[INFO] [stdout] 
[INFO] [stdout] error[E0277]: the trait bound `Number: From<u8>` is not satisfied
[INFO] [stdout]   --> src/lib.rs:184:13
[INFO] [stdout]    |
[INFO] [stdout] 16 | let three = Number::try_from(3u8);
[INFO] [stdout]    |             ^^^^^^ the trait `From<u8>` is not implemented for `Number`
[INFO] [stdout]    |
[INFO] [stdout]    = note: required for `u8` to implement `Into<Number>`
[INFO] [stdout]    = note: required for `Number` to implement `TryFrom<u8>`
[INFO] [stdout] 
[INFO] [stdout] error[E0277]: the trait bound `Number: From<u8>` is not satisfied
[INFO] [stdout]   --> src/lib.rs:181:12
[INFO] [stdout]    |
[INFO] [stdout] 13 | let zero = Number::try_from(0u8);
[INFO] [stdout]    |            ^^^^^^^^^^^^^^^^ the trait `From<u8>` is not implemented for `Number`
[INFO] [stdout]    |
[INFO] [stdout]    = note: required for `u8` to implement `Into<Number>`
[INFO] [stdout]    = note: required for `Number` to implement `TryFrom<u8>`
[INFO] [stdout] 
[INFO] [stdout] error: aborting due to 5 previous errors
[INFO] [stdout] 
[INFO] [stdout] Some errors have detailed explanations: E0277, E0432.
[INFO] [stdout] For more information about an error, try `rustc --explain E0277`.
[INFO] [stdout] Couldn't compile the test.
[INFO] [stdout] ---- src/lib.rs - derive_unsafe_from_primitive (line 277) stdout ----
[INFO] [stdout] error[E0432]: unresolved import `num_enum`
[INFO] [stdout]  --> src/lib.rs:278:5
[INFO] [stdout]   |
[INFO] [stdout] 2 | use num_enum::UnsafeFromPrimitive;
[INFO] [stdout]   |     ^^^^^^^^ use of undeclared crate or module `num_enum`
[INFO] [stdout] 
[INFO] [stdout] error: cannot determine resolution for the derive macro `UnsafeFromPrimitive`
[INFO] [stdout]  --> src/lib.rs:280:32
[INFO] [stdout]   |
[INFO] [stdout] 4 | #[derive(Debug, Eq, PartialEq, UnsafeFromPrimitive)]
[INFO] [stdout]   |                                ^^^^^^^^^^^^^^^^^^^
[INFO] [stdout]   |
[INFO] [stdout]   = note: import resolution is stuck, try simplifying macro imports
[INFO] [stdout] 
[INFO] [stdout] error[E0599]: no variant or associated item named `unchecked_transmute_from` found for enum `Number` in the current scope
[INFO] [stdout]   --> src/lib.rs:290:26
[INFO] [stdout]    |
[INFO] [stdout] 6  | enum Number {
[INFO] [stdout]    | ----------- variant or associated item `unchecked_transmute_from` not found for this enum
[INFO] [stdout] ...
[INFO] [stdout] 14 |         unsafe { Number::unchecked_transmute_from(0_u8) },
[INFO] [stdout]    |                          ^^^^^^^^^^^^^^^^^^^^^^^^ variant or associated item not found in `Number`
[INFO] [stdout] 
[INFO] [stdout] error[E0599]: no variant or associated item named `unchecked_transmute_from` found for enum `Number` in the current scope
[INFO] [stdout]   --> src/lib.rs:294:26
[INFO] [stdout]    |
[INFO] [stdout] 6  | enum Number {
[INFO] [stdout]    | ----------- variant or associated item `unchecked_transmute_from` not found for this enum
[INFO] [stdout] ...
[INFO] [stdout] 18 |         unsafe { Number::unchecked_transmute_from(1_u8) },
[INFO] [stdout]    |                          ^^^^^^^^^^^^^^^^^^^^^^^^ variant or associated item not found in `Number`
[INFO] [stdout] 
[INFO] [stdout] error[E0599]: no variant or associated item named `unchecked_transmute_from` found for enum `Number` in the current scope
[INFO] [stdout]   --> src/lib.rs:299:21
[INFO] [stdout]    |
[INFO] [stdout] 6  | enum Number {
[INFO] [stdout]    | ----------- variant or associated item `unchecked_transmute_from` not found for this enum
[INFO] [stdout] ...
[INFO] [stdout] 23 |     let _ = Number::unchecked_transmute_from(2); // 2 is not a valid discriminant!
[INFO] [stdout]    |                     ^^^^^^^^^^^^^^^^^^^^^^^^ variant or associated item not found in `Number`
[INFO] [stdout] 
[INFO] [stdout] error: aborting due to 5 previous errors
[INFO] [stdout] 
[INFO] [stdout] Some errors have detailed explanations: E0432, E0599.
[INFO] [stdout] For more information about an error, try `rustc --explain E0432`.
[INFO] [stdout] Couldn't compile the test.
[INFO] [stdout] ---- src/lib.rs - derive_default (line 327) stdout ----
[INFO] [stdout] error[E0433]: failed to resolve: use of undeclared crate or module `num_enum`
[INFO] [stdout]  --> src/lib.rs:328:32
[INFO] [stdout]   |
[INFO] [stdout] 3 | #[derive(Debug, Eq, PartialEq, num_enum::Default)]
[INFO] [stdout]   |                                ^^^^^^^^ use of undeclared crate or module `num_enum`
[INFO] [stdout] 
[INFO] [stdout] error: cannot find attribute `default` in this scope
[INFO] [stdout]  --> src/lib.rs:332:7
[INFO] [stdout]   |
[INFO] [stdout] 7 |     #[default]
[INFO] [stdout]   |       ^^^^^^^
[INFO] [stdout]   |
[INFO] [stdout] help: consider adding a derive
[INFO] [stdout]   |
[INFO] [stdout] 5 + #[derive(Default)]
[INFO] [stdout] 6 | enum Number {
[INFO] [stdout]   |
[INFO] [stdout] 
[INFO] [stdout] error[E0599]: no variant or associated item named `default` found for enum `_doctest_main_src_lib_rs_327_0::Number` in the current scope
[INFO] [stdout]   --> src/lib.rs:336:33
[INFO] [stdout]    |
[INFO] [stdout] 5  | enum Number {
[INFO] [stdout]    | ----------- variant or associated item `default` not found for this enum
[INFO] [stdout] ...
[INFO] [stdout] 11 | assert_eq!(Number::One, Number::default());
[INFO] [stdout]    |                                 ^^^^^^^ variant or associated item not found in `Number`
[INFO] [stdout]    |
[INFO] [stdout]    = help: items from traits can only be used if the trait is implemented and in scope
[INFO] [stdout]    = note: the following trait defines an item `default`, perhaps you need to implement it:
[INFO] [stdout]            candidate #1: `Default`
[INFO] [stdout] 
[INFO] [stdout] error[E0277]: the trait bound `_doctest_main_src_lib_rs_327_0::Number: Default` is not satisfied
[INFO] [stdout]   --> src/lib.rs:337:26
[INFO] [stdout]    |
[INFO] [stdout] 12 | assert_eq!(Number::One, <Number as ::core::default::Default>::default());
[INFO] [stdout]    |                          ^^^^^^ the trait `Default` is not implemented for `_doctest_main_src_lib_rs_327_0::Number`
[INFO] [stdout] 
[INFO] [stdout] error: aborting due to 4 previous errors
[INFO] [stdout] 
[INFO] [stdout] Some errors have detailed explanations: E0277, E0433, E0599.
[INFO] [stdout] For more information about an error, try `rustc --explain E0277`.
[INFO] [stdout] Couldn't compile the test.
[INFO] [stdout] ---- src/lib.rs - derive_from_primitive (line 70) stdout ----
[INFO] [stdout] error[E0432]: unresolved import `num_enum`
[INFO] [stdout]  --> src/lib.rs:71:5
[INFO] [stdout]   |
[INFO] [stdout] 3 | use num_enum::FromPrimitive;
[INFO] [stdout]   |     ^^^^^^^^ use of undeclared crate or module `num_enum`
[INFO] [stdout] 
[INFO] [stdout] error: cannot determine resolution for the derive macro `FromPrimitive`
[INFO] [stdout]  --> src/lib.rs:73:32
[INFO] [stdout]   |
[INFO] [stdout] 5 | #[derive(Debug, Eq, PartialEq, FromPrimitive)]
[INFO] [stdout]   |                                ^^^^^^^^^^^^^
[INFO] [stdout]   |
[INFO] [stdout]   = note: import resolution is stuck, try simplifying macro imports
[INFO] [stdout] 
[INFO] [stdout] error: cannot find attribute `num_enum` in this scope
[INFO] [stdout]  --> src/lib.rs:77:7
[INFO] [stdout]   |
[INFO] [stdout] 9 |     #[num_enum(default)]
[INFO] [stdout]   |       ^^^^^^^^
[INFO] [stdout] 
[INFO] [stdout] error[E0308]: mismatched types
[INFO] [stdout]   --> src/lib.rs:81:25
[INFO] [stdout]    |
[INFO] [stdout] 13 | let zero = Number::from(0u8);
[INFO] [stdout]    |            ------------ ^^^ expected `Number`, found `u8`
[INFO] [stdout]    |            |
[INFO] [stdout]    |            arguments to this function are incorrect
[INFO] [stdout]    |
[INFO] [stdout] note: associated function defined here
[INFO] [stdout]   --> /rustc/82e1608dfa6e0b5569232559e3d385fea5a93112/library/core/src/convert/mod.rs:584:8
[INFO] [stdout] 
[INFO] [stdout] error[E0308]: mismatched types
[INFO] [stdout]   --> src/lib.rs:84:24
[INFO] [stdout]    |
[INFO] [stdout] 16 | let one = Number::from(1u8);
[INFO] [stdout]    |           ------------ ^^^ expected `Number`, found `u8`
[INFO] [stdout]    |           |
[INFO] [stdout]    |           arguments to this function are incorrect
[INFO] [stdout]    |
[INFO] [stdout] note: associated function defined here
[INFO] [stdout]   --> /rustc/82e1608dfa6e0b5569232559e3d385fea5a93112/library/core/src/convert/mod.rs:584:8
[INFO] [stdout] 
[INFO] [stdout] error[E0308]: mismatched types
[INFO] [stdout]   --> src/lib.rs:87:24
[INFO] [stdout]    |
[INFO] [stdout] 19 | let two = Number::from(2u8);
[INFO] [stdout]    |           ------------ ^^^ expected `Number`, found `u8`
[INFO] [stdout]    |           |
[INFO] [stdout]    |           arguments to this function are incorrect
[INFO] [stdout]    |
[INFO] [stdout] note: associated function defined here
[INFO] [stdout]   --> /rustc/82e1608dfa6e0b5569232559e3d385fea5a93112/library/core/src/convert/mod.rs:584:8
[INFO] [stdout] 
[INFO] [stdout] error: aborting due to 6 previous errors
[INFO] [stdout] 
[INFO] [stdout] Some errors have detailed explanations: E0308, E0432.
[INFO] [stdout] For more information about an error, try `rustc --explain E0308`.
[INFO] [stdout] Couldn't compile the test.
[INFO] [stdout] 
[INFO] [stdout] failures:
[INFO] [stdout]     src/lib.rs - derive_default (line 327)
[INFO] [stdout]     src/lib.rs - derive_from_primitive (line 70)
[INFO] [stdout]     src/lib.rs - derive_into_primitive (line 23)
[INFO] [stdout]     src/lib.rs - derive_try_from_primitive (line 170)
[INFO] [stdout]     src/lib.rs - derive_unsafe_from_primitive (line 277)
[INFO] [stdout] 
[INFO] [stdout] test result: FAILED. 0 passed; 5 failed; 0 ignored; 0 measured; 0 filtered out; finished in 0.10s
[INFO] [stdout] 
[INFO] [stderr] error: doctest failed, to rerun pass `--doc`
[INFO] running `Command { std: "docker" "inspect" "7b374ee9afea25e5d6dda78be7a5cdde99391d252bbcc8902061f062451228cb", kill_on_drop: false }`
[INFO] running `Command { std: "docker" "rm" "-f" "7b374ee9afea25e5d6dda78be7a5cdde99391d252bbcc8902061f062451228cb", kill_on_drop: false }`
[INFO] [stdout] 7b374ee9afea25e5d6dda78be7a5cdde99391d252bbcc8902061f062451228cb
