[INFO] fetching crate nullable_struct 0.1.0...
[INFO] testing nullable_struct-0.1.0 against 1.75.0 for beta-1.76-1
[INFO] extracting crate nullable_struct 0.1.0 into /workspace/builds/worker-0-tc1/source
[INFO] validating manifest of crates.io crate nullable_struct 0.1.0 on toolchain 1.75.0
[INFO] running `Command { std: CARGO_HOME="/workspace/cargo-home" RUSTUP_HOME="/workspace/rustup-home" "/workspace/cargo-home/bin/cargo" "+1.75.0" "metadata" "--manifest-path" "Cargo.toml" "--no-deps", kill_on_drop: false }`
[INFO] started tweaking crates.io crate nullable_struct 0.1.0
[INFO] finished tweaking crates.io crate nullable_struct 0.1.0
[INFO] tweaked toml for crates.io crate nullable_struct 0.1.0 written to /workspace/builds/worker-0-tc1/source/Cargo.toml
[INFO] crate crates.io crate nullable_struct 0.1.0 already has a lockfile, it will not be regenerated
[INFO] running `Command { std: CARGO_HOME="/workspace/cargo-home" RUSTUP_HOME="/workspace/rustup-home" "/workspace/cargo-home/bin/cargo" "+1.75.0" "fetch" "--manifest-path" "Cargo.toml", kill_on_drop: false }`
[INFO] running `Command { std: "docker" "create" "-v" "/var/lib/crater-agent-workspace/builds/worker-0-tc1/target:/opt/rustwide/target:rw,Z" "-v" "/var/lib/crater-agent-workspace/builds/worker-0-tc1/source:/opt/rustwide/workdir:ro,Z" "-v" "/var/lib/crater-agent-workspace/cargo-home:/opt/rustwide/cargo-home:ro,Z" "-v" "/var/lib/crater-agent-workspace/rustup-home:/opt/rustwide/rustup-home:ro,Z" "-e" "SOURCE_DIR=/opt/rustwide/workdir" "-e" "CARGO_TARGET_DIR=/opt/rustwide/target" "-e" "CARGO_HOME=/opt/rustwide/cargo-home" "-e" "RUSTUP_HOME=/opt/rustwide/rustup-home" "-w" "/opt/rustwide/workdir" "-m" "1610612736" "--user" "0:0" "--network" "none" "ghcr.io/rust-lang/crates-build-env/linux@sha256:2788e3201cd34a07e3172128adcd8b3090168a8e3bcc40d7c032b9dda1df7d1c" "/opt/rustwide/cargo-home/bin/cargo" "+1.75.0" "metadata" "--no-deps" "--format-version=1", kill_on_drop: false }`
[INFO] [stdout] 84b51459c7565322da9b3332741b033abe0a6fda802d0278578b17e6eaa5105a
[INFO] running `Command { std: "docker" "start" "-a" "84b51459c7565322da9b3332741b033abe0a6fda802d0278578b17e6eaa5105a", kill_on_drop: false }`
[INFO] running `Command { std: "docker" "inspect" "84b51459c7565322da9b3332741b033abe0a6fda802d0278578b17e6eaa5105a", kill_on_drop: false }`
[INFO] running `Command { std: "docker" "rm" "-f" "84b51459c7565322da9b3332741b033abe0a6fda802d0278578b17e6eaa5105a", kill_on_drop: false }`
[INFO] [stdout] 84b51459c7565322da9b3332741b033abe0a6fda802d0278578b17e6eaa5105a
[INFO] running `Command { std: "docker" "create" "-v" "/var/lib/crater-agent-workspace/builds/worker-0-tc1/target:/opt/rustwide/target:rw,Z" "-v" "/var/lib/crater-agent-workspace/builds/worker-0-tc1/source:/opt/rustwide/workdir:ro,Z" "-v" "/var/lib/crater-agent-workspace/cargo-home:/opt/rustwide/cargo-home:ro,Z" "-v" "/var/lib/crater-agent-workspace/rustup-home:/opt/rustwide/rustup-home:ro,Z" "-e" "SOURCE_DIR=/opt/rustwide/workdir" "-e" "CARGO_TARGET_DIR=/opt/rustwide/target" "-e" "CARGO_INCREMENTAL=0" "-e" "RUST_BACKTRACE=full" "-e" "RUSTFLAGS=--cap-lints=warn" "-e" "RUSTDOCFLAGS=--cap-lints=warn" "-e" "CARGO_HOME=/opt/rustwide/cargo-home" "-e" "RUSTUP_HOME=/opt/rustwide/rustup-home" "-w" "/opt/rustwide/workdir" "-m" "1610612736" "--user" "0:0" "--network" "none" "ghcr.io/rust-lang/crates-build-env/linux@sha256:2788e3201cd34a07e3172128adcd8b3090168a8e3bcc40d7c032b9dda1df7d1c" "/opt/rustwide/cargo-home/bin/cargo" "+1.75.0" "build" "--frozen" "--message-format=json", kill_on_drop: false }`
[INFO] [stdout] b313f0b6ddd58c4ea4967f4ef39360f4d4ab9fa07da7aee1f89d2785cf479228
[INFO] running `Command { std: "docker" "start" "-a" "b313f0b6ddd58c4ea4967f4ef39360f4d4ab9fa07da7aee1f89d2785cf479228", kill_on_drop: false }`
[INFO] [stderr]    Compiling proc-macro2 v1.0.66
[INFO] [stderr]    Compiling unicode-ident v1.0.11
[INFO] [stderr]    Compiling syn v1.0.109
[INFO] [stderr]    Compiling quote v1.0.33
[INFO] [stderr]    Compiling nullable_struct v0.1.0 (/opt/rustwide/workdir)
[INFO] [stderr]     Finished dev [unoptimized + debuginfo] target(s) in 4.15s
[INFO] running `Command { std: "docker" "inspect" "b313f0b6ddd58c4ea4967f4ef39360f4d4ab9fa07da7aee1f89d2785cf479228", kill_on_drop: false }`
[INFO] running `Command { std: "docker" "rm" "-f" "b313f0b6ddd58c4ea4967f4ef39360f4d4ab9fa07da7aee1f89d2785cf479228", kill_on_drop: false }`
[INFO] [stdout] b313f0b6ddd58c4ea4967f4ef39360f4d4ab9fa07da7aee1f89d2785cf479228
[INFO] running `Command { std: "docker" "create" "-v" "/var/lib/crater-agent-workspace/builds/worker-0-tc1/target:/opt/rustwide/target:rw,Z" "-v" "/var/lib/crater-agent-workspace/builds/worker-0-tc1/source:/opt/rustwide/workdir:ro,Z" "-v" "/var/lib/crater-agent-workspace/cargo-home:/opt/rustwide/cargo-home:ro,Z" "-v" "/var/lib/crater-agent-workspace/rustup-home:/opt/rustwide/rustup-home:ro,Z" "-e" "SOURCE_DIR=/opt/rustwide/workdir" "-e" "CARGO_TARGET_DIR=/opt/rustwide/target" "-e" "CARGO_INCREMENTAL=0" "-e" "RUST_BACKTRACE=full" "-e" "RUSTFLAGS=--cap-lints=warn" "-e" "RUSTDOCFLAGS=--cap-lints=warn" "-e" "CARGO_HOME=/opt/rustwide/cargo-home" "-e" "RUSTUP_HOME=/opt/rustwide/rustup-home" "-w" "/opt/rustwide/workdir" "-m" "1610612736" "--user" "0:0" "--network" "none" "ghcr.io/rust-lang/crates-build-env/linux@sha256:2788e3201cd34a07e3172128adcd8b3090168a8e3bcc40d7c032b9dda1df7d1c" "/opt/rustwide/cargo-home/bin/cargo" "+1.75.0" "test" "--frozen" "--no-run" "--message-format=json", kill_on_drop: false }`
[INFO] [stdout] 23ff1fdb26b81d4f9bad32058916d9e7983d3358f9a06d120a7368ab2ffa6840
[INFO] running `Command { std: "docker" "start" "-a" "23ff1fdb26b81d4f9bad32058916d9e7983d3358f9a06d120a7368ab2ffa6840", kill_on_drop: false }`
[INFO] [stderr]    Compiling proc-macro2 v1.0.66
[INFO] [stderr]    Compiling unicode-ident v1.0.11
[INFO] [stderr]    Compiling syn v1.0.109
[INFO] [stderr]    Compiling quote v1.0.33
[INFO] [stderr]    Compiling nullable_struct v0.1.0 (/opt/rustwide/workdir)
[INFO] [stdout] warning: struct `MyStruct` is never constructed
[INFO] [stdout]  --> examples/complete.rs:4:8
[INFO] [stdout]   |
[INFO] [stdout] 4 | struct MyStruct {
[INFO] [stdout]   |        ^^^^^^^^
[INFO] [stdout]   |
[INFO] [stdout]   = note: `#[warn(dead_code)]` on by default
[INFO] [stdout] 
[INFO] [stdout] 
[INFO] [stdout] warning: struct `TestStruct` is never constructed
[INFO] [stdout]  --> tests/complete.rs:5:8
[INFO] [stdout]   |
[INFO] [stdout] 5 | struct TestStruct {
[INFO] [stdout]   |        ^^^^^^^^^^
[INFO] [stdout]   |
[INFO] [stdout]   = note: `#[warn(dead_code)]` on by default
[INFO] [stdout] 
[INFO] [stdout] 
[INFO] [stdout] warning: 1 warning emitted
[INFO] [stdout] 
[INFO] [stdout] 
[INFO] [stdout] warning: 1 warning emitted
[INFO] [stdout] 
[INFO] [stdout] 
[INFO] [stderr]     Finished test [unoptimized + debuginfo] target(s) in 5.28s
[INFO] running `Command { std: "docker" "inspect" "23ff1fdb26b81d4f9bad32058916d9e7983d3358f9a06d120a7368ab2ffa6840", kill_on_drop: false }`
[INFO] running `Command { std: "docker" "rm" "-f" "23ff1fdb26b81d4f9bad32058916d9e7983d3358f9a06d120a7368ab2ffa6840", kill_on_drop: false }`
[INFO] [stdout] 23ff1fdb26b81d4f9bad32058916d9e7983d3358f9a06d120a7368ab2ffa6840
[INFO] running `Command { std: "docker" "create" "-v" "/var/lib/crater-agent-workspace/builds/worker-0-tc1/target:/opt/rustwide/target:rw,Z" "-v" "/var/lib/crater-agent-workspace/builds/worker-0-tc1/source:/opt/rustwide/workdir:ro,Z" "-v" "/var/lib/crater-agent-workspace/cargo-home:/opt/rustwide/cargo-home:ro,Z" "-v" "/var/lib/crater-agent-workspace/rustup-home:/opt/rustwide/rustup-home:ro,Z" "-e" "SOURCE_DIR=/opt/rustwide/workdir" "-e" "CARGO_TARGET_DIR=/opt/rustwide/target" "-e" "CARGO_INCREMENTAL=0" "-e" "RUST_BACKTRACE=full" "-e" "RUSTFLAGS=--cap-lints=warn" "-e" "RUSTDOCFLAGS=--cap-lints=warn" "-e" "CARGO_HOME=/opt/rustwide/cargo-home" "-e" "RUSTUP_HOME=/opt/rustwide/rustup-home" "-w" "/opt/rustwide/workdir" "-m" "1610612736" "--user" "0:0" "--network" "none" "ghcr.io/rust-lang/crates-build-env/linux@sha256:2788e3201cd34a07e3172128adcd8b3090168a8e3bcc40d7c032b9dda1df7d1c" "/opt/rustwide/cargo-home/bin/cargo" "+1.75.0" "test" "--frozen", kill_on_drop: false }`
[INFO] [stdout] 63a90d4acf07cbe27d83464ada549e3e2a49bc716c22ef582e39a286e4889a50
[INFO] running `Command { std: "docker" "start" "-a" "63a90d4acf07cbe27d83464ada549e3e2a49bc716c22ef582e39a286e4889a50", kill_on_drop: false }`
[INFO] [stderr] warning: struct `TestStruct` is never constructed
[INFO] [stderr]  --> tests/complete.rs:5:8
[INFO] [stderr]   |
[INFO] [stderr] 5 | struct TestStruct {
[INFO] [stderr]   |        ^^^^^^^^^^
[INFO] [stderr]   |
[INFO] [stderr]   = note: `#[warn(dead_code)]` on by default
[INFO] [stderr] 
[INFO] [stderr] warning: struct `MyStruct` is never constructed
[INFO] [stderr]  --> examples/complete.rs:4:8
[INFO] [stderr]   |
[INFO] [stderr] 4 | struct MyStruct {
[INFO] [stderr]   |        ^^^^^^^^
[INFO] [stderr]   |
[INFO] [stderr]   = note: `#[warn(dead_code)]` on by default
[INFO] [stderr] 
[INFO] [stderr] warning: `nullable_struct` (test "complete") generated 1 warning
[INFO] [stderr] warning: `nullable_struct` (example "complete") generated 1 warning
[INFO] [stderr]     Finished test [unoptimized + debuginfo] target(s) in 0.02s
[INFO] [stderr]      Running unittests src/lib.rs (/opt/rustwide/target/debug/deps/nullable_struct-884be68f10dca369)
[INFO] [stdout] 
[INFO] [stderr]      Running tests/complete.rs (/opt/rustwide/target/debug/deps/complete-36f68ede28b58378)
[INFO] [stdout] running 0 tests
[INFO] [stdout] 
[INFO] [stdout] test result: ok. 0 passed; 0 failed; 0 ignored; 0 measured; 0 filtered out; finished in 0.00s
[INFO] [stdout] 
[INFO] [stdout] 
[INFO] [stdout] running 5 tests
[INFO] [stdout] test test_new_default ... ok
[INFO] [stdout] test test_default ... ok
[INFO] [stdout] test test_new ... ok
[INFO] [stderr]    Doc-tests nullable_struct
[INFO] [stdout] test test_setters ... ok
[INFO] [stdout] test test_getters ... ok
[INFO] [stdout] 
[INFO] [stdout] test result: ok. 5 passed; 0 failed; 0 ignored; 0 measured; 0 filtered out; finished in 0.02s
[INFO] [stdout] 
[INFO] [stdout] 
[INFO] [stdout] running 1 test
[INFO] [stdout] test src/lib.rs - (line 9) ... FAILED
[INFO] [stdout] 
[INFO] [stderr] error: doctest failed, to rerun pass `--doc`
[INFO] [stdout] failures:
[INFO] [stdout] 
[INFO] [stdout] ---- src/lib.rs - (line 9) stdout ----
[INFO] [stdout] error[E0432]: unresolved import `your_crate_name`
[INFO] [stdout]  --> src/lib.rs:10:5
[INFO] [stdout]   |
[INFO] [stdout] 3 | use your_crate_name::Nullable;
[INFO] [stdout]   |     ^^^^^^^^^^^^^^^ use of undeclared crate or module `your_crate_name`
[INFO] [stdout] 
[INFO] [stdout] error: cannot determine resolution for the derive macro `Nullable`
[INFO] [stdout]  --> src/lib.rs:12:10
[INFO] [stdout]   |
[INFO] [stdout] 5 | #[derive(Nullable)]
[INFO] [stdout]   |          ^^^^^^^^
[INFO] [stdout]   |
[INFO] [stdout]   = note: import resolution is stuck, try simplifying macro imports
[INFO] [stdout] 
[INFO] [stdout] error[E0425]: cannot find value `instance` in this scope
[INFO] [stdout]   --> src/lib.rs:22:12
[INFO] [stdout]    |
[INFO] [stdout] 15 | assert_eq!(instance.field1(), 42);
[INFO] [stdout]    |            ^^^^^^^^ not found in this scope
[INFO] [stdout] 
[INFO] [stdout] error[E0425]: cannot find value `instance` in this scope
[INFO] [stdout]   --> src/lib.rs:23:12
[INFO] [stdout]    |
[INFO] [stdout] 16 | assert_eq!(instance.field2(), "Hello, World!".to_string());
[INFO] [stdout]    |            ^^^^^^^^ not found in this scope
[INFO] [stdout] 
[INFO] [stdout] error[E0433]: failed to resolve: use of undeclared type `NullableTestStruct`
[INFO] [stdout]   --> src/lib.rs:18:9
[INFO] [stdout]    |
[INFO] [stdout] 11 | let s = NullableTestStruct::new(42, "hello".to_string());
[INFO] [stdout]    |         ^^^^^^^^^^^^^^^^^^ use of undeclared type `NullableTestStruct`
[INFO] [stdout] 
[INFO] [stdout] error: aborting due to 5 previous errors
[INFO] [stdout] 
[INFO] [stdout] Some errors have detailed explanations: E0425, E0432, E0433.
[INFO] [stdout] For more information about an error, try `rustc --explain E0425`.
[INFO] [stdout] Couldn't compile the test.
[INFO] [stdout] 
[INFO] [stdout] failures:
[INFO] [stdout]     src/lib.rs - (line 9)
[INFO] [stdout] 
[INFO] [stdout] test result: FAILED. 0 passed; 1 failed; 0 ignored; 0 measured; 0 filtered out; finished in 0.09s
[INFO] [stdout] 
[INFO] running `Command { std: "docker" "inspect" "63a90d4acf07cbe27d83464ada549e3e2a49bc716c22ef582e39a286e4889a50", kill_on_drop: false }`
[INFO] running `Command { std: "docker" "rm" "-f" "63a90d4acf07cbe27d83464ada549e3e2a49bc716c22ef582e39a286e4889a50", kill_on_drop: false }`
[INFO] [stdout] 63a90d4acf07cbe27d83464ada549e3e2a49bc716c22ef582e39a286e4889a50
[INFO] testing nullable_struct-0.1.0 against beta-2023-12-22 for beta-1.76-1
[INFO] extracting crate nullable_struct 0.1.0 into /workspace/builds/worker-0-tc2/source
[INFO] validating manifest of crates.io crate nullable_struct 0.1.0 on toolchain beta-2023-12-22
[INFO] running `Command { std: CARGO_HOME="/workspace/cargo-home" RUSTUP_HOME="/workspace/rustup-home" "/workspace/cargo-home/bin/cargo" "+beta-2023-12-22" "metadata" "--manifest-path" "Cargo.toml" "--no-deps", kill_on_drop: false }`
[INFO] started tweaking crates.io crate nullable_struct 0.1.0
[INFO] finished tweaking crates.io crate nullable_struct 0.1.0
[INFO] tweaked toml for crates.io crate nullable_struct 0.1.0 written to /workspace/builds/worker-0-tc2/source/Cargo.toml
[INFO] crate crates.io crate nullable_struct 0.1.0 already has a lockfile, it will not be regenerated
[INFO] running `Command { std: CARGO_HOME="/workspace/cargo-home" RUSTUP_HOME="/workspace/rustup-home" "/workspace/cargo-home/bin/cargo" "+beta-2023-12-22" "fetch" "--manifest-path" "Cargo.toml", kill_on_drop: false }`
[INFO] running `Command { std: "docker" "create" "-v" "/var/lib/crater-agent-workspace/builds/worker-0-tc2/target:/opt/rustwide/target:rw,Z" "-v" "/var/lib/crater-agent-workspace/builds/worker-0-tc2/source:/opt/rustwide/workdir:ro,Z" "-v" "/var/lib/crater-agent-workspace/cargo-home:/opt/rustwide/cargo-home:ro,Z" "-v" "/var/lib/crater-agent-workspace/rustup-home:/opt/rustwide/rustup-home:ro,Z" "-e" "SOURCE_DIR=/opt/rustwide/workdir" "-e" "CARGO_TARGET_DIR=/opt/rustwide/target" "-e" "CARGO_HOME=/opt/rustwide/cargo-home" "-e" "RUSTUP_HOME=/opt/rustwide/rustup-home" "-w" "/opt/rustwide/workdir" "-m" "1610612736" "--user" "0:0" "--network" "none" "ghcr.io/rust-lang/crates-build-env/linux@sha256:2788e3201cd34a07e3172128adcd8b3090168a8e3bcc40d7c032b9dda1df7d1c" "/opt/rustwide/cargo-home/bin/cargo" "+beta-2023-12-22" "metadata" "--no-deps" "--format-version=1", kill_on_drop: false }`
[INFO] [stdout] 94327b56c32a41ec3224a1d17af707310061e00718723d6d5828c93ec5a672c5
[INFO] running `Command { std: "docker" "start" "-a" "94327b56c32a41ec3224a1d17af707310061e00718723d6d5828c93ec5a672c5", kill_on_drop: false }`
[INFO] running `Command { std: "docker" "inspect" "94327b56c32a41ec3224a1d17af707310061e00718723d6d5828c93ec5a672c5", kill_on_drop: false }`
[INFO] running `Command { std: "docker" "rm" "-f" "94327b56c32a41ec3224a1d17af707310061e00718723d6d5828c93ec5a672c5", kill_on_drop: false }`
[INFO] [stdout] 94327b56c32a41ec3224a1d17af707310061e00718723d6d5828c93ec5a672c5
[INFO] running `Command { std: "docker" "create" "-v" "/var/lib/crater-agent-workspace/builds/worker-0-tc2/target:/opt/rustwide/target:rw,Z" "-v" "/var/lib/crater-agent-workspace/builds/worker-0-tc2/source:/opt/rustwide/workdir:ro,Z" "-v" "/var/lib/crater-agent-workspace/cargo-home:/opt/rustwide/cargo-home:ro,Z" "-v" "/var/lib/crater-agent-workspace/rustup-home:/opt/rustwide/rustup-home:ro,Z" "-e" "SOURCE_DIR=/opt/rustwide/workdir" "-e" "CARGO_TARGET_DIR=/opt/rustwide/target" "-e" "CARGO_INCREMENTAL=0" "-e" "RUST_BACKTRACE=full" "-e" "RUSTFLAGS=--cap-lints=warn" "-e" "RUSTDOCFLAGS=--cap-lints=warn" "-e" "CARGO_HOME=/opt/rustwide/cargo-home" "-e" "RUSTUP_HOME=/opt/rustwide/rustup-home" "-w" "/opt/rustwide/workdir" "-m" "1610612736" "--user" "0:0" "--network" "none" "ghcr.io/rust-lang/crates-build-env/linux@sha256:2788e3201cd34a07e3172128adcd8b3090168a8e3bcc40d7c032b9dda1df7d1c" "/opt/rustwide/cargo-home/bin/cargo" "+beta-2023-12-22" "build" "--frozen" "--message-format=json", kill_on_drop: false }`
[INFO] [stdout] 31ff736bada706a3ff4d4ec75df97dd4ae01211600198672701123c97cf60eb7
[INFO] running `Command { std: "docker" "start" "-a" "31ff736bada706a3ff4d4ec75df97dd4ae01211600198672701123c97cf60eb7", kill_on_drop: false }`
[INFO] [stderr]    Compiling proc-macro2 v1.0.66
[INFO] [stderr]    Compiling unicode-ident v1.0.11
[INFO] [stderr]    Compiling syn v1.0.109
[INFO] [stderr]    Compiling quote v1.0.33
[INFO] [stderr]    Compiling nullable_struct v0.1.0 (/opt/rustwide/workdir)
[INFO] [stderr]     Finished dev [unoptimized + debuginfo] target(s) in 4.95s
[INFO] running `Command { std: "docker" "inspect" "31ff736bada706a3ff4d4ec75df97dd4ae01211600198672701123c97cf60eb7", kill_on_drop: false }`
[INFO] running `Command { std: "docker" "rm" "-f" "31ff736bada706a3ff4d4ec75df97dd4ae01211600198672701123c97cf60eb7", kill_on_drop: false }`
[INFO] [stdout] 31ff736bada706a3ff4d4ec75df97dd4ae01211600198672701123c97cf60eb7
[INFO] running `Command { std: "docker" "create" "-v" "/var/lib/crater-agent-workspace/builds/worker-0-tc2/target:/opt/rustwide/target:rw,Z" "-v" "/var/lib/crater-agent-workspace/builds/worker-0-tc2/source:/opt/rustwide/workdir:ro,Z" "-v" "/var/lib/crater-agent-workspace/cargo-home:/opt/rustwide/cargo-home:ro,Z" "-v" "/var/lib/crater-agent-workspace/rustup-home:/opt/rustwide/rustup-home:ro,Z" "-e" "SOURCE_DIR=/opt/rustwide/workdir" "-e" "CARGO_TARGET_DIR=/opt/rustwide/target" "-e" "CARGO_INCREMENTAL=0" "-e" "RUST_BACKTRACE=full" "-e" "RUSTFLAGS=--cap-lints=warn" "-e" "RUSTDOCFLAGS=--cap-lints=warn" "-e" "CARGO_HOME=/opt/rustwide/cargo-home" "-e" "RUSTUP_HOME=/opt/rustwide/rustup-home" "-w" "/opt/rustwide/workdir" "-m" "1610612736" "--user" "0:0" "--network" "none" "ghcr.io/rust-lang/crates-build-env/linux@sha256:2788e3201cd34a07e3172128adcd8b3090168a8e3bcc40d7c032b9dda1df7d1c" "/opt/rustwide/cargo-home/bin/cargo" "+beta-2023-12-22" "test" "--frozen" "--no-run" "--message-format=json", kill_on_drop: false }`
[INFO] [stdout] c9daa61e8c98386b591251b000ef9c879e5be192b54b79c6a53ab58eeae01499
[INFO] running `Command { std: "docker" "start" "-a" "c9daa61e8c98386b591251b000ef9c879e5be192b54b79c6a53ab58eeae01499", kill_on_drop: false }`
[INFO] [stderr]    Compiling proc-macro2 v1.0.66
[INFO] [stderr]    Compiling unicode-ident v1.0.11
[INFO] [stderr]    Compiling syn v1.0.109
[INFO] [stderr]    Compiling quote v1.0.33
[INFO] [stderr]    Compiling nullable_struct v0.1.0 (/opt/rustwide/workdir)
[INFO] [stdout] warning: struct `MyStruct` is never constructed
[INFO] [stdout]  --> examples/complete.rs:4:8
[INFO] [stdout]   |
[INFO] [stdout] 4 | struct MyStruct {
[INFO] [stdout]   |        ^^^^^^^^
[INFO] [stdout]   |
[INFO] [stdout]   = note: `#[warn(dead_code)]` on by default
[INFO] [stdout] 
[INFO] [stdout] 
[INFO] [stdout] warning: struct `TestStruct` is never constructed
[INFO] [stdout]  --> tests/complete.rs:5:8
[INFO] [stdout]   |
[INFO] [stdout] 5 | struct TestStruct {
[INFO] [stdout]   |        ^^^^^^^^^^
[INFO] [stdout]   |
[INFO] [stdout]   = note: `#[warn(dead_code)]` on by default
[INFO] [stdout] 
[INFO] [stdout] 
[INFO] [stdout] warning: 1 warning emitted
[INFO] [stdout] 
[INFO] [stdout] 
[INFO] [stdout] warning: 1 warning emitted
[INFO] [stdout] 
[INFO] [stdout] 
[INFO] [stderr]     Finished test [unoptimized + debuginfo] target(s) in 5.20s
[INFO] running `Command { std: "docker" "inspect" "c9daa61e8c98386b591251b000ef9c879e5be192b54b79c6a53ab58eeae01499", kill_on_drop: false }`
[INFO] running `Command { std: "docker" "rm" "-f" "c9daa61e8c98386b591251b000ef9c879e5be192b54b79c6a53ab58eeae01499", kill_on_drop: false }`
[INFO] [stdout] c9daa61e8c98386b591251b000ef9c879e5be192b54b79c6a53ab58eeae01499
[INFO] running `Command { std: "docker" "create" "-v" "/var/lib/crater-agent-workspace/builds/worker-0-tc2/target:/opt/rustwide/target:rw,Z" "-v" "/var/lib/crater-agent-workspace/builds/worker-0-tc2/source:/opt/rustwide/workdir:ro,Z" "-v" "/var/lib/crater-agent-workspace/cargo-home:/opt/rustwide/cargo-home:ro,Z" "-v" "/var/lib/crater-agent-workspace/rustup-home:/opt/rustwide/rustup-home:ro,Z" "-e" "SOURCE_DIR=/opt/rustwide/workdir" "-e" "CARGO_TARGET_DIR=/opt/rustwide/target" "-e" "CARGO_INCREMENTAL=0" "-e" "RUST_BACKTRACE=full" "-e" "RUSTFLAGS=--cap-lints=warn" "-e" "RUSTDOCFLAGS=--cap-lints=warn" "-e" "CARGO_HOME=/opt/rustwide/cargo-home" "-e" "RUSTUP_HOME=/opt/rustwide/rustup-home" "-w" "/opt/rustwide/workdir" "-m" "1610612736" "--user" "0:0" "--network" "none" "ghcr.io/rust-lang/crates-build-env/linux@sha256:2788e3201cd34a07e3172128adcd8b3090168a8e3bcc40d7c032b9dda1df7d1c" "/opt/rustwide/cargo-home/bin/cargo" "+beta-2023-12-22" "test" "--frozen", kill_on_drop: false }`
[INFO] [stdout] b95da7cce991f04643d5628113ee124c9aaf163f74c0fd93acc3ce18360066a3
[INFO] running `Command { std: "docker" "start" "-a" "b95da7cce991f04643d5628113ee124c9aaf163f74c0fd93acc3ce18360066a3", kill_on_drop: false }`
[INFO] [stderr] warning: struct `TestStruct` is never constructed
[INFO] [stderr]  --> tests/complete.rs:5:8
[INFO] [stderr]   |
[INFO] [stderr] 5 | struct TestStruct {
[INFO] [stderr]   |        ^^^^^^^^^^
[INFO] [stderr]   |
[INFO] [stderr]   = note: `#[warn(dead_code)]` on by default
[INFO] [stderr] 
[INFO] [stderr] warning: struct `MyStruct` is never constructed
[INFO] [stderr]  --> examples/complete.rs:4:8
[INFO] [stderr]   |
[INFO] [stderr] 4 | struct MyStruct {
[INFO] [stderr]   |        ^^^^^^^^
[INFO] [stderr]   |
[INFO] [stderr]   = note: `#[warn(dead_code)]` on by default
[INFO] [stderr] 
[INFO] [stderr] warning: `nullable_struct` (test "complete") generated 1 warning
[INFO] [stderr] warning: `nullable_struct` (example "complete") generated 1 warning
[INFO] [stderr]     Finished test [unoptimized + debuginfo] target(s) in 0.02s
[INFO] [stderr]      Running unittests src/lib.rs (/opt/rustwide/target/debug/deps/nullable_struct-32264c1a808fefc4)
[INFO] [stderr]      Running tests/complete.rs (/opt/rustwide/target/debug/deps/complete-035f6b5e4796d1c4)
[INFO] [stdout] 
[INFO] [stdout] running 0 tests
[INFO] [stdout] 
[INFO] [stdout] test result: ok. 0 passed; 0 failed; 0 ignored; 0 measured; 0 filtered out; finished in 0.00s
[INFO] [stdout] 
[INFO] [stdout] 
[INFO] [stdout] running 5 tests
[INFO] [stdout] test test_default ... ok
[INFO] [stdout] test test_new ... ok
[INFO] [stdout] test test_getters ... ok
[INFO] [stderr]    Doc-tests nullable_struct
[INFO] [stdout] test test_setters ... ok
[INFO] [stdout] test test_new_default ... ok
[INFO] [stdout] 
[INFO] [stdout] test result: ok. 5 passed; 0 failed; 0 ignored; 0 measured; 0 filtered out; finished in 0.01s
[INFO] [stdout] 
[INFO] [stdout] 
[INFO] [stdout] running 1 test
[INFO] [stdout] test src/lib.rs - (line 9) ... FAILED
[INFO] [stdout] 
[INFO] [stdout] failures:
[INFO] [stdout] 
[INFO] [stdout] ---- src/lib.rs - (line 9) stdout ----
[INFO] [stdout] error[E0432]: unresolved import `your_crate_name`
[INFO] [stdout]  --> src/lib.rs:10:5
[INFO] [stdout]   |
[INFO] [stdout] 3 | use your_crate_name::Nullable;
[INFO] [stdout]   |     ^^^^^^^^^^^^^^^ use of undeclared crate or module `your_crate_name`
[INFO] [stdout] 
[INFO] [stdout] error: cannot determine resolution for the derive macro `Nullable`
[INFO] [stdout]  --> src/lib.rs:12:10
[INFO] [stdout]   |
[INFO] [stdout] 5 | #[derive(Nullable)]
[INFO] [stdout]   |          ^^^^^^^^
[INFO] [stdout]   |
[INFO] [stdout]   = note: import resolution is stuck, try simplifying macro imports
[INFO] [stdout] 
[INFO] [stdout] error[E0425]: cannot find value `instance` in this scope
[INFO] [stdout]   --> src/lib.rs:22:12
[INFO] [stdout]    |
[INFO] [stdout] 15 | assert_eq!(instance.field1(), 42);
[INFO] [stdout]    |            ^^^^^^^^ not found in this scope
[INFO] [stdout] 
[INFO] [stdout] error[E0425]: cannot find value `instance` in this scope
[INFO] [stdout]   --> src/lib.rs:23:12
[INFO] [stdout]    |
[INFO] [stdout] 16 | assert_eq!(instance.field2(), "Hello, World!".to_string());
[INFO] [stdout]    |            ^^^^^^^^ not found in this scope
[INFO] [stdout] 
[INFO] [stdout] error[E0433]: failed to resolve: use of undeclared type `NullableTestStruct`
[INFO] [stdout]   --> src/lib.rs:18:9
[INFO] [stdout]    |
[INFO] [stdout] 11 | let s = NullableTestStruct::new(42, "hello".to_string());
[INFO] [stdout]    |         ^^^^^^^^^^^^^^^^^^ use of undeclared type `NullableTestStruct`
[INFO] [stdout] 
[INFO] [stdout] error: aborting due to 5 previous errors
[INFO] [stdout] 
[INFO] [stdout] Some errors have detailed explanations: E0425, E0432, E0433.
[INFO] [stdout] For more information about an error, try `rustc --explain E0425`.
[INFO] [stdout] Couldn't compile the test.
[INFO] [stdout] 
[INFO] [stdout] failures:
[INFO] [stdout]     src/lib.rs - (line 9)
[INFO] [stdout] 
[INFO] [stdout] test result: FAILED. 0 passed; 1 failed; 0 ignored; 0 measured; 0 filtered out; finished in 0.09s
[INFO] [stdout] 
[INFO] [stderr] error: doctest failed, to rerun pass `--doc`
[INFO] running `Command { std: "docker" "inspect" "b95da7cce991f04643d5628113ee124c9aaf163f74c0fd93acc3ce18360066a3", kill_on_drop: false }`
[INFO] running `Command { std: "docker" "rm" "-f" "b95da7cce991f04643d5628113ee124c9aaf163f74c0fd93acc3ce18360066a3", kill_on_drop: false }`
[INFO] [stdout] b95da7cce991f04643d5628113ee124c9aaf163f74c0fd93acc3ce18360066a3
