[INFO] fetching crate nu_plugin_plot 0.74.0...
[INFO] testing nu_plugin_plot-0.74.0 against 1.75.0 for beta-1.76-1
[INFO] extracting crate nu_plugin_plot 0.74.0 into /workspace/builds/worker-7-tc1/source
[INFO] validating manifest of crates.io crate nu_plugin_plot 0.74.0 on toolchain 1.75.0
[INFO] running `Command { std: CARGO_HOME="/workspace/cargo-home" RUSTUP_HOME="/workspace/rustup-home" "/workspace/cargo-home/bin/cargo" "+1.75.0" "metadata" "--manifest-path" "Cargo.toml" "--no-deps", kill_on_drop: false }`
[INFO] started tweaking crates.io crate nu_plugin_plot 0.74.0
[INFO] finished tweaking crates.io crate nu_plugin_plot 0.74.0
[INFO] tweaked toml for crates.io crate nu_plugin_plot 0.74.0 written to /workspace/builds/worker-7-tc1/source/Cargo.toml
[INFO] crate crates.io crate nu_plugin_plot 0.74.0 already has a lockfile, it will not be regenerated
[INFO] running `Command { std: CARGO_HOME="/workspace/cargo-home" RUSTUP_HOME="/workspace/rustup-home" "/workspace/cargo-home/bin/cargo" "+1.75.0" "fetch" "--manifest-path" "Cargo.toml", kill_on_drop: false }`
[INFO] [stderr]     Updating crates.io index
[INFO] [stderr]  Downloading crates ...
[INFO] [stderr]   Downloaded chrono-humanize v0.2.2
[INFO] [stderr]   Downloaded lscolors v0.12.0
[INFO] [stderr]   Downloaded rmp v0.8.11
[INFO] [stderr]   Downloaded supports-unicode v1.0.2
[INFO] [stderr]   Downloaded miette-derive v5.5.0
[INFO] [stderr]   Downloaded supports-color v1.3.1
[INFO] [stderr]   Downloaded supports-hyperlinks v1.2.0
[INFO] [stderr]   Downloaded inventory v0.2.3
[INFO] [stderr]   Downloaded fancy-regex v0.10.0
[INFO] [stderr]   Downloaded miette v5.5.0
[INFO] [stderr]   Downloaded crossterm v0.24.0
[INFO] [stderr]   Downloaded rmp-serde v1.1.1
[INFO] [stderr]   Downloaded typetag v0.1.8
[INFO] [stderr]   Downloaded ntapi v0.4.0
[INFO] [stderr]   Downloaded typetag-impl v0.1.8
[INFO] [stderr]   Downloaded sysinfo v0.26.8
[INFO] [stderr]   Downloaded omnipath v0.1.1
[INFO] [stderr]   Downloaded byte-unit v4.0.18
[INFO] [stderr]   Downloaded sys-locale v0.2.3
[INFO] [stderr]   Downloaded nu-glob v0.74.0
[INFO] [stderr]   Downloaded nu-plugin v0.74.0
[INFO] [stderr]   Downloaded nu-engine v0.74.0
[INFO] [stderr]   Downloaded nu-utils v0.74.0
[INFO] [stderr]   Downloaded nu-path v0.74.0
[INFO] [stderr]   Downloaded nu-json v0.74.0
[INFO] [stderr]   Downloaded nu-protocol v0.74.0
[INFO] running `Command { std: "docker" "create" "-v" "/var/lib/crater-agent-workspace/builds/worker-7-tc1/target:/opt/rustwide/target:rw,Z" "-v" "/var/lib/crater-agent-workspace/builds/worker-7-tc1/source:/opt/rustwide/workdir:ro,Z" "-v" "/var/lib/crater-agent-workspace/cargo-home:/opt/rustwide/cargo-home:ro,Z" "-v" "/var/lib/crater-agent-workspace/rustup-home:/opt/rustwide/rustup-home:ro,Z" "-e" "SOURCE_DIR=/opt/rustwide/workdir" "-e" "CARGO_TARGET_DIR=/opt/rustwide/target" "-e" "CARGO_HOME=/opt/rustwide/cargo-home" "-e" "RUSTUP_HOME=/opt/rustwide/rustup-home" "-w" "/opt/rustwide/workdir" "-m" "1610612736" "--user" "0:0" "--network" "none" "ghcr.io/rust-lang/crates-build-env/linux@sha256:2788e3201cd34a07e3172128adcd8b3090168a8e3bcc40d7c032b9dda1df7d1c" "/opt/rustwide/cargo-home/bin/cargo" "+1.75.0" "metadata" "--no-deps" "--format-version=1", kill_on_drop: false }`
[INFO] [stdout] 61b8a53294fc9f71cf68c7e63cc2f7aeb8e0e8ac9f09bb19a3ca654632fc7800
[INFO] running `Command { std: "docker" "start" "-a" "61b8a53294fc9f71cf68c7e63cc2f7aeb8e0e8ac9f09bb19a3ca654632fc7800", kill_on_drop: false }`
[INFO] running `Command { std: "docker" "inspect" "61b8a53294fc9f71cf68c7e63cc2f7aeb8e0e8ac9f09bb19a3ca654632fc7800", kill_on_drop: false }`
[INFO] running `Command { std: "docker" "rm" "-f" "61b8a53294fc9f71cf68c7e63cc2f7aeb8e0e8ac9f09bb19a3ca654632fc7800", kill_on_drop: false }`
[INFO] [stdout] 61b8a53294fc9f71cf68c7e63cc2f7aeb8e0e8ac9f09bb19a3ca654632fc7800
[INFO] running `Command { std: "docker" "create" "-v" "/var/lib/crater-agent-workspace/builds/worker-7-tc1/target:/opt/rustwide/target:rw,Z" "-v" "/var/lib/crater-agent-workspace/builds/worker-7-tc1/source:/opt/rustwide/workdir:ro,Z" "-v" "/var/lib/crater-agent-workspace/cargo-home:/opt/rustwide/cargo-home:ro,Z" "-v" "/var/lib/crater-agent-workspace/rustup-home:/opt/rustwide/rustup-home:ro,Z" "-e" "SOURCE_DIR=/opt/rustwide/workdir" "-e" "CARGO_TARGET_DIR=/opt/rustwide/target" "-e" "CARGO_INCREMENTAL=0" "-e" "RUST_BACKTRACE=full" "-e" "RUSTFLAGS=--cap-lints=warn" "-e" "RUSTDOCFLAGS=--cap-lints=warn" "-e" "CARGO_HOME=/opt/rustwide/cargo-home" "-e" "RUSTUP_HOME=/opt/rustwide/rustup-home" "-w" "/opt/rustwide/workdir" "-m" "1610612736" "--user" "0:0" "--network" "none" "ghcr.io/rust-lang/crates-build-env/linux@sha256:2788e3201cd34a07e3172128adcd8b3090168a8e3bcc40d7c032b9dda1df7d1c" "/opt/rustwide/cargo-home/bin/cargo" "+1.75.0" "build" "--frozen" "--message-format=json", kill_on_drop: false }`
[INFO] [stdout] baca551a0e95720013f757346f792cee8b13a7dcc954788b0a52f8a3ae5b13a8
[INFO] running `Command { std: "docker" "start" "-a" "baca551a0e95720013f757346f792cee8b13a7dcc954788b0a52f8a3ae5b13a8", kill_on_drop: false }`
[INFO] [stderr]    Compiling libc v0.2.139
[INFO] [stderr]    Compiling proc-macro2 v1.0.49
[INFO] [stderr]    Compiling unicode-ident v1.0.6
[INFO] [stderr]    Compiling quote v1.0.23
[INFO] [stderr]    Compiling syn v1.0.107
[INFO] [stderr]    Compiling serde_derive v1.0.152
[INFO] [stderr]    Compiling ahash v0.7.6
[INFO] [stderr]    Compiling serde v1.0.152
[INFO] [stderr]    Compiling aho-corasick v0.7.20
[INFO] [stderr]    Compiling once_cell v1.17.0
[INFO] [stderr]    Compiling crossbeam-utils v0.8.14
[INFO] [stderr]    Compiling signal-hook v0.3.14
[INFO] [stderr]    Compiling regex-syntax v0.6.28
[INFO] [stderr]    Compiling parking_lot_core v0.9.5
[INFO] [stderr]    Compiling crossbeam-epoch v0.9.13
[INFO] [stderr]    Compiling thiserror v1.0.38
[INFO] [stderr]    Compiling getrandom v0.2.8
[INFO] [stderr]    Compiling signal-hook-registry v1.4.0
[INFO] [stderr]    Compiling mio v0.8.5
[INFO] [stderr]    Compiling hashbrown v0.12.3
[INFO] [stderr]    Compiling atty v0.2.14
[INFO] [stderr]    Compiling parking_lot v0.12.1
[INFO] [stderr]    Compiling signal-hook-mio v0.2.3
[INFO] [stderr]    Compiling vte_generate_state_changes v0.1.1
[INFO] [stderr]    Compiling erased-serde v0.3.24
[INFO] [stderr]    Compiling rustversion v1.0.11
[INFO] [stderr]    Compiling utf8parse v0.2.0
[INFO] [stderr]    Compiling rayon-core v1.10.1
[INFO] [stderr]    Compiling arrayvec v0.5.2
[INFO] [stderr]    Compiling itoa v1.0.5
[INFO] [stderr]    Compiling crossterm v0.24.0
[INFO] [stderr]    Compiling crossbeam-deque v0.8.2
[INFO] [stderr]    Compiling num_cpus v1.15.0
[INFO] [stderr]    Compiling time v0.1.45
[INFO] [stderr]    Compiling vte v0.10.1
[INFO] [stderr]    Compiling crossbeam-channel v0.5.6
[INFO] [stderr]    Compiling regex v1.7.0
[INFO] [stderr]    Compiling indexmap v1.9.2
[INFO] [stderr]    Compiling smawk v0.3.1
[INFO] [stderr]    Compiling bit-vec v0.6.3
[INFO] [stderr]    Compiling serde_json v1.0.91
[INFO] [stderr]    Compiling iana-time-zone v0.1.53
[INFO] [stderr]    Compiling is_ci v1.1.1
[INFO] [stderr]    Compiling paste v1.0.11
[INFO] [stderr]    Compiling strip-ansi-escapes v0.1.1
[INFO] [stderr]    Compiling supports-color v1.3.1
[INFO] [stderr]    Compiling bit-set v0.5.3
[INFO] [stderr]    Compiling num-format v0.4.4
[INFO] [stderr]    Compiling lscolors v0.12.0
[INFO] [stderr]    Compiling supports-hyperlinks v1.2.0
[INFO] [stderr]    Compiling supports-unicode v1.0.2
[INFO] [stderr]    Compiling terminal_size v0.1.17
[INFO] [stderr]    Compiling dirs-sys-next v0.1.2
[INFO] [stderr]    Compiling utf8-width v0.1.6
[INFO] [stderr]    Compiling ryu v1.0.12
[INFO] [stderr]    Compiling sys-locale v0.2.3
[INFO] [stderr]    Compiling owo-colors v3.5.0
[INFO] [stderr]    Compiling either v1.8.0
[INFO] [stderr]    Compiling nu-utils v0.74.0
[INFO] [stderr]    Compiling rayon v1.6.1
[INFO] [stderr]    Compiling dirs-next v2.0.0
[INFO] [stderr]    Compiling unicode-linebreak v0.1.4
[INFO] [stderr]    Compiling lru v0.8.1
[INFO] [stderr]    Compiling strum v0.24.1
[INFO] [stderr]    Compiling fancy-regex v0.10.0
[INFO] [stderr]    Compiling nu-glob v0.74.0
[INFO] [stderr]    Compiling rmp v0.8.11
[INFO] [stderr]    Compiling term_size v0.3.2
[INFO] [stderr]    Compiling sysinfo v0.26.8
[INFO] [stderr]    Compiling thiserror-impl v1.0.38
[INFO] [stderr]    Compiling ghost v0.1.7
[INFO] [stderr]    Compiling ctor v0.1.26
[INFO] [stderr]    Compiling typetag-impl v0.1.8
[INFO] [stderr]    Compiling miette-derive v5.5.0
[INFO] [stderr]    Compiling textwrap v0.15.2
[INFO] [stderr]    Compiling strum_macros v0.24.3
[INFO] [stderr]    Compiling inventory v0.2.3
[INFO] [stderr]    Compiling pwd v1.4.0
[INFO] [stderr]    Compiling miette v5.5.0
[INFO] [stderr]    Compiling nu-path v0.74.0
[INFO] [stderr]    Compiling linked-hash-map v0.5.6
[INFO] [stderr]    Compiling chrono v0.4.23
[INFO] [stderr]    Compiling byte-unit v4.0.18
[INFO] [stderr]    Compiling bincode v1.3.3
[INFO] [stderr]    Compiling rmp-serde v1.1.1
[INFO] [stderr]    Compiling nu-json v0.74.0
[INFO] [stderr]    Compiling typetag v0.1.8
[INFO] [stderr]    Compiling chrono-humanize v0.2.2
[INFO] [stderr]    Compiling nu-protocol v0.74.0
[INFO] [stderr]    Compiling nu-engine v0.74.0
[INFO] [stderr]    Compiling nu-plugin v0.74.0
[INFO] [stderr]    Compiling nu_plugin_plot v0.74.0 (/opt/rustwide/workdir)
[INFO] [stderr]     Finished dev [unoptimized + debuginfo] target(s) in 1m 17s
[INFO] running `Command { std: "docker" "inspect" "baca551a0e95720013f757346f792cee8b13a7dcc954788b0a52f8a3ae5b13a8", kill_on_drop: false }`
[INFO] running `Command { std: "docker" "rm" "-f" "baca551a0e95720013f757346f792cee8b13a7dcc954788b0a52f8a3ae5b13a8", kill_on_drop: false }`
[INFO] [stdout] baca551a0e95720013f757346f792cee8b13a7dcc954788b0a52f8a3ae5b13a8
[INFO] running `Command { std: "docker" "create" "-v" "/var/lib/crater-agent-workspace/builds/worker-7-tc1/target:/opt/rustwide/target:rw,Z" "-v" "/var/lib/crater-agent-workspace/builds/worker-7-tc1/source:/opt/rustwide/workdir:ro,Z" "-v" "/var/lib/crater-agent-workspace/cargo-home:/opt/rustwide/cargo-home:ro,Z" "-v" "/var/lib/crater-agent-workspace/rustup-home:/opt/rustwide/rustup-home:ro,Z" "-e" "SOURCE_DIR=/opt/rustwide/workdir" "-e" "CARGO_TARGET_DIR=/opt/rustwide/target" "-e" "CARGO_INCREMENTAL=0" "-e" "RUST_BACKTRACE=full" "-e" "RUSTFLAGS=--cap-lints=warn" "-e" "RUSTDOCFLAGS=--cap-lints=warn" "-e" "CARGO_HOME=/opt/rustwide/cargo-home" "-e" "RUSTUP_HOME=/opt/rustwide/rustup-home" "-w" "/opt/rustwide/workdir" "-m" "1610612736" "--user" "0:0" "--network" "none" "ghcr.io/rust-lang/crates-build-env/linux@sha256:2788e3201cd34a07e3172128adcd8b3090168a8e3bcc40d7c032b9dda1df7d1c" "/opt/rustwide/cargo-home/bin/cargo" "+1.75.0" "test" "--frozen" "--no-run" "--message-format=json", kill_on_drop: false }`
[INFO] [stdout] be60df53f4830f9ecd0be41cb3e7d4fcf4f50e9f9969e1df4a65fab365e19317
[INFO] running `Command { std: "docker" "start" "-a" "be60df53f4830f9ecd0be41cb3e7d4fcf4f50e9f9969e1df4a65fab365e19317", kill_on_drop: false }`
[INFO] [stderr]    Compiling nu_plugin_plot v0.74.0 (/opt/rustwide/workdir)
[INFO] [stderr]     Finished test [unoptimized + debuginfo] target(s) in 1.08s
[INFO] running `Command { std: "docker" "inspect" "be60df53f4830f9ecd0be41cb3e7d4fcf4f50e9f9969e1df4a65fab365e19317", kill_on_drop: false }`
[INFO] running `Command { std: "docker" "rm" "-f" "be60df53f4830f9ecd0be41cb3e7d4fcf4f50e9f9969e1df4a65fab365e19317", kill_on_drop: false }`
[INFO] [stdout] be60df53f4830f9ecd0be41cb3e7d4fcf4f50e9f9969e1df4a65fab365e19317
[INFO] running `Command { std: "docker" "create" "-v" "/var/lib/crater-agent-workspace/builds/worker-7-tc1/target:/opt/rustwide/target:rw,Z" "-v" "/var/lib/crater-agent-workspace/builds/worker-7-tc1/source:/opt/rustwide/workdir:ro,Z" "-v" "/var/lib/crater-agent-workspace/cargo-home:/opt/rustwide/cargo-home:ro,Z" "-v" "/var/lib/crater-agent-workspace/rustup-home:/opt/rustwide/rustup-home:ro,Z" "-e" "SOURCE_DIR=/opt/rustwide/workdir" "-e" "CARGO_TARGET_DIR=/opt/rustwide/target" "-e" "CARGO_INCREMENTAL=0" "-e" "RUST_BACKTRACE=full" "-e" "RUSTFLAGS=--cap-lints=warn" "-e" "RUSTDOCFLAGS=--cap-lints=warn" "-e" "CARGO_HOME=/opt/rustwide/cargo-home" "-e" "RUSTUP_HOME=/opt/rustwide/rustup-home" "-w" "/opt/rustwide/workdir" "-m" "1610612736" "--user" "0:0" "--network" "none" "ghcr.io/rust-lang/crates-build-env/linux@sha256:2788e3201cd34a07e3172128adcd8b3090168a8e3bcc40d7c032b9dda1df7d1c" "/opt/rustwide/cargo-home/bin/cargo" "+1.75.0" "test" "--frozen", kill_on_drop: false }`
[INFO] [stdout] c8648d15ece462c5619462226ac9fe7877fb99c46e4ef4d4f3e1a432fef7ceb4
[INFO] running `Command { std: "docker" "start" "-a" "c8648d15ece462c5619462226ac9fe7877fb99c46e4ef4d4f3e1a432fef7ceb4", kill_on_drop: false }`
[INFO] [stderr]     Finished test [unoptimized + debuginfo] target(s) in 0.12s
[INFO] [stderr]      Running unittests src/lib.rs (/opt/rustwide/target/debug/deps/nu_plugin_plot-e2fc820f512554c2)
[INFO] [stdout] 
[INFO] [stdout] running 0 tests
[INFO] [stdout] 
[INFO] [stdout] test result: ok. 0 passed; 0 failed; 0 ignored; 0 measured; 0 filtered out; finished in 0.00s
[INFO] [stdout] 
[INFO] [stderr]      Running unittests src/main.rs (/opt/rustwide/target/debug/deps/nu_plugin_plot-c86630d6cde50d80)
[INFO] [stdout] 
[INFO] [stdout] running 0 tests
[INFO] [stdout] 
[INFO] [stdout] test result: ok. 0 passed; 0 failed; 0 ignored; 0 measured; 0 filtered out; finished in 0.00s
[INFO] [stdout] 
[INFO] [stderr]    Doc-tests nu_plugin_plot
[INFO] [stdout] 
[INFO] [stdout] running 6 tests
[INFO] [stdout] test src/color_plot/textplots/scale.rs - color_plot::textplots::scale::Scale::inv_linear (line 24) ... FAILED
[INFO] [stdout] test src/color_plot/textplots/utils.rs - color_plot::textplots::utils::histogram (line 9) ... FAILED
[INFO] [stdout] test src/color_plot/drawille.rs - color_plot::drawille (line 12) ... FAILED
[INFO] [stdout] test src/color_plot/textplots/scale.rs - color_plot::textplots::scale::Scale::linear (line 13) ... FAILED
[INFO] [stdout] test src/color_plot/textplots/mod.rs - color_plot::textplots (line 21) ... FAILED
[INFO] [stdout] test src/color_plot/textplots/mod.rs - color_plot::textplots (line 38) ... FAILED
[INFO] [stdout] 
[INFO] [stdout] failures:
[INFO] [stdout] 
[INFO] [stdout] ---- src/color_plot/textplots/scale.rs - color_plot::textplots::scale::Scale::inv_linear (line 24) stdout ----
[INFO] [stdout] error[E0433]: failed to resolve: use of undeclared crate or module `textplots`
[INFO] [stdout]  --> src/color_plot/textplots/scale.rs:25:5
[INFO] [stdout]   |
[INFO] [stdout] 3 | use textplots::scale::Scale;
[INFO] [stdout]   |     ^^^^^^^^^ use of undeclared crate or module `textplots`
[INFO] [stdout] 
[INFO] [stdout] error: aborting due to previous error
[INFO] [stdout] 
[INFO] [stdout] For more information about this error, try `rustc --explain E0433`.
[INFO] [stdout] Couldn't compile the test.
[INFO] [stdout] ---- src/color_plot/textplots/utils.rs - color_plot::textplots::utils::histogram (line 9) stdout ----
[INFO] [stdout] error[E0433]: failed to resolve: use of undeclared crate or module `textplots`
[INFO] [stdout]  --> src/color_plot/textplots/utils.rs:10:5
[INFO] [stdout]   |
[INFO] [stdout] 3 | use textplots::utils::histogram;
[INFO] [stdout]   |     ^^^^^^^^^ use of undeclared crate or module `textplots`
[INFO] [stdout] 
[INFO] [stdout] error: aborting due to previous error
[INFO] [stdout] 
[INFO] [stdout] For more information about this error, try `rustc --explain E0433`.
[INFO] [stdout] Couldn't compile the test.
[INFO] [stdout] ---- src/color_plot/drawille.rs - color_plot::drawille (line 12) stdout ----
[INFO] [stdout] error[E0463]: can't find crate for `drawille`
[INFO] [stdout]  --> src/color_plot/drawille.rs:13:1
[INFO] [stdout]   |
[INFO] [stdout] 2 | extern crate drawille;
[INFO] [stdout]   | ^^^^^^^^^^^^^^^^^^^^^^ can't find crate
[INFO] [stdout] 
[INFO] [stdout] error: aborting due to previous error
[INFO] [stdout] 
[INFO] [stdout] For more information about this error, try `rustc --explain E0463`.
[INFO] [stdout] Couldn't compile the test.
[INFO] [stdout] ---- src/color_plot/textplots/scale.rs - color_plot::textplots::scale::Scale::linear (line 13) stdout ----
[INFO] [stdout] error[E0433]: failed to resolve: use of undeclared crate or module `textplots`
[INFO] [stdout]  --> src/color_plot/textplots/scale.rs:14:5
[INFO] [stdout]   |
[INFO] [stdout] 3 | use textplots::scale::Scale;
[INFO] [stdout]   |     ^^^^^^^^^ use of undeclared crate or module `textplots`
[INFO] [stdout] 
[INFO] [stdout] error: aborting due to previous error
[INFO] [stdout] 
[INFO] [stdout] For more information about this error, try `rustc --explain E0433`.
[INFO] [stdout] Couldn't compile the test.
[INFO] [stdout] ---- src/color_plot/textplots/mod.rs - color_plot::textplots (line 21) stdout ----
[INFO] [stdout] error[E0432]: unresolved import `textplots`
[INFO] [stdout]  --> src/color_plot/textplots/mod.rs:22:5
[INFO] [stdout]   |
[INFO] [stdout] 3 | use textplots::{Chart, Plot, Shape};
[INFO] [stdout]   |     ^^^^^^^^^ use of undeclared crate or module `textplots`
[INFO] [stdout] 
[INFO] [stdout] error: aborting due to previous error
[INFO] [stdout] 
[INFO] [stdout] For more information about this error, try `rustc --explain E0432`.
[INFO] [stdout] Couldn't compile the test.
[INFO] [stdout] ---- src/color_plot/textplots/mod.rs - color_plot::textplots (line 38) stdout ----
[INFO] [stdout] error[E0432]: unresolved import `textplots`
[INFO] [stdout]  --> src/color_plot/textplots/mod.rs:39:5
[INFO] [stdout]   |
[INFO] [stdout] 3 | use textplots::{Chart, Plot, Shape};
[INFO] [stdout]   |     ^^^^^^^^^ use of undeclared crate or module `textplots`
[INFO] [stdout] 
[INFO] [stdout] error: aborting due to previous error
[INFO] [stdout] 
[INFO] [stdout] For more information about this error, try `rustc --explain E0432`.
[INFO] [stdout] Couldn't compile the test.
[INFO] [stdout] 
[INFO] [stdout] failures:
[INFO] [stdout]     src/color_plot/drawille.rs - color_plot::drawille (line 12)
[INFO] [stdout]     src/color_plot/textplots/mod.rs - color_plot::textplots (line 21)
[INFO] [stdout]     src/color_plot/textplots/mod.rs - color_plot::textplots (line 38)
[INFO] [stdout]     src/color_plot/textplots/scale.rs - color_plot::textplots::scale::Scale::inv_linear (line 24)
[INFO] [stdout]     src/color_plot/textplots/scale.rs - color_plot::textplots::scale::Scale::linear (line 13)
[INFO] [stdout]     src/color_plot/textplots/utils.rs - color_plot::textplots::utils::histogram (line 9)
[INFO] [stdout] 
[INFO] [stdout] test result: FAILED. 0 passed; 6 failed; 0 ignored; 0 measured; 0 filtered out; finished in 0.27s
[INFO] [stdout] 
[INFO] [stderr] error: doctest failed, to rerun pass `--doc`
[INFO] running `Command { std: "docker" "inspect" "c8648d15ece462c5619462226ac9fe7877fb99c46e4ef4d4f3e1a432fef7ceb4", kill_on_drop: false }`
[INFO] running `Command { std: "docker" "rm" "-f" "c8648d15ece462c5619462226ac9fe7877fb99c46e4ef4d4f3e1a432fef7ceb4", kill_on_drop: false }`
[INFO] [stdout] c8648d15ece462c5619462226ac9fe7877fb99c46e4ef4d4f3e1a432fef7ceb4
[INFO] testing nu_plugin_plot-0.74.0 against beta-2023-12-22 for beta-1.76-1
[INFO] extracting crate nu_plugin_plot 0.74.0 into /workspace/builds/worker-7-tc2/source
[INFO] validating manifest of crates.io crate nu_plugin_plot 0.74.0 on toolchain beta-2023-12-22
[INFO] running `Command { std: CARGO_HOME="/workspace/cargo-home" RUSTUP_HOME="/workspace/rustup-home" "/workspace/cargo-home/bin/cargo" "+beta-2023-12-22" "metadata" "--manifest-path" "Cargo.toml" "--no-deps", kill_on_drop: false }`
[INFO] started tweaking crates.io crate nu_plugin_plot 0.74.0
[INFO] finished tweaking crates.io crate nu_plugin_plot 0.74.0
[INFO] tweaked toml for crates.io crate nu_plugin_plot 0.74.0 written to /workspace/builds/worker-7-tc2/source/Cargo.toml
[INFO] crate crates.io crate nu_plugin_plot 0.74.0 already has a lockfile, it will not be regenerated
[INFO] running `Command { std: CARGO_HOME="/workspace/cargo-home" RUSTUP_HOME="/workspace/rustup-home" "/workspace/cargo-home/bin/cargo" "+beta-2023-12-22" "fetch" "--manifest-path" "Cargo.toml", kill_on_drop: false }`
[INFO] running `Command { std: "docker" "create" "-v" "/var/lib/crater-agent-workspace/builds/worker-7-tc2/target:/opt/rustwide/target:rw,Z" "-v" "/var/lib/crater-agent-workspace/builds/worker-7-tc2/source:/opt/rustwide/workdir:ro,Z" "-v" "/var/lib/crater-agent-workspace/cargo-home:/opt/rustwide/cargo-home:ro,Z" "-v" "/var/lib/crater-agent-workspace/rustup-home:/opt/rustwide/rustup-home:ro,Z" "-e" "SOURCE_DIR=/opt/rustwide/workdir" "-e" "CARGO_TARGET_DIR=/opt/rustwide/target" "-e" "CARGO_HOME=/opt/rustwide/cargo-home" "-e" "RUSTUP_HOME=/opt/rustwide/rustup-home" "-w" "/opt/rustwide/workdir" "-m" "1610612736" "--user" "0:0" "--network" "none" "ghcr.io/rust-lang/crates-build-env/linux@sha256:2788e3201cd34a07e3172128adcd8b3090168a8e3bcc40d7c032b9dda1df7d1c" "/opt/rustwide/cargo-home/bin/cargo" "+beta-2023-12-22" "metadata" "--no-deps" "--format-version=1", kill_on_drop: false }`
[INFO] [stdout] f4e8e7a6b7bdfe995b90ffc724d9d51ddaf822819ab8eb82659e832817983832
[INFO] running `Command { std: "docker" "start" "-a" "f4e8e7a6b7bdfe995b90ffc724d9d51ddaf822819ab8eb82659e832817983832", kill_on_drop: false }`
[INFO] running `Command { std: "docker" "inspect" "f4e8e7a6b7bdfe995b90ffc724d9d51ddaf822819ab8eb82659e832817983832", kill_on_drop: false }`
[INFO] running `Command { std: "docker" "rm" "-f" "f4e8e7a6b7bdfe995b90ffc724d9d51ddaf822819ab8eb82659e832817983832", kill_on_drop: false }`
[INFO] [stdout] f4e8e7a6b7bdfe995b90ffc724d9d51ddaf822819ab8eb82659e832817983832
[INFO] running `Command { std: "docker" "create" "-v" "/var/lib/crater-agent-workspace/builds/worker-7-tc2/target:/opt/rustwide/target:rw,Z" "-v" "/var/lib/crater-agent-workspace/builds/worker-7-tc2/source:/opt/rustwide/workdir:ro,Z" "-v" "/var/lib/crater-agent-workspace/cargo-home:/opt/rustwide/cargo-home:ro,Z" "-v" "/var/lib/crater-agent-workspace/rustup-home:/opt/rustwide/rustup-home:ro,Z" "-e" "SOURCE_DIR=/opt/rustwide/workdir" "-e" "CARGO_TARGET_DIR=/opt/rustwide/target" "-e" "CARGO_INCREMENTAL=0" "-e" "RUST_BACKTRACE=full" "-e" "RUSTFLAGS=--cap-lints=warn" "-e" "RUSTDOCFLAGS=--cap-lints=warn" "-e" "CARGO_HOME=/opt/rustwide/cargo-home" "-e" "RUSTUP_HOME=/opt/rustwide/rustup-home" "-w" "/opt/rustwide/workdir" "-m" "1610612736" "--user" "0:0" "--network" "none" "ghcr.io/rust-lang/crates-build-env/linux@sha256:2788e3201cd34a07e3172128adcd8b3090168a8e3bcc40d7c032b9dda1df7d1c" "/opt/rustwide/cargo-home/bin/cargo" "+beta-2023-12-22" "build" "--frozen" "--message-format=json", kill_on_drop: false }`
[INFO] [stdout] 5496323a0e4af5d499501890c791fbbf0da7c48eb15a8559d381d51bb13fba14
[INFO] running `Command { std: "docker" "start" "-a" "5496323a0e4af5d499501890c791fbbf0da7c48eb15a8559d381d51bb13fba14", kill_on_drop: false }`
[INFO] [stderr]    Compiling libc v0.2.139
[INFO] [stderr]    Compiling proc-macro2 v1.0.49
[INFO] [stderr]    Compiling quote v1.0.23
[INFO] [stderr]    Compiling unicode-ident v1.0.6
[INFO] [stderr]    Compiling syn v1.0.107
[INFO] [stderr]    Compiling serde_derive v1.0.152
[INFO] [stderr]    Compiling ahash v0.7.6
[INFO] [stderr]    Compiling serde v1.0.152
[INFO] [stderr]    Compiling aho-corasick v0.7.20
[INFO] [stderr]    Compiling once_cell v1.17.0
[INFO] [stderr]    Compiling crossbeam-utils v0.8.14
[INFO] [stderr]    Compiling parking_lot_core v0.9.5
[INFO] [stderr]    Compiling signal-hook v0.3.14
[INFO] [stderr]    Compiling regex-syntax v0.6.28
[INFO] [stderr]    Compiling crossbeam-epoch v0.9.13
[INFO] [stderr]    Compiling thiserror v1.0.38
[INFO] [stderr]    Compiling getrandom v0.2.8
[INFO] [stderr]    Compiling signal-hook-registry v1.4.0
[INFO] [stderr]    Compiling atty v0.2.14
[INFO] [stderr]    Compiling hashbrown v0.12.3
[INFO] [stderr]    Compiling mio v0.8.5
[INFO] [stderr]    Compiling signal-hook-mio v0.2.3
[INFO] [stderr]    Compiling parking_lot v0.12.1
[INFO] [stderr]    Compiling vte_generate_state_changes v0.1.1
[INFO] [stderr]    Compiling utf8parse v0.2.0
[INFO] [stderr]    Compiling rustversion v1.0.11
[INFO] [stderr]    Compiling itoa v1.0.5
[INFO] [stderr]    Compiling arrayvec v0.5.2
[INFO] [stderr]    Compiling rayon-core v1.10.1
[INFO] [stderr]    Compiling erased-serde v0.3.24
[INFO] [stderr]    Compiling crossterm v0.24.0
[INFO] [stderr]    Compiling vte v0.10.1
[INFO] [stderr]    Compiling crossbeam-deque v0.8.2
[INFO] [stderr]    Compiling time v0.1.45
[INFO] [stderr]    Compiling num_cpus v1.15.0
[INFO] [stderr]    Compiling crossbeam-channel v0.5.6
[INFO] [stderr]    Compiling regex v1.7.0
[INFO] [stderr]    Compiling indexmap v1.9.2
[INFO] [stderr]    Compiling is_ci v1.1.1
[INFO] [stderr]    Compiling smawk v0.3.1
[INFO] [stderr]    Compiling iana-time-zone v0.1.53
[INFO] [stderr]    Compiling serde_json v1.0.91
[INFO] [stderr]    Compiling paste v1.0.11
[INFO] [stderr]    Compiling bit-vec v0.6.3
[INFO] [stderr]    Compiling num-format v0.4.4
[INFO] [stderr]    Compiling bit-set v0.5.3
[INFO] [stderr]    Compiling strip-ansi-escapes v0.1.1
[INFO] [stderr]    Compiling supports-color v1.3.1
[INFO] [stderr]    Compiling lscolors v0.12.0
[INFO] [stderr]    Compiling supports-unicode v1.0.2
[INFO] [stderr]    Compiling supports-hyperlinks v1.2.0
[INFO] [stderr]    Compiling terminal_size v0.1.17
[INFO] [stderr]    Compiling dirs-sys-next v0.1.2
[INFO] [stderr]    Compiling either v1.8.0
[INFO] [stderr]    Compiling utf8-width v0.1.6
[INFO] [stderr]    Compiling sys-locale v0.2.3
[INFO] [stderr]    Compiling ryu v1.0.12
[INFO] [stderr]    Compiling owo-colors v3.5.0
[INFO] [stderr]    Compiling nu-utils v0.74.0
[INFO] [stderr]    Compiling dirs-next v2.0.0
[INFO] [stderr]    Compiling rayon v1.6.1
[INFO] [stderr]    Compiling lru v0.8.1
[INFO] [stderr]    Compiling unicode-linebreak v0.1.4
[INFO] [stderr]    Compiling strum v0.24.1
[INFO] [stderr]    Compiling rmp v0.8.11
[INFO] [stderr]    Compiling nu-glob v0.74.0
[INFO] [stderr]    Compiling term_size v0.3.2
[INFO] [stderr]    Compiling fancy-regex v0.10.0
[INFO] [stderr]    Compiling thiserror-impl v1.0.38
[INFO] [stderr]    Compiling ghost v0.1.7
[INFO] [stderr]    Compiling ctor v0.1.26
[INFO] [stderr]    Compiling typetag-impl v0.1.8
[INFO] [stderr]    Compiling miette-derive v5.5.0
[INFO] [stderr]    Compiling textwrap v0.15.2
[INFO] [stderr]    Compiling strum_macros v0.24.3
[INFO] [stderr]    Compiling sysinfo v0.26.8
[INFO] [stderr]    Compiling inventory v0.2.3
[INFO] [stderr]    Compiling pwd v1.4.0
[INFO] [stderr]    Compiling nu-path v0.74.0
[INFO] [stderr]    Compiling miette v5.5.0
[INFO] [stderr]    Compiling chrono v0.4.23
[INFO] [stderr]    Compiling linked-hash-map v0.5.6
[INFO] [stderr]    Compiling byte-unit v4.0.18
[INFO] [stderr]    Compiling rmp-serde v1.1.1
[INFO] [stderr]    Compiling bincode v1.3.3
[INFO] [stderr]    Compiling nu-json v0.74.0
[INFO] [stderr]    Compiling typetag v0.1.8
[INFO] [stderr]    Compiling chrono-humanize v0.2.2
[INFO] [stderr]    Compiling nu-protocol v0.74.0
[INFO] [stderr]    Compiling nu-engine v0.74.0
[INFO] [stderr]    Compiling nu-plugin v0.74.0
[INFO] [stderr]    Compiling nu_plugin_plot v0.74.0 (/opt/rustwide/workdir)
[INFO] [stderr]     Finished dev [unoptimized + debuginfo] target(s) in 1m 01s
[INFO] running `Command { std: "docker" "inspect" "5496323a0e4af5d499501890c791fbbf0da7c48eb15a8559d381d51bb13fba14", kill_on_drop: false }`
[INFO] running `Command { std: "docker" "rm" "-f" "5496323a0e4af5d499501890c791fbbf0da7c48eb15a8559d381d51bb13fba14", kill_on_drop: false }`
[INFO] [stdout] 5496323a0e4af5d499501890c791fbbf0da7c48eb15a8559d381d51bb13fba14
[INFO] running `Command { std: "docker" "create" "-v" "/var/lib/crater-agent-workspace/builds/worker-7-tc2/target:/opt/rustwide/target:rw,Z" "-v" "/var/lib/crater-agent-workspace/builds/worker-7-tc2/source:/opt/rustwide/workdir:ro,Z" "-v" "/var/lib/crater-agent-workspace/cargo-home:/opt/rustwide/cargo-home:ro,Z" "-v" "/var/lib/crater-agent-workspace/rustup-home:/opt/rustwide/rustup-home:ro,Z" "-e" "SOURCE_DIR=/opt/rustwide/workdir" "-e" "CARGO_TARGET_DIR=/opt/rustwide/target" "-e" "CARGO_INCREMENTAL=0" "-e" "RUST_BACKTRACE=full" "-e" "RUSTFLAGS=--cap-lints=warn" "-e" "RUSTDOCFLAGS=--cap-lints=warn" "-e" "CARGO_HOME=/opt/rustwide/cargo-home" "-e" "RUSTUP_HOME=/opt/rustwide/rustup-home" "-w" "/opt/rustwide/workdir" "-m" "1610612736" "--user" "0:0" "--network" "none" "ghcr.io/rust-lang/crates-build-env/linux@sha256:2788e3201cd34a07e3172128adcd8b3090168a8e3bcc40d7c032b9dda1df7d1c" "/opt/rustwide/cargo-home/bin/cargo" "+beta-2023-12-22" "test" "--frozen" "--no-run" "--message-format=json", kill_on_drop: false }`
[INFO] [stdout] cd40075dbecaadbc8c7d02b68686bfdf67d0d4ee2c444f1c2a9790ed5d50de1f
[INFO] running `Command { std: "docker" "start" "-a" "cd40075dbecaadbc8c7d02b68686bfdf67d0d4ee2c444f1c2a9790ed5d50de1f", kill_on_drop: false }`
[INFO] [stderr]    Compiling nu_plugin_plot v0.74.0 (/opt/rustwide/workdir)
[INFO] [stderr]     Finished test [unoptimized + debuginfo] target(s) in 0.41s
[INFO] running `Command { std: "docker" "inspect" "cd40075dbecaadbc8c7d02b68686bfdf67d0d4ee2c444f1c2a9790ed5d50de1f", kill_on_drop: false }`
[INFO] running `Command { std: "docker" "rm" "-f" "cd40075dbecaadbc8c7d02b68686bfdf67d0d4ee2c444f1c2a9790ed5d50de1f", kill_on_drop: false }`
[INFO] [stdout] cd40075dbecaadbc8c7d02b68686bfdf67d0d4ee2c444f1c2a9790ed5d50de1f
[INFO] running `Command { std: "docker" "create" "-v" "/var/lib/crater-agent-workspace/builds/worker-7-tc2/target:/opt/rustwide/target:rw,Z" "-v" "/var/lib/crater-agent-workspace/builds/worker-7-tc2/source:/opt/rustwide/workdir:ro,Z" "-v" "/var/lib/crater-agent-workspace/cargo-home:/opt/rustwide/cargo-home:ro,Z" "-v" "/var/lib/crater-agent-workspace/rustup-home:/opt/rustwide/rustup-home:ro,Z" "-e" "SOURCE_DIR=/opt/rustwide/workdir" "-e" "CARGO_TARGET_DIR=/opt/rustwide/target" "-e" "CARGO_INCREMENTAL=0" "-e" "RUST_BACKTRACE=full" "-e" "RUSTFLAGS=--cap-lints=warn" "-e" "RUSTDOCFLAGS=--cap-lints=warn" "-e" "CARGO_HOME=/opt/rustwide/cargo-home" "-e" "RUSTUP_HOME=/opt/rustwide/rustup-home" "-w" "/opt/rustwide/workdir" "-m" "1610612736" "--user" "0:0" "--network" "none" "ghcr.io/rust-lang/crates-build-env/linux@sha256:2788e3201cd34a07e3172128adcd8b3090168a8e3bcc40d7c032b9dda1df7d1c" "/opt/rustwide/cargo-home/bin/cargo" "+beta-2023-12-22" "test" "--frozen", kill_on_drop: false }`
[INFO] [stdout] c66066790dd473ed7722b9907fe74e1d7a7b4a3a0aed6b91797c9bf470b3669f
[INFO] running `Command { std: "docker" "start" "-a" "c66066790dd473ed7722b9907fe74e1d7a7b4a3a0aed6b91797c9bf470b3669f", kill_on_drop: false }`
[INFO] [stderr]     Finished test [unoptimized + debuginfo] target(s) in 0.07s
[INFO] [stderr]      Running unittests src/lib.rs (/opt/rustwide/target/debug/deps/nu_plugin_plot-662124078d8dcdb2)
[INFO] [stdout] 
[INFO] [stdout] running 0 tests
[INFO] [stdout] 
[INFO] [stdout] test result: ok. 0 passed; 0 failed; 0 ignored; 0 measured; 0 filtered out; finished in 0.00s
[INFO] [stdout] 
[INFO] [stderr]      Running unittests src/main.rs (/opt/rustwide/target/debug/deps/nu_plugin_plot-a2db5a0cfe02a251)
[INFO] [stdout] 
[INFO] [stdout] running 0 tests
[INFO] [stdout] 
[INFO] [stdout] test result: ok. 0 passed; 0 failed; 0 ignored; 0 measured; 0 filtered out; finished in 0.00s
[INFO] [stdout] 
[INFO] [stderr]    Doc-tests nu_plugin_plot
[INFO] [stdout] 
[INFO] [stdout] running 6 tests
[INFO] [stdout] test src/color_plot/textplots/scale.rs - color_plot::textplots::scale::Scale::linear (line 13) ... FAILED
[INFO] [stdout] test src/color_plot/textplots/mod.rs - color_plot::textplots (line 38) ... FAILED
[INFO] [stdout] test src/color_plot/drawille.rs - color_plot::drawille (line 12) ... FAILED
[INFO] [stdout] test src/color_plot/textplots/scale.rs - color_plot::textplots::scale::Scale::inv_linear (line 24) ... FAILED
[INFO] [stdout] test src/color_plot/textplots/utils.rs - color_plot::textplots::utils::histogram (line 9) ... FAILED
[INFO] [stdout] test src/color_plot/textplots/mod.rs - color_plot::textplots (line 21) ... FAILED
[INFO] [stdout] 
[INFO] [stdout] failures:
[INFO] [stdout] 
[INFO] [stdout] ---- src/color_plot/textplots/scale.rs - color_plot::textplots::scale::Scale::linear (line 13) stdout ----
[INFO] [stdout] error[E0433]: failed to resolve: use of undeclared crate or module `textplots`
[INFO] [stdout]  --> src/color_plot/textplots/scale.rs:14:5
[INFO] [stdout]   |
[INFO] [stdout] 3 | use textplots::scale::Scale;
[INFO] [stdout]   |     ^^^^^^^^^ use of undeclared crate or module `textplots`
[INFO] [stdout] 
[INFO] [stdout] error: aborting due to 1 previous error
[INFO] [stdout] 
[INFO] [stdout] For more information about this error, try `rustc --explain E0433`.
[INFO] [stdout] Couldn't compile the test.
[INFO] [stdout] ---- src/color_plot/textplots/mod.rs - color_plot::textplots (line 38) stdout ----
[INFO] [stdout] error[E0432]: unresolved import `textplots`
[INFO] [stdout]  --> src/color_plot/textplots/mod.rs:39:5
[INFO] [stdout]   |
[INFO] [stdout] 3 | use textplots::{Chart, Plot, Shape};
[INFO] [stdout]   |     ^^^^^^^^^ use of undeclared crate or module `textplots`
[INFO] [stdout] 
[INFO] [stdout] error: aborting due to 1 previous error
[INFO] [stdout] 
[INFO] [stdout] For more information about this error, try `rustc --explain E0432`.
[INFO] [stdout] Couldn't compile the test.
[INFO] [stdout] ---- src/color_plot/drawille.rs - color_plot::drawille (line 12) stdout ----
[INFO] [stdout] error[E0463]: can't find crate for `drawille`
[INFO] [stdout]  --> src/color_plot/drawille.rs:13:1
[INFO] [stdout]   |
[INFO] [stdout] 2 | extern crate drawille;
[INFO] [stdout]   | ^^^^^^^^^^^^^^^^^^^^^^ can't find crate
[INFO] [stdout] 
[INFO] [stdout] error: aborting due to 1 previous error
[INFO] [stdout] 
[INFO] [stdout] For more information about this error, try `rustc --explain E0463`.
[INFO] [stdout] Couldn't compile the test.
[INFO] [stdout] ---- src/color_plot/textplots/scale.rs - color_plot::textplots::scale::Scale::inv_linear (line 24) stdout ----
[INFO] [stdout] error[E0433]: failed to resolve: use of undeclared crate or module `textplots`
[INFO] [stdout]  --> src/color_plot/textplots/scale.rs:25:5
[INFO] [stdout]   |
[INFO] [stdout] 3 | use textplots::scale::Scale;
[INFO] [stdout]   |     ^^^^^^^^^ use of undeclared crate or module `textplots`
[INFO] [stdout] 
[INFO] [stdout] error: aborting due to 1 previous error
[INFO] [stdout] 
[INFO] [stdout] For more information about this error, try `rustc --explain E0433`.
[INFO] [stdout] Couldn't compile the test.
[INFO] [stdout] ---- src/color_plot/textplots/utils.rs - color_plot::textplots::utils::histogram (line 9) stdout ----
[INFO] [stdout] error[E0433]: failed to resolve: use of undeclared crate or module `textplots`
[INFO] [stdout]  --> src/color_plot/textplots/utils.rs:10:5
[INFO] [stdout]   |
[INFO] [stdout] 3 | use textplots::utils::histogram;
[INFO] [stdout]   |     ^^^^^^^^^ use of undeclared crate or module `textplots`
[INFO] [stdout] 
[INFO] [stdout] error: aborting due to 1 previous error
[INFO] [stdout] 
[INFO] [stdout] For more information about this error, try `rustc --explain E0433`.
[INFO] [stdout] Couldn't compile the test.
[INFO] [stdout] ---- src/color_plot/textplots/mod.rs - color_plot::textplots (line 21) stdout ----
[INFO] [stdout] error[E0432]: unresolved import `textplots`
[INFO] [stdout]  --> src/color_plot/textplots/mod.rs:22:5
[INFO] [stdout]   |
[INFO] [stdout] 3 | use textplots::{Chart, Plot, Shape};
[INFO] [stdout]   |     ^^^^^^^^^ use of undeclared crate or module `textplots`
[INFO] [stdout] 
[INFO] [stdout] error: aborting due to 1 previous error
[INFO] [stdout] 
[INFO] [stdout] For more information about this error, try `rustc --explain E0432`.
[INFO] [stdout] Couldn't compile the test.
[INFO] [stdout] 
[INFO] [stdout] failures:
[INFO] [stdout]     src/color_plot/drawille.rs - color_plot::drawille (line 12)
[INFO] [stdout]     src/color_plot/textplots/mod.rs - color_plot::textplots (line 21)
[INFO] [stdout]     src/color_plot/textplots/mod.rs - color_plot::textplots (line 38)
[INFO] [stdout]     src/color_plot/textplots/scale.rs - color_plot::textplots::scale::Scale::inv_linear (line 24)
[INFO] [stdout]     src/color_plot/textplots/scale.rs - color_plot::textplots::scale::Scale::linear (line 13)
[INFO] [stdout]     src/color_plot/textplots/utils.rs - color_plot::textplots::utils::histogram (line 9)
[INFO] [stdout] 
[INFO] [stdout] test result: FAILED. 0 passed; 6 failed; 0 ignored; 0 measured; 0 filtered out; finished in 0.09s
[INFO] [stdout] 
[INFO] [stderr] error: doctest failed, to rerun pass `--doc`
[INFO] running `Command { std: "docker" "inspect" "c66066790dd473ed7722b9907fe74e1d7a7b4a3a0aed6b91797c9bf470b3669f", kill_on_drop: false }`
[INFO] running `Command { std: "docker" "rm" "-f" "c66066790dd473ed7722b9907fe74e1d7a7b4a3a0aed6b91797c9bf470b3669f", kill_on_drop: false }`
[INFO] [stdout] c66066790dd473ed7722b9907fe74e1d7a7b4a3a0aed6b91797c9bf470b3669f
