[INFO] fetching crate ntex-rt-macros 0.1.1...
[INFO] testing ntex-rt-macros-0.1.1 against 1.75.0 for beta-1.76-1
[INFO] extracting crate ntex-rt-macros 0.1.1 into /workspace/builds/worker-7-tc1/source
[INFO] validating manifest of crates.io crate ntex-rt-macros 0.1.1 on toolchain 1.75.0
[INFO] running `Command { std: CARGO_HOME="/workspace/cargo-home" RUSTUP_HOME="/workspace/rustup-home" "/workspace/cargo-home/bin/cargo" "+1.75.0" "metadata" "--manifest-path" "Cargo.toml" "--no-deps", kill_on_drop: false }`
[INFO] started tweaking crates.io crate ntex-rt-macros 0.1.1
[INFO] finished tweaking crates.io crate ntex-rt-macros 0.1.1
[INFO] tweaked toml for crates.io crate ntex-rt-macros 0.1.1 written to /workspace/builds/worker-7-tc1/source/Cargo.toml
[INFO] running `Command { std: CARGO_HOME="/workspace/cargo-home" RUSTUP_HOME="/workspace/rustup-home" "/workspace/cargo-home/bin/cargo" "+1.75.0" "generate-lockfile" "--manifest-path" "Cargo.toml", kill_on_drop: false }`
[INFO] [stderr]     Blocking waiting for file lock on package cache
[INFO] [stderr]     Updating crates.io index
[INFO] running `Command { std: CARGO_HOME="/workspace/cargo-home" RUSTUP_HOME="/workspace/rustup-home" "/workspace/cargo-home/bin/cargo" "+1.75.0" "fetch" "--manifest-path" "Cargo.toml", kill_on_drop: false }`
[INFO] running `Command { std: "docker" "create" "-v" "/var/lib/crater-agent-workspace/builds/worker-7-tc1/target:/opt/rustwide/target:rw,Z" "-v" "/var/lib/crater-agent-workspace/builds/worker-7-tc1/source:/opt/rustwide/workdir:ro,Z" "-v" "/var/lib/crater-agent-workspace/cargo-home:/opt/rustwide/cargo-home:ro,Z" "-v" "/var/lib/crater-agent-workspace/rustup-home:/opt/rustwide/rustup-home:ro,Z" "-e" "SOURCE_DIR=/opt/rustwide/workdir" "-e" "CARGO_TARGET_DIR=/opt/rustwide/target" "-e" "CARGO_HOME=/opt/rustwide/cargo-home" "-e" "RUSTUP_HOME=/opt/rustwide/rustup-home" "-w" "/opt/rustwide/workdir" "-m" "1610612736" "--user" "0:0" "--network" "none" "ghcr.io/rust-lang/crates-build-env/linux@sha256:2788e3201cd34a07e3172128adcd8b3090168a8e3bcc40d7c032b9dda1df7d1c" "/opt/rustwide/cargo-home/bin/cargo" "+1.75.0" "metadata" "--no-deps" "--format-version=1", kill_on_drop: false }`
[INFO] [stdout] adf6b7d5f2ae4cfc0f54a966656eb3c09f175f030715b2036878997e7bba3fb0
[INFO] running `Command { std: "docker" "start" "-a" "adf6b7d5f2ae4cfc0f54a966656eb3c09f175f030715b2036878997e7bba3fb0", kill_on_drop: false }`
[INFO] running `Command { std: "docker" "inspect" "adf6b7d5f2ae4cfc0f54a966656eb3c09f175f030715b2036878997e7bba3fb0", kill_on_drop: false }`
[INFO] running `Command { std: "docker" "rm" "-f" "adf6b7d5f2ae4cfc0f54a966656eb3c09f175f030715b2036878997e7bba3fb0", kill_on_drop: false }`
[INFO] [stdout] adf6b7d5f2ae4cfc0f54a966656eb3c09f175f030715b2036878997e7bba3fb0
[INFO] running `Command { std: "docker" "create" "-v" "/var/lib/crater-agent-workspace/builds/worker-7-tc1/target:/opt/rustwide/target:rw,Z" "-v" "/var/lib/crater-agent-workspace/builds/worker-7-tc1/source:/opt/rustwide/workdir:ro,Z" "-v" "/var/lib/crater-agent-workspace/cargo-home:/opt/rustwide/cargo-home:ro,Z" "-v" "/var/lib/crater-agent-workspace/rustup-home:/opt/rustwide/rustup-home:ro,Z" "-e" "SOURCE_DIR=/opt/rustwide/workdir" "-e" "CARGO_TARGET_DIR=/opt/rustwide/target" "-e" "CARGO_INCREMENTAL=0" "-e" "RUST_BACKTRACE=full" "-e" "RUSTFLAGS=--cap-lints=warn" "-e" "RUSTDOCFLAGS=--cap-lints=warn" "-e" "CARGO_HOME=/opt/rustwide/cargo-home" "-e" "RUSTUP_HOME=/opt/rustwide/rustup-home" "-w" "/opt/rustwide/workdir" "-m" "1610612736" "--user" "0:0" "--network" "none" "ghcr.io/rust-lang/crates-build-env/linux@sha256:2788e3201cd34a07e3172128adcd8b3090168a8e3bcc40d7c032b9dda1df7d1c" "/opt/rustwide/cargo-home/bin/cargo" "+1.75.0" "build" "--frozen" "--message-format=json", kill_on_drop: false }`
[INFO] [stdout] 6434d093efb198f1a1ef10b41f292290e20666107b7eb315a6553866417897f8
[INFO] running `Command { std: "docker" "start" "-a" "6434d093efb198f1a1ef10b41f292290e20666107b7eb315a6553866417897f8", kill_on_drop: false }`
[INFO] [stderr]    Compiling proc-macro2 v1.0.75
[INFO] [stderr]    Compiling unicode-ident v1.0.12
[INFO] [stderr]    Compiling syn v1.0.109
[INFO] [stderr]    Compiling quote v1.0.35
[INFO] [stderr]    Compiling ntex-rt-macros v0.1.1 (/opt/rustwide/workdir)
[INFO] [stderr]     Finished dev [unoptimized + debuginfo] target(s) in 3.12s
[INFO] running `Command { std: "docker" "inspect" "6434d093efb198f1a1ef10b41f292290e20666107b7eb315a6553866417897f8", kill_on_drop: false }`
[INFO] running `Command { std: "docker" "rm" "-f" "6434d093efb198f1a1ef10b41f292290e20666107b7eb315a6553866417897f8", kill_on_drop: false }`
[INFO] [stdout] 6434d093efb198f1a1ef10b41f292290e20666107b7eb315a6553866417897f8
[INFO] running `Command { std: "docker" "create" "-v" "/var/lib/crater-agent-workspace/builds/worker-7-tc1/target:/opt/rustwide/target:rw,Z" "-v" "/var/lib/crater-agent-workspace/builds/worker-7-tc1/source:/opt/rustwide/workdir:ro,Z" "-v" "/var/lib/crater-agent-workspace/cargo-home:/opt/rustwide/cargo-home:ro,Z" "-v" "/var/lib/crater-agent-workspace/rustup-home:/opt/rustwide/rustup-home:ro,Z" "-e" "SOURCE_DIR=/opt/rustwide/workdir" "-e" "CARGO_TARGET_DIR=/opt/rustwide/target" "-e" "CARGO_INCREMENTAL=0" "-e" "RUST_BACKTRACE=full" "-e" "RUSTFLAGS=--cap-lints=warn" "-e" "RUSTDOCFLAGS=--cap-lints=warn" "-e" "CARGO_HOME=/opt/rustwide/cargo-home" "-e" "RUSTUP_HOME=/opt/rustwide/rustup-home" "-w" "/opt/rustwide/workdir" "-m" "1610612736" "--user" "0:0" "--network" "none" "ghcr.io/rust-lang/crates-build-env/linux@sha256:2788e3201cd34a07e3172128adcd8b3090168a8e3bcc40d7c032b9dda1df7d1c" "/opt/rustwide/cargo-home/bin/cargo" "+1.75.0" "test" "--frozen" "--no-run" "--message-format=json", kill_on_drop: false }`
[INFO] [stdout] d017c3dc45f1497bf3093cd5826abb87905c569e60dc0f2427426edd544bced9
[INFO] running `Command { std: "docker" "start" "-a" "d017c3dc45f1497bf3093cd5826abb87905c569e60dc0f2427426edd544bced9", kill_on_drop: false }`
[INFO] [stderr]    Compiling ntex-rt-macros v0.1.1 (/opt/rustwide/workdir)
[INFO] [stderr]     Finished test [unoptimized + debuginfo] target(s) in 0.38s
[INFO] running `Command { std: "docker" "inspect" "d017c3dc45f1497bf3093cd5826abb87905c569e60dc0f2427426edd544bced9", kill_on_drop: false }`
[INFO] running `Command { std: "docker" "rm" "-f" "d017c3dc45f1497bf3093cd5826abb87905c569e60dc0f2427426edd544bced9", kill_on_drop: false }`
[INFO] [stdout] d017c3dc45f1497bf3093cd5826abb87905c569e60dc0f2427426edd544bced9
[INFO] running `Command { std: "docker" "create" "-v" "/var/lib/crater-agent-workspace/builds/worker-7-tc1/target:/opt/rustwide/target:rw,Z" "-v" "/var/lib/crater-agent-workspace/builds/worker-7-tc1/source:/opt/rustwide/workdir:ro,Z" "-v" "/var/lib/crater-agent-workspace/cargo-home:/opt/rustwide/cargo-home:ro,Z" "-v" "/var/lib/crater-agent-workspace/rustup-home:/opt/rustwide/rustup-home:ro,Z" "-e" "SOURCE_DIR=/opt/rustwide/workdir" "-e" "CARGO_TARGET_DIR=/opt/rustwide/target" "-e" "CARGO_INCREMENTAL=0" "-e" "RUST_BACKTRACE=full" "-e" "RUSTFLAGS=--cap-lints=warn" "-e" "RUSTDOCFLAGS=--cap-lints=warn" "-e" "CARGO_HOME=/opt/rustwide/cargo-home" "-e" "RUSTUP_HOME=/opt/rustwide/rustup-home" "-w" "/opt/rustwide/workdir" "-m" "1610612736" "--user" "0:0" "--network" "none" "ghcr.io/rust-lang/crates-build-env/linux@sha256:2788e3201cd34a07e3172128adcd8b3090168a8e3bcc40d7c032b9dda1df7d1c" "/opt/rustwide/cargo-home/bin/cargo" "+1.75.0" "test" "--frozen", kill_on_drop: false }`
[INFO] [stdout] 9786ad71c663b145655d53e3dfb11d61ea8e5ad36f987dcb30639c99417fc3b2
[INFO] running `Command { std: "docker" "start" "-a" "9786ad71c663b145655d53e3dfb11d61ea8e5ad36f987dcb30639c99417fc3b2", kill_on_drop: false }`
[INFO] [stderr]     Finished test [unoptimized + debuginfo] target(s) in 0.00s
[INFO] [stderr]      Running unittests src/lib.rs (/opt/rustwide/target/debug/deps/ntex_rt_macros-6613f9e5a34f9dc5)
[INFO] [stdout] 
[INFO] [stdout] running 0 tests
[INFO] [stdout] 
[INFO] [stdout] test result: ok. 0 passed; 0 failed; 0 ignored; 0 measured; 0 filtered out; finished in 0.00s
[INFO] [stdout] 
[INFO] [stderr]    Doc-tests ntex-rt-macros
[INFO] [stdout] 
[INFO] [stdout] running 4 tests
[INFO] [stdout] test src/lib.rs - rt_main (line 106) ... FAILED
[INFO] [stdout] test src/lib.rs - test (line 49) - compile ... FAILED
[INFO] [stdout] test src/lib.rs - rt_test (line 145) - compile ... FAILED
[INFO] [stdout] test src/lib.rs - main (line 11) ... FAILED
[INFO] [stdout] 
[INFO] [stdout] failures:
[INFO] [stdout] 
[INFO] [stdout] ---- src/lib.rs - rt_main (line 106) stdout ----
[INFO] [stdout] error[E0433]: failed to resolve: use of undeclared crate or module `ntex`
[INFO] [stdout]  --> src/lib.rs:107:3
[INFO] [stdout]   |
[INFO] [stdout] 2 | #[ntex::main]
[INFO] [stdout]   |   ^^^^ use of undeclared crate or module `ntex`
[INFO] [stdout] 
[INFO] [stdout] error[E0752]: `main` function is not allowed to be `async`
[INFO] [stdout]  --> src/lib.rs:108:1
[INFO] [stdout]   |
[INFO] [stdout] 3 | async fn main() {
[INFO] [stdout]   | ^^^^^^^^^^^^^^^ `main` function is not allowed to be `async`
[INFO] [stdout] 
[INFO] [stdout] error: aborting due to 2 previous errors
[INFO] [stdout] 
[INFO] [stdout] Some errors have detailed explanations: E0433, E0752.
[INFO] [stdout] For more information about an error, try `rustc --explain E0433`.
[INFO] [stdout] Couldn't compile the test.
[INFO] [stdout] ---- src/lib.rs - test (line 49) stdout ----
[INFO] [stdout] error[E0433]: failed to resolve: use of undeclared crate or module `ntex`
[INFO] [stdout]  --> src/lib.rs:50:3
[INFO] [stdout]   |
[INFO] [stdout] 3 | #[ntex::test]
[INFO] [stdout]   |   ^^^^ use of undeclared crate or module `ntex`
[INFO] [stdout] 
[INFO] [stdout] error: aborting due to previous error
[INFO] [stdout] 
[INFO] [stdout] For more information about this error, try `rustc --explain E0433`.
[INFO] [stdout] Couldn't compile the test.
[INFO] [stdout] ---- src/lib.rs - rt_test (line 145) stdout ----
[INFO] [stdout] error[E0433]: failed to resolve: use of undeclared crate or module `ntex`
[INFO] [stdout]  --> src/lib.rs:146:3
[INFO] [stdout]   |
[INFO] [stdout] 3 | #[ntex::test]
[INFO] [stdout]   |   ^^^^ use of undeclared crate or module `ntex`
[INFO] [stdout] 
[INFO] [stdout] error: aborting due to previous error
[INFO] [stdout] 
[INFO] [stdout] For more information about this error, try `rustc --explain E0433`.
[INFO] [stdout] Couldn't compile the test.
[INFO] [stdout] ---- src/lib.rs - main (line 11) stdout ----
[INFO] [stdout] error[E0433]: failed to resolve: use of undeclared crate or module `ntex`
[INFO] [stdout]  --> src/lib.rs:12:3
[INFO] [stdout]   |
[INFO] [stdout] 2 | #[ntex::main]
[INFO] [stdout]   |   ^^^^ use of undeclared crate or module `ntex`
[INFO] [stdout] 
[INFO] [stdout] error[E0752]: `main` function is not allowed to be `async`
[INFO] [stdout]  --> src/lib.rs:13:1
[INFO] [stdout]   |
[INFO] [stdout] 3 | async fn main() {
[INFO] [stdout]   | ^^^^^^^^^^^^^^^ `main` function is not allowed to be `async`
[INFO] [stdout] 
[INFO] [stdout] error: aborting due to 2 previous errors
[INFO] [stdout] 
[INFO] [stdout] Some errors have detailed explanations: E0433, E0752.
[INFO] [stdout] For more information about an error, try `rustc --explain E0433`.
[INFO] [stdout] Couldn't compile the test.
[INFO] [stdout] 
[INFO] [stdout] failures:
[INFO] [stdout]     src/lib.rs - main (line 11)
[INFO] [stdout]     src/lib.rs - rt_main (line 106)
[INFO] [stdout]     src/lib.rs - rt_test (line 145)
[INFO] [stdout]     src/lib.rs - test (line 49)
[INFO] [stdout] 
[INFO] [stdout] test result: FAILED. 0 passed; 4 failed; 0 ignored; 0 measured; 0 filtered out; finished in 0.04s
[INFO] [stdout] 
[INFO] [stderr] error: doctest failed, to rerun pass `--doc`
[INFO] running `Command { std: "docker" "inspect" "9786ad71c663b145655d53e3dfb11d61ea8e5ad36f987dcb30639c99417fc3b2", kill_on_drop: false }`
[INFO] running `Command { std: "docker" "rm" "-f" "9786ad71c663b145655d53e3dfb11d61ea8e5ad36f987dcb30639c99417fc3b2", kill_on_drop: false }`
[INFO] [stdout] 9786ad71c663b145655d53e3dfb11d61ea8e5ad36f987dcb30639c99417fc3b2
