[INFO] fetching crate nrfdfu 0.1.3...
[INFO] testing nrfdfu-0.1.3 against 1.75.0 for beta-1.76-1
[INFO] extracting crate nrfdfu 0.1.3 into /workspace/builds/worker-3-tc1/source
[INFO] validating manifest of crates.io crate nrfdfu 0.1.3 on toolchain 1.75.0
[INFO] running `Command { std: CARGO_HOME="/workspace/cargo-home" RUSTUP_HOME="/workspace/rustup-home" "/workspace/cargo-home/bin/cargo" "+1.75.0" "metadata" "--manifest-path" "Cargo.toml" "--no-deps", kill_on_drop: false }`
[INFO] started tweaking crates.io crate nrfdfu 0.1.3
[INFO] finished tweaking crates.io crate nrfdfu 0.1.3
[INFO] tweaked toml for crates.io crate nrfdfu 0.1.3 written to /workspace/builds/worker-3-tc1/source/Cargo.toml
[INFO] crate crates.io crate nrfdfu 0.1.3 already has a lockfile, it will not be regenerated
[INFO] running `Command { std: CARGO_HOME="/workspace/cargo-home" RUSTUP_HOME="/workspace/rustup-home" "/workspace/cargo-home/bin/cargo" "+1.75.0" "fetch" "--manifest-path" "Cargo.toml", kill_on_drop: false }`
[INFO] [stderr]     Updating crates.io index
[INFO] [stderr]  Downloading crates ...
[INFO] [stderr]   Downloaded CoreFoundation-sys v0.1.4
[INFO] [stderr]   Downloaded cpufeatures v0.1.4
[INFO] [stderr]   Downloaded libudev v0.2.0
[INFO] [stderr]   Downloaded mach v0.1.2
[INFO] [stderr]   Downloaded IOKit-sys v0.1.5
[INFO] [stderr]   Downloaded expect-test v1.1.0
[INFO] [stderr]   Downloaded dissimilar v1.0.2
[INFO] [stderr]   Downloaded ferrous-serialport v4.0.2
[INFO] running `Command { std: "docker" "create" "-v" "/var/lib/crater-agent-workspace/builds/worker-3-tc1/target:/opt/rustwide/target:rw,Z" "-v" "/var/lib/crater-agent-workspace/builds/worker-3-tc1/source:/opt/rustwide/workdir:ro,Z" "-v" "/var/lib/crater-agent-workspace/cargo-home:/opt/rustwide/cargo-home:ro,Z" "-v" "/var/lib/crater-agent-workspace/rustup-home:/opt/rustwide/rustup-home:ro,Z" "-e" "SOURCE_DIR=/opt/rustwide/workdir" "-e" "CARGO_TARGET_DIR=/opt/rustwide/target" "-e" "CARGO_HOME=/opt/rustwide/cargo-home" "-e" "RUSTUP_HOME=/opt/rustwide/rustup-home" "-w" "/opt/rustwide/workdir" "-m" "1610612736" "--user" "0:0" "--network" "none" "ghcr.io/rust-lang/crates-build-env/linux@sha256:2788e3201cd34a07e3172128adcd8b3090168a8e3bcc40d7c032b9dda1df7d1c" "/opt/rustwide/cargo-home/bin/cargo" "+1.75.0" "metadata" "--no-deps" "--format-version=1", kill_on_drop: false }`
[INFO] [stdout] d4c8c2b4e59e57a7cf0db22016bbe0f272aef8a03af4acb71a407d943430f5b3
[INFO] running `Command { std: "docker" "start" "-a" "d4c8c2b4e59e57a7cf0db22016bbe0f272aef8a03af4acb71a407d943430f5b3", kill_on_drop: false }`
[INFO] running `Command { std: "docker" "inspect" "d4c8c2b4e59e57a7cf0db22016bbe0f272aef8a03af4acb71a407d943430f5b3", kill_on_drop: false }`
[INFO] running `Command { std: "docker" "rm" "-f" "d4c8c2b4e59e57a7cf0db22016bbe0f272aef8a03af4acb71a407d943430f5b3", kill_on_drop: false }`
[INFO] [stdout] d4c8c2b4e59e57a7cf0db22016bbe0f272aef8a03af4acb71a407d943430f5b3
[INFO] running `Command { std: "docker" "create" "-v" "/var/lib/crater-agent-workspace/builds/worker-3-tc1/target:/opt/rustwide/target:rw,Z" "-v" "/var/lib/crater-agent-workspace/builds/worker-3-tc1/source:/opt/rustwide/workdir:ro,Z" "-v" "/var/lib/crater-agent-workspace/cargo-home:/opt/rustwide/cargo-home:ro,Z" "-v" "/var/lib/crater-agent-workspace/rustup-home:/opt/rustwide/rustup-home:ro,Z" "-e" "SOURCE_DIR=/opt/rustwide/workdir" "-e" "CARGO_TARGET_DIR=/opt/rustwide/target" "-e" "CARGO_INCREMENTAL=0" "-e" "RUST_BACKTRACE=full" "-e" "RUSTFLAGS=--cap-lints=warn" "-e" "RUSTDOCFLAGS=--cap-lints=warn" "-e" "CARGO_HOME=/opt/rustwide/cargo-home" "-e" "RUSTUP_HOME=/opt/rustwide/rustup-home" "-w" "/opt/rustwide/workdir" "-m" "1610612736" "--user" "0:0" "--network" "none" "ghcr.io/rust-lang/crates-build-env/linux@sha256:2788e3201cd34a07e3172128adcd8b3090168a8e3bcc40d7c032b9dda1df7d1c" "/opt/rustwide/cargo-home/bin/cargo" "+1.75.0" "build" "--frozen" "--message-format=json", kill_on_drop: false }`
[INFO] [stdout] d3a015912311478410fc872cb9a38b82d9e1fcd7e9269aaa35759beb569e68b9
[INFO] running `Command { std: "docker" "start" "-a" "d3a015912311478410fc872cb9a38b82d9e1fcd7e9269aaa35759beb569e68b9", kill_on_drop: false }`
[INFO] [stderr]    Compiling libc v0.2.94
[INFO] [stderr]    Compiling version_check v0.9.3
[INFO] [stderr]    Compiling typenum v1.13.0
[INFO] [stderr]    Compiling pkg-config v0.3.19
[INFO] [stderr]    Compiling bitflags v1.2.1
[INFO] [stderr]    Compiling nix v0.16.1
[INFO] [stderr]    Compiling log v0.4.14
[INFO] [stderr]    Compiling memchr v2.4.0
[INFO] [stderr]    Compiling crc32fast v1.2.1
[INFO] [stderr]    Compiling void v1.0.2
[INFO] [stderr]    Compiling termcolor v1.1.2
[INFO] [stderr]    Compiling cpufeatures v0.1.4
[INFO] [stderr]    Compiling byteorder v1.4.3
[INFO] [stderr]    Compiling leb128 v0.2.4
[INFO] [stderr]    Compiling generic-array v0.14.4
[INFO] [stderr]    Compiling libudev-sys v0.1.4
[INFO] [stderr]    Compiling object v0.25.3
[INFO] [stderr]    Compiling atty v0.2.14
[INFO] [stderr]    Compiling env_logger v0.9.0
[INFO] [stderr]    Compiling libudev v0.2.0
[INFO] [stderr]    Compiling block-buffer v0.9.0
[INFO] [stderr]    Compiling digest v0.9.0
[INFO] [stderr]    Compiling sha2 v0.9.5
[INFO] [stderr]    Compiling ferrous-serialport v4.0.2
[INFO] [stderr]    Compiling nrfdfu v0.1.3 (/opt/rustwide/workdir)
[INFO] [stdout] warning: fields `part`, `variant`, `rom_size`, `ram_size`, and `rom_page_size` are never read
[INFO] [stdout]    --> src/messages.rs:181:5
[INFO] [stdout]     |
[INFO] [stdout] 179 | pub struct HardwareVersionResponse {
[INFO] [stdout]     |            ----------------------- fields in this struct
[INFO] [stdout] 180 |     // See FICR register docs
[INFO] [stdout] 181 |     part: u32,
[INFO] [stdout]     |     ^^^^
[INFO] [stdout] 182 |     variant: u32,
[INFO] [stdout]     |     ^^^^^^^
[INFO] [stdout] 183 |     rom_size: u32,
[INFO] [stdout]     |     ^^^^^^^^
[INFO] [stdout] 184 |     ram_size: u32,
[INFO] [stdout]     |     ^^^^^^^^
[INFO] [stdout] 185 |     rom_page_size: u32,
[INFO] [stdout]     |     ^^^^^^^^^^^^^
[INFO] [stdout]     |
[INFO] [stdout]     = note: `HardwareVersionResponse` has a derived impl for the trait `Debug`, but this is intentionally ignored during dead code analysis
[INFO] [stdout]     = note: `#[warn(dead_code)]` on by default
[INFO] [stdout] 
[INFO] [stdout] 
[INFO] [stdout] warning: 1 warning emitted
[INFO] [stdout] 
[INFO] [stdout] 
[INFO] [stderr]     Finished dev [unoptimized + debuginfo] target(s) in 3.39s
[INFO] running `Command { std: "docker" "inspect" "d3a015912311478410fc872cb9a38b82d9e1fcd7e9269aaa35759beb569e68b9", kill_on_drop: false }`
[INFO] running `Command { std: "docker" "rm" "-f" "d3a015912311478410fc872cb9a38b82d9e1fcd7e9269aaa35759beb569e68b9", kill_on_drop: false }`
[INFO] [stdout] d3a015912311478410fc872cb9a38b82d9e1fcd7e9269aaa35759beb569e68b9
[INFO] running `Command { std: "docker" "create" "-v" "/var/lib/crater-agent-workspace/builds/worker-3-tc1/target:/opt/rustwide/target:rw,Z" "-v" "/var/lib/crater-agent-workspace/builds/worker-3-tc1/source:/opt/rustwide/workdir:ro,Z" "-v" "/var/lib/crater-agent-workspace/cargo-home:/opt/rustwide/cargo-home:ro,Z" "-v" "/var/lib/crater-agent-workspace/rustup-home:/opt/rustwide/rustup-home:ro,Z" "-e" "SOURCE_DIR=/opt/rustwide/workdir" "-e" "CARGO_TARGET_DIR=/opt/rustwide/target" "-e" "CARGO_INCREMENTAL=0" "-e" "RUST_BACKTRACE=full" "-e" "RUSTFLAGS=--cap-lints=warn" "-e" "RUSTDOCFLAGS=--cap-lints=warn" "-e" "CARGO_HOME=/opt/rustwide/cargo-home" "-e" "RUSTUP_HOME=/opt/rustwide/rustup-home" "-w" "/opt/rustwide/workdir" "-m" "1610612736" "--user" "0:0" "--network" "none" "ghcr.io/rust-lang/crates-build-env/linux@sha256:2788e3201cd34a07e3172128adcd8b3090168a8e3bcc40d7c032b9dda1df7d1c" "/opt/rustwide/cargo-home/bin/cargo" "+1.75.0" "test" "--frozen" "--no-run" "--message-format=json", kill_on_drop: false }`
[INFO] [stdout] 345c1fef7b6f562f79a5978e26529ec95f096c5e86bb42efb44de68461b08373
[INFO] running `Command { std: "docker" "start" "-a" "345c1fef7b6f562f79a5978e26529ec95f096c5e86bb42efb44de68461b08373", kill_on_drop: false }`
[INFO] [stderr]    Compiling once_cell v1.7.2
[INFO] [stderr]    Compiling dissimilar v1.0.2
[INFO] [stderr]    Compiling expect-test v1.1.0
[INFO] [stderr]    Compiling nrfdfu v0.1.3 (/opt/rustwide/workdir)
[INFO] [stdout] warning: fields `part`, `variant`, `rom_size`, `ram_size`, and `rom_page_size` are never read
[INFO] [stdout]    --> src/messages.rs:181:5
[INFO] [stdout]     |
[INFO] [stdout] 179 | pub struct HardwareVersionResponse {
[INFO] [stdout]     |            ----------------------- fields in this struct
[INFO] [stdout] 180 |     // See FICR register docs
[INFO] [stdout] 181 |     part: u32,
[INFO] [stdout]     |     ^^^^
[INFO] [stdout] 182 |     variant: u32,
[INFO] [stdout]     |     ^^^^^^^
[INFO] [stdout] 183 |     rom_size: u32,
[INFO] [stdout]     |     ^^^^^^^^
[INFO] [stdout] 184 |     ram_size: u32,
[INFO] [stdout]     |     ^^^^^^^^
[INFO] [stdout] 185 |     rom_page_size: u32,
[INFO] [stdout]     |     ^^^^^^^^^^^^^
[INFO] [stdout]     |
[INFO] [stdout]     = note: `HardwareVersionResponse` has a derived impl for the trait `Debug`, but this is intentionally ignored during dead code analysis
[INFO] [stdout]     = note: `#[warn(dead_code)]` on by default
[INFO] [stdout] 
[INFO] [stdout] 
[INFO] [stdout] warning: 1 warning emitted
[INFO] [stdout] 
[INFO] [stdout] 
[INFO] [stderr]     Finished test [unoptimized + debuginfo] target(s) in 0.79s
[INFO] running `Command { std: "docker" "inspect" "345c1fef7b6f562f79a5978e26529ec95f096c5e86bb42efb44de68461b08373", kill_on_drop: false }`
[INFO] running `Command { std: "docker" "rm" "-f" "345c1fef7b6f562f79a5978e26529ec95f096c5e86bb42efb44de68461b08373", kill_on_drop: false }`
[INFO] [stdout] 345c1fef7b6f562f79a5978e26529ec95f096c5e86bb42efb44de68461b08373
[INFO] running `Command { std: "docker" "create" "-v" "/var/lib/crater-agent-workspace/builds/worker-3-tc1/target:/opt/rustwide/target:rw,Z" "-v" "/var/lib/crater-agent-workspace/builds/worker-3-tc1/source:/opt/rustwide/workdir:ro,Z" "-v" "/var/lib/crater-agent-workspace/cargo-home:/opt/rustwide/cargo-home:ro,Z" "-v" "/var/lib/crater-agent-workspace/rustup-home:/opt/rustwide/rustup-home:ro,Z" "-e" "SOURCE_DIR=/opt/rustwide/workdir" "-e" "CARGO_TARGET_DIR=/opt/rustwide/target" "-e" "CARGO_INCREMENTAL=0" "-e" "RUST_BACKTRACE=full" "-e" "RUSTFLAGS=--cap-lints=warn" "-e" "RUSTDOCFLAGS=--cap-lints=warn" "-e" "CARGO_HOME=/opt/rustwide/cargo-home" "-e" "RUSTUP_HOME=/opt/rustwide/rustup-home" "-w" "/opt/rustwide/workdir" "-m" "1610612736" "--user" "0:0" "--network" "none" "ghcr.io/rust-lang/crates-build-env/linux@sha256:2788e3201cd34a07e3172128adcd8b3090168a8e3bcc40d7c032b9dda1df7d1c" "/opt/rustwide/cargo-home/bin/cargo" "+1.75.0" "test" "--frozen", kill_on_drop: false }`
[INFO] [stdout] f1a5bb928037ea68538e2a6c676fd4911d92f2f5f7a00616b2ade5cb02f99be4
[INFO] running `Command { std: "docker" "start" "-a" "f1a5bb928037ea68538e2a6c676fd4911d92f2f5f7a00616b2ade5cb02f99be4", kill_on_drop: false }`
[INFO] [stderr] warning: fields `part`, `variant`, `rom_size`, `ram_size`, and `rom_page_size` are never read
[INFO] [stderr]    --> src/messages.rs:181:5
[INFO] [stderr]     |
[INFO] [stderr] 179 | pub struct HardwareVersionResponse {
[INFO] [stderr]     |            ----------------------- fields in this struct
[INFO] [stderr] 180 |     // See FICR register docs
[INFO] [stderr] 181 |     part: u32,
[INFO] [stderr]     |     ^^^^
[INFO] [stderr] 182 |     variant: u32,
[INFO] [stderr]     |     ^^^^^^^
[INFO] [stderr] 183 |     rom_size: u32,
[INFO] [stderr]     |     ^^^^^^^^
[INFO] [stderr] 184 |     ram_size: u32,
[INFO] [stderr]     |     ^^^^^^^^
[INFO] [stderr] 185 |     rom_page_size: u32,
[INFO] [stderr]     |     ^^^^^^^^^^^^^
[INFO] [stderr]     |
[INFO] [stderr]     = note: `HardwareVersionResponse` has a derived impl for the trait `Debug`, but this is intentionally ignored during dead code analysis
[INFO] [stderr]     = note: `#[warn(dead_code)]` on by default
[INFO] [stderr] 
[INFO] [stderr] warning: `nrfdfu` (bin "nrfdfu" test) generated 1 warning
[INFO] [stderr]     Finished test [unoptimized + debuginfo] target(s) in 0.02s
[INFO] [stderr]      Running unittests src/main.rs (/opt/rustwide/target/debug/deps/nrfdfu-32029d6b558fddcd)
[INFO] [stdout] 
[INFO] [stdout] running 3 tests
[INFO] [stdout] test slip::tests::test_decode ... ok
[INFO] [stdout] test slip::tests::test_encode ... ok
[INFO] [stdout] test init_packet::tests::basic ... FAILED
[INFO] [stdout] 
[INFO] [stdout] failures:
[INFO] [stdout] 
[INFO] [stdout] ---- init_packet::tests::basic stdout ----
[INFO] [stdout] thread 'init_packet::tests::basic' panicked at src/init_packet.rs:271:40:
[INFO] [stdout] called `Result::unwrap()` on an `Err` value: Os { code: 30, kind: ReadOnlyFilesystem, message: "Read-only file system" }
[INFO] [stdout] stack backtrace:
[INFO] [stdout]    0:     0x555b896fc2bc - std::backtrace_rs::backtrace::libunwind::trace::ha637c64ce894333a
[INFO] [stdout]                                at /rustc/82e1608dfa6e0b5569232559e3d385fea5a93112/library/std/src/../../backtrace/src/backtrace/libunwind.rs:104:5
[INFO] [stdout]    1:     0x555b896fc2bc - std::backtrace_rs::backtrace::trace_unsynchronized::h47f62dea28e0c88d
[INFO] [stdout]                                at /rustc/82e1608dfa6e0b5569232559e3d385fea5a93112/library/std/src/../../backtrace/src/backtrace/mod.rs:66:5
[INFO] [stdout]    2:     0x555b896fc2bc - std::sys_common::backtrace::_print_fmt::h9eef0abe20ede486
[INFO] [stdout]                                at /rustc/82e1608dfa6e0b5569232559e3d385fea5a93112/library/std/src/sys_common/backtrace.rs:67:5
[INFO] [stdout]    3:     0x555b896fc2bc - <std::sys_common::backtrace::_print::DisplayBacktrace as core::fmt::Display>::fmt::hed7f999df88cc644
[INFO] [stdout]                                at /rustc/82e1608dfa6e0b5569232559e3d385fea5a93112/library/std/src/sys_common/backtrace.rs:44:22
[INFO] [stdout]    4:     0x555b89725fb0 - core::fmt::rt::Argument::fmt::h1539a9308b8d058d
[INFO] [stdout]                                at /rustc/82e1608dfa6e0b5569232559e3d385fea5a93112/library/core/src/fmt/rt.rs:142:9
[INFO] [stdout]    5:     0x555b89725fb0 - core::fmt::write::h3a39390d8560d9c9
[INFO] [stdout]                                at /rustc/82e1608dfa6e0b5569232559e3d385fea5a93112/library/core/src/fmt/mod.rs:1120:17
[INFO] [stdout]    6:     0x555b896f99ff - std::io::Write::write_fmt::h040b369f3a0f9cbc
[INFO] [stdout]                                at /rustc/82e1608dfa6e0b5569232559e3d385fea5a93112/library/std/src/io/mod.rs:1762:15
[INFO] [stdout]    7:     0x555b896fc0a4 - std::sys_common::backtrace::_print::h894006fb5c6f3d45
[INFO] [stdout]                                at /rustc/82e1608dfa6e0b5569232559e3d385fea5a93112/library/std/src/sys_common/backtrace.rs:47:5
[INFO] [stdout]    8:     0x555b896fc0a4 - std::sys_common::backtrace::print::h23a2d212c6fff936
[INFO] [stdout]                                at /rustc/82e1608dfa6e0b5569232559e3d385fea5a93112/library/std/src/sys_common/backtrace.rs:34:9
[INFO] [stdout]    9:     0x555b896fdd67 - std::panicking::default_hook::{{closure}}::h8a1d2ee00185001a
[INFO] [stdout]   10:     0x555b896fda53 - std::panicking::default_hook::h6038f2eba384e475
[INFO] [stdout]                                at /rustc/82e1608dfa6e0b5569232559e3d385fea5a93112/library/std/src/panicking.rs:289:9
[INFO] [stdout]   11:     0x555b8968ed97 - <alloc::boxed::Box<F,A> as core::ops::function::Fn<Args>>::call::h0ad024c9bdc6d768
[INFO] [stdout]                                at /rustc/82e1608dfa6e0b5569232559e3d385fea5a93112/library/alloc/src/boxed.rs:2021:9
[INFO] [stdout]   12:     0x555b8968ed97 - test::test_main::{{closure}}::h7500b54257359db6
[INFO] [stdout]                                at /rustc/82e1608dfa6e0b5569232559e3d385fea5a93112/library/test/src/lib.rs:138:21
[INFO] [stdout]   13:     0x555b896fe378 - <alloc::boxed::Box<F,A> as core::ops::function::Fn<Args>>::call::h1f8f335eaa9cfaee
[INFO] [stdout]                                at /rustc/82e1608dfa6e0b5569232559e3d385fea5a93112/library/alloc/src/boxed.rs:2021:9
[INFO] [stdout]   14:     0x555b896fe378 - std::panicking::rust_panic_with_hook::h2b5517d590cab22e
[INFO] [stdout]                                at /rustc/82e1608dfa6e0b5569232559e3d385fea5a93112/library/std/src/panicking.rs:783:13
[INFO] [stdout]   15:     0x555b896fe0ce - std::panicking::begin_panic_handler::{{closure}}::h233112c06e0ef43e
[INFO] [stdout]                                at /rustc/82e1608dfa6e0b5569232559e3d385fea5a93112/library/std/src/panicking.rs:657:13
[INFO] [stdout]   16:     0x555b896fc786 - std::sys_common::backtrace::__rust_end_short_backtrace::h6e893f24d7ebbff8
[INFO] [stdout]                                at /rustc/82e1608dfa6e0b5569232559e3d385fea5a93112/library/std/src/sys_common/backtrace.rs:170:18
[INFO] [stdout]   17:     0x555b896fde32 - rust_begin_unwind
[INFO] [stdout]                                at /rustc/82e1608dfa6e0b5569232559e3d385fea5a93112/library/std/src/panicking.rs:645:5
[INFO] [stdout]   18:     0x555b89652e15 - core::panicking::panic_fmt::hbf0e066aabfa482c
[INFO] [stdout]                                at /rustc/82e1608dfa6e0b5569232559e3d385fea5a93112/library/core/src/panicking.rs:72:14
[INFO] [stdout]   19:     0x555b896533a3 - core::result::unwrap_failed::hddb4fea594200c52
[INFO] [stdout]                                at /rustc/82e1608dfa6e0b5569232559e3d385fea5a93112/library/core/src/result.rs:1653:5
[INFO] [stdout]   20:     0x555b896ac5dd - core::result::Result<T,E>::unwrap::h0c0a38ab901ffe6b
[INFO] [stdout]                                at /rustc/82e1608dfa6e0b5569232559e3d385fea5a93112/library/core/src/result.rs:1077:23
[INFO] [stdout]   21:     0x555b89656747 - nrfdfu::init_packet::tests::test_message::h230b51fa60f14c30
[INFO] [stdout]                                at /opt/rustwide/workdir/src/init_packet.rs:271:9
[INFO] [stdout]   22:     0x555b8965765a - nrfdfu::init_packet::tests::basic::h65784b285842f7ba
[INFO] [stdout]                                at /opt/rustwide/workdir/src/init_packet.rs:280:9
[INFO] [stdout]   23:     0x555b896574c7 - nrfdfu::init_packet::tests::basic::{{closure}}::h89571af85af52d9a
[INFO] [stdout]                                at /opt/rustwide/workdir/src/init_packet.rs:279:15
[INFO] [stdout]   24:     0x555b896545e6 - core::ops::function::FnOnce::call_once::ha9375e579407565e
[INFO] [stdout]                                at /rustc/82e1608dfa6e0b5569232559e3d385fea5a93112/library/core/src/ops/function.rs:250:5
[INFO] [stdout]   25:     0x555b896943ef - core::ops::function::FnOnce::call_once::h2b5d431d5046312d
[INFO] [stdout]                                at /rustc/82e1608dfa6e0b5569232559e3d385fea5a93112/library/core/src/ops/function.rs:250:5
[INFO] [stdout]   26:     0x555b896943ef - test::__rust_begin_short_backtrace::h7714669af176e207
[INFO] [stdout]                                at /rustc/82e1608dfa6e0b5569232559e3d385fea5a93112/library/test/src/lib.rs:628:18
[INFO] [stdout]   27:     0x555b89693405 - test::run_test_in_process::{{closure}}::h85218797dcbcec12
[INFO] [stdout]                                at /rustc/82e1608dfa6e0b5569232559e3d385fea5a93112/library/test/src/lib.rs:651:60
[INFO] [stdout]   28:     0x555b89693405 - <core::panic::unwind_safe::AssertUnwindSafe<F> as core::ops::function::FnOnce<()>>::call_once::h76c106ea31c14d7b
[INFO] [stdout]                                at /rustc/82e1608dfa6e0b5569232559e3d385fea5a93112/library/core/src/panic/unwind_safe.rs:272:9
[INFO] [stdout]   29:     0x555b89693405 - std::panicking::try::do_call::h3bd5d0f6620ee946
[INFO] [stdout]                                at /rustc/82e1608dfa6e0b5569232559e3d385fea5a93112/library/std/src/panicking.rs:552:40
[INFO] [stdout]   30:     0x555b89693405 - std::panicking::try::h232e535e4744fe31
[INFO] [stdout]                                at /rustc/82e1608dfa6e0b5569232559e3d385fea5a93112/library/std/src/panicking.rs:516:19
[INFO] [stdout]   31:     0x555b89693405 - std::panic::catch_unwind::h3ce3bd6ca8dbac68
[INFO] [stdout]                                at /rustc/82e1608dfa6e0b5569232559e3d385fea5a93112/library/std/src/panic.rs:142:14
[INFO] [stdout]   32:     0x555b89693405 - test::run_test_in_process::hc97b257c9621286a
[INFO] [stdout]                                at /rustc/82e1608dfa6e0b5569232559e3d385fea5a93112/library/test/src/lib.rs:651:27
[INFO] [stdout]   33:     0x555b89693405 - test::run_test::{{closure}}::h2aa798823a438d38
[INFO] [stdout]                                at /rustc/82e1608dfa6e0b5569232559e3d385fea5a93112/library/test/src/lib.rs:574:43
[INFO] [stdout]   34:     0x555b8965b6c6 - test::run_test::{{closure}}::h87d231c78fb59832
[INFO] [stdout]                                at /rustc/82e1608dfa6e0b5569232559e3d385fea5a93112/library/test/src/lib.rs:602:41
[INFO] [stdout]   35:     0x555b8965b6c6 - std::sys_common::backtrace::__rust_begin_short_backtrace::he6df152596625789
[INFO] [stdout]                                at /rustc/82e1608dfa6e0b5569232559e3d385fea5a93112/library/std/src/sys_common/backtrace.rs:154:18
[INFO] [stdout]   36:     0x555b89660777 - std::thread::Builder::spawn_unchecked_::{{closure}}::{{closure}}::ha94be15d1e0acf36
[INFO] [stdout]                                at /rustc/82e1608dfa6e0b5569232559e3d385fea5a93112/library/std/src/thread/mod.rs:529:17
[INFO] [stdout]   37:     0x555b89660777 - <core::panic::unwind_safe::AssertUnwindSafe<F> as core::ops::function::FnOnce<()>>::call_once::h9dc6bd6372f16606
[INFO] [stdout]                                at /rustc/82e1608dfa6e0b5569232559e3d385fea5a93112/library/core/src/panic/unwind_safe.rs:272:9
[INFO] [stdout]   38:     0x555b89660777 - std::panicking::try::do_call::h9057517f80303cd4
[INFO] [stdout]                                at /rustc/82e1608dfa6e0b5569232559e3d385fea5a93112/library/std/src/panicking.rs:552:40
[INFO] [stdout]   39:     0x555b89660777 - std::panicking::try::he3a30b11ee45340c
[INFO] [stdout]                                at /rustc/82e1608dfa6e0b5569232559e3d385fea5a93112/library/std/src/panicking.rs:516:19
[INFO] [stdout]   40:     0x555b89660777 - std::panic::catch_unwind::h410458cfd3528b8b
[INFO] [stdout]                                at /rustc/82e1608dfa6e0b5569232559e3d385fea5a93112/library/std/src/panic.rs:142:14
[INFO] [stdout]   41:     0x555b89660777 - std::thread::Builder::spawn_unchecked_::{{closure}}::h72ac3bdb567b737b
[INFO] [stdout]                                at /rustc/82e1608dfa6e0b5569232559e3d385fea5a93112/library/std/src/thread/mod.rs:528:30
[INFO] [stdout]   42:     0x555b89660777 - core::ops::function::FnOnce::call_once{{vtable.shim}}::h38f34da3654a8344
[INFO] [stdout]                                at /rustc/82e1608dfa6e0b5569232559e3d385fea5a93112/library/core/src/ops/function.rs:250:5
[INFO] [stdout]   43:     0x555b89702f65 - <alloc::boxed::Box<F,A> as core::ops::function::FnOnce<Args>>::call_once::hc7eafaff61e32df9
[INFO] [stdout]                                at /rustc/82e1608dfa6e0b5569232559e3d385fea5a93112/library/alloc/src/boxed.rs:2007:9
[INFO] [stdout]   44:     0x555b89702f65 - <alloc::boxed::Box<F,A> as core::ops::function::FnOnce<Args>>::call_once::h6ba4a5de48dd2304
[INFO] [stdout]                                at /rustc/82e1608dfa6e0b5569232559e3d385fea5a93112/library/alloc/src/boxed.rs:2007:9
[INFO] [stdout]   45:     0x555b89702f65 - std::sys::unix::thread::Thread::new::thread_start::he469335aef763e45
[INFO] [stdout]                                at /rustc/82e1608dfa6e0b5569232559e3d385fea5a93112/library/std/src/sys/unix/thread.rs:108:17
[INFO] [stdout]   46:     0x7f1b0944dac3 - <unknown>
[INFO] [stdout]   47:     0x7f1b094debf4 - __clone
[INFO] [stdout]   48:                0x0 - <unknown>
[INFO] [stdout] 
[INFO] [stdout] 
[INFO] [stdout] failures:
[INFO] [stdout]     init_packet::tests::basic
[INFO] [stdout] 
[INFO] [stdout] test result: FAILED. 2 passed; 1 failed; 0 ignored; 0 measured; 0 filtered out; finished in 0.01s
[INFO] [stdout] 
[INFO] [stderr] error: test failed, to rerun pass `--bin nrfdfu`
[INFO] running `Command { std: "docker" "inspect" "f1a5bb928037ea68538e2a6c676fd4911d92f2f5f7a00616b2ade5cb02f99be4", kill_on_drop: false }`
[INFO] running `Command { std: "docker" "rm" "-f" "f1a5bb928037ea68538e2a6c676fd4911d92f2f5f7a00616b2ade5cb02f99be4", kill_on_drop: false }`
[INFO] [stdout] f1a5bb928037ea68538e2a6c676fd4911d92f2f5f7a00616b2ade5cb02f99be4
[INFO] testing nrfdfu-0.1.3 against beta-2023-12-22 for beta-1.76-1
[INFO] extracting crate nrfdfu 0.1.3 into /workspace/builds/worker-3-tc2/source
[INFO] validating manifest of crates.io crate nrfdfu 0.1.3 on toolchain beta-2023-12-22
[INFO] running `Command { std: CARGO_HOME="/workspace/cargo-home" RUSTUP_HOME="/workspace/rustup-home" "/workspace/cargo-home/bin/cargo" "+beta-2023-12-22" "metadata" "--manifest-path" "Cargo.toml" "--no-deps", kill_on_drop: false }`
[INFO] started tweaking crates.io crate nrfdfu 0.1.3
[INFO] finished tweaking crates.io crate nrfdfu 0.1.3
[INFO] tweaked toml for crates.io crate nrfdfu 0.1.3 written to /workspace/builds/worker-3-tc2/source/Cargo.toml
[INFO] crate crates.io crate nrfdfu 0.1.3 already has a lockfile, it will not be regenerated
[INFO] running `Command { std: CARGO_HOME="/workspace/cargo-home" RUSTUP_HOME="/workspace/rustup-home" "/workspace/cargo-home/bin/cargo" "+beta-2023-12-22" "fetch" "--manifest-path" "Cargo.toml", kill_on_drop: false }`
[INFO] running `Command { std: "docker" "create" "-v" "/var/lib/crater-agent-workspace/builds/worker-3-tc2/target:/opt/rustwide/target:rw,Z" "-v" "/var/lib/crater-agent-workspace/builds/worker-3-tc2/source:/opt/rustwide/workdir:ro,Z" "-v" "/var/lib/crater-agent-workspace/cargo-home:/opt/rustwide/cargo-home:ro,Z" "-v" "/var/lib/crater-agent-workspace/rustup-home:/opt/rustwide/rustup-home:ro,Z" "-e" "SOURCE_DIR=/opt/rustwide/workdir" "-e" "CARGO_TARGET_DIR=/opt/rustwide/target" "-e" "CARGO_HOME=/opt/rustwide/cargo-home" "-e" "RUSTUP_HOME=/opt/rustwide/rustup-home" "-w" "/opt/rustwide/workdir" "-m" "1610612736" "--user" "0:0" "--network" "none" "ghcr.io/rust-lang/crates-build-env/linux@sha256:2788e3201cd34a07e3172128adcd8b3090168a8e3bcc40d7c032b9dda1df7d1c" "/opt/rustwide/cargo-home/bin/cargo" "+beta-2023-12-22" "metadata" "--no-deps" "--format-version=1", kill_on_drop: false }`
[INFO] [stdout] 71d879ae6387643e48df01cfb5f39452b06103a89b44e43179166612612780ca
[INFO] running `Command { std: "docker" "start" "-a" "71d879ae6387643e48df01cfb5f39452b06103a89b44e43179166612612780ca", kill_on_drop: false }`
[INFO] running `Command { std: "docker" "inspect" "71d879ae6387643e48df01cfb5f39452b06103a89b44e43179166612612780ca", kill_on_drop: false }`
[INFO] running `Command { std: "docker" "rm" "-f" "71d879ae6387643e48df01cfb5f39452b06103a89b44e43179166612612780ca", kill_on_drop: false }`
[INFO] [stdout] 71d879ae6387643e48df01cfb5f39452b06103a89b44e43179166612612780ca
[INFO] running `Command { std: "docker" "create" "-v" "/var/lib/crater-agent-workspace/builds/worker-3-tc2/target:/opt/rustwide/target:rw,Z" "-v" "/var/lib/crater-agent-workspace/builds/worker-3-tc2/source:/opt/rustwide/workdir:ro,Z" "-v" "/var/lib/crater-agent-workspace/cargo-home:/opt/rustwide/cargo-home:ro,Z" "-v" "/var/lib/crater-agent-workspace/rustup-home:/opt/rustwide/rustup-home:ro,Z" "-e" "SOURCE_DIR=/opt/rustwide/workdir" "-e" "CARGO_TARGET_DIR=/opt/rustwide/target" "-e" "CARGO_INCREMENTAL=0" "-e" "RUST_BACKTRACE=full" "-e" "RUSTFLAGS=--cap-lints=warn" "-e" "RUSTDOCFLAGS=--cap-lints=warn" "-e" "CARGO_HOME=/opt/rustwide/cargo-home" "-e" "RUSTUP_HOME=/opt/rustwide/rustup-home" "-w" "/opt/rustwide/workdir" "-m" "1610612736" "--user" "0:0" "--network" "none" "ghcr.io/rust-lang/crates-build-env/linux@sha256:2788e3201cd34a07e3172128adcd8b3090168a8e3bcc40d7c032b9dda1df7d1c" "/opt/rustwide/cargo-home/bin/cargo" "+beta-2023-12-22" "build" "--frozen" "--message-format=json", kill_on_drop: false }`
[INFO] [stdout] 8f2f47f62dcf22af4a582a57b196b6a2fe2943c4a0345aa592e0445f959d623c
[INFO] running `Command { std: "docker" "start" "-a" "8f2f47f62dcf22af4a582a57b196b6a2fe2943c4a0345aa592e0445f959d623c", kill_on_drop: false }`
[INFO] [stderr]    Compiling libc v0.2.94
[INFO] [stderr]    Compiling typenum v1.13.0
[INFO] [stderr]    Compiling version_check v0.9.3
[INFO] [stderr]    Compiling pkg-config v0.3.19
[INFO] [stderr]    Compiling bitflags v1.2.1
[INFO] [stderr]    Compiling log v0.4.14
[INFO] [stderr]    Compiling nix v0.16.1
[INFO] [stderr]    Compiling memchr v2.4.0
[INFO] [stderr]    Compiling crc32fast v1.2.1
[INFO] [stderr]    Compiling void v1.0.2
[INFO] [stderr]    Compiling termcolor v1.1.2
[INFO] [stderr]    Compiling cpufeatures v0.1.4
[INFO] [stderr]    Compiling leb128 v0.2.4
[INFO] [stderr]    Compiling byteorder v1.4.3
[INFO] [stderr]    Compiling generic-array v0.14.4
[INFO] [stderr]    Compiling libudev-sys v0.1.4
[INFO] [stderr]    Compiling object v0.25.3
[INFO] [stderr]    Compiling atty v0.2.14
[INFO] [stderr]    Compiling env_logger v0.9.0
[INFO] [stderr]    Compiling libudev v0.2.0
[INFO] [stderr]    Compiling block-buffer v0.9.0
[INFO] [stderr]    Compiling digest v0.9.0
[INFO] [stderr]    Compiling sha2 v0.9.5
[INFO] [stderr]    Compiling ferrous-serialport v4.0.2
[INFO] [stderr]    Compiling nrfdfu v0.1.3 (/opt/rustwide/workdir)
[INFO] [stdout] warning: fields `part`, `variant`, `rom_size`, `ram_size`, and `rom_page_size` are never read
[INFO] [stdout]    --> src/messages.rs:181:5
[INFO] [stdout]     |
[INFO] [stdout] 179 | pub struct HardwareVersionResponse {
[INFO] [stdout]     |            ----------------------- fields in this struct
[INFO] [stdout] 180 |     // See FICR register docs
[INFO] [stdout] 181 |     part: u32,
[INFO] [stdout]     |     ^^^^
[INFO] [stdout] 182 |     variant: u32,
[INFO] [stdout]     |     ^^^^^^^
[INFO] [stdout] 183 |     rom_size: u32,
[INFO] [stdout]     |     ^^^^^^^^
[INFO] [stdout] 184 |     ram_size: u32,
[INFO] [stdout]     |     ^^^^^^^^
[INFO] [stdout] 185 |     rom_page_size: u32,
[INFO] [stdout]     |     ^^^^^^^^^^^^^
[INFO] [stdout]     |
[INFO] [stdout]     = note: `HardwareVersionResponse` has a derived impl for the trait `Debug`, but this is intentionally ignored during dead code analysis
[INFO] [stdout]     = note: `#[warn(dead_code)]` on by default
[INFO] [stdout] 
[INFO] [stdout] 
[INFO] [stdout] warning: 1 warning emitted
[INFO] [stdout] 
[INFO] [stdout] 
[INFO] [stderr]     Finished dev [unoptimized + debuginfo] target(s) in 3.42s
[INFO] running `Command { std: "docker" "inspect" "8f2f47f62dcf22af4a582a57b196b6a2fe2943c4a0345aa592e0445f959d623c", kill_on_drop: false }`
[INFO] running `Command { std: "docker" "rm" "-f" "8f2f47f62dcf22af4a582a57b196b6a2fe2943c4a0345aa592e0445f959d623c", kill_on_drop: false }`
[INFO] [stdout] 8f2f47f62dcf22af4a582a57b196b6a2fe2943c4a0345aa592e0445f959d623c
[INFO] running `Command { std: "docker" "create" "-v" "/var/lib/crater-agent-workspace/builds/worker-3-tc2/target:/opt/rustwide/target:rw,Z" "-v" "/var/lib/crater-agent-workspace/builds/worker-3-tc2/source:/opt/rustwide/workdir:ro,Z" "-v" "/var/lib/crater-agent-workspace/cargo-home:/opt/rustwide/cargo-home:ro,Z" "-v" "/var/lib/crater-agent-workspace/rustup-home:/opt/rustwide/rustup-home:ro,Z" "-e" "SOURCE_DIR=/opt/rustwide/workdir" "-e" "CARGO_TARGET_DIR=/opt/rustwide/target" "-e" "CARGO_INCREMENTAL=0" "-e" "RUST_BACKTRACE=full" "-e" "RUSTFLAGS=--cap-lints=warn" "-e" "RUSTDOCFLAGS=--cap-lints=warn" "-e" "CARGO_HOME=/opt/rustwide/cargo-home" "-e" "RUSTUP_HOME=/opt/rustwide/rustup-home" "-w" "/opt/rustwide/workdir" "-m" "1610612736" "--user" "0:0" "--network" "none" "ghcr.io/rust-lang/crates-build-env/linux@sha256:2788e3201cd34a07e3172128adcd8b3090168a8e3bcc40d7c032b9dda1df7d1c" "/opt/rustwide/cargo-home/bin/cargo" "+beta-2023-12-22" "test" "--frozen" "--no-run" "--message-format=json", kill_on_drop: false }`
[INFO] [stdout] cbe8a7c36ba6cb537e2117708f0759af4a13c9bc15dae8140fa72963247bcd3a
[INFO] running `Command { std: "docker" "start" "-a" "cbe8a7c36ba6cb537e2117708f0759af4a13c9bc15dae8140fa72963247bcd3a", kill_on_drop: false }`
[INFO] [stderr]    Compiling once_cell v1.7.2
[INFO] [stderr]    Compiling dissimilar v1.0.2
[INFO] [stderr]    Compiling expect-test v1.1.0
[INFO] [stderr]    Compiling nrfdfu v0.1.3 (/opt/rustwide/workdir)
[INFO] [stdout] warning: fields `part`, `variant`, `rom_size`, `ram_size`, and `rom_page_size` are never read
[INFO] [stdout]    --> src/messages.rs:181:5
[INFO] [stdout]     |
[INFO] [stdout] 179 | pub struct HardwareVersionResponse {
[INFO] [stdout]     |            ----------------------- fields in this struct
[INFO] [stdout] 180 |     // See FICR register docs
[INFO] [stdout] 181 |     part: u32,
[INFO] [stdout]     |     ^^^^
[INFO] [stdout] 182 |     variant: u32,
[INFO] [stdout]     |     ^^^^^^^
[INFO] [stdout] 183 |     rom_size: u32,
[INFO] [stdout]     |     ^^^^^^^^
[INFO] [stdout] 184 |     ram_size: u32,
[INFO] [stdout]     |     ^^^^^^^^
[INFO] [stdout] 185 |     rom_page_size: u32,
[INFO] [stdout]     |     ^^^^^^^^^^^^^
[INFO] [stdout]     |
[INFO] [stdout]     = note: `HardwareVersionResponse` has a derived impl for the trait `Debug`, but this is intentionally ignored during dead code analysis
[INFO] [stdout]     = note: `#[warn(dead_code)]` on by default
[INFO] [stdout] 
[INFO] [stdout] 
[INFO] [stdout] warning: 1 warning emitted
[INFO] [stdout] 
[INFO] [stdout] 
[INFO] [stderr]     Finished test [unoptimized + debuginfo] target(s) in 0.82s
[INFO] running `Command { std: "docker" "inspect" "cbe8a7c36ba6cb537e2117708f0759af4a13c9bc15dae8140fa72963247bcd3a", kill_on_drop: false }`
[INFO] running `Command { std: "docker" "rm" "-f" "cbe8a7c36ba6cb537e2117708f0759af4a13c9bc15dae8140fa72963247bcd3a", kill_on_drop: false }`
[INFO] [stdout] cbe8a7c36ba6cb537e2117708f0759af4a13c9bc15dae8140fa72963247bcd3a
[INFO] running `Command { std: "docker" "create" "-v" "/var/lib/crater-agent-workspace/builds/worker-3-tc2/target:/opt/rustwide/target:rw,Z" "-v" "/var/lib/crater-agent-workspace/builds/worker-3-tc2/source:/opt/rustwide/workdir:ro,Z" "-v" "/var/lib/crater-agent-workspace/cargo-home:/opt/rustwide/cargo-home:ro,Z" "-v" "/var/lib/crater-agent-workspace/rustup-home:/opt/rustwide/rustup-home:ro,Z" "-e" "SOURCE_DIR=/opt/rustwide/workdir" "-e" "CARGO_TARGET_DIR=/opt/rustwide/target" "-e" "CARGO_INCREMENTAL=0" "-e" "RUST_BACKTRACE=full" "-e" "RUSTFLAGS=--cap-lints=warn" "-e" "RUSTDOCFLAGS=--cap-lints=warn" "-e" "CARGO_HOME=/opt/rustwide/cargo-home" "-e" "RUSTUP_HOME=/opt/rustwide/rustup-home" "-w" "/opt/rustwide/workdir" "-m" "1610612736" "--user" "0:0" "--network" "none" "ghcr.io/rust-lang/crates-build-env/linux@sha256:2788e3201cd34a07e3172128adcd8b3090168a8e3bcc40d7c032b9dda1df7d1c" "/opt/rustwide/cargo-home/bin/cargo" "+beta-2023-12-22" "test" "--frozen", kill_on_drop: false }`
[INFO] [stdout] 81fa84295cfa207ecf865a15989b044fd2f0c3c489309d7920658de5a2ce53bd
[INFO] running `Command { std: "docker" "start" "-a" "81fa84295cfa207ecf865a15989b044fd2f0c3c489309d7920658de5a2ce53bd", kill_on_drop: false }`
[INFO] [stderr] warning: fields `part`, `variant`, `rom_size`, `ram_size`, and `rom_page_size` are never read
[INFO] [stderr]    --> src/messages.rs:181:5
[INFO] [stderr]     |
[INFO] [stderr] 179 | pub struct HardwareVersionResponse {
[INFO] [stderr]     |            ----------------------- fields in this struct
[INFO] [stderr] 180 |     // See FICR register docs
[INFO] [stderr] 181 |     part: u32,
[INFO] [stderr]     |     ^^^^
[INFO] [stderr] 182 |     variant: u32,
[INFO] [stderr]     |     ^^^^^^^
[INFO] [stderr] 183 |     rom_size: u32,
[INFO] [stderr]     |     ^^^^^^^^
[INFO] [stderr] 184 |     ram_size: u32,
[INFO] [stderr]     |     ^^^^^^^^
[INFO] [stderr] 185 |     rom_page_size: u32,
[INFO] [stderr]     |     ^^^^^^^^^^^^^
[INFO] [stderr]     |
[INFO] [stderr]     = note: `HardwareVersionResponse` has a derived impl for the trait `Debug`, but this is intentionally ignored during dead code analysis
[INFO] [stderr]     = note: `#[warn(dead_code)]` on by default
[INFO] [stderr] 
[INFO] [stderr] warning: `nrfdfu` (bin "nrfdfu" test) generated 1 warning
[INFO] [stderr]     Finished test [unoptimized + debuginfo] target(s) in 0.02s
[INFO] [stderr]      Running unittests src/main.rs (/opt/rustwide/target/debug/deps/nrfdfu-8f60a2320d0a5322)
[INFO] [stdout] 
[INFO] [stdout] running 3 tests
[INFO] [stdout] test slip::tests::test_encode ... ok
[INFO] [stdout] test slip::tests::test_decode ... ok
[INFO] [stdout] test init_packet::tests::basic ... FAILED
[INFO] [stdout] 
[INFO] [stdout] failures:
[INFO] [stdout] 
[INFO] [stdout] ---- init_packet::tests::basic stdout ----
[INFO] [stdout] thread 'init_packet::tests::basic' panicked at src/init_packet.rs:271:40:
[INFO] [stdout] called `Result::unwrap()` on an `Err` value: Os { code: 30, kind: ReadOnlyFilesystem, message: "Read-only file system" }
[INFO] [stdout] stack backtrace:
[INFO] [stdout]    0:     0x55b0a4c92f86 - std::backtrace_rs::backtrace::libunwind::trace::h261606ad26a499c1
[INFO] [stdout]                                at /rustc/0e09125c6c3c2fd70d7de961bcf0e51575235fad/library/std/src/../../backtrace/src/backtrace/libunwind.rs:104:5
[INFO] [stdout]    1:     0x55b0a4c92f86 - std::backtrace_rs::backtrace::trace_unsynchronized::hd183f0625477fb28
[INFO] [stdout]                                at /rustc/0e09125c6c3c2fd70d7de961bcf0e51575235fad/library/std/src/../../backtrace/src/backtrace/mod.rs:66:5
[INFO] [stdout]    2:     0x55b0a4c92f86 - std::sys_common::backtrace::_print_fmt::hd7f8fef21b4eda67
[INFO] [stdout]                                at /rustc/0e09125c6c3c2fd70d7de961bcf0e51575235fad/library/std/src/sys_common/backtrace.rs:68:5
[INFO] [stdout]    3:     0x55b0a4c92f86 - <std::sys_common::backtrace::_print::DisplayBacktrace as core::fmt::Display>::fmt::h623d9b51f2f453f1
[INFO] [stdout]                                at /rustc/0e09125c6c3c2fd70d7de961bcf0e51575235fad/library/std/src/sys_common/backtrace.rs:44:22
[INFO] [stdout]    4:     0x55b0a4cbbf80 - core::fmt::rt::Argument::fmt::h9f417ac76a86f368
[INFO] [stdout]                                at /rustc/0e09125c6c3c2fd70d7de961bcf0e51575235fad/library/core/src/fmt/rt.rs:142:9
[INFO] [stdout]    5:     0x55b0a4cbbf80 - core::fmt::write::hc9b6faf4ac2aeff7
[INFO] [stdout]                                at /rustc/0e09125c6c3c2fd70d7de961bcf0e51575235fad/library/core/src/fmt/mod.rs:1120:17
[INFO] [stdout]    6:     0x55b0a4c9077f - std::io::Write::write_fmt::he04625a3a989fec3
[INFO] [stdout]                                at /rustc/0e09125c6c3c2fd70d7de961bcf0e51575235fad/library/std/src/io/mod.rs:1810:15
[INFO] [stdout]    7:     0x55b0a4c92d64 - std::sys_common::backtrace::_print::hd5d66399c7df88a2
[INFO] [stdout]                                at /rustc/0e09125c6c3c2fd70d7de961bcf0e51575235fad/library/std/src/sys_common/backtrace.rs:47:5
[INFO] [stdout]    8:     0x55b0a4c92d64 - std::sys_common::backtrace::print::he81ed2da642d37e5
[INFO] [stdout]                                at /rustc/0e09125c6c3c2fd70d7de961bcf0e51575235fad/library/std/src/sys_common/backtrace.rs:34:9
[INFO] [stdout]    9:     0x55b0a4c94ad7 - std::panicking::default_hook::{{closure}}::h85773f4fa117163d
[INFO] [stdout]   10:     0x55b0a4c947bd - std::panicking::default_hook::h6a1694a91d09b278
[INFO] [stdout]                                at /rustc/0e09125c6c3c2fd70d7de961bcf0e51575235fad/library/std/src/panicking.rs:289:9
[INFO] [stdout]   11:     0x55b0a4c24e87 - <alloc::boxed::Box<F,A> as core::ops::function::Fn<Args>>::call::h616ac37fa3cd6c8f
[INFO] [stdout]                                at /rustc/0e09125c6c3c2fd70d7de961bcf0e51575235fad/library/alloc/src/boxed.rs:2029:9
[INFO] [stdout]   12:     0x55b0a4c24e87 - test::test_main::{{closure}}::h00d84697cefdcbb6
[INFO] [stdout]                                at /rustc/0e09125c6c3c2fd70d7de961bcf0e51575235fad/library/test/src/lib.rs:138:21
[INFO] [stdout]   13:     0x55b0a4c950f6 - <alloc::boxed::Box<F,A> as core::ops::function::Fn<Args>>::call::hcb3fe3b9bb537ba8
[INFO] [stdout]                                at /rustc/0e09125c6c3c2fd70d7de961bcf0e51575235fad/library/alloc/src/boxed.rs:2029:9
[INFO] [stdout]   14:     0x55b0a4c950f6 - std::panicking::rust_panic_with_hook::h0a7ad96e90f7145b
[INFO] [stdout]                                at /rustc/0e09125c6c3c2fd70d7de961bcf0e51575235fad/library/std/src/panicking.rs:783:13
[INFO] [stdout]   15:     0x55b0a4c94e42 - std::panicking::begin_panic_handler::{{closure}}::h7919090525c6485e
[INFO] [stdout]                                at /rustc/0e09125c6c3c2fd70d7de961bcf0e51575235fad/library/std/src/panicking.rs:657:13
[INFO] [stdout]   16:     0x55b0a4c93486 - std::sys_common::backtrace::__rust_end_short_backtrace::hf3289479464f7dfe
[INFO] [stdout]                                at /rustc/0e09125c6c3c2fd70d7de961bcf0e51575235fad/library/std/src/sys_common/backtrace.rs:171:18
[INFO] [stdout]   17:     0x55b0a4c94ba0 - rust_begin_unwind
[INFO] [stdout]                                at /rustc/0e09125c6c3c2fd70d7de961bcf0e51575235fad/library/std/src/panicking.rs:645:5
[INFO] [stdout]   18:     0x55b0a4be7e05 - core::panicking::panic_fmt::hcc9f77c5c132af55
[INFO] [stdout]                                at /rustc/0e09125c6c3c2fd70d7de961bcf0e51575235fad/library/core/src/panicking.rs:72:14
[INFO] [stdout]   19:     0x55b0a4be83a3 - core::result::unwrap_failed::hbe14f498be1452f9
[INFO] [stdout]                                at /rustc/0e09125c6c3c2fd70d7de961bcf0e51575235fad/library/core/src/result.rs:1649:5
[INFO] [stdout]   20:     0x55b0a4c3237d - core::result::Result<T,E>::unwrap::h95b0e256d22caeb8
[INFO] [stdout]                                at /rustc/0e09125c6c3c2fd70d7de961bcf0e51575235fad/library/core/src/result.rs:1073:23
[INFO] [stdout]   21:     0x55b0a4beb7a5 - nrfdfu::init_packet::tests::test_message::h3a2f47a5e227a057
[INFO] [stdout]                                at /opt/rustwide/workdir/src/init_packet.rs:271:9
[INFO] [stdout]   22:     0x55b0a4bec69a - nrfdfu::init_packet::tests::basic::hf77d67242623f925
[INFO] [stdout]                                at /opt/rustwide/workdir/src/init_packet.rs:280:9
[INFO] [stdout]   23:     0x55b0a4bec507 - nrfdfu::init_packet::tests::basic::{{closure}}::h894a4a32a0bbc854
[INFO] [stdout]                                at /opt/rustwide/workdir/src/init_packet.rs:279:15
[INFO] [stdout]   24:     0x55b0a4be95d6 - core::ops::function::FnOnce::call_once::hd0a5accdce7cc9ea
[INFO] [stdout]                                at /rustc/0e09125c6c3c2fd70d7de961bcf0e51575235fad/library/core/src/ops/function.rs:250:5
[INFO] [stdout]   25:     0x55b0a4c2a75f - core::ops::function::FnOnce::call_once::hd64d26f405258157
[INFO] [stdout]                                at /rustc/0e09125c6c3c2fd70d7de961bcf0e51575235fad/library/core/src/ops/function.rs:250:5
[INFO] [stdout]   26:     0x55b0a4c2a75f - test::__rust_begin_short_backtrace::he21b0b7a6d731bf9
[INFO] [stdout]                                at /rustc/0e09125c6c3c2fd70d7de961bcf0e51575235fad/library/test/src/lib.rs:627:18
[INFO] [stdout]   27:     0x55b0a4c294e1 - test::run_test_in_process::{{closure}}::hf5c73986d7bdfde2
[INFO] [stdout]                                at /rustc/0e09125c6c3c2fd70d7de961bcf0e51575235fad/library/test/src/lib.rs:650:60
[INFO] [stdout]   28:     0x55b0a4c294e1 - <core::panic::unwind_safe::AssertUnwindSafe<F> as core::ops::function::FnOnce<()>>::call_once::h330011ad032aadc0
[INFO] [stdout]                                at /rustc/0e09125c6c3c2fd70d7de961bcf0e51575235fad/library/core/src/panic/unwind_safe.rs:272:9
[INFO] [stdout]   29:     0x55b0a4c294e1 - std::panicking::try::do_call::he61b0a958b795a41
[INFO] [stdout]                                at /rustc/0e09125c6c3c2fd70d7de961bcf0e51575235fad/library/std/src/panicking.rs:552:40
[INFO] [stdout]   30:     0x55b0a4c294e1 - std::panicking::try::h7309da130f906eb7
[INFO] [stdout]                                at /rustc/0e09125c6c3c2fd70d7de961bcf0e51575235fad/library/std/src/panicking.rs:516:19
[INFO] [stdout]   31:     0x55b0a4c294e1 - std::panic::catch_unwind::hc5c3a06fdaf0a92a
[INFO] [stdout]                                at /rustc/0e09125c6c3c2fd70d7de961bcf0e51575235fad/library/std/src/panic.rs:142:14
[INFO] [stdout]   32:     0x55b0a4c294e1 - test::run_test_in_process::h7e7b7c71c3324e0f
[INFO] [stdout]                                at /rustc/0e09125c6c3c2fd70d7de961bcf0e51575235fad/library/test/src/lib.rs:650:27
[INFO] [stdout]   33:     0x55b0a4c294e1 - test::run_test::{{closure}}::h1f509f28f5cf20b1
[INFO] [stdout]                                at /rustc/0e09125c6c3c2fd70d7de961bcf0e51575235fad/library/test/src/lib.rs:573:43
[INFO] [stdout]   34:     0x55b0a4bf0816 - test::run_test::{{closure}}::h1754218abf443f6d
[INFO] [stdout]                                at /rustc/0e09125c6c3c2fd70d7de961bcf0e51575235fad/library/test/src/lib.rs:601:41
[INFO] [stdout]   35:     0x55b0a4bf0816 - std::sys_common::backtrace::__rust_begin_short_backtrace::h2ee174b9d5954948
[INFO] [stdout]                                at /rustc/0e09125c6c3c2fd70d7de961bcf0e51575235fad/library/std/src/sys_common/backtrace.rs:155:18
[INFO] [stdout]   36:     0x55b0a4bf5877 - std::thread::Builder::spawn_unchecked_::{{closure}}::{{closure}}::hf60bee9c1a17ef09
[INFO] [stdout]                                at /rustc/0e09125c6c3c2fd70d7de961bcf0e51575235fad/library/std/src/thread/mod.rs:529:17
[INFO] [stdout]   37:     0x55b0a4bf5877 - <core::panic::unwind_safe::AssertUnwindSafe<F> as core::ops::function::FnOnce<()>>::call_once::h33d0dddec5216160
[INFO] [stdout]                                at /rustc/0e09125c6c3c2fd70d7de961bcf0e51575235fad/library/core/src/panic/unwind_safe.rs:272:9
[INFO] [stdout]   38:     0x55b0a4bf5877 - std::panicking::try::do_call::h144b3048b546f835
[INFO] [stdout]                                at /rustc/0e09125c6c3c2fd70d7de961bcf0e51575235fad/library/std/src/panicking.rs:552:40
[INFO] [stdout]   39:     0x55b0a4bf5877 - std::panicking::try::h978244d04646189f
[INFO] [stdout]                                at /rustc/0e09125c6c3c2fd70d7de961bcf0e51575235fad/library/std/src/panicking.rs:516:19
[INFO] [stdout]   40:     0x55b0a4bf5877 - std::panic::catch_unwind::hdf436369d188fe86
[INFO] [stdout]                                at /rustc/0e09125c6c3c2fd70d7de961bcf0e51575235fad/library/std/src/panic.rs:142:14
[INFO] [stdout]   41:     0x55b0a4bf5877 - std::thread::Builder::spawn_unchecked_::{{closure}}::h87329cbdd33c79ec
[INFO] [stdout]                                at /rustc/0e09125c6c3c2fd70d7de961bcf0e51575235fad/library/std/src/thread/mod.rs:528:30
[INFO] [stdout]   42:     0x55b0a4bf5877 - core::ops::function::FnOnce::call_once{{vtable.shim}}::h401abbe67897d450
[INFO] [stdout]                                at /rustc/0e09125c6c3c2fd70d7de961bcf0e51575235fad/library/core/src/ops/function.rs:250:5
[INFO] [stdout]   43:     0x55b0a4c99d05 - <alloc::boxed::Box<F,A> as core::ops::function::FnOnce<Args>>::call_once::h5d7c8f150ab9c84c
[INFO] [stdout]                                at /rustc/0e09125c6c3c2fd70d7de961bcf0e51575235fad/library/alloc/src/boxed.rs:2015:9
[INFO] [stdout]   44:     0x55b0a4c99d05 - <alloc::boxed::Box<F,A> as core::ops::function::FnOnce<Args>>::call_once::h570d5b005c242c15
[INFO] [stdout]                                at /rustc/0e09125c6c3c2fd70d7de961bcf0e51575235fad/library/alloc/src/boxed.rs:2015:9
[INFO] [stdout]   45:     0x55b0a4c99d05 - std::sys::unix::thread::Thread::new::thread_start::h36b0a20c0b2361ad
[INFO] [stdout]                                at /rustc/0e09125c6c3c2fd70d7de961bcf0e51575235fad/library/std/src/sys/unix/thread.rs:108:17
[INFO] [stdout]   46:     0x7f12d745dac3 - <unknown>
[INFO] [stdout]   47:     0x7f12d74eebf4 - __clone
[INFO] [stdout]   48:                0x0 - <unknown>
[INFO] [stdout] 
[INFO] [stdout] 
[INFO] [stdout] failures:
[INFO] [stdout]     init_packet::tests::basic
[INFO] [stdout] 
[INFO] [stdout] test result: FAILED. 2 passed; 1 failed; 0 ignored; 0 measured; 0 filtered out; finished in 0.01s
[INFO] [stdout] 
[INFO] [stderr] error: test failed, to rerun pass `--bin nrfdfu`
[INFO] running `Command { std: "docker" "inspect" "81fa84295cfa207ecf865a15989b044fd2f0c3c489309d7920658de5a2ce53bd", kill_on_drop: false }`
[INFO] running `Command { std: "docker" "rm" "-f" "81fa84295cfa207ecf865a15989b044fd2f0c3c489309d7920658de5a2ce53bd", kill_on_drop: false }`
[INFO] [stdout] 81fa84295cfa207ecf865a15989b044fd2f0c3c489309d7920658de5a2ce53bd
