[INFO] fetching crate npyz 0.8.1...
[INFO] testing npyz-0.8.1 against 1.75.0 for beta-1.76-1
[INFO] extracting crate npyz 0.8.1 into /workspace/builds/worker-3-tc1/source
[INFO] validating manifest of crates.io crate npyz 0.8.1 on toolchain 1.75.0
[INFO] running `Command { std: CARGO_HOME="/workspace/cargo-home" RUSTUP_HOME="/workspace/rustup-home" "/workspace/cargo-home/bin/cargo" "+1.75.0" "metadata" "--manifest-path" "Cargo.toml" "--no-deps", kill_on_drop: false }`
[INFO] started tweaking crates.io crate npyz 0.8.1
[INFO] removed 0 missing examples
[INFO] removed 0 missing tests
[INFO] finished tweaking crates.io crate npyz 0.8.1
[INFO] tweaked toml for crates.io crate npyz 0.8.1 written to /workspace/builds/worker-3-tc1/source/Cargo.toml
[INFO] crate crates.io crate npyz 0.8.1 already has a lockfile, it will not be regenerated
[INFO] running `Command { std: CARGO_HOME="/workspace/cargo-home" RUSTUP_HOME="/workspace/rustup-home" "/workspace/cargo-home/bin/cargo" "+1.75.0" "fetch" "--manifest-path" "Cargo.toml", kill_on_drop: false }`
[INFO] [stderr]     Updating crates.io index
[INFO] [stderr]  Downloading crates ...
[INFO] [stderr]   Downloaded wasm-bindgen-test-macro v0.3.34
[INFO] [stderr]   Downloaded npyz-derive v0.7.0
[INFO] [stderr]   Downloaded pest v2.5.4
[INFO] [stderr]   Downloaded pest_generator v2.5.4
[INFO] [stderr]   Downloaded pest_derive v2.5.4
[INFO] [stderr]   Downloaded pest_meta v2.5.4
[INFO] [stderr]   Downloaded sprs v0.11.0
[INFO] [stderr]   Downloaded zstd-sys v2.0.6+zstd.1.5.2
[INFO] [stderr]   Downloaded wasm-bindgen-test v0.3.34
[INFO] running `Command { std: "docker" "create" "-v" "/var/lib/crater-agent-workspace/builds/worker-3-tc1/target:/opt/rustwide/target:rw,Z" "-v" "/var/lib/crater-agent-workspace/builds/worker-3-tc1/source:/opt/rustwide/workdir:ro,Z" "-v" "/var/lib/crater-agent-workspace/cargo-home:/opt/rustwide/cargo-home:ro,Z" "-v" "/var/lib/crater-agent-workspace/rustup-home:/opt/rustwide/rustup-home:ro,Z" "-e" "SOURCE_DIR=/opt/rustwide/workdir" "-e" "CARGO_TARGET_DIR=/opt/rustwide/target" "-e" "CARGO_HOME=/opt/rustwide/cargo-home" "-e" "RUSTUP_HOME=/opt/rustwide/rustup-home" "-w" "/opt/rustwide/workdir" "-m" "1610612736" "--user" "0:0" "--network" "none" "ghcr.io/rust-lang/crates-build-env/linux@sha256:2788e3201cd34a07e3172128adcd8b3090168a8e3bcc40d7c032b9dda1df7d1c" "/opt/rustwide/cargo-home/bin/cargo" "+1.75.0" "metadata" "--no-deps" "--format-version=1", kill_on_drop: false }`
[INFO] [stdout] 126220118ddee471ebbbfabb5486d69b776fb01802919e3dde748ea6a4c5e0c0
[INFO] running `Command { std: "docker" "start" "-a" "126220118ddee471ebbbfabb5486d69b776fb01802919e3dde748ea6a4c5e0c0", kill_on_drop: false }`
[INFO] running `Command { std: "docker" "inspect" "126220118ddee471ebbbfabb5486d69b776fb01802919e3dde748ea6a4c5e0c0", kill_on_drop: false }`
[INFO] running `Command { std: "docker" "rm" "-f" "126220118ddee471ebbbfabb5486d69b776fb01802919e3dde748ea6a4c5e0c0", kill_on_drop: false }`
[INFO] [stdout] 126220118ddee471ebbbfabb5486d69b776fb01802919e3dde748ea6a4c5e0c0
[INFO] running `Command { std: "docker" "create" "-v" "/var/lib/crater-agent-workspace/builds/worker-3-tc1/target:/opt/rustwide/target:rw,Z" "-v" "/var/lib/crater-agent-workspace/builds/worker-3-tc1/source:/opt/rustwide/workdir:ro,Z" "-v" "/var/lib/crater-agent-workspace/cargo-home:/opt/rustwide/cargo-home:ro,Z" "-v" "/var/lib/crater-agent-workspace/rustup-home:/opt/rustwide/rustup-home:ro,Z" "-e" "SOURCE_DIR=/opt/rustwide/workdir" "-e" "CARGO_TARGET_DIR=/opt/rustwide/target" "-e" "CARGO_INCREMENTAL=0" "-e" "RUST_BACKTRACE=full" "-e" "RUSTFLAGS=--cap-lints=warn" "-e" "RUSTDOCFLAGS=--cap-lints=warn" "-e" "CARGO_HOME=/opt/rustwide/cargo-home" "-e" "RUSTUP_HOME=/opt/rustwide/rustup-home" "-w" "/opt/rustwide/workdir" "-m" "1610612736" "--user" "0:0" "--network" "none" "ghcr.io/rust-lang/crates-build-env/linux@sha256:2788e3201cd34a07e3172128adcd8b3090168a8e3bcc40d7c032b9dda1df7d1c" "/opt/rustwide/cargo-home/bin/cargo" "+1.75.0" "build" "--frozen" "--message-format=json", kill_on_drop: false }`
[INFO] [stdout] a2598097bc496174985841a4c4346eabc7caed9dd8099ecc8b4a145fc4db981b
[INFO] running `Command { std: "docker" "start" "-a" "a2598097bc496174985841a4c4346eabc7caed9dd8099ecc8b4a145fc4db981b", kill_on_drop: false }`
[INFO] [stderr]    Compiling proc-macro2 v1.0.43
[INFO] [stderr]    Compiling quote v1.0.21
[INFO] [stderr]    Compiling unicode-ident v1.0.3
[INFO] [stderr]    Compiling syn v1.0.99
[INFO] [stderr]    Compiling thiserror v1.0.38
[INFO] [stderr]    Compiling num-traits v0.2.15
[INFO] [stderr]    Compiling ucd-trie v0.1.5
[INFO] [stderr]    Compiling once_cell v1.17.0
[INFO] [stderr]    Compiling num-bigint v0.4.3
[INFO] [stderr]    Compiling byteorder v1.4.3
[INFO] [stderr]    Compiling num-integer v0.1.45
[INFO] [stderr]    Compiling num-complex v0.4.2
[INFO] [stderr]    Compiling thiserror-impl v1.0.38
[INFO] [stderr]    Compiling pest v2.5.4
[INFO] [stderr]    Compiling pest_meta v2.5.4
[INFO] [stderr]    Compiling pest_generator v2.5.4
[INFO] [stderr]    Compiling pest_derive v2.5.4
[INFO] [stderr]    Compiling py_literal v0.4.0
[INFO] [stderr]    Compiling npyz v0.8.1 (/opt/rustwide/workdir)
[INFO] [stdout] warning: unused import: `primitive::*`
[INFO] [stdout]   --> src/serialize/mod.rs:19:9
[INFO] [stdout]    |
[INFO] [stdout] 19 | pub use primitive::*;
[INFO] [stdout]    |         ^^^^^^^^^^^^
[INFO] [stdout]    |
[INFO] [stdout]    = note: `#[warn(unused_imports)]` on by default
[INFO] [stdout] 
[INFO] [stdout] 
[INFO] [stdout] warning: unused import: `array_member::*`
[INFO] [stdout]   --> src/serialize/mod.rs:22:9
[INFO] [stdout]    |
[INFO] [stdout] 22 | pub use array_member::*;
[INFO] [stdout]    |         ^^^^^^^^^^^^^^^
[INFO] [stdout] 
[INFO] [stdout] 
[INFO] [stdout] warning: using `.clone()` on a double reference, which returns `&[u8]` instead of cloning the inner type
[INFO] [stdout]    --> src/read.rs:471:45
[INFO] [stdout]     |
[INFO] [stdout] 471 |         let mut reader = self.inner.reader().clone();
[INFO] [stdout]     |                                             ^^^^^^^^
[INFO] [stdout]     |
[INFO] [stdout]     = note: `#[warn(suspicious_double_ref_op)]` on by default
[INFO] [stdout] 
[INFO] [stdout] 
[INFO] [stdout] warning: 3 warnings emitted
[INFO] [stdout] 
[INFO] [stdout] 
[INFO] [stderr]     Finished dev [unoptimized + debuginfo] target(s) in 13.98s
[INFO] running `Command { std: "docker" "inspect" "a2598097bc496174985841a4c4346eabc7caed9dd8099ecc8b4a145fc4db981b", kill_on_drop: false }`
[INFO] running `Command { std: "docker" "rm" "-f" "a2598097bc496174985841a4c4346eabc7caed9dd8099ecc8b4a145fc4db981b", kill_on_drop: false }`
[INFO] [stdout] a2598097bc496174985841a4c4346eabc7caed9dd8099ecc8b4a145fc4db981b
[INFO] running `Command { std: "docker" "create" "-v" "/var/lib/crater-agent-workspace/builds/worker-3-tc1/target:/opt/rustwide/target:rw,Z" "-v" "/var/lib/crater-agent-workspace/builds/worker-3-tc1/source:/opt/rustwide/workdir:ro,Z" "-v" "/var/lib/crater-agent-workspace/cargo-home:/opt/rustwide/cargo-home:ro,Z" "-v" "/var/lib/crater-agent-workspace/rustup-home:/opt/rustwide/rustup-home:ro,Z" "-e" "SOURCE_DIR=/opt/rustwide/workdir" "-e" "CARGO_TARGET_DIR=/opt/rustwide/target" "-e" "CARGO_INCREMENTAL=0" "-e" "RUST_BACKTRACE=full" "-e" "RUSTFLAGS=--cap-lints=warn" "-e" "RUSTDOCFLAGS=--cap-lints=warn" "-e" "CARGO_HOME=/opt/rustwide/cargo-home" "-e" "RUSTUP_HOME=/opt/rustwide/rustup-home" "-w" "/opt/rustwide/workdir" "-m" "1610612736" "--user" "0:0" "--network" "none" "ghcr.io/rust-lang/crates-build-env/linux@sha256:2788e3201cd34a07e3172128adcd8b3090168a8e3bcc40d7c032b9dda1df7d1c" "/opt/rustwide/cargo-home/bin/cargo" "+1.75.0" "test" "--frozen" "--no-run" "--message-format=json", kill_on_drop: false }`
[INFO] [stdout] ab1da8b937fa04d76d99cda333e6c9c4a44972ae582f947d1e1bd95d15a2d635
[INFO] running `Command { std: "docker" "start" "-a" "ab1da8b937fa04d76d99cda333e6c9c4a44972ae582f947d1e1bd95d15a2d635", kill_on_drop: false }`
[INFO] [stderr]    Compiling libc v0.2.131
[INFO] [stderr]    Compiling typenum v1.16.0
[INFO] [stderr]    Compiling pkg-config v0.3.25
[INFO] [stderr]    Compiling generic-array v0.14.6
[INFO] [stderr]    Compiling num-traits v0.2.15
[INFO] [stderr]    Compiling subtle v2.4.1
[INFO] [stderr]    Compiling cpufeatures v0.2.5
[INFO] [stderr]    Compiling crc32fast v1.3.2
[INFO] [stderr]    Compiling zstd-safe v5.0.2+zstd.1.5.2
[INFO] [stderr]    Compiling rand_core v0.6.4
[INFO] [stderr]    Compiling base64ct v1.5.3
[INFO] [stderr]    Compiling miniz_oxide v0.5.3
[INFO] [stderr]    Compiling matrixmultiply v0.3.2
[INFO] [stderr]    Compiling time-core v0.1.0
[INFO] [stderr]    Compiling smallvec v1.9.0
[INFO] [stderr]    Compiling time v0.3.17
[INFO] [stderr]    Compiling bencher v0.1.5
[INFO] [stderr]    Compiling password-hash v0.4.2
[INFO] [stderr]    Compiling jobserver v0.1.25
[INFO] [stderr]    Compiling flate2 v1.0.24
[INFO] [stderr]    Compiling cc v1.0.73
[INFO] [stderr]    Compiling num-integer v0.1.45
[INFO] [stderr]    Compiling num-complex v0.4.2
[INFO] [stderr]    Compiling block-buffer v0.10.3
[INFO] [stderr]    Compiling crypto-common v0.1.6
[INFO] [stderr]    Compiling cipher v0.3.0
[INFO] [stderr]    Compiling digest v0.10.6
[INFO] [stderr]    Compiling num-bigint v0.4.3
[INFO] [stderr]    Compiling aes v0.7.5
[INFO] [stderr]    Compiling ndarray v0.15.6
[INFO] [stderr]    Compiling sha2 v0.10.6
[INFO] [stderr]    Compiling hmac v0.12.1
[INFO] [stderr]    Compiling sha1 v0.10.5
[INFO] [stderr]    Compiling zstd-sys v2.0.6+zstd.1.5.2
[INFO] [stderr]    Compiling bzip2-sys v0.1.11+1.0.8
[INFO] [stderr]    Compiling pbkdf2 v0.11.0
[INFO] [stderr]    Compiling py_literal v0.4.0
[INFO] [stderr]    Compiling npyz v0.8.1 (/opt/rustwide/workdir)
[INFO] [stdout] warning: unused import: `primitive::*`
[INFO] [stdout]   --> src/serialize/mod.rs:19:9
[INFO] [stdout]    |
[INFO] [stdout] 19 | pub use primitive::*;
[INFO] [stdout]    |         ^^^^^^^^^^^^
[INFO] [stdout]    |
[INFO] [stdout]    = note: `#[warn(unused_imports)]` on by default
[INFO] [stdout] 
[INFO] [stdout] 
[INFO] [stdout] warning: unused import: `array_member::*`
[INFO] [stdout]   --> src/serialize/mod.rs:22:9
[INFO] [stdout]    |
[INFO] [stdout] 22 | pub use array_member::*;
[INFO] [stdout]    |         ^^^^^^^^^^^^^^^
[INFO] [stdout] 
[INFO] [stdout] 
[INFO] [stderr]    Compiling bzip2 v0.4.3
[INFO] [stdout] warning: using `.clone()` on a double reference, which returns `&[u8]` instead of cloning the inner type
[INFO] [stdout]    --> src/read.rs:471:45
[INFO] [stdout]     |
[INFO] [stdout] 471 |         let mut reader = self.inner.reader().clone();
[INFO] [stdout]     |                                             ^^^^^^^^
[INFO] [stdout]     |
[INFO] [stdout]     = note: `#[warn(suspicious_double_ref_op)]` on by default
[INFO] [stdout] 
[INFO] [stdout] 
[INFO] [stdout] warning: 3 warnings emitted
[INFO] [stdout] 
[INFO] [stdout] 
[INFO] [stderr]    Compiling sprs v0.11.0
[INFO] [stderr]    Compiling zstd v0.11.2+zstd.1.5.2
[INFO] [stderr]    Compiling zip v0.6.4
[INFO] [stdout] warning: unused import: `primitive::*`
[INFO] [stdout]   --> src/serialize/mod.rs:19:9
[INFO] [stdout]    |
[INFO] [stdout] 19 | pub use primitive::*;
[INFO] [stdout]    |         ^^^^^^^^^^^^
[INFO] [stdout]    |
[INFO] [stdout]    = note: `#[warn(unused_imports)]` on by default
[INFO] [stdout] 
[INFO] [stdout] 
[INFO] [stdout] warning: unused import: `array_member::*`
[INFO] [stdout]   --> src/serialize/mod.rs:22:9
[INFO] [stdout]    |
[INFO] [stdout] 22 | pub use array_member::*;
[INFO] [stdout]    |         ^^^^^^^^^^^^^^^
[INFO] [stdout] 
[INFO] [stdout] 
[INFO] [stdout] warning: using `.clone()` on a double reference, which returns `&[u8]` instead of cloning the inner type
[INFO] [stdout]    --> src/read.rs:471:45
[INFO] [stdout]     |
[INFO] [stdout] 471 |         let mut reader = self.inner.reader().clone();
[INFO] [stdout]     |                                             ^^^^^^^^
[INFO] [stdout]     |
[INFO] [stdout]     = note: `#[warn(suspicious_double_ref_op)]` on by default
[INFO] [stdout] 
[INFO] [stdout] 
[INFO] [stdout] warning: 3 warnings emitted
[INFO] [stdout] 
[INFO] [stdout] 
[INFO] [stderr]     Finished test [unoptimized + debuginfo] target(s) in 23.25s
[INFO] running `Command { std: "docker" "inspect" "ab1da8b937fa04d76d99cda333e6c9c4a44972ae582f947d1e1bd95d15a2d635", kill_on_drop: false }`
[INFO] running `Command { std: "docker" "rm" "-f" "ab1da8b937fa04d76d99cda333e6c9c4a44972ae582f947d1e1bd95d15a2d635", kill_on_drop: false }`
[INFO] [stdout] ab1da8b937fa04d76d99cda333e6c9c4a44972ae582f947d1e1bd95d15a2d635
[INFO] running `Command { std: "docker" "create" "-v" "/var/lib/crater-agent-workspace/builds/worker-3-tc1/target:/opt/rustwide/target:rw,Z" "-v" "/var/lib/crater-agent-workspace/builds/worker-3-tc1/source:/opt/rustwide/workdir:ro,Z" "-v" "/var/lib/crater-agent-workspace/cargo-home:/opt/rustwide/cargo-home:ro,Z" "-v" "/var/lib/crater-agent-workspace/rustup-home:/opt/rustwide/rustup-home:ro,Z" "-e" "SOURCE_DIR=/opt/rustwide/workdir" "-e" "CARGO_TARGET_DIR=/opt/rustwide/target" "-e" "CARGO_INCREMENTAL=0" "-e" "RUST_BACKTRACE=full" "-e" "RUSTFLAGS=--cap-lints=warn" "-e" "RUSTDOCFLAGS=--cap-lints=warn" "-e" "CARGO_HOME=/opt/rustwide/cargo-home" "-e" "RUSTUP_HOME=/opt/rustwide/rustup-home" "-w" "/opt/rustwide/workdir" "-m" "1610612736" "--user" "0:0" "--network" "none" "ghcr.io/rust-lang/crates-build-env/linux@sha256:2788e3201cd34a07e3172128adcd8b3090168a8e3bcc40d7c032b9dda1df7d1c" "/opt/rustwide/cargo-home/bin/cargo" "+1.75.0" "test" "--frozen", kill_on_drop: false }`
[INFO] [stdout] 39df6b8bb95f6caddffaf122172231a1ad1ef0f2ae8005ebc2f748478c1acd4c
[INFO] running `Command { std: "docker" "start" "-a" "39df6b8bb95f6caddffaf122172231a1ad1ef0f2ae8005ebc2f748478c1acd4c", kill_on_drop: false }`
[INFO] [stderr] warning: unused import: `primitive::*`
[INFO] [stderr]   --> src/serialize/mod.rs:19:9
[INFO] [stderr]    |
[INFO] [stderr] 19 | pub use primitive::*;
[INFO] [stderr]    |         ^^^^^^^^^^^^
[INFO] [stderr]    |
[INFO] [stderr]    = note: `#[warn(unused_imports)]` on by default
[INFO] [stderr] 
[INFO] [stderr] warning: unused import: `array_member::*`
[INFO] [stderr]   --> src/serialize/mod.rs:22:9
[INFO] [stderr]    |
[INFO] [stderr] 22 | pub use array_member::*;
[INFO] [stderr]    |         ^^^^^^^^^^^^^^^
[INFO] [stderr] 
[INFO] [stderr] warning: using `.clone()` on a double reference, which returns `&[u8]` instead of cloning the inner type
[INFO] [stderr]    --> src/read.rs:471:45
[INFO] [stderr]     |
[INFO] [stderr] 471 |         let mut reader = self.inner.reader().clone();
[INFO] [stderr]     |                                             ^^^^^^^^
[INFO] [stderr]     |
[INFO] [stderr]     = note: `#[warn(suspicious_double_ref_op)]` on by default
[INFO] [stderr] 
[INFO] [stderr] warning: `npyz` (lib) generated 3 warnings (run `cargo fix --lib -p npyz` to apply 2 suggestions)
[INFO] [stderr] warning: `npyz` (lib test) generated 3 warnings (3 duplicates)
[INFO] [stderr]     Finished test [unoptimized + debuginfo] target(s) in 0.08s
[INFO] [stderr]      Running unittests src/lib.rs (/opt/rustwide/target/debug/deps/npyz-bb2fcbf3bfc43c76)
[INFO] [stdout] 
[INFO] [stdout] running 53 tests
[INFO] [stdout] test header::tests::converts_record_description_to_record_dtype ... ok
[INFO] [stdout] test header::tests::description_of_unstructured_primitive_array ... ok
[INFO] [stdout] test header::tests::description_of_nested_record_dtype ... ok
[INFO] [stdout] test header::tests::description_of_record_array_as_python_list_of_tuples ... ok
[INFO] [stdout] test header::tests::converts_simple_description_to_record_dtype ... ok
[INFO] [stdout] test header::tests::errors_on_value_variants_that_cannot_be_converted ... ok
[INFO] [stdout] test header::tests::converts_non_endian_description_to_record_dtype ... ok
[INFO] [stdout] test header::tests::errors_when_shape_number_is_larger_than_u64 ... ok
[INFO] [stdout] test header::tests::errors_when_record_list_entry_contains_too_few_items ... ok
[INFO] [stdout] test header::tests::errors_when_record_list_does_not_contain_lists ... ok
[INFO] [stdout] test header::tests::nested_record_field_array ... ok
[INFO] [stdout] test header::tests::funny_member_name_roundtrips ... ok
[INFO] [stdout] test header::tests::record_description_with_nested_record_field ... ok
[INFO] [stdout] test header::tests::errors_when_record_list_entry_contains_non_strings_for_id_or_dtype ... ok
[INFO] [stdout] test header::tests::errors_when_shape_is_not_a_list ... ok
[INFO] [stdout] test header::tests::errors_when_shape_number_is_not_a_number ... ok
[INFO] [stdout] test header::tests::errors_when_record_list_entry_contains_too_many_items ... ok
[INFO] [stdout] test header::tests::record_description_with_onedimensional_field_shape_declaration ... ok
[INFO] [stdout] test read::tests::test_methods_after_partial_iteration ... ok
[INFO] [stdout] test header::tests::errors_when_shape_number_is_negative ... ok
[INFO] [stdout] test read::tests::test_read_boundary_ok ... ok
[INFO] [stdout] test read::tests::test_next_after_finished_iteration ... ok
[INFO] [stdout] test read::tests::test_methods_after_seek ... ok
[INFO] [stdout] test read::tests::test_reusing_header ... ok
[INFO] [stdout] test read::tests::test_strides ... ok
[INFO] [stdout] test serialize::primitive::tests::bad_datetime_types ... ok
[INFO] [stdout] test serialize::primitive::tests::default_simple_type_strs ... ok
[INFO] [stdout] test serialize::primitive::tests::datetime_as_int ... ok
[INFO] [stdout] test read::tests::test_seek_boundary_ok ... ok
[INFO] [stdout] test serialize::primitive::tests::identity ... ok
[INFO] [stdout] test serialize::primitive::tests::wrong_size_int ... ok
[INFO] [stdout] test serialize::primitive::tests::native_float_types ... ok
[INFO] [stdout] test serialize::slice::tests::bytes_any_endianness ... ok
[INFO] [stdout] test serialize::slice::tests::length_zero ... ok
[INFO] [stdout] test serialize::slice::tests::fixed_size_bytes_restrictions ... ok
[INFO] [stdout] test serialize::primitive::tests::native_bool ... ok
[INFO] [stdout] test serialize::slice::tests::reading_invalid_utf32_or_utf8 ... ok
[INFO] [stdout] test serialize::slice::tests::preserve_interior_nuls ... ok
[INFO] [stdout] test serialize::slice::tests::serialize_types_that_deref_to_slices ... ok
[INFO] [stdout] test serialize::slice::tests::truncate_trailing_nuls ... ok
[INFO] [stdout] test serialize::slice::tests::writing_invalid_utf32 ... ok
[INFO] [stdout] test serialize::traits::tests::dynamic_readers_and_writers ... ok
[INFO] [stdout] test write::tests::implicit_finish ... ok
[INFO] [stdout] test type_str::tests::display_simple ... ok
[INFO] [stdout] test type_str::tests::roundtrip ... ok
[INFO] [stdout] test type_str::parse::tests::errors ... ok
[INFO] [stdout] test write::tests::write_1d_in_the_middle ... ok
[INFO] [stdout] test write::tests::write_nd_simple ... ok
[INFO] [stdout] test serialize::slice::tests::write_wrong_length ... ok
[INFO] [stdout] test write::tests::write_nd_wrong_len ... ok
[INFO] [stdout] test write::tests::write_1d_simple ... ok
[INFO] [stdout] test read::tests::test_seek_boundary_ng - should panic ... ok
[INFO] [stdout] test read::tests::test_read_boundary_ng - should panic ... ok
[INFO] [stdout] 
[INFO] [stdout] test result: ok. 53 passed; 0 failed; 0 ignored; 0 measured; 0 filtered out; finished in 0.13s
[INFO] [stdout] 
[INFO] [stderr]      Running tests/nd.rs (/opt/rustwide/target/debug/deps/nd-f443bee557ec394f)
[INFO] [stdout] 
[INFO] [stdout] running 4 tests
[INFO] [stdout] test write_c_order ... ok
[INFO] [stdout] test write_fortran_order ... ok
[INFO] [stdout] test read_c_order ... ok
[INFO] [stdout] test read_fortran_order ... ok
[INFO] [stdout] 
[INFO] [stdout] test result: ok. 4 passed; 0 failed; 0 ignored; 0 measured; 0 filtered out; finished in 0.01s
[INFO] [stdout] 
[INFO] [stderr]      Running tests/strings.rs (/opt/rustwide/target/debug/deps/strings-73ea3be580168e7e)
[INFO] [stdout] 
[INFO] [stdout] running 2 tests
[INFO] [stdout] test writing_strings ... ok
[INFO] [stdout] test unicode_files ... ok
[INFO] [stdout] 
[INFO] [stdout] test result: ok. 2 passed; 0 failed; 0 ignored; 0 measured; 0 filtered out; finished in 0.01s
[INFO] [stdout] 
[INFO] [stderr]    Doc-tests npyz
[INFO] [stdout] 
[INFO] [stdout] running 12 tests
[INFO] [stdout] test src/read.rs - read::NpyFile (line 100) ... ok
[INFO] [stdout] test src/lib.rs - (line 70) ... ok
[INFO] [stdout] test src/lib.rs - (line 89) ... ok
[INFO] [stdout] test src/read.rs - read::NpyFile (line 35) ... ok
[INFO] [stdout] test src/lib.rs - (line 43) ... ok
[INFO] [stdout] test src/read.rs - read::NpyFile (line 11) ... ok
[INFO] [stdout] test src/lib.rs - (line 167) ... FAILED
[INFO] [stdout] test src/read.rs - read::NpyHeader (line 134) ... ok
[INFO] [stdout] test src/read.rs - read::NpyFile (line 57) ... ok
[INFO] [stdout] test src/type_str.rs - type_str::TypeStr (line 9) ... ok
[INFO] [stdout] test src/write.rs - write::NpyWriter (line 293) ... ok
[INFO] [stderr] error: doctest failed, to rerun pass `--doc`
[INFO] [stdout] test src/lib.rs - (line 126) ... ok
[INFO] [stdout] 
[INFO] [stdout] failures:
[INFO] [stdout] 
[INFO] [stdout] ---- src/lib.rs - (line 167) stdout ----
[INFO] [stdout] Test executable failed (exit status: 1).
[INFO] [stdout] 
[INFO] [stdout] stderr:
[INFO] [stdout] Error: Os { code: 30, kind: ReadOnlyFilesystem, message: "Read-only file system" }
[INFO] [stdout] 
[INFO] [stdout] 
[INFO] [stdout] 
[INFO] [stdout] failures:
[INFO] [stdout]     src/lib.rs - (line 167)
[INFO] [stdout] 
[INFO] [stdout] test result: FAILED. 11 passed; 1 failed; 0 ignored; 0 measured; 0 filtered out; finished in 3.39s
[INFO] [stdout] 
[INFO] running `Command { std: "docker" "inspect" "39df6b8bb95f6caddffaf122172231a1ad1ef0f2ae8005ebc2f748478c1acd4c", kill_on_drop: false }`
[INFO] running `Command { std: "docker" "rm" "-f" "39df6b8bb95f6caddffaf122172231a1ad1ef0f2ae8005ebc2f748478c1acd4c", kill_on_drop: false }`
[INFO] [stdout] 39df6b8bb95f6caddffaf122172231a1ad1ef0f2ae8005ebc2f748478c1acd4c
[INFO] testing npyz-0.8.1 against beta-2023-12-22 for beta-1.76-1
[INFO] extracting crate npyz 0.8.1 into /workspace/builds/worker-3-tc2/source
[INFO] validating manifest of crates.io crate npyz 0.8.1 on toolchain beta-2023-12-22
[INFO] running `Command { std: CARGO_HOME="/workspace/cargo-home" RUSTUP_HOME="/workspace/rustup-home" "/workspace/cargo-home/bin/cargo" "+beta-2023-12-22" "metadata" "--manifest-path" "Cargo.toml" "--no-deps", kill_on_drop: false }`
[INFO] started tweaking crates.io crate npyz 0.8.1
[INFO] removed 0 missing examples
[INFO] removed 0 missing tests
[INFO] finished tweaking crates.io crate npyz 0.8.1
[INFO] tweaked toml for crates.io crate npyz 0.8.1 written to /workspace/builds/worker-3-tc2/source/Cargo.toml
[INFO] crate crates.io crate npyz 0.8.1 already has a lockfile, it will not be regenerated
[INFO] running `Command { std: CARGO_HOME="/workspace/cargo-home" RUSTUP_HOME="/workspace/rustup-home" "/workspace/cargo-home/bin/cargo" "+beta-2023-12-22" "fetch" "--manifest-path" "Cargo.toml", kill_on_drop: false }`
[INFO] running `Command { std: "docker" "create" "-v" "/var/lib/crater-agent-workspace/builds/worker-3-tc2/target:/opt/rustwide/target:rw,Z" "-v" "/var/lib/crater-agent-workspace/builds/worker-3-tc2/source:/opt/rustwide/workdir:ro,Z" "-v" "/var/lib/crater-agent-workspace/cargo-home:/opt/rustwide/cargo-home:ro,Z" "-v" "/var/lib/crater-agent-workspace/rustup-home:/opt/rustwide/rustup-home:ro,Z" "-e" "SOURCE_DIR=/opt/rustwide/workdir" "-e" "CARGO_TARGET_DIR=/opt/rustwide/target" "-e" "CARGO_HOME=/opt/rustwide/cargo-home" "-e" "RUSTUP_HOME=/opt/rustwide/rustup-home" "-w" "/opt/rustwide/workdir" "-m" "1610612736" "--user" "0:0" "--network" "none" "ghcr.io/rust-lang/crates-build-env/linux@sha256:2788e3201cd34a07e3172128adcd8b3090168a8e3bcc40d7c032b9dda1df7d1c" "/opt/rustwide/cargo-home/bin/cargo" "+beta-2023-12-22" "metadata" "--no-deps" "--format-version=1", kill_on_drop: false }`
[INFO] [stdout] 3e32bbba3d553786783b09d40ab44e8427eec8a452f230dedff9ce0fac424a21
[INFO] running `Command { std: "docker" "start" "-a" "3e32bbba3d553786783b09d40ab44e8427eec8a452f230dedff9ce0fac424a21", kill_on_drop: false }`
[INFO] running `Command { std: "docker" "inspect" "3e32bbba3d553786783b09d40ab44e8427eec8a452f230dedff9ce0fac424a21", kill_on_drop: false }`
[INFO] running `Command { std: "docker" "rm" "-f" "3e32bbba3d553786783b09d40ab44e8427eec8a452f230dedff9ce0fac424a21", kill_on_drop: false }`
[INFO] [stdout] 3e32bbba3d553786783b09d40ab44e8427eec8a452f230dedff9ce0fac424a21
[INFO] running `Command { std: "docker" "create" "-v" "/var/lib/crater-agent-workspace/builds/worker-3-tc2/target:/opt/rustwide/target:rw,Z" "-v" "/var/lib/crater-agent-workspace/builds/worker-3-tc2/source:/opt/rustwide/workdir:ro,Z" "-v" "/var/lib/crater-agent-workspace/cargo-home:/opt/rustwide/cargo-home:ro,Z" "-v" "/var/lib/crater-agent-workspace/rustup-home:/opt/rustwide/rustup-home:ro,Z" "-e" "SOURCE_DIR=/opt/rustwide/workdir" "-e" "CARGO_TARGET_DIR=/opt/rustwide/target" "-e" "CARGO_INCREMENTAL=0" "-e" "RUST_BACKTRACE=full" "-e" "RUSTFLAGS=--cap-lints=warn" "-e" "RUSTDOCFLAGS=--cap-lints=warn" "-e" "CARGO_HOME=/opt/rustwide/cargo-home" "-e" "RUSTUP_HOME=/opt/rustwide/rustup-home" "-w" "/opt/rustwide/workdir" "-m" "1610612736" "--user" "0:0" "--network" "none" "ghcr.io/rust-lang/crates-build-env/linux@sha256:2788e3201cd34a07e3172128adcd8b3090168a8e3bcc40d7c032b9dda1df7d1c" "/opt/rustwide/cargo-home/bin/cargo" "+beta-2023-12-22" "build" "--frozen" "--message-format=json", kill_on_drop: false }`
[INFO] [stdout] 169a9a1cff7074f936b2b5f8e412a7bed7fc0873b226ba3c11bfd951e45357f7
[INFO] running `Command { std: "docker" "start" "-a" "169a9a1cff7074f936b2b5f8e412a7bed7fc0873b226ba3c11bfd951e45357f7", kill_on_drop: false }`
[INFO] [stderr]    Compiling proc-macro2 v1.0.43
[INFO] [stderr]    Compiling quote v1.0.21
[INFO] [stderr]    Compiling unicode-ident v1.0.3
[INFO] [stderr]    Compiling syn v1.0.99
[INFO] [stderr]    Compiling thiserror v1.0.38
[INFO] [stderr]    Compiling num-traits v0.2.15
[INFO] [stderr]    Compiling ucd-trie v0.1.5
[INFO] [stderr]    Compiling once_cell v1.17.0
[INFO] [stderr]    Compiling num-bigint v0.4.3
[INFO] [stderr]    Compiling byteorder v1.4.3
[INFO] [stderr]    Compiling num-integer v0.1.45
[INFO] [stderr]    Compiling num-complex v0.4.2
[INFO] [stderr]    Compiling thiserror-impl v1.0.38
[INFO] [stderr]    Compiling pest v2.5.4
[INFO] [stderr]    Compiling pest_meta v2.5.4
[INFO] [stderr]    Compiling pest_generator v2.5.4
[INFO] [stderr]    Compiling pest_derive v2.5.4
[INFO] [stderr]    Compiling py_literal v0.4.0
[INFO] [stderr]    Compiling npyz v0.8.1 (/opt/rustwide/workdir)
[INFO] [stdout] warning: unused import: `primitive::*`
[INFO] [stdout]   --> src/serialize/mod.rs:19:9
[INFO] [stdout]    |
[INFO] [stdout] 19 | pub use primitive::*;
[INFO] [stdout]    |         ^^^^^^^^^^^^
[INFO] [stdout]    |
[INFO] [stdout]    = note: `#[warn(unused_imports)]` on by default
[INFO] [stdout] 
[INFO] [stdout] 
[INFO] [stdout] warning: unused import: `array_member::*`
[INFO] [stdout]   --> src/serialize/mod.rs:22:9
[INFO] [stdout]    |
[INFO] [stdout] 22 | pub use array_member::*;
[INFO] [stdout]    |         ^^^^^^^^^^^^^^^
[INFO] [stdout] 
[INFO] [stdout] 
[INFO] [stdout] warning: using `.clone()` on a double reference, which returns `&[u8]` instead of cloning the inner type
[INFO] [stdout]    --> src/read.rs:471:45
[INFO] [stdout]     |
[INFO] [stdout] 471 |         let mut reader = self.inner.reader().clone();
[INFO] [stdout]     |                                             ^^^^^^^^
[INFO] [stdout]     |
[INFO] [stdout]     = note: `#[warn(suspicious_double_ref_op)]` on by default
[INFO] [stdout] 
[INFO] [stdout] 
[INFO] [stdout] warning: 3 warnings emitted
[INFO] [stdout] 
[INFO] [stdout] 
[INFO] [stderr]     Finished dev [unoptimized + debuginfo] target(s) in 12.32s
[INFO] running `Command { std: "docker" "inspect" "169a9a1cff7074f936b2b5f8e412a7bed7fc0873b226ba3c11bfd951e45357f7", kill_on_drop: false }`
[INFO] running `Command { std: "docker" "rm" "-f" "169a9a1cff7074f936b2b5f8e412a7bed7fc0873b226ba3c11bfd951e45357f7", kill_on_drop: false }`
[INFO] [stdout] 169a9a1cff7074f936b2b5f8e412a7bed7fc0873b226ba3c11bfd951e45357f7
[INFO] running `Command { std: "docker" "create" "-v" "/var/lib/crater-agent-workspace/builds/worker-3-tc2/target:/opt/rustwide/target:rw,Z" "-v" "/var/lib/crater-agent-workspace/builds/worker-3-tc2/source:/opt/rustwide/workdir:ro,Z" "-v" "/var/lib/crater-agent-workspace/cargo-home:/opt/rustwide/cargo-home:ro,Z" "-v" "/var/lib/crater-agent-workspace/rustup-home:/opt/rustwide/rustup-home:ro,Z" "-e" "SOURCE_DIR=/opt/rustwide/workdir" "-e" "CARGO_TARGET_DIR=/opt/rustwide/target" "-e" "CARGO_INCREMENTAL=0" "-e" "RUST_BACKTRACE=full" "-e" "RUSTFLAGS=--cap-lints=warn" "-e" "RUSTDOCFLAGS=--cap-lints=warn" "-e" "CARGO_HOME=/opt/rustwide/cargo-home" "-e" "RUSTUP_HOME=/opt/rustwide/rustup-home" "-w" "/opt/rustwide/workdir" "-m" "1610612736" "--user" "0:0" "--network" "none" "ghcr.io/rust-lang/crates-build-env/linux@sha256:2788e3201cd34a07e3172128adcd8b3090168a8e3bcc40d7c032b9dda1df7d1c" "/opt/rustwide/cargo-home/bin/cargo" "+beta-2023-12-22" "test" "--frozen" "--no-run" "--message-format=json", kill_on_drop: false }`
[INFO] [stdout] c27e3a8adb13c9af18e3a34e9c7f2afff2d20e4a743156460ca214e78b92486c
[INFO] running `Command { std: "docker" "start" "-a" "c27e3a8adb13c9af18e3a34e9c7f2afff2d20e4a743156460ca214e78b92486c", kill_on_drop: false }`
[INFO] [stderr]    Compiling libc v0.2.131
[INFO] [stderr]    Compiling typenum v1.16.0
[INFO] [stderr]    Compiling pkg-config v0.3.25
[INFO] [stderr]    Compiling generic-array v0.14.6
[INFO] [stderr]    Compiling num-traits v0.2.15
[INFO] [stderr]    Compiling subtle v2.4.1
[INFO] [stderr]    Compiling cpufeatures v0.2.5
[INFO] [stderr]    Compiling zstd-safe v5.0.2+zstd.1.5.2
[INFO] [stderr]    Compiling crc32fast v1.3.2
[INFO] [stderr]    Compiling rand_core v0.6.4
[INFO] [stderr]    Compiling base64ct v1.5.3
[INFO] [stderr]    Compiling miniz_oxide v0.5.3
[INFO] [stderr]    Compiling matrixmultiply v0.3.2
[INFO] [stderr]    Compiling password-hash v0.4.2
[INFO] [stderr]    Compiling time-core v0.1.0
[INFO] [stderr]    Compiling time v0.3.17
[INFO] [stderr]    Compiling smallvec v1.9.0
[INFO] [stderr]    Compiling flate2 v1.0.24
[INFO] [stderr]    Compiling jobserver v0.1.25
[INFO] [stderr]    Compiling cc v1.0.73
[INFO] [stderr]    Compiling bencher v0.1.5
[INFO] [stderr]    Compiling num-integer v0.1.45
[INFO] [stderr]    Compiling num-complex v0.4.2
[INFO] [stderr]    Compiling zstd-sys v2.0.6+zstd.1.5.2
[INFO] [stderr]    Compiling bzip2-sys v0.1.11+1.0.8
[INFO] [stderr]    Compiling crypto-common v0.1.6
[INFO] [stderr]    Compiling block-buffer v0.10.3
[INFO] [stderr]    Compiling cipher v0.3.0
[INFO] [stderr]    Compiling digest v0.10.6
[INFO] [stderr]    Compiling num-bigint v0.4.3
[INFO] [stderr]    Compiling aes v0.7.5
[INFO] [stderr]    Compiling hmac v0.12.1
[INFO] [stderr]    Compiling sha2 v0.10.6
[INFO] [stderr]    Compiling sha1 v0.10.5
[INFO] [stderr]    Compiling ndarray v0.15.6
[INFO] [stderr]    Compiling pbkdf2 v0.11.0
[INFO] [stderr]    Compiling bzip2 v0.4.3
[INFO] [stderr]    Compiling py_literal v0.4.0
[INFO] [stderr]    Compiling npyz v0.8.1 (/opt/rustwide/workdir)
[INFO] [stdout] warning: unused import: `primitive::*`
[INFO] [stdout]   --> src/serialize/mod.rs:19:9
[INFO] [stdout]    |
[INFO] [stdout] 19 | pub use primitive::*;
[INFO] [stdout]    |         ^^^^^^^^^^^^
[INFO] [stdout]    |
[INFO] [stdout]    = note: `#[warn(unused_imports)]` on by default
[INFO] [stdout] 
[INFO] [stdout] 
[INFO] [stdout] warning: unused import: `array_member::*`
[INFO] [stdout]   --> src/serialize/mod.rs:22:9
[INFO] [stdout]    |
[INFO] [stdout] 22 | pub use array_member::*;
[INFO] [stdout]    |         ^^^^^^^^^^^^^^^
[INFO] [stdout] 
[INFO] [stdout] 
[INFO] [stdout] warning: using `.clone()` on a double reference, which returns `&[u8]` instead of cloning the inner type
[INFO] [stdout]    --> src/read.rs:471:45
[INFO] [stdout]     |
[INFO] [stdout] 471 |         let mut reader = self.inner.reader().clone();
[INFO] [stdout]     |                                             ^^^^^^^^
[INFO] [stdout]     |
[INFO] [stdout]     = note: `#[warn(suspicious_double_ref_op)]` on by default
[INFO] [stdout] 
[INFO] [stdout] 
[INFO] [stdout] warning: 3 warnings emitted
[INFO] [stdout] 
[INFO] [stdout] 
[INFO] [stderr]    Compiling zstd v0.11.2+zstd.1.5.2
[INFO] [stderr]    Compiling zip v0.6.4
[INFO] [stderr]    Compiling sprs v0.11.0
[INFO] [stdout] warning: unused import: `primitive::*`
[INFO] [stdout]   --> src/serialize/mod.rs:19:9
[INFO] [stdout]    |
[INFO] [stdout] 19 | pub use primitive::*;
[INFO] [stdout]    |         ^^^^^^^^^^^^
[INFO] [stdout]    |
[INFO] [stdout]    = note: `#[warn(unused_imports)]` on by default
[INFO] [stdout] 
[INFO] [stdout] 
[INFO] [stdout] warning: unused import: `array_member::*`
[INFO] [stdout]   --> src/serialize/mod.rs:22:9
[INFO] [stdout]    |
[INFO] [stdout] 22 | pub use array_member::*;
[INFO] [stdout]    |         ^^^^^^^^^^^^^^^
[INFO] [stdout] 
[INFO] [stdout] 
[INFO] [stdout] warning: using `.clone()` on a double reference, which returns `&[u8]` instead of cloning the inner type
[INFO] [stdout]    --> src/read.rs:471:45
[INFO] [stdout]     |
[INFO] [stdout] 471 |         let mut reader = self.inner.reader().clone();
[INFO] [stdout]     |                                             ^^^^^^^^
[INFO] [stdout]     |
[INFO] [stdout]     = note: `#[warn(suspicious_double_ref_op)]` on by default
[INFO] [stdout] 
[INFO] [stdout] 
[INFO] [stdout] warning: 3 warnings emitted
[INFO] [stdout] 
[INFO] [stdout] 
[INFO] [stderr]     Finished test [unoptimized + debuginfo] target(s) in 22.48s
[INFO] running `Command { std: "docker" "inspect" "c27e3a8adb13c9af18e3a34e9c7f2afff2d20e4a743156460ca214e78b92486c", kill_on_drop: false }`
[INFO] running `Command { std: "docker" "rm" "-f" "c27e3a8adb13c9af18e3a34e9c7f2afff2d20e4a743156460ca214e78b92486c", kill_on_drop: false }`
[INFO] [stdout] c27e3a8adb13c9af18e3a34e9c7f2afff2d20e4a743156460ca214e78b92486c
[INFO] running `Command { std: "docker" "create" "-v" "/var/lib/crater-agent-workspace/builds/worker-3-tc2/target:/opt/rustwide/target:rw,Z" "-v" "/var/lib/crater-agent-workspace/builds/worker-3-tc2/source:/opt/rustwide/workdir:ro,Z" "-v" "/var/lib/crater-agent-workspace/cargo-home:/opt/rustwide/cargo-home:ro,Z" "-v" "/var/lib/crater-agent-workspace/rustup-home:/opt/rustwide/rustup-home:ro,Z" "-e" "SOURCE_DIR=/opt/rustwide/workdir" "-e" "CARGO_TARGET_DIR=/opt/rustwide/target" "-e" "CARGO_INCREMENTAL=0" "-e" "RUST_BACKTRACE=full" "-e" "RUSTFLAGS=--cap-lints=warn" "-e" "RUSTDOCFLAGS=--cap-lints=warn" "-e" "CARGO_HOME=/opt/rustwide/cargo-home" "-e" "RUSTUP_HOME=/opt/rustwide/rustup-home" "-w" "/opt/rustwide/workdir" "-m" "1610612736" "--user" "0:0" "--network" "none" "ghcr.io/rust-lang/crates-build-env/linux@sha256:2788e3201cd34a07e3172128adcd8b3090168a8e3bcc40d7c032b9dda1df7d1c" "/opt/rustwide/cargo-home/bin/cargo" "+beta-2023-12-22" "test" "--frozen", kill_on_drop: false }`
[INFO] [stdout] 1cb4f1de563005ce71a6da85f3e8e5e1e1ed4fee9a31441bc511f291d2f9d2ca
[INFO] running `Command { std: "docker" "start" "-a" "1cb4f1de563005ce71a6da85f3e8e5e1e1ed4fee9a31441bc511f291d2f9d2ca", kill_on_drop: false }`
[INFO] [stderr] warning: unused import: `primitive::*`
[INFO] [stderr]   --> src/serialize/mod.rs:19:9
[INFO] [stderr]    |
[INFO] [stderr] 19 | pub use primitive::*;
[INFO] [stderr]    |         ^^^^^^^^^^^^
[INFO] [stderr]    |
[INFO] [stderr]    = note: `#[warn(unused_imports)]` on by default
[INFO] [stderr] 
[INFO] [stderr] warning: unused import: `array_member::*`
[INFO] [stderr]   --> src/serialize/mod.rs:22:9
[INFO] [stderr]    |
[INFO] [stderr] 22 | pub use array_member::*;
[INFO] [stderr]    |         ^^^^^^^^^^^^^^^
[INFO] [stderr] 
[INFO] [stderr] warning: using `.clone()` on a double reference, which returns `&[u8]` instead of cloning the inner type
[INFO] [stderr]    --> src/read.rs:471:45
[INFO] [stderr]     |
[INFO] [stderr] 471 |         let mut reader = self.inner.reader().clone();
[INFO] [stderr]     |                                             ^^^^^^^^
[INFO] [stderr]     |
[INFO] [stderr]     = note: `#[warn(suspicious_double_ref_op)]` on by default
[INFO] [stderr] 
[INFO] [stderr] warning: `npyz` (lib) generated 3 warnings (run `cargo fix --lib -p npyz` to apply 2 suggestions)
[INFO] [stderr] warning: `npyz` (lib test) generated 3 warnings (3 duplicates)
[INFO] [stderr]     Finished test [unoptimized + debuginfo] target(s) in 0.06s
[INFO] [stderr]      Running unittests src/lib.rs (/opt/rustwide/target/debug/deps/npyz-4df4585d6a723c1a)
[INFO] [stdout] 
[INFO] [stdout] running 53 tests
[INFO] [stdout] test header::tests::converts_simple_description_to_record_dtype ... ok
[INFO] [stdout] test header::tests::description_of_unstructured_primitive_array ... ok
[INFO] [stdout] test header::tests::errors_on_value_variants_that_cannot_be_converted ... ok
[INFO] [stdout] test header::tests::errors_when_record_list_does_not_contain_lists ... ok
[INFO] [stdout] test header::tests::errors_when_record_list_entry_contains_non_strings_for_id_or_dtype ... ok
[INFO] [stdout] test header::tests::errors_when_record_list_entry_contains_too_many_items ... ok
[INFO] [stdout] test header::tests::converts_non_endian_description_to_record_dtype ... ok
[INFO] [stdout] test header::tests::errors_when_shape_number_is_negative ... ok
[INFO] [stdout] test header::tests::errors_when_shape_number_is_larger_than_u64 ... ok
[INFO] [stdout] test header::tests::errors_when_shape_is_not_a_list ... ok
[INFO] [stdout] test header::tests::description_of_record_array_as_python_list_of_tuples ... ok
[INFO] [stdout] test header::tests::errors_when_shape_number_is_not_a_number ... ok
[INFO] [stdout] test header::tests::funny_member_name_roundtrips ... ok
[INFO] [stdout] test header::tests::description_of_nested_record_dtype ... ok
[INFO] [stdout] test header::tests::errors_when_record_list_entry_contains_too_few_items ... ok
[INFO] [stdout] test header::tests::record_description_with_nested_record_field ... ok
[INFO] [stdout] test header::tests::nested_record_field_array ... ok
[INFO] [stdout] test read::tests::test_methods_after_partial_iteration ... ok
[INFO] [stdout] test header::tests::converts_record_description_to_record_dtype ... ok
[INFO] [stdout] test header::tests::record_description_with_onedimensional_field_shape_declaration ... ok
[INFO] [stdout] test read::tests::test_strides ... ok
[INFO] [stdout] test serialize::primitive::tests::bad_datetime_types ... ok
[INFO] [stdout] test read::tests::test_read_boundary_ok ... ok
[INFO] [stdout] test read::tests::test_methods_after_seek ... ok
[INFO] [stdout] test read::tests::test_reusing_header ... ok
[INFO] [stdout] test read::tests::test_seek_boundary_ng - should panic ... ok
[INFO] [stdout] test read::tests::test_read_boundary_ng - should panic ... ok
[INFO] [stdout] test read::tests::test_next_after_finished_iteration ... ok
[INFO] [stdout] test read::tests::test_seek_boundary_ok ... ok
[INFO] [stdout] test serialize::primitive::tests::wrong_size_int ... ok
[INFO] [stdout] test serialize::primitive::tests::identity ... ok
[INFO] [stdout] test serialize::slice::tests::bytes_any_endianness ... ok
[INFO] [stdout] test serialize::slice::tests::preserve_interior_nuls ... ok
[INFO] [stdout] test serialize::slice::tests::length_zero ... ok
[INFO] [stdout] test serialize::primitive::tests::native_float_types ... ok
[INFO] [stdout] test serialize::primitive::tests::default_simple_type_strs ... ok
[INFO] [stdout] test serialize::primitive::tests::native_bool ... ok
[INFO] [stdout] test serialize::slice::tests::fixed_size_bytes_restrictions ... ok
[INFO] [stdout] test serialize::primitive::tests::datetime_as_int ... ok
[INFO] [stdout] test serialize::slice::tests::serialize_types_that_deref_to_slices ... ok
[INFO] [stdout] test serialize::slice::tests::truncate_trailing_nuls ... ok
[INFO] [stdout] test serialize::slice::tests::writing_invalid_utf32 ... ok
[INFO] [stdout] test serialize::traits::tests::dynamic_readers_and_writers ... ok
[INFO] [stdout] test serialize::slice::tests::reading_invalid_utf32_or_utf8 ... ok
[INFO] [stdout] test type_str::tests::roundtrip ... ok
[INFO] [stdout] test write::tests::implicit_finish ... ok
[INFO] [stdout] test write::tests::write_1d_in_the_middle ... ok
[INFO] [stdout] test serialize::slice::tests::write_wrong_length ... ok
[INFO] [stdout] test write::tests::write_nd_wrong_len ... ok
[INFO] [stdout] test write::tests::write_nd_simple ... ok
[INFO] [stdout] test write::tests::write_1d_simple ... ok
[INFO] [stdout] test type_str::parse::tests::errors ... ok
[INFO] [stdout] test type_str::tests::display_simple ... ok
[INFO] [stdout] 
[INFO] [stdout] test result: ok. 53 passed; 0 failed; 0 ignored; 0 measured; 0 filtered out; finished in 0.12s
[INFO] [stdout] 
[INFO] [stderr]      Running tests/nd.rs (/opt/rustwide/target/debug/deps/nd-d692139dfac87ba6)
[INFO] [stdout] 
[INFO] [stdout] running 4 tests
[INFO] [stdout] test read_fortran_order ... ok
[INFO] [stdout] test write_c_order ... ok
[INFO] [stdout] test read_c_order ... ok
[INFO] [stdout] test write_fortran_order ... ok
[INFO] [stdout] 
[INFO] [stdout] test result: ok. 4 passed; 0 failed; 0 ignored; 0 measured; 0 filtered out; finished in 0.01s
[INFO] [stdout] 
[INFO] [stderr]      Running tests/strings.rs (/opt/rustwide/target/debug/deps/strings-a052b80eae779e02)
[INFO] [stdout] 
[INFO] [stdout] running 2 tests
[INFO] [stdout] test writing_strings ... ok
[INFO] [stdout] test unicode_files ... ok
[INFO] [stderr]    Doc-tests npyz
[INFO] [stdout] 
[INFO] [stdout] test result: ok. 2 passed; 0 failed; 0 ignored; 0 measured; 0 filtered out; finished in 0.01s
[INFO] [stdout] 
[INFO] [stdout] 
[INFO] [stdout] running 12 tests
[INFO] [stdout] test src/read.rs - read::NpyFile (line 100) ... ok
[INFO] [stdout] test src/lib.rs - (line 89) ... ok
[INFO] [stdout] test src/lib.rs - (line 70) ... ok
[INFO] [stdout] test src/lib.rs - (line 43) ... ok
[INFO] [stdout] test src/read.rs - read::NpyFile (line 35) ... ok
[INFO] [stdout] test src/read.rs - read::NpyFile (line 11) ... ok
[INFO] [stdout] test src/lib.rs - (line 126) ... ok
[INFO] [stdout] test src/lib.rs - (line 167) ... FAILED
[INFO] [stdout] test src/type_str.rs - type_str::TypeStr (line 9) ... ok
[INFO] [stdout] test src/read.rs - read::NpyFile (line 57) ... ok
[INFO] [stdout] test src/read.rs - read::NpyHeader (line 134) ... ok
[INFO] [stdout] test src/write.rs - write::NpyWriter (line 293) ... ok
[INFO] [stdout] 
[INFO] [stdout] failures:
[INFO] [stdout] 
[INFO] [stdout] ---- src/lib.rs - (line 167) stdout ----
[INFO] [stdout] Test executable failed (exit status: 1).
[INFO] [stdout] 
[INFO] [stdout] stderr:
[INFO] [stdout] Error: Os { code: 30, kind: ReadOnlyFilesystem, message: "Read-only file system" }
[INFO] [stdout] 
[INFO] [stdout] 
[INFO] [stdout] 
[INFO] [stdout] failures:
[INFO] [stdout]     src/lib.rs - (line 167)
[INFO] [stdout] 
[INFO] [stdout] test result: FAILED. 11 passed; 1 failed; 0 ignored; 0 measured; 0 filtered out; finished in 2.85s
[INFO] [stdout] 
[INFO] [stderr] error: doctest failed, to rerun pass `--doc`
[INFO] running `Command { std: "docker" "inspect" "1cb4f1de563005ce71a6da85f3e8e5e1e1ed4fee9a31441bc511f291d2f9d2ca", kill_on_drop: false }`
[INFO] running `Command { std: "docker" "rm" "-f" "1cb4f1de563005ce71a6da85f3e8e5e1e1ed4fee9a31441bc511f291d2f9d2ca", kill_on_drop: false }`
[INFO] [stdout] 1cb4f1de563005ce71a6da85f3e8e5e1e1ed4fee9a31441bc511f291d2f9d2ca
