[INFO] fetching crate npezza93-tree-sitter-haskell 0.14.1...
[INFO] testing npezza93-tree-sitter-haskell-0.14.1 against 1.75.0 for beta-1.76-1
[INFO] extracting crate npezza93-tree-sitter-haskell 0.14.1 into /workspace/builds/worker-1-tc1/source
[INFO] validating manifest of crates.io crate npezza93-tree-sitter-haskell 0.14.1 on toolchain 1.75.0
[INFO] running `Command { std: CARGO_HOME="/workspace/cargo-home" RUSTUP_HOME="/workspace/rustup-home" "/workspace/cargo-home/bin/cargo" "+1.75.0" "metadata" "--manifest-path" "Cargo.toml" "--no-deps", kill_on_drop: false }`
[INFO] started tweaking crates.io crate npezza93-tree-sitter-haskell 0.14.1
[INFO] finished tweaking crates.io crate npezza93-tree-sitter-haskell 0.14.1
[INFO] tweaked toml for crates.io crate npezza93-tree-sitter-haskell 0.14.1 written to /workspace/builds/worker-1-tc1/source/Cargo.toml
[INFO] running `Command { std: CARGO_HOME="/workspace/cargo-home" RUSTUP_HOME="/workspace/rustup-home" "/workspace/cargo-home/bin/cargo" "+1.75.0" "generate-lockfile" "--manifest-path" "Cargo.toml", kill_on_drop: false }`
[INFO] [stderr]     Updating crates.io index
[INFO] running `Command { std: CARGO_HOME="/workspace/cargo-home" RUSTUP_HOME="/workspace/rustup-home" "/workspace/cargo-home/bin/cargo" "+1.75.0" "fetch" "--manifest-path" "Cargo.toml", kill_on_drop: false }`
[INFO] [stderr]  Downloading crates ...
[INFO] [stderr]   Downloaded tree-sitter v0.20.10
[INFO] running `Command { std: "docker" "create" "-v" "/var/lib/crater-agent-workspace/builds/worker-1-tc1/target:/opt/rustwide/target:rw,Z" "-v" "/var/lib/crater-agent-workspace/builds/worker-1-tc1/source:/opt/rustwide/workdir:ro,Z" "-v" "/var/lib/crater-agent-workspace/cargo-home:/opt/rustwide/cargo-home:ro,Z" "-v" "/var/lib/crater-agent-workspace/rustup-home:/opt/rustwide/rustup-home:ro,Z" "-e" "SOURCE_DIR=/opt/rustwide/workdir" "-e" "CARGO_TARGET_DIR=/opt/rustwide/target" "-e" "CARGO_HOME=/opt/rustwide/cargo-home" "-e" "RUSTUP_HOME=/opt/rustwide/rustup-home" "-w" "/opt/rustwide/workdir" "-m" "1610612736" "--user" "0:0" "--network" "none" "ghcr.io/rust-lang/crates-build-env/linux@sha256:2788e3201cd34a07e3172128adcd8b3090168a8e3bcc40d7c032b9dda1df7d1c" "/opt/rustwide/cargo-home/bin/cargo" "+1.75.0" "metadata" "--no-deps" "--format-version=1", kill_on_drop: false }`
[INFO] [stdout] 60a9fb1b6f6527bf55c168ca5cc3f23dfec101c06c64afdabdf525d34cbf0c81
[INFO] running `Command { std: "docker" "start" "-a" "60a9fb1b6f6527bf55c168ca5cc3f23dfec101c06c64afdabdf525d34cbf0c81", kill_on_drop: false }`
[INFO] running `Command { std: "docker" "inspect" "60a9fb1b6f6527bf55c168ca5cc3f23dfec101c06c64afdabdf525d34cbf0c81", kill_on_drop: false }`
[INFO] running `Command { std: "docker" "rm" "-f" "60a9fb1b6f6527bf55c168ca5cc3f23dfec101c06c64afdabdf525d34cbf0c81", kill_on_drop: false }`
[INFO] [stdout] 60a9fb1b6f6527bf55c168ca5cc3f23dfec101c06c64afdabdf525d34cbf0c81
[INFO] running `Command { std: "docker" "create" "-v" "/var/lib/crater-agent-workspace/builds/worker-1-tc1/target:/opt/rustwide/target:rw,Z" "-v" "/var/lib/crater-agent-workspace/builds/worker-1-tc1/source:/opt/rustwide/workdir:ro,Z" "-v" "/var/lib/crater-agent-workspace/cargo-home:/opt/rustwide/cargo-home:ro,Z" "-v" "/var/lib/crater-agent-workspace/rustup-home:/opt/rustwide/rustup-home:ro,Z" "-e" "SOURCE_DIR=/opt/rustwide/workdir" "-e" "CARGO_TARGET_DIR=/opt/rustwide/target" "-e" "CARGO_INCREMENTAL=0" "-e" "RUST_BACKTRACE=full" "-e" "RUSTFLAGS=--cap-lints=warn" "-e" "RUSTDOCFLAGS=--cap-lints=warn" "-e" "CARGO_HOME=/opt/rustwide/cargo-home" "-e" "RUSTUP_HOME=/opt/rustwide/rustup-home" "-w" "/opt/rustwide/workdir" "-m" "1610612736" "--user" "0:0" "--network" "none" "ghcr.io/rust-lang/crates-build-env/linux@sha256:2788e3201cd34a07e3172128adcd8b3090168a8e3bcc40d7c032b9dda1df7d1c" "/opt/rustwide/cargo-home/bin/cargo" "+1.75.0" "build" "--frozen" "--message-format=json", kill_on_drop: false }`
[INFO] [stdout] 064f1e2e9be764145525ef2766d82b1aa92c16d0b3df0091e74d8f6046d06d56
[INFO] running `Command { std: "docker" "start" "-a" "064f1e2e9be764145525ef2766d82b1aa92c16d0b3df0091e74d8f6046d06d56", kill_on_drop: false }`
[INFO] [stderr]    Compiling libc v0.2.151
[INFO] [stderr]    Compiling regex-automata v0.4.3
[INFO] [stderr]    Compiling cc v1.0.83
[INFO] [stderr]    Compiling tree-sitter v0.20.10
[INFO] [stderr]    Compiling npezza93-tree-sitter-haskell v0.14.1 (/opt/rustwide/workdir)
[INFO] [stderr]    Compiling regex v1.10.2
[INFO] [stderr] warning: npezza93-tree-sitter-haskell@0.14.1: src/scanner.c: In function 'inline_tokens':
[INFO] [stderr] warning: npezza93-tree-sitter-haskell@0.14.1: src/scanner.c:1322:19: warning: this statement may fall through [-Wimplicit-fallthrough=]
[INFO] [stderr] warning: npezza93-tree-sitter-haskell@0.14.1:  1322 |       is_symbolic = true;
[INFO] [stderr] warning: npezza93-tree-sitter-haskell@0.14.1:       |                   ^
[INFO] [stderr] warning: npezza93-tree-sitter-haskell@0.14.1: src/scanner.c:1324:5: note: here
[INFO] [stderr] warning: npezza93-tree-sitter-haskell@0.14.1:  1324 |     case '|': {
[INFO] [stderr] warning: npezza93-tree-sitter-haskell@0.14.1:       |     ^~~~
[INFO] [stderr]     Finished dev [unoptimized + debuginfo] target(s) in 6.86s
[INFO] running `Command { std: "docker" "inspect" "064f1e2e9be764145525ef2766d82b1aa92c16d0b3df0091e74d8f6046d06d56", kill_on_drop: false }`
[INFO] running `Command { std: "docker" "rm" "-f" "064f1e2e9be764145525ef2766d82b1aa92c16d0b3df0091e74d8f6046d06d56", kill_on_drop: false }`
[INFO] [stdout] 064f1e2e9be764145525ef2766d82b1aa92c16d0b3df0091e74d8f6046d06d56
[INFO] running `Command { std: "docker" "create" "-v" "/var/lib/crater-agent-workspace/builds/worker-1-tc1/target:/opt/rustwide/target:rw,Z" "-v" "/var/lib/crater-agent-workspace/builds/worker-1-tc1/source:/opt/rustwide/workdir:ro,Z" "-v" "/var/lib/crater-agent-workspace/cargo-home:/opt/rustwide/cargo-home:ro,Z" "-v" "/var/lib/crater-agent-workspace/rustup-home:/opt/rustwide/rustup-home:ro,Z" "-e" "SOURCE_DIR=/opt/rustwide/workdir" "-e" "CARGO_TARGET_DIR=/opt/rustwide/target" "-e" "CARGO_INCREMENTAL=0" "-e" "RUST_BACKTRACE=full" "-e" "RUSTFLAGS=--cap-lints=warn" "-e" "RUSTDOCFLAGS=--cap-lints=warn" "-e" "CARGO_HOME=/opt/rustwide/cargo-home" "-e" "RUSTUP_HOME=/opt/rustwide/rustup-home" "-w" "/opt/rustwide/workdir" "-m" "1610612736" "--user" "0:0" "--network" "none" "ghcr.io/rust-lang/crates-build-env/linux@sha256:2788e3201cd34a07e3172128adcd8b3090168a8e3bcc40d7c032b9dda1df7d1c" "/opt/rustwide/cargo-home/bin/cargo" "+1.75.0" "test" "--frozen" "--no-run" "--message-format=json", kill_on_drop: false }`
[INFO] [stdout] 0ce1bd9090729e042eefdd472b5501406f3b869575df239fcb3389bc11961bb7
[INFO] running `Command { std: "docker" "start" "-a" "0ce1bd9090729e042eefdd472b5501406f3b869575df239fcb3389bc11961bb7", kill_on_drop: false }`
[INFO] [stderr] warning: npezza93-tree-sitter-haskell@0.14.1: src/scanner.c: In function 'inline_tokens':
[INFO] [stderr] warning: npezza93-tree-sitter-haskell@0.14.1: src/scanner.c:1322:19: warning: this statement may fall through [-Wimplicit-fallthrough=]
[INFO] [stderr] warning: npezza93-tree-sitter-haskell@0.14.1:  1322 |       is_symbolic = true;
[INFO] [stderr] warning: npezza93-tree-sitter-haskell@0.14.1:       |                   ^
[INFO] [stderr] warning: npezza93-tree-sitter-haskell@0.14.1: src/scanner.c:1324:5: note: here
[INFO] [stderr] warning: npezza93-tree-sitter-haskell@0.14.1:  1324 |     case '|': {
[INFO] [stderr] warning: npezza93-tree-sitter-haskell@0.14.1:       |     ^~~~
[INFO] [stderr]    Compiling npezza93-tree-sitter-haskell v0.14.1 (/opt/rustwide/workdir)
[INFO] [stderr]     Finished test [unoptimized + debuginfo] target(s) in 1.29s
[INFO] running `Command { std: "docker" "inspect" "0ce1bd9090729e042eefdd472b5501406f3b869575df239fcb3389bc11961bb7", kill_on_drop: false }`
[INFO] running `Command { std: "docker" "rm" "-f" "0ce1bd9090729e042eefdd472b5501406f3b869575df239fcb3389bc11961bb7", kill_on_drop: false }`
[INFO] [stdout] 0ce1bd9090729e042eefdd472b5501406f3b869575df239fcb3389bc11961bb7
[INFO] running `Command { std: "docker" "create" "-v" "/var/lib/crater-agent-workspace/builds/worker-1-tc1/target:/opt/rustwide/target:rw,Z" "-v" "/var/lib/crater-agent-workspace/builds/worker-1-tc1/source:/opt/rustwide/workdir:ro,Z" "-v" "/var/lib/crater-agent-workspace/cargo-home:/opt/rustwide/cargo-home:ro,Z" "-v" "/var/lib/crater-agent-workspace/rustup-home:/opt/rustwide/rustup-home:ro,Z" "-e" "SOURCE_DIR=/opt/rustwide/workdir" "-e" "CARGO_TARGET_DIR=/opt/rustwide/target" "-e" "CARGO_INCREMENTAL=0" "-e" "RUST_BACKTRACE=full" "-e" "RUSTFLAGS=--cap-lints=warn" "-e" "RUSTDOCFLAGS=--cap-lints=warn" "-e" "CARGO_HOME=/opt/rustwide/cargo-home" "-e" "RUSTUP_HOME=/opt/rustwide/rustup-home" "-w" "/opt/rustwide/workdir" "-m" "1610612736" "--user" "0:0" "--network" "none" "ghcr.io/rust-lang/crates-build-env/linux@sha256:2788e3201cd34a07e3172128adcd8b3090168a8e3bcc40d7c032b9dda1df7d1c" "/opt/rustwide/cargo-home/bin/cargo" "+1.75.0" "test" "--frozen", kill_on_drop: false }`
[INFO] [stdout] fab2b2b188523b1ace27972a1ff8f597811ca99e5db3a039cdc8fb8672f3029a
[INFO] running `Command { std: "docker" "start" "-a" "fab2b2b188523b1ace27972a1ff8f597811ca99e5db3a039cdc8fb8672f3029a", kill_on_drop: false }`
[INFO] [stderr] warning: npezza93-tree-sitter-haskell@0.14.1: src/scanner.c: In function 'inline_tokens':
[INFO] [stderr] warning: npezza93-tree-sitter-haskell@0.14.1: src/scanner.c:1322:19: warning: this statement may fall through [-Wimplicit-fallthrough=]
[INFO] [stderr] warning: npezza93-tree-sitter-haskell@0.14.1:  1322 |       is_symbolic = true;
[INFO] [stderr] warning: npezza93-tree-sitter-haskell@0.14.1:       |                   ^
[INFO] [stderr] warning: npezza93-tree-sitter-haskell@0.14.1: src/scanner.c:1324:5: note: here
[INFO] [stderr] warning: npezza93-tree-sitter-haskell@0.14.1:  1324 |     case '|': {
[INFO] [stderr] warning: npezza93-tree-sitter-haskell@0.14.1:       |     ^~~~
[INFO] [stderr]     Finished test [unoptimized + debuginfo] target(s) in 0.02s
[INFO] [stderr]      Running unittests bindings/rust/lib.rs (/opt/rustwide/target/debug/deps/npezza93_tree_sitter_haskell-7c89fba47995c228)
[INFO] [stdout] 
[INFO] [stdout] running 1 test
[INFO] [stdout] test tests::test_can_load_grammar ... ok
[INFO] [stdout] 
[INFO] [stdout] test result: ok. 1 passed; 0 failed; 0 ignored; 0 measured; 0 filtered out; finished in 0.00s
[INFO] [stdout] 
[INFO] [stderr]    Doc-tests npezza93-tree-sitter-haskell
[INFO] [stdout] 
[INFO] [stdout] running 1 test
[INFO] [stdout] test bindings/rust/lib.rs - (line 6) ... FAILED
[INFO] [stdout] 
[INFO] [stdout] failures:
[INFO] [stdout] 
[INFO] [stdout] ---- bindings/rust/lib.rs - (line 6) stdout ----
[INFO] [stdout] error[E0433]: failed to resolve: use of undeclared crate or module `tree_sitter_haskell`
[INFO] [stdout]  --> bindings/rust/lib.rs:9:21
[INFO] [stdout]   |
[INFO] [stdout] 5 | parser.set_language(tree_sitter_haskell::language()).expect("Error loading haskell grammar");
[INFO] [stdout]   |                     ^^^^^^^^^^^^^^^^^^^ use of undeclared crate or module `tree_sitter_haskell`
[INFO] [stdout] 
[INFO] [stdout] error: aborting due to previous error
[INFO] [stdout] 
[INFO] [stdout] For more information about this error, try `rustc --explain E0433`.
[INFO] [stdout] Couldn't compile the test.
[INFO] [stdout] 
[INFO] [stdout] failures:
[INFO] [stdout]     bindings/rust/lib.rs - (line 6)
[INFO] [stdout] 
[INFO] [stdout] test result: FAILED. 0 passed; 1 failed; 0 ignored; 0 measured; 0 filtered out; finished in 0.10s
[INFO] [stdout] 
[INFO] [stderr] error: doctest failed, to rerun pass `--doc`
[INFO] running `Command { std: "docker" "inspect" "fab2b2b188523b1ace27972a1ff8f597811ca99e5db3a039cdc8fb8672f3029a", kill_on_drop: false }`
[INFO] running `Command { std: "docker" "rm" "-f" "fab2b2b188523b1ace27972a1ff8f597811ca99e5db3a039cdc8fb8672f3029a", kill_on_drop: false }`
[INFO] [stdout] fab2b2b188523b1ace27972a1ff8f597811ca99e5db3a039cdc8fb8672f3029a
