[INFO] fetching crate notugly 0.2.2...
[INFO] testing notugly-0.2.2 against 1.75.0 for beta-1.76-1
[INFO] extracting crate notugly 0.2.2 into /workspace/builds/worker-5-tc1/source
[INFO] validating manifest of crates.io crate notugly 0.2.2 on toolchain 1.75.0
[INFO] running `Command { std: CARGO_HOME="/workspace/cargo-home" RUSTUP_HOME="/workspace/rustup-home" "/workspace/cargo-home/bin/cargo" "+1.75.0" "metadata" "--manifest-path" "Cargo.toml" "--no-deps", kill_on_drop: false }`
[INFO] started tweaking crates.io crate notugly 0.2.2
[INFO] finished tweaking crates.io crate notugly 0.2.2
[INFO] tweaked toml for crates.io crate notugly 0.2.2 written to /workspace/builds/worker-5-tc1/source/Cargo.toml
[INFO] crate crates.io crate notugly 0.2.2 already has a lockfile, it will not be regenerated
[INFO] running `Command { std: CARGO_HOME="/workspace/cargo-home" RUSTUP_HOME="/workspace/rustup-home" "/workspace/cargo-home/bin/cargo" "+1.75.0" "fetch" "--manifest-path" "Cargo.toml", kill_on_drop: false }`
[INFO] running `Command { std: "docker" "create" "-v" "/var/lib/crater-agent-workspace/builds/worker-5-tc1/target:/opt/rustwide/target:rw,Z" "-v" "/var/lib/crater-agent-workspace/builds/worker-5-tc1/source:/opt/rustwide/workdir:ro,Z" "-v" "/var/lib/crater-agent-workspace/cargo-home:/opt/rustwide/cargo-home:ro,Z" "-v" "/var/lib/crater-agent-workspace/rustup-home:/opt/rustwide/rustup-home:ro,Z" "-e" "SOURCE_DIR=/opt/rustwide/workdir" "-e" "CARGO_TARGET_DIR=/opt/rustwide/target" "-e" "CARGO_HOME=/opt/rustwide/cargo-home" "-e" "RUSTUP_HOME=/opt/rustwide/rustup-home" "-w" "/opt/rustwide/workdir" "-m" "1610612736" "--user" "0:0" "--network" "none" "ghcr.io/rust-lang/crates-build-env/linux@sha256:2788e3201cd34a07e3172128adcd8b3090168a8e3bcc40d7c032b9dda1df7d1c" "/opt/rustwide/cargo-home/bin/cargo" "+1.75.0" "metadata" "--no-deps" "--format-version=1", kill_on_drop: false }`
[INFO] [stdout] eda67a494ebb43f3a8559fdd20f1da7114b47cc72fcf8c3a574aec13367ebc61
[INFO] running `Command { std: "docker" "start" "-a" "eda67a494ebb43f3a8559fdd20f1da7114b47cc72fcf8c3a574aec13367ebc61", kill_on_drop: false }`
[INFO] running `Command { std: "docker" "inspect" "eda67a494ebb43f3a8559fdd20f1da7114b47cc72fcf8c3a574aec13367ebc61", kill_on_drop: false }`
[INFO] running `Command { std: "docker" "rm" "-f" "eda67a494ebb43f3a8559fdd20f1da7114b47cc72fcf8c3a574aec13367ebc61", kill_on_drop: false }`
[INFO] [stdout] eda67a494ebb43f3a8559fdd20f1da7114b47cc72fcf8c3a574aec13367ebc61
[INFO] running `Command { std: "docker" "create" "-v" "/var/lib/crater-agent-workspace/builds/worker-5-tc1/target:/opt/rustwide/target:rw,Z" "-v" "/var/lib/crater-agent-workspace/builds/worker-5-tc1/source:/opt/rustwide/workdir:ro,Z" "-v" "/var/lib/crater-agent-workspace/cargo-home:/opt/rustwide/cargo-home:ro,Z" "-v" "/var/lib/crater-agent-workspace/rustup-home:/opt/rustwide/rustup-home:ro,Z" "-e" "SOURCE_DIR=/opt/rustwide/workdir" "-e" "CARGO_TARGET_DIR=/opt/rustwide/target" "-e" "CARGO_INCREMENTAL=0" "-e" "RUST_BACKTRACE=full" "-e" "RUSTFLAGS=--cap-lints=warn" "-e" "RUSTDOCFLAGS=--cap-lints=warn" "-e" "CARGO_HOME=/opt/rustwide/cargo-home" "-e" "RUSTUP_HOME=/opt/rustwide/rustup-home" "-w" "/opt/rustwide/workdir" "-m" "1610612736" "--user" "0:0" "--network" "none" "ghcr.io/rust-lang/crates-build-env/linux@sha256:2788e3201cd34a07e3172128adcd8b3090168a8e3bcc40d7c032b9dda1df7d1c" "/opt/rustwide/cargo-home/bin/cargo" "+1.75.0" "build" "--frozen" "--message-format=json", kill_on_drop: false }`
[INFO] [stdout] 2f5ce9bc0f4cf181570a789ad73cc33b87afdd7c1e33408d788bcfffc7590d0b
[INFO] running `Command { std: "docker" "start" "-a" "2f5ce9bc0f4cf181570a789ad73cc33b87afdd7c1e33408d788bcfffc7590d0b", kill_on_drop: false }`
[INFO] [stderr]    Compiling notugly v0.2.2 (/opt/rustwide/workdir)
[INFO] [stderr]     Finished dev [unoptimized + debuginfo] target(s) in 0.11s
[INFO] running `Command { std: "docker" "inspect" "2f5ce9bc0f4cf181570a789ad73cc33b87afdd7c1e33408d788bcfffc7590d0b", kill_on_drop: false }`
[INFO] running `Command { std: "docker" "rm" "-f" "2f5ce9bc0f4cf181570a789ad73cc33b87afdd7c1e33408d788bcfffc7590d0b", kill_on_drop: false }`
[INFO] [stdout] 2f5ce9bc0f4cf181570a789ad73cc33b87afdd7c1e33408d788bcfffc7590d0b
[INFO] running `Command { std: "docker" "create" "-v" "/var/lib/crater-agent-workspace/builds/worker-5-tc1/target:/opt/rustwide/target:rw,Z" "-v" "/var/lib/crater-agent-workspace/builds/worker-5-tc1/source:/opt/rustwide/workdir:ro,Z" "-v" "/var/lib/crater-agent-workspace/cargo-home:/opt/rustwide/cargo-home:ro,Z" "-v" "/var/lib/crater-agent-workspace/rustup-home:/opt/rustwide/rustup-home:ro,Z" "-e" "SOURCE_DIR=/opt/rustwide/workdir" "-e" "CARGO_TARGET_DIR=/opt/rustwide/target" "-e" "CARGO_INCREMENTAL=0" "-e" "RUST_BACKTRACE=full" "-e" "RUSTFLAGS=--cap-lints=warn" "-e" "RUSTDOCFLAGS=--cap-lints=warn" "-e" "CARGO_HOME=/opt/rustwide/cargo-home" "-e" "RUSTUP_HOME=/opt/rustwide/rustup-home" "-w" "/opt/rustwide/workdir" "-m" "1610612736" "--user" "0:0" "--network" "none" "ghcr.io/rust-lang/crates-build-env/linux@sha256:2788e3201cd34a07e3172128adcd8b3090168a8e3bcc40d7c032b9dda1df7d1c" "/opt/rustwide/cargo-home/bin/cargo" "+1.75.0" "test" "--frozen" "--no-run" "--message-format=json", kill_on_drop: false }`
[INFO] [stdout] c0db46836c844e9093f2f85c7edda86b6e39672fb456c2bfba133435dc62a3d7
[INFO] running `Command { std: "docker" "start" "-a" "c0db46836c844e9093f2f85c7edda86b6e39672fb456c2bfba133435dc62a3d7", kill_on_drop: false }`
[INFO] [stderr]    Compiling notugly v0.2.2 (/opt/rustwide/workdir)
[INFO] [stderr]     Finished test [unoptimized + debuginfo] target(s) in 0.31s
[INFO] running `Command { std: "docker" "inspect" "c0db46836c844e9093f2f85c7edda86b6e39672fb456c2bfba133435dc62a3d7", kill_on_drop: false }`
[INFO] running `Command { std: "docker" "rm" "-f" "c0db46836c844e9093f2f85c7edda86b6e39672fb456c2bfba133435dc62a3d7", kill_on_drop: false }`
[INFO] [stdout] c0db46836c844e9093f2f85c7edda86b6e39672fb456c2bfba133435dc62a3d7
[INFO] running `Command { std: "docker" "create" "-v" "/var/lib/crater-agent-workspace/builds/worker-5-tc1/target:/opt/rustwide/target:rw,Z" "-v" "/var/lib/crater-agent-workspace/builds/worker-5-tc1/source:/opt/rustwide/workdir:ro,Z" "-v" "/var/lib/crater-agent-workspace/cargo-home:/opt/rustwide/cargo-home:ro,Z" "-v" "/var/lib/crater-agent-workspace/rustup-home:/opt/rustwide/rustup-home:ro,Z" "-e" "SOURCE_DIR=/opt/rustwide/workdir" "-e" "CARGO_TARGET_DIR=/opt/rustwide/target" "-e" "CARGO_INCREMENTAL=0" "-e" "RUST_BACKTRACE=full" "-e" "RUSTFLAGS=--cap-lints=warn" "-e" "RUSTDOCFLAGS=--cap-lints=warn" "-e" "CARGO_HOME=/opt/rustwide/cargo-home" "-e" "RUSTUP_HOME=/opt/rustwide/rustup-home" "-w" "/opt/rustwide/workdir" "-m" "1610612736" "--user" "0:0" "--network" "none" "ghcr.io/rust-lang/crates-build-env/linux@sha256:2788e3201cd34a07e3172128adcd8b3090168a8e3bcc40d7c032b9dda1df7d1c" "/opt/rustwide/cargo-home/bin/cargo" "+1.75.0" "test" "--frozen", kill_on_drop: false }`
[INFO] [stdout] 377aece823b1794dfc7108b08f298c24055fc4ef87f2d1d520ab39781501c995
[INFO] running `Command { std: "docker" "start" "-a" "377aece823b1794dfc7108b08f298c24055fc4ef87f2d1d520ab39781501c995", kill_on_drop: false }`
[INFO] [stderr]     Finished test [unoptimized + debuginfo] target(s) in 0.00s
[INFO] [stderr]      Running unittests src/lib.rs (/opt/rustwide/target/debug/deps/notugly-012d880b90d452dd)
[INFO] [stdout] 
[INFO] [stdout] running 0 tests
[INFO] [stdout] 
[INFO] [stdout] test result: ok. 0 passed; 0 failed; 0 ignored; 0 measured; 0 filtered out; finished in 0.00s
[INFO] [stdout] 
[INFO] [stderr]    Doc-tests notugly
[INFO] [stdout] 
[INFO] [stdout] running 1 test
[INFO] [stdout] test src/lib.rs - (line 28) ... FAILED
[INFO] [stdout] 
[INFO] [stdout] failures:
[INFO] [stdout] 
[INFO] [stdout] ---- src/lib.rs - (line 28) stdout ----
[INFO] [stdout] error: cannot find macro `sexpr` in this scope
[INFO] [stdout]   --> src/lib.rs:49:18
[INFO] [stdout]    |
[INFO] [stdout] 23 |     let big_eq = sexpr!(add (mul 2 6) (div (mul 4 (mul 3 2 1)) (add 1 (sub 3 (add 1 1)))));
[INFO] [stdout]    |                  ^^^^^
[INFO] [stdout] 
[INFO] [stdout] error: aborting due to previous error
[INFO] [stdout] 
[INFO] [stdout] Couldn't compile the test.
[INFO] [stdout] 
[INFO] [stdout] failures:
[INFO] [stdout]     src/lib.rs - (line 28)
[INFO] [stdout] 
[INFO] [stdout] test result: FAILED. 0 passed; 1 failed; 0 ignored; 0 measured; 0 filtered out; finished in 0.04s
[INFO] [stdout] 
[INFO] [stderr] error: doctest failed, to rerun pass `--doc`
[INFO] running `Command { std: "docker" "inspect" "377aece823b1794dfc7108b08f298c24055fc4ef87f2d1d520ab39781501c995", kill_on_drop: false }`
[INFO] running `Command { std: "docker" "rm" "-f" "377aece823b1794dfc7108b08f298c24055fc4ef87f2d1d520ab39781501c995", kill_on_drop: false }`
[INFO] [stdout] 377aece823b1794dfc7108b08f298c24055fc4ef87f2d1d520ab39781501c995
[INFO] testing notugly-0.2.2 against beta-2023-12-22 for beta-1.76-1
[INFO] extracting crate notugly 0.2.2 into /workspace/builds/worker-5-tc2/source
[INFO] validating manifest of crates.io crate notugly 0.2.2 on toolchain beta-2023-12-22
[INFO] running `Command { std: CARGO_HOME="/workspace/cargo-home" RUSTUP_HOME="/workspace/rustup-home" "/workspace/cargo-home/bin/cargo" "+beta-2023-12-22" "metadata" "--manifest-path" "Cargo.toml" "--no-deps", kill_on_drop: false }`
[INFO] started tweaking crates.io crate notugly 0.2.2
[INFO] finished tweaking crates.io crate notugly 0.2.2
[INFO] tweaked toml for crates.io crate notugly 0.2.2 written to /workspace/builds/worker-5-tc2/source/Cargo.toml
[INFO] crate crates.io crate notugly 0.2.2 already has a lockfile, it will not be regenerated
[INFO] running `Command { std: CARGO_HOME="/workspace/cargo-home" RUSTUP_HOME="/workspace/rustup-home" "/workspace/cargo-home/bin/cargo" "+beta-2023-12-22" "fetch" "--manifest-path" "Cargo.toml", kill_on_drop: false }`
[INFO] running `Command { std: "docker" "create" "-v" "/var/lib/crater-agent-workspace/builds/worker-5-tc2/target:/opt/rustwide/target:rw,Z" "-v" "/var/lib/crater-agent-workspace/builds/worker-5-tc2/source:/opt/rustwide/workdir:ro,Z" "-v" "/var/lib/crater-agent-workspace/cargo-home:/opt/rustwide/cargo-home:ro,Z" "-v" "/var/lib/crater-agent-workspace/rustup-home:/opt/rustwide/rustup-home:ro,Z" "-e" "SOURCE_DIR=/opt/rustwide/workdir" "-e" "CARGO_TARGET_DIR=/opt/rustwide/target" "-e" "CARGO_HOME=/opt/rustwide/cargo-home" "-e" "RUSTUP_HOME=/opt/rustwide/rustup-home" "-w" "/opt/rustwide/workdir" "-m" "1610612736" "--user" "0:0" "--network" "none" "ghcr.io/rust-lang/crates-build-env/linux@sha256:2788e3201cd34a07e3172128adcd8b3090168a8e3bcc40d7c032b9dda1df7d1c" "/opt/rustwide/cargo-home/bin/cargo" "+beta-2023-12-22" "metadata" "--no-deps" "--format-version=1", kill_on_drop: false }`
[INFO] [stdout] 2dac2fe566bdd9e92eacd1cf9c48fc164d849fd36532ec1a7fc7e299d5d13d67
[INFO] running `Command { std: "docker" "start" "-a" "2dac2fe566bdd9e92eacd1cf9c48fc164d849fd36532ec1a7fc7e299d5d13d67", kill_on_drop: false }`
[INFO] running `Command { std: "docker" "inspect" "2dac2fe566bdd9e92eacd1cf9c48fc164d849fd36532ec1a7fc7e299d5d13d67", kill_on_drop: false }`
[INFO] running `Command { std: "docker" "rm" "-f" "2dac2fe566bdd9e92eacd1cf9c48fc164d849fd36532ec1a7fc7e299d5d13d67", kill_on_drop: false }`
[INFO] [stdout] 2dac2fe566bdd9e92eacd1cf9c48fc164d849fd36532ec1a7fc7e299d5d13d67
[INFO] running `Command { std: "docker" "create" "-v" "/var/lib/crater-agent-workspace/builds/worker-5-tc2/target:/opt/rustwide/target:rw,Z" "-v" "/var/lib/crater-agent-workspace/builds/worker-5-tc2/source:/opt/rustwide/workdir:ro,Z" "-v" "/var/lib/crater-agent-workspace/cargo-home:/opt/rustwide/cargo-home:ro,Z" "-v" "/var/lib/crater-agent-workspace/rustup-home:/opt/rustwide/rustup-home:ro,Z" "-e" "SOURCE_DIR=/opt/rustwide/workdir" "-e" "CARGO_TARGET_DIR=/opt/rustwide/target" "-e" "CARGO_INCREMENTAL=0" "-e" "RUST_BACKTRACE=full" "-e" "RUSTFLAGS=--cap-lints=warn" "-e" "RUSTDOCFLAGS=--cap-lints=warn" "-e" "CARGO_HOME=/opt/rustwide/cargo-home" "-e" "RUSTUP_HOME=/opt/rustwide/rustup-home" "-w" "/opt/rustwide/workdir" "-m" "1610612736" "--user" "0:0" "--network" "none" "ghcr.io/rust-lang/crates-build-env/linux@sha256:2788e3201cd34a07e3172128adcd8b3090168a8e3bcc40d7c032b9dda1df7d1c" "/opt/rustwide/cargo-home/bin/cargo" "+beta-2023-12-22" "build" "--frozen" "--message-format=json", kill_on_drop: false }`
[INFO] [stdout] 9e459ee7042988ca000146b701de26d23d86ffa32d9f87b4b39e2f5c21e41240
[INFO] running `Command { std: "docker" "start" "-a" "9e459ee7042988ca000146b701de26d23d86ffa32d9f87b4b39e2f5c21e41240", kill_on_drop: false }`
[INFO] [stderr]    Compiling notugly v0.2.2 (/opt/rustwide/workdir)
[INFO] [stderr]     Finished dev [unoptimized + debuginfo] target(s) in 0.10s
[INFO] running `Command { std: "docker" "inspect" "9e459ee7042988ca000146b701de26d23d86ffa32d9f87b4b39e2f5c21e41240", kill_on_drop: false }`
[INFO] running `Command { std: "docker" "rm" "-f" "9e459ee7042988ca000146b701de26d23d86ffa32d9f87b4b39e2f5c21e41240", kill_on_drop: false }`
[INFO] [stdout] 9e459ee7042988ca000146b701de26d23d86ffa32d9f87b4b39e2f5c21e41240
[INFO] running `Command { std: "docker" "create" "-v" "/var/lib/crater-agent-workspace/builds/worker-5-tc2/target:/opt/rustwide/target:rw,Z" "-v" "/var/lib/crater-agent-workspace/builds/worker-5-tc2/source:/opt/rustwide/workdir:ro,Z" "-v" "/var/lib/crater-agent-workspace/cargo-home:/opt/rustwide/cargo-home:ro,Z" "-v" "/var/lib/crater-agent-workspace/rustup-home:/opt/rustwide/rustup-home:ro,Z" "-e" "SOURCE_DIR=/opt/rustwide/workdir" "-e" "CARGO_TARGET_DIR=/opt/rustwide/target" "-e" "CARGO_INCREMENTAL=0" "-e" "RUST_BACKTRACE=full" "-e" "RUSTFLAGS=--cap-lints=warn" "-e" "RUSTDOCFLAGS=--cap-lints=warn" "-e" "CARGO_HOME=/opt/rustwide/cargo-home" "-e" "RUSTUP_HOME=/opt/rustwide/rustup-home" "-w" "/opt/rustwide/workdir" "-m" "1610612736" "--user" "0:0" "--network" "none" "ghcr.io/rust-lang/crates-build-env/linux@sha256:2788e3201cd34a07e3172128adcd8b3090168a8e3bcc40d7c032b9dda1df7d1c" "/opt/rustwide/cargo-home/bin/cargo" "+beta-2023-12-22" "test" "--frozen" "--no-run" "--message-format=json", kill_on_drop: false }`
[INFO] [stdout] 35cec647b93a5c9a2553471ea0f69ead063c9e6fd6aa02bbde4e25966b4890e7
[INFO] running `Command { std: "docker" "start" "-a" "35cec647b93a5c9a2553471ea0f69ead063c9e6fd6aa02bbde4e25966b4890e7", kill_on_drop: false }`
[INFO] [stderr]    Compiling notugly v0.2.2 (/opt/rustwide/workdir)
[INFO] [stderr]     Finished test [unoptimized + debuginfo] target(s) in 0.27s
[INFO] running `Command { std: "docker" "inspect" "35cec647b93a5c9a2553471ea0f69ead063c9e6fd6aa02bbde4e25966b4890e7", kill_on_drop: false }`
[INFO] running `Command { std: "docker" "rm" "-f" "35cec647b93a5c9a2553471ea0f69ead063c9e6fd6aa02bbde4e25966b4890e7", kill_on_drop: false }`
[INFO] [stdout] 35cec647b93a5c9a2553471ea0f69ead063c9e6fd6aa02bbde4e25966b4890e7
[INFO] running `Command { std: "docker" "create" "-v" "/var/lib/crater-agent-workspace/builds/worker-5-tc2/target:/opt/rustwide/target:rw,Z" "-v" "/var/lib/crater-agent-workspace/builds/worker-5-tc2/source:/opt/rustwide/workdir:ro,Z" "-v" "/var/lib/crater-agent-workspace/cargo-home:/opt/rustwide/cargo-home:ro,Z" "-v" "/var/lib/crater-agent-workspace/rustup-home:/opt/rustwide/rustup-home:ro,Z" "-e" "SOURCE_DIR=/opt/rustwide/workdir" "-e" "CARGO_TARGET_DIR=/opt/rustwide/target" "-e" "CARGO_INCREMENTAL=0" "-e" "RUST_BACKTRACE=full" "-e" "RUSTFLAGS=--cap-lints=warn" "-e" "RUSTDOCFLAGS=--cap-lints=warn" "-e" "CARGO_HOME=/opt/rustwide/cargo-home" "-e" "RUSTUP_HOME=/opt/rustwide/rustup-home" "-w" "/opt/rustwide/workdir" "-m" "1610612736" "--user" "0:0" "--network" "none" "ghcr.io/rust-lang/crates-build-env/linux@sha256:2788e3201cd34a07e3172128adcd8b3090168a8e3bcc40d7c032b9dda1df7d1c" "/opt/rustwide/cargo-home/bin/cargo" "+beta-2023-12-22" "test" "--frozen", kill_on_drop: false }`
[INFO] [stdout] 28da084163619a2c69d8a1ee33ce4ff2709d4f8036b08180649b55151c5e322b
[INFO] running `Command { std: "docker" "start" "-a" "28da084163619a2c69d8a1ee33ce4ff2709d4f8036b08180649b55151c5e322b", kill_on_drop: false }`
[INFO] [stderr]     Finished test [unoptimized + debuginfo] target(s) in 0.00s
[INFO] [stderr]      Running unittests src/lib.rs (/opt/rustwide/target/debug/deps/notugly-1438f4b79309fb48)
[INFO] [stdout] 
[INFO] [stdout] running 0 tests
[INFO] [stdout] 
[INFO] [stdout] test result: ok. 0 passed; 0 failed; 0 ignored; 0 measured; 0 filtered out; finished in 0.00s
[INFO] [stdout] 
[INFO] [stderr]    Doc-tests notugly
[INFO] [stdout] 
[INFO] [stdout] running 1 test
[INFO] [stdout] test src/lib.rs - (line 28) ... FAILED
[INFO] [stdout] 
[INFO] [stdout] failures:
[INFO] [stdout] 
[INFO] [stdout] ---- src/lib.rs - (line 28) stdout ----
[INFO] [stdout] error: cannot find macro `sexpr` in this scope
[INFO] [stdout]   --> src/lib.rs:49:18
[INFO] [stdout]    |
[INFO] [stdout] 23 |     let big_eq = sexpr!(add (mul 2 6) (div (mul 4 (mul 3 2 1)) (add 1 (sub 3 (add 1 1)))));
[INFO] [stdout]    |                  ^^^^^
[INFO] [stdout] 
[INFO] [stdout] error: aborting due to 1 previous error
[INFO] [stdout] 
[INFO] [stdout] Couldn't compile the test.
[INFO] [stdout] 
[INFO] [stdout] failures:
[INFO] [stdout]     src/lib.rs - (line 28)
[INFO] [stdout] 
[INFO] [stdout] test result: FAILED. 0 passed; 1 failed; 0 ignored; 0 measured; 0 filtered out; finished in 0.05s
[INFO] [stdout] 
[INFO] [stderr] error: doctest failed, to rerun pass `--doc`
[INFO] running `Command { std: "docker" "inspect" "28da084163619a2c69d8a1ee33ce4ff2709d4f8036b08180649b55151c5e322b", kill_on_drop: false }`
[INFO] running `Command { std: "docker" "rm" "-f" "28da084163619a2c69d8a1ee33ce4ff2709d4f8036b08180649b55151c5e322b", kill_on_drop: false }`
[INFO] [stdout] 28da084163619a2c69d8a1ee33ce4ff2709d4f8036b08180649b55151c5e322b
