[INFO] fetching crate notify-rust 4.10.0...
[INFO] testing notify-rust-4.10.0 against 1.75.0 for beta-1.76-1
[INFO] extracting crate notify-rust 4.10.0 into /workspace/builds/worker-4-tc1/source
[INFO] validating manifest of crates.io crate notify-rust 4.10.0 on toolchain 1.75.0
[INFO] running `Command { std: CARGO_HOME="/workspace/cargo-home" RUSTUP_HOME="/workspace/rustup-home" "/workspace/cargo-home/bin/cargo" "+1.75.0" "metadata" "--manifest-path" "Cargo.toml" "--no-deps", kill_on_drop: false }`
[INFO] started tweaking crates.io crate notify-rust 4.10.0
[INFO] removed 4 missing examples
[INFO] finished tweaking crates.io crate notify-rust 4.10.0
[INFO] tweaked toml for crates.io crate notify-rust 4.10.0 written to /workspace/builds/worker-4-tc1/source/Cargo.toml
[INFO] crate crates.io crate notify-rust 4.10.0 already has a lockfile, it will not be regenerated
[INFO] running `Command { std: CARGO_HOME="/workspace/cargo-home" RUSTUP_HOME="/workspace/rustup-home" "/workspace/cargo-home/bin/cargo" "+1.75.0" "fetch" "--manifest-path" "Cargo.toml", kill_on_drop: false }`
[INFO] [stderr]     Updating crates.io index
[INFO] [stderr]  Downloading crates ...
[INFO] [stderr]   Downloaded ctor v0.2.4
[INFO] [stderr]   Downloaded value-bag v1.4.1
[INFO] [stderr]   Downloaded mac-notification-sys v0.6.1
[INFO] [stderr]   Downloaded color-backtrace v0.5.1
[INFO] [stderr]   Downloaded tauri-winrt-notification v0.1.2
[INFO] [stderr]   Downloaded dbus v0.9.7
[INFO] [stderr]   Downloaded exr v1.7.0
[INFO] [stderr]   Downloaded windows_i686_gnu v0.39.0
[INFO] [stderr]   Downloaded windows_x86_64_gnu v0.39.0
[INFO] [stderr]   Downloaded windows_aarch64_msvc v0.39.0
[INFO] [stderr]   Downloaded windows_i686_msvc v0.39.0
[INFO] [stderr]   Downloaded libdbus-sys v0.2.5
[INFO] [stderr]   Downloaded windows_x86_64_msvc v0.39.0
[INFO] [stderr]   Downloaded windows v0.39.0
[INFO] running `Command { std: "docker" "create" "-v" "/var/lib/crater-agent-workspace/builds/worker-4-tc1/target:/opt/rustwide/target:rw,Z" "-v" "/var/lib/crater-agent-workspace/builds/worker-4-tc1/source:/opt/rustwide/workdir:ro,Z" "-v" "/var/lib/crater-agent-workspace/cargo-home:/opt/rustwide/cargo-home:ro,Z" "-v" "/var/lib/crater-agent-workspace/rustup-home:/opt/rustwide/rustup-home:ro,Z" "-e" "SOURCE_DIR=/opt/rustwide/workdir" "-e" "CARGO_TARGET_DIR=/opt/rustwide/target" "-e" "CARGO_HOME=/opt/rustwide/cargo-home" "-e" "RUSTUP_HOME=/opt/rustwide/rustup-home" "-w" "/opt/rustwide/workdir" "-m" "1610612736" "--user" "0:0" "--network" "none" "ghcr.io/rust-lang/crates-build-env/linux@sha256:2788e3201cd34a07e3172128adcd8b3090168a8e3bcc40d7c032b9dda1df7d1c" "/opt/rustwide/cargo-home/bin/cargo" "+1.75.0" "metadata" "--no-deps" "--format-version=1", kill_on_drop: false }`
[INFO] [stdout] b745c507220dd7e67bbf223a7824dea1c2820331bbed9d5a1206ac56527a82b6
[INFO] running `Command { std: "docker" "start" "-a" "b745c507220dd7e67bbf223a7824dea1c2820331bbed9d5a1206ac56527a82b6", kill_on_drop: false }`
[INFO] running `Command { std: "docker" "inspect" "b745c507220dd7e67bbf223a7824dea1c2820331bbed9d5a1206ac56527a82b6", kill_on_drop: false }`
[INFO] running `Command { std: "docker" "rm" "-f" "b745c507220dd7e67bbf223a7824dea1c2820331bbed9d5a1206ac56527a82b6", kill_on_drop: false }`
[INFO] [stdout] b745c507220dd7e67bbf223a7824dea1c2820331bbed9d5a1206ac56527a82b6
[INFO] running `Command { std: "docker" "create" "-v" "/var/lib/crater-agent-workspace/builds/worker-4-tc1/target:/opt/rustwide/target:rw,Z" "-v" "/var/lib/crater-agent-workspace/builds/worker-4-tc1/source:/opt/rustwide/workdir:ro,Z" "-v" "/var/lib/crater-agent-workspace/cargo-home:/opt/rustwide/cargo-home:ro,Z" "-v" "/var/lib/crater-agent-workspace/rustup-home:/opt/rustwide/rustup-home:ro,Z" "-e" "SOURCE_DIR=/opt/rustwide/workdir" "-e" "CARGO_TARGET_DIR=/opt/rustwide/target" "-e" "CARGO_INCREMENTAL=0" "-e" "RUST_BACKTRACE=full" "-e" "RUSTFLAGS=--cap-lints=warn" "-e" "RUSTDOCFLAGS=--cap-lints=warn" "-e" "CARGO_HOME=/opt/rustwide/cargo-home" "-e" "RUSTUP_HOME=/opt/rustwide/rustup-home" "-w" "/opt/rustwide/workdir" "-m" "1610612736" "--user" "0:0" "--network" "none" "ghcr.io/rust-lang/crates-build-env/linux@sha256:2788e3201cd34a07e3172128adcd8b3090168a8e3bcc40d7c032b9dda1df7d1c" "/opt/rustwide/cargo-home/bin/cargo" "+1.75.0" "build" "--frozen" "--message-format=json", kill_on_drop: false }`
[INFO] [stdout] b31c6a6bf8930c4113599bc2ea8c23e1571f9686563ac29cb9492fdb037684f0
[INFO] running `Command { std: "docker" "start" "-a" "b31c6a6bf8930c4113599bc2ea8c23e1571f9686563ac29cb9492fdb037684f0", kill_on_drop: false }`
[INFO] [stderr]    Compiling proc-macro2 v1.0.66
[INFO] [stderr]    Compiling unicode-ident v1.0.11
[INFO] [stderr]    Compiling libc v0.2.147
[INFO] [stderr]    Compiling memchr v2.5.0
[INFO] [stderr]    Compiling futures-core v0.3.28
[INFO] [stderr]    Compiling pin-project-lite v0.2.12
[INFO] [stderr]    Compiling crossbeam-utils v0.8.16
[INFO] [stderr]    Compiling once_cell v1.18.0
[INFO] [stderr]    Compiling typenum v1.16.0
[INFO] [stderr]    Compiling event-listener v2.5.3
[INFO] [stderr]    Compiling equivalent v1.0.1
[INFO] [stderr]    Compiling hashbrown v0.14.0
[INFO] [stderr]    Compiling generic-array v0.14.7
[INFO] [stderr]    Compiling toml_datetime v0.6.3
[INFO] [stderr]    Compiling futures-io v0.3.28
[INFO] [stderr]    Compiling winnow v0.5.14
[INFO] [stderr]    Compiling concurrent-queue v2.2.0
[INFO] [stderr]    Compiling quote v1.0.33
[INFO] [stderr]    Compiling indexmap v2.0.0
[INFO] [stderr]    Compiling syn v2.0.29
[INFO] [stderr]    Compiling syn v1.0.109
[INFO] [stderr]    Compiling slab v0.4.8
[INFO] [stderr]    Compiling serde v1.0.171
[INFO] [stderr]    Compiling waker-fn v1.1.0
[INFO] [stderr]    Compiling parking v2.1.0
[INFO] [stderr]    Compiling fastrand v1.9.0
[INFO] [stderr]    Compiling async-lock v2.8.0
[INFO] [stderr]    Compiling futures-lite v1.13.0
[INFO] [stderr]    Compiling memoffset v0.7.1
[INFO] [stderr]    Compiling io-lifetimes v1.0.11
[INFO] [stderr]    Compiling log v0.4.20
[INFO] [stderr]    Compiling getrandom v0.2.10
[INFO] [stderr]    Compiling aho-corasick v1.0.4
[INFO] [stderr]    Compiling polling v2.8.0
[INFO] [stderr]    Compiling rustix v0.37.23
[INFO] [stderr]    Compiling futures-task v0.3.28
[INFO] [stderr]    Compiling async-task v4.4.0
[INFO] [stderr]    Compiling regex-syntax v0.7.4
[INFO] [stderr]    Compiling block-buffer v0.10.4
[INFO] [stderr]    Compiling crypto-common v0.1.6
[INFO] [stderr]    Compiling toml_edit v0.19.14
[INFO] [stderr]    Compiling rand_core v0.6.4
[INFO] [stderr]    Compiling async-channel v1.9.0
[INFO] [stderr]    Compiling async-fs v1.6.0
[INFO] [stderr]    Compiling async-io v1.13.0
[INFO] [stderr]    Compiling futures-util v0.3.28
[INFO] [stderr]    Compiling atomic-waker v1.1.1
[INFO] [stderr]    Compiling linux-raw-sys v0.3.8
[INFO] [stderr]    Compiling byteorder v1.4.3
[INFO] [stderr]    Compiling async-trait v0.1.73
[INFO] [stderr]    Compiling rand_chacha v0.3.1
[INFO] [stderr]    Compiling blocking v1.3.1
[INFO] [stderr]    Compiling regex-automata v0.3.6
[INFO] [stderr]    Compiling nix v0.26.2
[INFO] [stderr]    Compiling digest v0.10.7
[INFO] [stderr]    Compiling proc-macro-crate v1.3.1
[INFO] [stderr]    Compiling zvariant_utils v1.0.1
[INFO] [stderr]    Compiling socket2 v0.4.9
[INFO] [stderr]    Compiling tracing-core v0.1.31
[INFO] [stderr]    Compiling futures-sink v0.3.28
[INFO] [stderr]    Compiling cpufeatures v0.2.9
[INFO] [stderr]    Compiling sha1 v0.10.5
[INFO] [stderr]    Compiling xdg-home v1.0.0
[INFO] [stderr]    Compiling regex v1.9.3
[INFO] [stderr]    Compiling rand v0.8.5
[INFO] [stderr]    Compiling async-executor v1.5.1
[INFO] [stderr]    Compiling async-broadcast v0.5.1
[INFO] [stderr]    Compiling ordered-stream v0.2.0
[INFO] [stderr]    Compiling serde_derive v1.0.171
[INFO] [stderr]    Compiling enumflags2_derive v0.7.7
[INFO] [stderr]    Compiling tracing-attributes v0.1.26
[INFO] [stderr]    Compiling serde_repr v0.1.16
[INFO] [stderr]    Compiling zvariant_derive v3.15.0
[INFO] [stderr]    Compiling derivative v2.2.0
[INFO] [stderr]    Compiling zbus_macros v3.14.1
[INFO] [stderr]    Compiling async-recursion v1.0.4
[INFO] [stderr]    Compiling hex v0.4.3
[INFO] [stderr]    Compiling tracing v0.1.37
[INFO] [stderr]    Compiling enumflags2 v0.7.7
[INFO] [stderr]    Compiling zvariant v3.15.0
[INFO] [stderr]    Compiling zbus_names v2.6.0
[INFO] [stderr]    Compiling zbus v3.14.1
[INFO] [stderr]    Compiling notify-rust v4.10.0 (/opt/rustwide/workdir)
[INFO] [stderr]     Finished dev [unoptimized + debuginfo] target(s) in 41.07s
[INFO] running `Command { std: "docker" "inspect" "b31c6a6bf8930c4113599bc2ea8c23e1571f9686563ac29cb9492fdb037684f0", kill_on_drop: false }`
[INFO] running `Command { std: "docker" "rm" "-f" "b31c6a6bf8930c4113599bc2ea8c23e1571f9686563ac29cb9492fdb037684f0", kill_on_drop: false }`
[INFO] [stdout] b31c6a6bf8930c4113599bc2ea8c23e1571f9686563ac29cb9492fdb037684f0
[INFO] running `Command { std: "docker" "create" "-v" "/var/lib/crater-agent-workspace/builds/worker-4-tc1/target:/opt/rustwide/target:rw,Z" "-v" "/var/lib/crater-agent-workspace/builds/worker-4-tc1/source:/opt/rustwide/workdir:ro,Z" "-v" "/var/lib/crater-agent-workspace/cargo-home:/opt/rustwide/cargo-home:ro,Z" "-v" "/var/lib/crater-agent-workspace/rustup-home:/opt/rustwide/rustup-home:ro,Z" "-e" "SOURCE_DIR=/opt/rustwide/workdir" "-e" "CARGO_TARGET_DIR=/opt/rustwide/target" "-e" "CARGO_INCREMENTAL=0" "-e" "RUST_BACKTRACE=full" "-e" "RUSTFLAGS=--cap-lints=warn" "-e" "RUSTDOCFLAGS=--cap-lints=warn" "-e" "CARGO_HOME=/opt/rustwide/cargo-home" "-e" "RUSTUP_HOME=/opt/rustwide/rustup-home" "-w" "/opt/rustwide/workdir" "-m" "1610612736" "--user" "0:0" "--network" "none" "ghcr.io/rust-lang/crates-build-env/linux@sha256:2788e3201cd34a07e3172128adcd8b3090168a8e3bcc40d7c032b9dda1df7d1c" "/opt/rustwide/cargo-home/bin/cargo" "+1.75.0" "test" "--frozen" "--no-run" "--message-format=json", kill_on_drop: false }`
[INFO] [stdout] 9840c407a20393ea831a16417bcb6af70ec50f69ca56545d39005b9abc8dfe90
[INFO] running `Command { std: "docker" "start" "-a" "9840c407a20393ea831a16417bcb6af70ec50f69ca56545d39005b9abc8dfe90", kill_on_drop: false }`
[INFO] [stderr]    Compiling crossbeam-utils v0.8.16
[INFO] [stderr]    Compiling value-bag v1.4.1
[INFO] [stderr]    Compiling libc v0.2.147
[INFO] [stderr]    Compiling gimli v0.27.3
[INFO] [stderr]    Compiling object v0.31.1
[INFO] [stderr]    Compiling async-attributes v1.1.2
[INFO] [stderr]    Compiling atty v0.2.14
[INFO] [stderr]    Compiling termcolor v1.2.0
[INFO] [stderr]    Compiling ctor v0.2.4
[INFO] [stderr]    Compiling log v0.4.20
[INFO] [stderr]    Compiling maplit v1.0.2
[INFO] [stderr]    Compiling polling v2.8.0
[INFO] [stderr]    Compiling concurrent-queue v2.2.0
[INFO] [stderr]    Compiling kv-log-macro v1.0.7
[INFO] [stderr]    Compiling async-channel v1.9.0
[INFO] [stderr]    Compiling async-io v1.13.0
[INFO] [stderr]    Compiling async-executor v1.5.1
[INFO] [stderr]    Compiling blocking v1.3.1
[INFO] [stderr]    Compiling cc v1.0.83
[INFO] [stderr]    Compiling async-fs v1.6.0
[INFO] [stderr]    Compiling async-global-executor v2.3.1
[INFO] [stderr]    Compiling zbus v3.14.1
[INFO] [stderr]    Compiling async-std v1.12.0
[INFO] [stderr]    Compiling backtrace v0.3.68
[INFO] [stderr]    Compiling addr2line v0.20.0
[INFO] [stderr]    Compiling color-backtrace v0.5.1
[INFO] [stderr]    Compiling notify-rust v4.10.0 (/opt/rustwide/workdir)
[INFO] [stderr]     Finished test [unoptimized + debuginfo] target(s) in 10.35s
[INFO] running `Command { std: "docker" "inspect" "9840c407a20393ea831a16417bcb6af70ec50f69ca56545d39005b9abc8dfe90", kill_on_drop: false }`
[INFO] running `Command { std: "docker" "rm" "-f" "9840c407a20393ea831a16417bcb6af70ec50f69ca56545d39005b9abc8dfe90", kill_on_drop: false }`
[INFO] [stdout] 9840c407a20393ea831a16417bcb6af70ec50f69ca56545d39005b9abc8dfe90
[INFO] running `Command { std: "docker" "create" "-v" "/var/lib/crater-agent-workspace/builds/worker-4-tc1/target:/opt/rustwide/target:rw,Z" "-v" "/var/lib/crater-agent-workspace/builds/worker-4-tc1/source:/opt/rustwide/workdir:ro,Z" "-v" "/var/lib/crater-agent-workspace/cargo-home:/opt/rustwide/cargo-home:ro,Z" "-v" "/var/lib/crater-agent-workspace/rustup-home:/opt/rustwide/rustup-home:ro,Z" "-e" "SOURCE_DIR=/opt/rustwide/workdir" "-e" "CARGO_TARGET_DIR=/opt/rustwide/target" "-e" "CARGO_INCREMENTAL=0" "-e" "RUST_BACKTRACE=full" "-e" "RUSTFLAGS=--cap-lints=warn" "-e" "RUSTDOCFLAGS=--cap-lints=warn" "-e" "CARGO_HOME=/opt/rustwide/cargo-home" "-e" "RUSTUP_HOME=/opt/rustwide/rustup-home" "-w" "/opt/rustwide/workdir" "-m" "1610612736" "--user" "0:0" "--network" "none" "ghcr.io/rust-lang/crates-build-env/linux@sha256:2788e3201cd34a07e3172128adcd8b3090168a8e3bcc40d7c032b9dda1df7d1c" "/opt/rustwide/cargo-home/bin/cargo" "+1.75.0" "test" "--frozen", kill_on_drop: false }`
[INFO] [stdout] c50656f5f216994539131c01253be774fcc4fd331663787768b3ec33c3430c48
[INFO] running `Command { std: "docker" "start" "-a" "c50656f5f216994539131c01253be774fcc4fd331663787768b3ec33c3430c48", kill_on_drop: false }`
[INFO] [stderr]     Finished test [unoptimized + debuginfo] target(s) in 0.09s
[INFO] [stderr]      Running unittests src/lib.rs (/opt/rustwide/target/debug/deps/notify_rust-1efcb815e697e1d4)
[INFO] [stdout] 
[INFO] [stdout] running 4 tests
[INFO] [stdout] test hints::test_hints_to_map ... ok
[INFO] [stdout] test timeout::timeout_from_i32 ... ok
[INFO] [stdout] test miniver::tests::version_comparison ... ok
[INFO] [stdout] test miniver::tests::version_parsing ... ok
[INFO] [stdout] 
[INFO] [stdout] test result: ok. 4 passed; 0 failed; 0 ignored; 0 measured; 0 filtered out; finished in 0.00s
[INFO] [stdout] 
[INFO] [stderr]      Running tests/conversion.rs (/opt/rustwide/target/debug/deps/conversion-aae25a90a419ba3d)
[INFO] [stdout] 
[INFO] [stdout] running 4 tests
[INFO] [stdout] test conversion::str_into_urgency ... ok
[INFO] [stdout] test conversion::urgency_from_int ... ok
[INFO] [stdout] test conversion::urgency_from_option_int ... ok
[INFO] [stdout] test conversion::urgency_from_str ... ok
[INFO] [stdout] 
[INFO] [stdout] test result: ok. 4 passed; 0 failed; 0 ignored; 0 measured; 0 filtered out; finished in 0.00s
[INFO] [stdout] 
[INFO] [stderr]      Running tests/ownworld.rs (/opt/rustwide/target/debug/deps/ownworld-5378d3645c80d14f)
[INFO] [stdout] 
[INFO] [stdout] running 0 tests
[INFO] [stdout] 
[INFO] [stdout] test result: ok. 0 passed; 0 failed; 0 ignored; 0 measured; 0 filtered out; finished in 0.00s
[INFO] [stdout] 
[INFO] [stderr]      Running tests/realworld.rs (/opt/rustwide/target/debug/deps/realworld-ba15dabd53330be1)
[INFO] [stdout] 
[INFO] [stdout] running 9 tests
[INFO] [stdout] test realworld::build_pattern ... ok
[INFO] [stdout] test realworld::should_allow_timeout_with_duration ... ok
[INFO] [stderr] The application panicked (crashed).
[INFO] [stderr] Message:  called `Result::unwrap()` on an `Err` value: Error { kind: Zbus(InputOutput(Os { code: 2, kind: NotFound, message: "No such file or directory" })) }
[INFO] [stderr] Location: tests/realworld.rs:34
[INFO] [stderr] 
[INFO] [stderr] Run with COLORBT_SHOW_HIDDEN=1 environment variable to disable frame filtering.
[INFO] [stderr] ━━━━━━━━━━━━━━━━━━━━━━━━━━━━━━━━━━ BACKTRACE ━━━━━━━━━━━━━━━━━━━━━━━━━━━━━━━━━━━
[INFO] [stderr]                               ⋮ 11 frames hidden ⋮                              
[INFO] [stderr] 12: core::result::Result<T,E>::unwrap::h10fc1db8e3b30763
[INFO] [stderr]     at /rustc/82e1608dfa6e0b5569232559e3d385fea5a93112/library/core/src/result.rs:1077
[INFO] [stderr] 13: realworld::realworld::burst::he87c3138a7649101
[INFO] [stderr]     at /opt/rustwide/workdir/tests/realworld.rs:28
[INFO] [stderr]       26 │             "I will have to complain about it.",
[INFO] [stderr]       27 │         ] {
[INFO] [stderr]       28 >             Notification::new()
[INFO] [stderr]       29 │                 .summary("burst")
[INFO] [stderr]       30 │                 .appname(msg)
[INFO] [stderr] 14: realworld::realworld::burst::{{closure}}::hcc6f4add8ff04079
[INFO] [stderr]     at /opt/rustwide/workdir/tests/realworld.rs:21
[INFO] [stderr]       19 │ 
[INFO] [stderr]       20 │     #[test]
[INFO] [stderr]       21 >     fn burst() {
[INFO] [stderr]       22 │         for msg in &[
[INFO] [stderr]       23 │             "These should each",
[INFO] [stderr] 15: core::ops::function::FnOnce::call_once::hef20155a9c630356
[INFO] [stderr]     at /rustc/82e1608dfa6e0b5569232559e3d385fea5a93112/library/core/src/ops/function.rs:250
[INFO] [stderr] 16: core::ops::function::FnOnce::call_once::h2b5d431d5046312d
[INFO] [stderr]     at /rustc/82e1608dfa6e0b5569232559e3d385fea5a93112/library/core/src/ops/function.rs:250
[INFO] [stderr] 17: test::__rust_begin_short_backtrace::h7714669af176e207
[INFO] [stderr]     at /rustc/82e1608dfa6e0b5569232559e3d385fea5a93112/library/test/src/lib.rs:628
[INFO] [stderr] 18: test::run_test_in_process::{{closure}}::h85218797dcbcec12
[INFO] [stderr]     at /rustc/82e1608dfa6e0b5569232559e3d385fea5a93112/library/test/src/lib.rs:651
[INFO] [stderr] 19: <core::panic::unwind_safe::AssertUnwindSafe<F> as core::ops::function::FnOnce<()>>::call_once::h76c106ea31c14d7b
[INFO] [stderr]     at /rustc/82e1608dfa6e0b5569232559e3d385fea5a93112/library/core/src/panic/unwind_safe.rs:272
[INFO] [stderr] 20: std::panicking::try::do_call::h3bd5d0f6620ee946
[INFO] [stderr]     at /rustc/82e1608dfa6e0b5569232559e3d385fea5a93112/library/std/src/panicking.rs:552
[INFO] [stderr] 21: std::panicking::try::h232e535e4744fe31
[INFO] [stderr]     at /rustc/82e1608dfa6e0b5569232559e3d385fea5a93112/library/std/src/panicking.rs:516
[INFO] [stderr] 22: std::panic::catch_unwind::h3ce3bd6ca8dbac68
[INFO] [stderr]     at /rustc/82e1608dfa6e0b5569232559e3d385fea5a93112/library/std/src/panic.rs:142
[INFO] [stderr] 23: test::run_test_in_process::hc97b257c9621286a
[INFO] [stderr]     at /rustc/82e1608dfa6e0b5569232559e3d385fea5a93112/library/test/src/lib.rs:651
[INFO] [stderr] 24: test::run_test::{{closure}}::h2aa798823a438d38
[INFO] [stderr]     at /rustc/82e1608dfa6e0b5569232559e3d385fea5a93112/library/test/src/lib.rs:574
[INFO] [stderr] 25: test::run_test::{{closure}}::h87d231c78fb59832
[INFO] [stderr]     at /rustc/82e1608dfa6e0b5569232559e3d385fea5a93112/library/test/src/lib.rs:602
[INFO] [stderr]                               ⋮ 12 frames hidden ⋮                              
[INFO] [stderr] The application panicked (crashed).
[INFO] [stderr] Message:  called `Result::unwrap()` on an `Err` value: Error { kind: Zbus(InputOutput(Os { code: 2, kind: NotFound, message: "No such file or directory" })) }
[INFO] [stderr] Location: tests/realworld.rs:59
[INFO] [stderr] 
[INFO] [stderr] Run with COLORBT_SHOW_HIDDEN=1 environment variable to disable frame filtering.
[INFO] [stdout] test realworld::burst ... FAILED
[INFO] [stderr] ━━━━━━━━━━━━━━━━━━━━━━━━━━━━━━━━━━ BACKTRACE ━━━━━━━━━━━━━━━━━━━━━━━━━━━━━━━━━━━
[INFO] [stderr]                               ⋮ 11 frames hidden ⋮                              
[INFO] [stderr] 12: core::result::Result<T,E>::unwrap::h10fc1db8e3b30763
[INFO] [stderr]     at /rustc/82e1608dfa6e0b5569232559e3d385fea5a93112/library/core/src/result.rs:1077
[INFO] [stderr] 13: realworld::realworld::closing::h705993eaa357a9c9
[INFO] [stderr]     at /opt/rustwide/workdir/tests/realworld.rs:55
[INFO] [stderr]       53 │     #[cfg(all(unix, not(target_os = "macos")))]
[INFO] [stderr]       54 │     fn closing() {
[INFO] [stderr]       55 >         Notification::new()
[INFO] [stderr]       56 │             .summary("You see me")
[INFO] [stderr]       57 │             .body("you don't see me!")
[INFO] [stderr] 14: realworld::realworld::closing::{{closure}}::hc97f93ce1ddf08b8
[INFO] [stderr]     at /opt/rustwide/workdir/tests/realworld.rs:54
[INFO] [stderr]       52 │     #[test]
[INFO] [stderr]       53 │     #[cfg(all(unix, not(target_os = "macos")))]
[INFO] [stderr]       54 >     fn closing() {
[INFO] [stderr]       55 │         Notification::new()
[INFO] [stderr]       56 │             .summary("You see me")
[INFO] [stderr] 15: core::ops::function::FnOnce::call_once::hd97764a5074d4114
[INFO] [stderr]     at /rustc/82e1608dfa6e0b5569232559e3d385fea5a93112/library/core/src/ops/function.rs:250
[INFO] [stderr] 16: core::ops::function::FnOnce::call_once::h2b5d431d5046312d
[INFO] [stderr]     at /rustc/82e1608dfa6e0b5569232559e3d385fea5a93112/library/core/src/ops/function.rs:250
[INFO] [stderr] 17: test::__rust_begin_short_backtrace::h7714669af176e207
[INFO] [stderr]     at /rustc/82e1608dfa6e0b5569232559e3d385fea5a93112/library/test/src/lib.rs:628
[INFO] [stderr] 18: test::run_test_in_process::{{closure}}::h85218797dcbcec12
[INFO] [stderr]     at /rustc/82e1608dfa6e0b5569232559e3d385fea5a93112/library/test/src/lib.rs:651
[INFO] [stderr] 19: <core::panic::unwind_safe::AssertUnwindSafe<F> as core::ops::function::FnOnce<()>>::call_once::h76c106ea31c14d7b
[INFO] [stderr]     at /rustc/82e1608dfa6e0b5569232559e3d385fea5a93112/library/core/src/panic/unwind_safe.rs:272
[INFO] [stderr] 20: std::panicking::try::do_call::h3bd5d0f6620ee946
[INFO] [stderr]     at /rustc/82e1608dfa6e0b5569232559e3d385fea5a93112/library/std/src/panicking.rs:552
[INFO] [stderr] 21: std::panicking::try::h232e535e4744fe31
[INFO] [stderr]     at /rustc/82e1608dfa6e0b5569232559e3d385fea5a93112/library/std/src/panicking.rs:516
[INFO] [stderr] 22: std::panic::catch_unwind::h3ce3bd6ca8dbac68
[INFO] [stderr]     at /rustc/82e1608dfa6e0b5569232559e3d385fea5a93112/library/std/src/panic.rs:142
[INFO] [stderr] 23: test::run_test_in_process::hc97b257c9621286a
[INFO] [stderr]     at /rustc/82e1608dfa6e0b5569232559e3d385fea5a93112/library/test/src/lib.rs:651
[INFO] [stderr] 24: test::run_test::{{closure}}::h2aa798823a438d38
[INFO] [stderr]     at /rustc/82e1608dfa6e0b5569232559e3d385fea5a93112/library/test/src/lib.rs:574
[INFO] [stderr] 25: test::run_test::{{closure}}::h87d231c78fb59832
[INFO] [stderr]     at /rustc/82e1608dfa6e0b5569232559e3d385fea5a93112/library/test/src/lib.rs:602
[INFO] [stderr]                               ⋮ 12 frames hidden ⋮                              
[INFO] [stderr] The application panicked (crashed).
[INFO] [stderr] Message:  called `Result::unwrap()` on an `Err` value: Error { kind: Zbus(InputOutput(Os { code: 2, kind: NotFound, message: "No such file or directory" })) }
[INFO] [stderr] Location: tests/realworld.rs:107
[INFO] [stderr] 
[INFO] [stderr] Run with COLORBT_SHOW_HIDDEN=1 environment variable to disable frame filtering.
[INFO] [stdout] test realworld::closing ... FAILED
[INFO] [stderr] ━━━━━━━━━━━━━━━━━━━━━━━━━━━━━━━━━━ BACKTRACE ━━━━━━━━━━━━━━━━━━━━━━━━━━━━━━━━━━━
[INFO] [stderr]                               ⋮ 11 frames hidden ⋮                              
[INFO] [stderr] 12: core::result::Result<T,E>::unwrap::h10fc1db8e3b30763
[INFO] [stderr]     at /rustc/82e1608dfa6e0b5569232559e3d385fea5a93112/library/core/src/result.rs:1077
[INFO] [stderr] 13: realworld::realworld::init::h46ba9e8135f6f43b
[INFO] [stderr]     at /opt/rustwide/workdir/tests/realworld.rs:107
[INFO] [stderr]      105 │         message.summary("invocation type 2");
[INFO] [stderr]      106 │         message.body("your <b>body</b> is a <u>wonderland</u>");
[INFO] [stderr]      107 >         message.show().unwrap();
[INFO] [stderr]      108 │ 
[INFO] [stderr]      109 │         Notification::new()
[INFO] [stderr] 14: realworld::realworld::init::{{closure}}::h963ac48638978b17
[INFO] [stderr]     at /opt/rustwide/workdir/tests/realworld.rs:103
[INFO] [stderr]      101 │ 
[INFO] [stderr]      102 │     #[test]
[INFO] [stderr]      103 >     fn init() {
[INFO] [stderr]      104 │         let mut message = Notification::new();
[INFO] [stderr]      105 │         message.summary("invocation type 2");
[INFO] [stderr] 15: core::ops::function::FnOnce::call_once::h0c5cf03604dfa98e
[INFO] [stderr]     at /rustc/82e1608dfa6e0b5569232559e3d385fea5a93112/library/core/src/ops/function.rs:250
[INFO] [stderr] 16: core::ops::function::FnOnce::call_once::h2b5d431d5046312d
[INFO] [stderr]     at /rustc/82e1608dfa6e0b5569232559e3d385fea5a93112/library/core/src/ops/function.rs:250
[INFO] [stderr] 17: test::__rust_begin_short_backtrace::h7714669af176e207
[INFO] [stderr]     at /rustc/82e1608dfa6e0b5569232559e3d385fea5a93112/library/test/src/lib.rs:628
[INFO] [stderr] 18: test::run_test_in_process::{{closure}}::h85218797dcbcec12
[INFO] [stderr]     at /rustc/82e1608dfa6e0b5569232559e3d385fea5a93112/library/test/src/lib.rs:651
[INFO] [stderr] 19: <core::panic::unwind_safe::AssertUnwindSafe<F> as core::ops::function::FnOnce<()>>::call_once::h76c106ea31c14d7b
[INFO] [stderr]     at /rustc/82e1608dfa6e0b5569232559e3d385fea5a93112/library/core/src/panic/unwind_safe.rs:272
[INFO] [stderr] 20: std::panicking::try::do_call::h3bd5d0f6620ee946
[INFO] [stderr]     at /rustc/82e1608dfa6e0b5569232559e3d385fea5a93112/library/std/src/panicking.rs:552
[INFO] [stderr] 21: std::panicking::try::h232e535e4744fe31
[INFO] [stderr]     at /rustc/82e1608dfa6e0b5569232559e3d385fea5a93112/library/std/src/panicking.rs:516
[INFO] [stderr] 22: std::panic::catch_unwind::h3ce3bd6ca8dbac68
[INFO] [stderr]     at /rustc/82e1608dfa6e0b5569232559e3d385fea5a93112/library/std/src/panic.rs:142
[INFO] [stderr] 23: test::run_test_in_process::hc97b257c9621286a
[INFO] [stderr]     at /rustc/82e1608dfa6e0b5569232559e3d385fea5a93112/library/test/src/lib.rs:651
[INFO] [stderr] 24: test::run_test::{{closure}}::h2aa798823a438d38
[INFO] [stderr]     at /rustc/82e1608dfa6e0b5569232559e3d385fea5a93112/library/test/src/lib.rs:574
[INFO] [stderr] 25: test::run_test::{{closure}}::h87d231c78fb59832
[INFO] [stderr]     at /rustc/82e1608dfa6e0b5569232559e3d385fea5a93112/library/test/src/lib.rs:602
[INFO] [stderr]                               ⋮ 12 frames hidden ⋮                              
[INFO] [stdout] test realworld::init ... FAILED
[INFO] [stderr] The application panicked (crashed).
[INFO] [stderr] Message:  called `Result::unwrap()` on an `Err` value: Error { kind: Zbus(InputOutput(Os { code: 2, kind: NotFound, message: "No such file or directory" })) }
[INFO] [stderr] Location: tests/realworld.rs:166
[INFO] [stderr] 
[INFO] [stderr] Run with COLORBT_SHOW_HIDDEN=1 environment variable to disable frame filtering.
[INFO] [stderr] ━━━━━━━━━━━━━━━━━━━━━━━━━━━━━━━━━━ BACKTRACE ━━━━━━━━━━━━━━━━━━━━━━━━━━━━━━━━━━━
[INFO] [stderr]                               ⋮ 11 frames hidden ⋮                              
[INFO] [stderr] 12: core::result::Result<T,E>::unwrap::h10fc1db8e3b30763
[INFO] [stderr]     at /rustc/82e1608dfa6e0b5569232559e3d385fea5a93112/library/core/src/result.rs:1077
[INFO] [stderr] 13: realworld::realworld::persistent::h4f2604b132423935
[INFO] [stderr]     at /opt/rustwide/workdir/tests/realworld.rs:160
[INFO] [stderr]      158 │     #[cfg(all(unix, not(target_os = "macos")))]
[INFO] [stderr]      159 │     fn persistent() {
[INFO] [stderr]      160 >         Notification::new()
[INFO] [stderr]      161 │             .summary("Incoming Call: Your Mom!")
[INFO] [stderr]      162 │             .body("Resident:True")
[INFO] [stderr] 14: realworld::realworld::persistent::{{closure}}::h038ca0de42941548
[INFO] [stderr]     at /opt/rustwide/workdir/tests/realworld.rs:159
[INFO] [stderr]      157 │     #[test]
[INFO] [stderr]      158 │     #[cfg(all(unix, not(target_os = "macos")))]
[INFO] [stderr]      159 >     fn persistent() {
[INFO] [stderr]      160 │         Notification::new()
[INFO] [stderr]      161 │             .summary("Incoming Call: Your Mom!")
[INFO] [stderr] 15: core::ops::function::FnOnce::call_once::h6728abc04e032055
[INFO] [stderr]     at /rustc/82e1608dfa6e0b5569232559e3d385fea5a93112/library/core/src/ops/function.rs:250
[INFO] [stderr] 16: core::ops::function::FnOnce::call_once::h2b5d431d5046312d
[INFO] [stderr]     at /rustc/82e1608dfa6e0b5569232559e3d385fea5a93112/library/core/src/ops/function.rs:250
[INFO] [stderr] 17: test::__rust_begin_short_backtrace::h7714669af176e207
[INFO] [stderr]     at /rustc/82e1608dfa6e0b5569232559e3d385fea5a93112/library/test/src/lib.rs:628
[INFO] [stderr] 18: test::run_test_in_process::{{closure}}::h85218797dcbcec12
[INFO] [stderr]     at /rustc/82e1608dfa6e0b5569232559e3d385fea5a93112/library/test/src/lib.rs:651
[INFO] [stderr] 19: <core::panic::unwind_safe::AssertUnwindSafe<F> as core::ops::function::FnOnce<()>>::call_once::h76c106ea31c14d7b
[INFO] [stderr]     at /rustc/82e1608dfa6e0b5569232559e3d385fea5a93112/library/core/src/panic/unwind_safe.rs:272
[INFO] [stderr] 20: std::panicking::try::do_call::h3bd5d0f6620ee946
[INFO] [stderr]     at /rustc/82e1608dfa6e0b5569232559e3d385fea5a93112/library/std/src/panicking.rs:552
[INFO] [stderr] 21: std::panicking::try::h232e535e4744fe31
[INFO] [stderr]     at /rustc/82e1608dfa6e0b5569232559e3d385fea5a93112/library/std/src/panicking.rs:516
[INFO] [stderr] 22: std::panic::catch_unwind::h3ce3bd6ca8dbac68
[INFO] [stderr]     at /rustc/82e1608dfa6e0b5569232559e3d385fea5a93112/library/std/src/panic.rs:142
[INFO] [stderr] 23: test::run_test_in_process::hc97b257c9621286a
[INFO] [stderr]     at /rustc/82e1608dfa6e0b5569232559e3d385fea5a93112/library/test/src/lib.rs:651
[INFO] [stderr] 24: test::run_test::{{closure}}::h2aa798823a438d38
[INFO] [stderr]     at /rustc/82e1608dfa6e0b5569232559e3d385fea5a93112/library/test/src/lib.rs:574
[INFO] [stderr] 25: test::run_test::{{closure}}::h87d231c78fb59832
[INFO] [stderr]     at /rustc/82e1608dfa6e0b5569232559e3d385fea5a93112/library/test/src/lib.rs:602
[INFO] [stderr]                               ⋮ 12 frames hidden ⋮                              
[INFO] [stderr] The application panicked (crashed).
[INFO] [stderr] Message:  called `Result::unwrap()` on an `Err` value: Error { kind: Zbus(InputOutput(Os { code: 2, kind: NotFound, message: "No such file or directory" })) }
[INFO] [stderr] Location: tests/realworld.rs:66
[INFO] [stderr] 
[INFO] [stderr] Run with COLORBT_SHOW_HIDDEN=1 environment variable to disable frame filtering.
[INFO] [stdout] test realworld::persistent ... FAILED
[INFO] [stderr] ━━━━━━━━━━━━━━━━━━━━━━━━━━━━━━━━━━ BACKTRACE ━━━━━━━━━━━━━━━━━━━━━━━━━━━━━━━━━━━
[INFO] [stderr]                               ⋮ 11 frames hidden ⋮                              
[INFO] [stderr] 12: core::result::Result<T,E>::unwrap::hd530bccdcf945a4f
[INFO] [stderr]     at /rustc/82e1608dfa6e0b5569232559e3d385fea5a93112/library/core/src/result.rs:1077
[INFO] [stderr] 13: realworld::realworld::capabilities::h5797c0ccffc04291
[INFO] [stderr]     at /opt/rustwide/workdir/tests/realworld.rs:66
[INFO] [stderr]       64 │     #[cfg(all(unix, not(target_os = "macos")))]
[INFO] [stderr]       65 │     fn capabilities() {
[INFO] [stderr]       66 >         let capabilities: Vec<String> = get_capabilities().unwrap();
[INFO] [stderr]       67 │         for capability in capabilities {
[INFO] [stderr]       68 │             Notification::new()
[INFO] [stderr] 14: realworld::realworld::capabilities::{{closure}}::h34121fc45c9e725a
[INFO] [stderr]     at /opt/rustwide/workdir/tests/realworld.rs:65
[INFO] [stderr]       63 │     #[test]
[INFO] [stderr]       64 │     #[cfg(all(unix, not(target_os = "macos")))]
[INFO] [stderr]       65 >     fn capabilities() {
[INFO] [stderr]       66 │         let capabilities: Vec<String> = get_capabilities().unwrap();
[INFO] [stderr]       67 │         for capability in capabilities {
[INFO] [stderr] 15: core::ops::function::FnOnce::call_once::h7042b664e25a622e
[INFO] [stderr]     at /rustc/82e1608dfa6e0b5569232559e3d385fea5a93112/library/core/src/ops/function.rs:250
[INFO] [stderr] 16: core::ops::function::FnOnce::call_once::h2b5d431d5046312d
[INFO] [stderr]     at /rustc/82e1608dfa6e0b5569232559e3d385fea5a93112/library/core/src/ops/function.rs:250
[INFO] [stderr] 17: test::__rust_begin_short_backtrace::h7714669af176e207
[INFO] [stderr]     at /rustc/82e1608dfa6e0b5569232559e3d385fea5a93112/library/test/src/lib.rs:628
[INFO] [stderr] 18: test::run_test_in_process::{{closure}}::h85218797dcbcec12
[INFO] [stderr]     at /rustc/82e1608dfa6e0b5569232559e3d385fea5a93112/library/test/src/lib.rs:651
[INFO] [stderr] 19: <core::panic::unwind_safe::AssertUnwindSafe<F> as core::ops::function::FnOnce<()>>::call_once::h76c106ea31c14d7b
[INFO] [stderr]     at /rustc/82e1608dfa6e0b5569232559e3d385fea5a93112/library/core/src/panic/unwind_safe.rs:272
[INFO] [stderr] 20: std::panicking::try::do_call::h3bd5d0f6620ee946
[INFO] [stderr]     at /rustc/82e1608dfa6e0b5569232559e3d385fea5a93112/library/std/src/panicking.rs:552
[INFO] [stderr] 21: std::panicking::try::h232e535e4744fe31
[INFO] [stderr]     at /rustc/82e1608dfa6e0b5569232559e3d385fea5a93112/library/std/src/panicking.rs:516
[INFO] [stderr] 22: std::panic::catch_unwind::h3ce3bd6ca8dbac68
[INFO] [stderr]     at /rustc/82e1608dfa6e0b5569232559e3d385fea5a93112/library/std/src/panic.rs:142
[INFO] [stderr] 23: test::run_test_in_process::hc97b257c9621286a
[INFO] [stderr]     at /rustc/82e1608dfa6e0b5569232559e3d385fea5a93112/library/test/src/lib.rs:651
[INFO] [stderr] 24: test::run_test::{{closure}}::h2aa798823a438d38
[INFO] [stderr]     at /rustc/82e1608dfa6e0b5569232559e3d385fea5a93112/library/test/src/lib.rs:574
[INFO] [stderr] 25: test::run_test::{{closure}}::h87d231c78fb59832
[INFO] [stderr]     at /rustc/82e1608dfa6e0b5569232559e3d385fea5a93112/library/test/src/lib.rs:602
[INFO] [stderr]                               ⋮ 12 frames hidden ⋮                              
[INFO] [stderr] The application panicked (crashed).
[INFO] [stdout] test realworld::capabilities ... FAILED
[INFO] [stderr] Message:  called `Result::unwrap()` on an `Err` value: Error { kind: Zbus(InputOutput(Os { code: 2, kind: NotFound, message: "No such file or directory" })) }
[INFO] [stderr] Location: tests/realworld.rs:154
[INFO] [stderr] 
[INFO] [stderr] Run with COLORBT_SHOW_HIDDEN=1 environment variable to disable frame filtering.
[INFO] [stderr] ━━━━━━━━━━━━━━━━━━━━━━━━━━━━━━━━━━ BACKTRACE ━━━━━━━━━━━━━━━━━━━━━━━━━━━━━━━━━━━
[INFO] [stderr]                               ⋮ 11 frames hidden ⋮                              
[INFO] [stderr] 12: core::result::Result<T,E>::unwrap::h10fc1db8e3b30763
[INFO] [stderr]     at /rustc/82e1608dfa6e0b5569232559e3d385fea5a93112/library/core/src/result.rs:1077
[INFO] [stderr] 13: realworld::realworld::category::h578c88a13c60a142
[INFO] [stderr]     at /opt/rustwide/workdir/tests/realworld.rs:148
[INFO] [stderr]      146 │     #[cfg(all(unix, not(target_os = "macos")))]
[INFO] [stderr]      147 │     fn category() {
[INFO] [stderr]      148 >         Notification::new()
[INFO] [stderr]      149 │             .appname("thunderbird")
[INFO] [stderr]      150 │             .summary("Category:email")
[INFO] [stderr] 14: realworld::realworld::category::{{closure}}::h62b3f2e046468c77
[INFO] [stderr]     at /opt/rustwide/workdir/tests/realworld.rs:147
[INFO] [stderr]      145 │     #[test]
[INFO] [stderr]      146 │     #[cfg(all(unix, not(target_os = "macos")))]
[INFO] [stderr]      147 >     fn category() {
[INFO] [stderr]      148 │         Notification::new()
[INFO] [stderr]      149 │             .appname("thunderbird")
[INFO] [stderr] 15: core::ops::function::FnOnce::call_once::hc8f289c7e6d0ea38
[INFO] [stderr]     at /rustc/82e1608dfa6e0b5569232559e3d385fea5a93112/library/core/src/ops/function.rs:250
[INFO] [stderr] 16: core::ops::function::FnOnce::call_once::h2b5d431d5046312d
[INFO] [stderr]     at /rustc/82e1608dfa6e0b5569232559e3d385fea5a93112/library/core/src/ops/function.rs:250
[INFO] [stderr] 17: test::__rust_begin_short_backtrace::h7714669af176e207
[INFO] [stderr]     at /rustc/82e1608dfa6e0b5569232559e3d385fea5a93112/library/test/src/lib.rs:628
[INFO] [stderr] 18: test::run_test_in_process::{{closure}}::h85218797dcbcec12
[INFO] [stderr]     at /rustc/82e1608dfa6e0b5569232559e3d385fea5a93112/library/test/src/lib.rs:651
[INFO] [stderr] 19: <core::panic::unwind_safe::AssertUnwindSafe<F> as core::ops::function::FnOnce<()>>::call_once::h76c106ea31c14d7b
[INFO] [stderr]     at /rustc/82e1608dfa6e0b5569232559e3d385fea5a93112/library/core/src/panic/unwind_safe.rs:272
[INFO] [stderr] 20: std::panicking::try::do_call::h3bd5d0f6620ee946
[INFO] [stderr]     at /rustc/82e1608dfa6e0b5569232559e3d385fea5a93112/library/std/src/panicking.rs:552
[INFO] [stderr] 21: std::panicking::try::h232e535e4744fe31
[INFO] [stderr]     at /rustc/82e1608dfa6e0b5569232559e3d385fea5a93112/library/std/src/panicking.rs:516
[INFO] [stderr] 22: std::panic::catch_unwind::h3ce3bd6ca8dbac68
[INFO] [stderr]     at /rustc/82e1608dfa6e0b5569232559e3d385fea5a93112/library/std/src/panic.rs:142
[INFO] [stderr] 23: test::run_test_in_process::hc97b257c9621286a
[INFO] [stderr]     at /rustc/82e1608dfa6e0b5569232559e3d385fea5a93112/library/test/src/lib.rs:651
[INFO] [stderr] 24: test::run_test::{{closure}}::h2aa798823a438d38
[INFO] [stderr]     at /rustc/82e1608dfa6e0b5569232559e3d385fea5a93112/library/test/src/lib.rs:574
[INFO] [stderr] 25: test::run_test::{{closure}}::h87d231c78fb59832
[INFO] [stderr]     at /rustc/82e1608dfa6e0b5569232559e3d385fea5a93112/library/test/src/lib.rs:602
[INFO] [stderr]                               ⋮ 12 frames hidden ⋮                              
[INFO] [stderr] The application panicked (crashed).
[INFO] [stdout] test realworld::category ... FAILED
[INFO] [stderr] Message:  called `Result::unwrap()` on an `Err` value: Error { kind: Zbus(InputOutput(Os { code: 2, kind: NotFound, message: "No such file or directory" })) }
[INFO] [stderr] Location: tests/realworld.rs:141
[INFO] [stderr] 
[INFO] [stderr] Run with COLORBT_SHOW_HIDDEN=1 environment variable to disable frame filtering.
[INFO] [stderr] ━━━━━━━━━━━━━━━━━━━━━━━━━━━━━━━━━━ BACKTRACE ━━━━━━━━━━━━━━━━━━━━━━━━━━━━━━━━━━━
[INFO] [stderr]                               ⋮ 11 frames hidden ⋮                              
[INFO] [stderr] 12: core::result::Result<T,E>::unwrap::h10fc1db8e3b30763
[INFO] [stderr]     at /rustc/82e1608dfa6e0b5569232559e3d385fea5a93112/library/core/src/result.rs:1077
[INFO] [stderr] 13: realworld::realworld::urgency::h94fe8fc880eb49c6
[INFO] [stderr]     at /opt/rustwide/workdir/tests/realworld.rs:137
[INFO] [stderr]      135 │             Hint::Urgency(Critical),
[INFO] [stderr]      136 │         ] {
[INFO] [stderr]      137 >             Notification::new()
[INFO] [stderr]      138 │                 .summary(&format!("Urgency {:?}", urgency))
[INFO] [stderr]      139 │                 .hint(urgency.clone())
[INFO] [stderr] 14: realworld::realworld::urgency::{{closure}}::hc8fc131f26d0e26c
[INFO] [stderr]     at /opt/rustwide/workdir/tests/realworld.rs:129
[INFO] [stderr]      127 │     #[test]
[INFO] [stderr]      128 │     #[cfg(all(unix, not(target_os = "macos")))]
[INFO] [stderr]      129 >     fn urgency() {
[INFO] [stderr]      130 │         // use it this way
[INFO] [stderr]      131 │         use Urgency::*;
[INFO] [stderr] 15: core::ops::function::FnOnce::call_once::hd74c4e62c1b0a65d
[INFO] [stderr]     at /rustc/82e1608dfa6e0b5569232559e3d385fea5a93112/library/core/src/ops/function.rs:250
[INFO] [stderr] 16: core::ops::function::FnOnce::call_once::h2b5d431d5046312d
[INFO] [stderr]     at /rustc/82e1608dfa6e0b5569232559e3d385fea5a93112/library/core/src/ops/function.rs:250
[INFO] [stderr] 17: test::__rust_begin_short_backtrace::h7714669af176e207
[INFO] [stderr]     at /rustc/82e1608dfa6e0b5569232559e3d385fea5a93112/library/test/src/lib.rs:628
[INFO] [stderr] 18: test::run_test_in_process::{{closure}}::h85218797dcbcec12
[INFO] [stderr]     at /rustc/82e1608dfa6e0b5569232559e3d385fea5a93112/library/test/src/lib.rs:651
[INFO] [stderr] 19: <core::panic::unwind_safe::AssertUnwindSafe<F> as core::ops::function::FnOnce<()>>::call_once::h76c106ea31c14d7b
[INFO] [stderr]     at /rustc/82e1608dfa6e0b5569232559e3d385fea5a93112/library/core/src/panic/unwind_safe.rs:272
[INFO] [stderr] 20: std::panicking::try::do_call::h3bd5d0f6620ee946
[INFO] [stderr]     at /rustc/82e1608dfa6e0b5569232559e3d385fea5a93112/library/std/src/panicking.rs:552
[INFO] [stderr] 21: std::panicking::try::h232e535e4744fe31
[INFO] [stderr]     at /rustc/82e1608dfa6e0b5569232559e3d385fea5a93112/library/std/src/panicking.rs:516
[INFO] [stderr] 22: std::panic::catch_unwind::h3ce3bd6ca8dbac68
[INFO] [stderr]     at /rustc/82e1608dfa6e0b5569232559e3d385fea5a93112/library/std/src/panic.rs:142
[INFO] [stderr] 23: test::run_test_in_process::hc97b257c9621286a
[INFO] [stderr]     at /rustc/82e1608dfa6e0b5569232559e3d385fea5a93112/library/test/src/lib.rs:651
[INFO] [stderr] 24: test::run_test::{{closure}}::h2aa798823a438d38
[INFO] [stderr]     at /rustc/82e1608dfa6e0b5569232559e3d385fea5a93112/library/test/src/lib.rs:574
[INFO] [stderr] 25: test::run_test::{{closure}}::h87d231c78fb59832
[INFO] [stderr]     at /rustc/82e1608dfa6e0b5569232559e3d385fea5a93112/library/test/src/lib.rs:602
[INFO] [stderr]                               ⋮ 12 frames hidden ⋮                              
[INFO] [stdout] test realworld::urgency ... FAILED
[INFO] [stdout] 
[INFO] [stdout] failures:
[INFO] [stdout] 
[INFO] [stdout] failures:
[INFO] [stdout]     realworld::burst
[INFO] [stdout]     realworld::capabilities
[INFO] [stdout]     realworld::category
[INFO] [stdout]     realworld::closing
[INFO] [stdout]     realworld::init
[INFO] [stdout]     realworld::persistent
[INFO] [stdout]     realworld::urgency
[INFO] [stdout] 
[INFO] [stdout] test result: FAILED. 2 passed; 7 failed; 0 ignored; 0 measured; 0 filtered out; finished in 0.17s
[INFO] [stdout] 
[INFO] [stderr] error: test failed, to rerun pass `--test realworld`
[INFO] running `Command { std: "docker" "inspect" "c50656f5f216994539131c01253be774fcc4fd331663787768b3ec33c3430c48", kill_on_drop: false }`
[INFO] running `Command { std: "docker" "rm" "-f" "c50656f5f216994539131c01253be774fcc4fd331663787768b3ec33c3430c48", kill_on_drop: false }`
[INFO] [stdout] c50656f5f216994539131c01253be774fcc4fd331663787768b3ec33c3430c48
