[INFO] fetching crate not-so-fast-derive 0.1.0...
[INFO] testing not-so-fast-derive-0.1.0 against 1.75.0 for beta-1.76-1
[INFO] extracting crate not-so-fast-derive 0.1.0 into /workspace/builds/worker-5-tc1/source
[INFO] validating manifest of crates.io crate not-so-fast-derive 0.1.0 on toolchain 1.75.0
[INFO] running `Command { std: CARGO_HOME="/workspace/cargo-home" RUSTUP_HOME="/workspace/rustup-home" "/workspace/cargo-home/bin/cargo" "+1.75.0" "metadata" "--manifest-path" "Cargo.toml" "--no-deps", kill_on_drop: false }`
[INFO] started tweaking crates.io crate not-so-fast-derive 0.1.0
[INFO] finished tweaking crates.io crate not-so-fast-derive 0.1.0
[INFO] tweaked toml for crates.io crate not-so-fast-derive 0.1.0 written to /workspace/builds/worker-5-tc1/source/Cargo.toml
[INFO] running `Command { std: CARGO_HOME="/workspace/cargo-home" RUSTUP_HOME="/workspace/rustup-home" "/workspace/cargo-home/bin/cargo" "+1.75.0" "generate-lockfile" "--manifest-path" "Cargo.toml", kill_on_drop: false }`
[INFO] [stderr]     Updating crates.io index
[INFO] running `Command { std: CARGO_HOME="/workspace/cargo-home" RUSTUP_HOME="/workspace/rustup-home" "/workspace/cargo-home/bin/cargo" "+1.75.0" "fetch" "--manifest-path" "Cargo.toml", kill_on_drop: false }`
[INFO] [stderr]     Blocking waiting for file lock on package cache
[INFO] [stderr]     Blocking waiting for file lock on package cache
[INFO] running `Command { std: "docker" "create" "-v" "/var/lib/crater-agent-workspace/builds/worker-5-tc1/target:/opt/rustwide/target:rw,Z" "-v" "/var/lib/crater-agent-workspace/builds/worker-5-tc1/source:/opt/rustwide/workdir:ro,Z" "-v" "/var/lib/crater-agent-workspace/cargo-home:/opt/rustwide/cargo-home:ro,Z" "-v" "/var/lib/crater-agent-workspace/rustup-home:/opt/rustwide/rustup-home:ro,Z" "-e" "SOURCE_DIR=/opt/rustwide/workdir" "-e" "CARGO_TARGET_DIR=/opt/rustwide/target" "-e" "CARGO_HOME=/opt/rustwide/cargo-home" "-e" "RUSTUP_HOME=/opt/rustwide/rustup-home" "-w" "/opt/rustwide/workdir" "-m" "1610612736" "--user" "0:0" "--network" "none" "ghcr.io/rust-lang/crates-build-env/linux@sha256:2788e3201cd34a07e3172128adcd8b3090168a8e3bcc40d7c032b9dda1df7d1c" "/opt/rustwide/cargo-home/bin/cargo" "+1.75.0" "metadata" "--no-deps" "--format-version=1", kill_on_drop: false }`
[INFO] [stdout] 771853c326ceed5d726e6b1f7e8b4e8029f376e2748f676dbaf1bc3452ca1bb9
[INFO] running `Command { std: "docker" "start" "-a" "771853c326ceed5d726e6b1f7e8b4e8029f376e2748f676dbaf1bc3452ca1bb9", kill_on_drop: false }`
[INFO] running `Command { std: "docker" "inspect" "771853c326ceed5d726e6b1f7e8b4e8029f376e2748f676dbaf1bc3452ca1bb9", kill_on_drop: false }`
[INFO] running `Command { std: "docker" "rm" "-f" "771853c326ceed5d726e6b1f7e8b4e8029f376e2748f676dbaf1bc3452ca1bb9", kill_on_drop: false }`
[INFO] [stdout] 771853c326ceed5d726e6b1f7e8b4e8029f376e2748f676dbaf1bc3452ca1bb9
[INFO] running `Command { std: "docker" "create" "-v" "/var/lib/crater-agent-workspace/builds/worker-5-tc1/target:/opt/rustwide/target:rw,Z" "-v" "/var/lib/crater-agent-workspace/builds/worker-5-tc1/source:/opt/rustwide/workdir:ro,Z" "-v" "/var/lib/crater-agent-workspace/cargo-home:/opt/rustwide/cargo-home:ro,Z" "-v" "/var/lib/crater-agent-workspace/rustup-home:/opt/rustwide/rustup-home:ro,Z" "-e" "SOURCE_DIR=/opt/rustwide/workdir" "-e" "CARGO_TARGET_DIR=/opt/rustwide/target" "-e" "CARGO_INCREMENTAL=0" "-e" "RUST_BACKTRACE=full" "-e" "RUSTFLAGS=--cap-lints=warn" "-e" "RUSTDOCFLAGS=--cap-lints=warn" "-e" "CARGO_HOME=/opt/rustwide/cargo-home" "-e" "RUSTUP_HOME=/opt/rustwide/rustup-home" "-w" "/opt/rustwide/workdir" "-m" "1610612736" "--user" "0:0" "--network" "none" "ghcr.io/rust-lang/crates-build-env/linux@sha256:2788e3201cd34a07e3172128adcd8b3090168a8e3bcc40d7c032b9dda1df7d1c" "/opt/rustwide/cargo-home/bin/cargo" "+1.75.0" "build" "--frozen" "--message-format=json", kill_on_drop: false }`
[INFO] [stdout] 96b32480a983f602b83389d0ef7825fcae1e00d23f2af45263aa620c4235c928
[INFO] running `Command { std: "docker" "start" "-a" "96b32480a983f602b83389d0ef7825fcae1e00d23f2af45263aa620c4235c928", kill_on_drop: false }`
[INFO] [stderr]    Compiling syn v1.0.109
[INFO] [stderr]    Compiling not-so-fast-derive v0.1.0 (/opt/rustwide/workdir)
[INFO] [stderr]     Finished dev [unoptimized + debuginfo] target(s) in 4.82s
[INFO] running `Command { std: "docker" "inspect" "96b32480a983f602b83389d0ef7825fcae1e00d23f2af45263aa620c4235c928", kill_on_drop: false }`
[INFO] running `Command { std: "docker" "rm" "-f" "96b32480a983f602b83389d0ef7825fcae1e00d23f2af45263aa620c4235c928", kill_on_drop: false }`
[INFO] [stdout] 96b32480a983f602b83389d0ef7825fcae1e00d23f2af45263aa620c4235c928
[INFO] running `Command { std: "docker" "create" "-v" "/var/lib/crater-agent-workspace/builds/worker-5-tc1/target:/opt/rustwide/target:rw,Z" "-v" "/var/lib/crater-agent-workspace/builds/worker-5-tc1/source:/opt/rustwide/workdir:ro,Z" "-v" "/var/lib/crater-agent-workspace/cargo-home:/opt/rustwide/cargo-home:ro,Z" "-v" "/var/lib/crater-agent-workspace/rustup-home:/opt/rustwide/rustup-home:ro,Z" "-e" "SOURCE_DIR=/opt/rustwide/workdir" "-e" "CARGO_TARGET_DIR=/opt/rustwide/target" "-e" "CARGO_INCREMENTAL=0" "-e" "RUST_BACKTRACE=full" "-e" "RUSTFLAGS=--cap-lints=warn" "-e" "RUSTDOCFLAGS=--cap-lints=warn" "-e" "CARGO_HOME=/opt/rustwide/cargo-home" "-e" "RUSTUP_HOME=/opt/rustwide/rustup-home" "-w" "/opt/rustwide/workdir" "-m" "1610612736" "--user" "0:0" "--network" "none" "ghcr.io/rust-lang/crates-build-env/linux@sha256:2788e3201cd34a07e3172128adcd8b3090168a8e3bcc40d7c032b9dda1df7d1c" "/opt/rustwide/cargo-home/bin/cargo" "+1.75.0" "test" "--frozen" "--no-run" "--message-format=json", kill_on_drop: false }`
[INFO] [stdout] e470b14905b8d993c37ff0dd47d2cd057a32e7451d4ee0a6e3a06b7353a7288f
[INFO] running `Command { std: "docker" "start" "-a" "e470b14905b8d993c37ff0dd47d2cd057a32e7451d4ee0a6e3a06b7353a7288f", kill_on_drop: false }`
[INFO] [stderr]    Compiling not-so-fast-derive v0.1.0 (/opt/rustwide/workdir)
[INFO] [stderr]     Finished test [unoptimized + debuginfo] target(s) in 1.27s
[INFO] running `Command { std: "docker" "inspect" "e470b14905b8d993c37ff0dd47d2cd057a32e7451d4ee0a6e3a06b7353a7288f", kill_on_drop: false }`
[INFO] running `Command { std: "docker" "rm" "-f" "e470b14905b8d993c37ff0dd47d2cd057a32e7451d4ee0a6e3a06b7353a7288f", kill_on_drop: false }`
[INFO] [stdout] e470b14905b8d993c37ff0dd47d2cd057a32e7451d4ee0a6e3a06b7353a7288f
[INFO] running `Command { std: "docker" "create" "-v" "/var/lib/crater-agent-workspace/builds/worker-5-tc1/target:/opt/rustwide/target:rw,Z" "-v" "/var/lib/crater-agent-workspace/builds/worker-5-tc1/source:/opt/rustwide/workdir:ro,Z" "-v" "/var/lib/crater-agent-workspace/cargo-home:/opt/rustwide/cargo-home:ro,Z" "-v" "/var/lib/crater-agent-workspace/rustup-home:/opt/rustwide/rustup-home:ro,Z" "-e" "SOURCE_DIR=/opt/rustwide/workdir" "-e" "CARGO_TARGET_DIR=/opt/rustwide/target" "-e" "CARGO_INCREMENTAL=0" "-e" "RUST_BACKTRACE=full" "-e" "RUSTFLAGS=--cap-lints=warn" "-e" "RUSTDOCFLAGS=--cap-lints=warn" "-e" "CARGO_HOME=/opt/rustwide/cargo-home" "-e" "RUSTUP_HOME=/opt/rustwide/rustup-home" "-w" "/opt/rustwide/workdir" "-m" "1610612736" "--user" "0:0" "--network" "none" "ghcr.io/rust-lang/crates-build-env/linux@sha256:2788e3201cd34a07e3172128adcd8b3090168a8e3bcc40d7c032b9dda1df7d1c" "/opt/rustwide/cargo-home/bin/cargo" "+1.75.0" "test" "--frozen", kill_on_drop: false }`
[INFO] [stdout] e94819c0f062493809bc139d5ab6420439ed54f2d47175f61d7819f89aaa68c2
[INFO] running `Command { std: "docker" "start" "-a" "e94819c0f062493809bc139d5ab6420439ed54f2d47175f61d7819f89aaa68c2", kill_on_drop: false }`
[INFO] [stderr]     Finished test [unoptimized + debuginfo] target(s) in 0.02s
[INFO] [stderr]      Running unittests src/lib.rs (/opt/rustwide/target/debug/deps/not_so_fast_derive-0ed7e3207c9d4600)
[INFO] [stdout] 
[INFO] [stdout] running 0 tests
[INFO] [stdout] 
[INFO] [stdout] test result: ok. 0 passed; 0 failed; 0 ignored; 0 measured; 0 filtered out; finished in 0.00s
[INFO] [stdout] 
[INFO] [stderr]    Doc-tests not-so-fast-derive
[INFO] [stdout] 
[INFO] [stdout] running 10 tests
[INFO] [stdout] test src/lib.rs - derive_validate_args (line 213) ... FAILED
[INFO] [stdout] test src/lib.rs - derive_validate_args (line 303) ... FAILED
[INFO] [stdout] test src/lib.rs - derive_validate_args (line 21) ... FAILED
[INFO] [stdout] test src/lib.rs - derive_validate_args (line 152) ... FAILED
[INFO] [stdout] test src/lib.rs - derive_validate_args (line 55) ... FAILED
[INFO] [stdout] test src/lib.rs - derive_validate_args (line 126) ... FAILED
[INFO] [stdout] test src/lib.rs - derive_validate_args (line 179) ... FAILED
[INFO] [stdout] test src/lib.rs - derive_validate_args (line 275) ... FAILED
[INFO] [stdout] test src/lib.rs - derive_validate_args (line 100) ... FAILED
[INFO] [stdout] test src/lib.rs - derive_validate_args (line 246) ... FAILED
[INFO] [stdout] 
[INFO] [stdout] failures:
[INFO] [stdout] 
[INFO] [stdout] ---- src/lib.rs - derive_validate_args (line 213) stdout ----
[INFO] [stdout] error[E0432]: unresolved import `not_so_fast`
[INFO] [stdout]  --> src/lib.rs:215:7
[INFO] [stdout]   |
[INFO] [stdout] 5 | use ::not_so_fast::*;
[INFO] [stdout]   |       ^^^^^^^^^^^ could not find `not_so_fast` in the list of imported crates
[INFO] [stdout] 
[INFO] [stdout] error[E0433]: failed to resolve: could not find `not_so_fast` in the list of imported crates
[INFO] [stdout]  --> src/lib.rs:217:10
[INFO] [stdout]   |
[INFO] [stdout] 7 | #[derive(Validate)]
[INFO] [stdout]   |          ^^^^^^^^ could not find `not_so_fast` in the list of imported crates
[INFO] [stdout]   |
[INFO] [stdout]   = note: this error originates in the derive macro `Validate` (in Nightly builds, run with -Z macro-backtrace for more info)
[INFO] [stdout] 
[INFO] [stdout] error[E0412]: cannot find type `ValidationNode` in this scope
[INFO] [stdout]   --> src/lib.rs:223:41
[INFO] [stdout]    |
[INFO] [stdout] 13 | fn validate_username(username: &str) -> ValidationNode {
[INFO] [stdout]    |                                         ^^^^^^^^^^^^^^ not found in this scope
[INFO] [stdout] 
[INFO] [stdout] error[E0433]: failed to resolve: use of undeclared type `ValidationNode`
[INFO] [stdout]   --> src/lib.rs:224:5
[INFO] [stdout]    |
[INFO] [stdout] 14 |     ValidationNode::error_if(
[INFO] [stdout]    |     ^^^^^^^^^^^^^^ use of undeclared type `ValidationNode`
[INFO] [stdout] 
[INFO] [stdout] error[E0433]: failed to resolve: use of undeclared type `ValidationError`
[INFO] [stdout]   --> src/lib.rs:226:12
[INFO] [stdout]    |
[INFO] [stdout] 16 |         || ValidationError::with_code("non_alpha"),
[INFO] [stdout]    |            ^^^^^^^^^^^^^^^ use of undeclared type `ValidationError`
[INFO] [stdout] 
[INFO] [stdout] error: aborting due to 5 previous errors
[INFO] [stdout] 
[INFO] [stdout] Some errors have detailed explanations: E0412, E0432, E0433.
[INFO] [stdout] For more information about an error, try `rustc --explain E0412`.
[INFO] [stdout] Couldn't compile the test.
[INFO] [stdout] ---- src/lib.rs - derive_validate_args (line 303) stdout ----
[INFO] [stdout] error[E0432]: unresolved import `not_so_fast`
[INFO] [stdout]  --> src/lib.rs:305:7
[INFO] [stdout]   |
[INFO] [stdout] 5 | use ::not_so_fast::*;
[INFO] [stdout]   |       ^^^^^^^^^^^ could not find `not_so_fast` in the list of imported crates
[INFO] [stdout] 
[INFO] [stdout] error[E0433]: failed to resolve: could not find `not_so_fast` in the list of imported crates
[INFO] [stdout]  --> src/lib.rs:307:10
[INFO] [stdout]   |
[INFO] [stdout] 7 | #[derive(Validate)]
[INFO] [stdout]   |          ^^^^^^^^ could not find `not_so_fast` in the list of imported crates
[INFO] [stdout]   |
[INFO] [stdout]   = note: this error originates in the derive macro `Validate` (in Nightly builds, run with -Z macro-backtrace for more info)
[INFO] [stdout] 
[INFO] [stdout] error: aborting due to 2 previous errors
[INFO] [stdout] 
[INFO] [stdout] Some errors have detailed explanations: E0432, E0433.
[INFO] [stdout] For more information about an error, try `rustc --explain E0432`.
[INFO] [stdout] Couldn't compile the test.
[INFO] [stdout] ---- src/lib.rs - derive_validate_args (line 21) stdout ----
[INFO] [stdout] error[E0432]: unresolved import `not_so_fast`
[INFO] [stdout]  --> src/lib.rs:23:7
[INFO] [stdout]   |
[INFO] [stdout] 5 | use ::not_so_fast::*;
[INFO] [stdout]   |       ^^^^^^^^^^^ could not find `not_so_fast` in the list of imported crates
[INFO] [stdout] 
[INFO] [stdout] error[E0433]: failed to resolve: could not find `not_so_fast` in the list of imported crates
[INFO] [stdout]  --> src/lib.rs:25:10
[INFO] [stdout]   |
[INFO] [stdout] 7 | #[derive(Validate)]
[INFO] [stdout]   |          ^^^^^^^^ could not find `not_so_fast` in the list of imported crates
[INFO] [stdout]   |
[INFO] [stdout]   = note: this error originates in the derive macro `Validate` (in Nightly builds, run with -Z macro-backtrace for more info)
[INFO] [stdout] 
[INFO] [stdout] error: aborting due to 2 previous errors
[INFO] [stdout] 
[INFO] [stdout] Some errors have detailed explanations: E0432, E0433.
[INFO] [stdout] For more information about an error, try `rustc --explain E0432`.
[INFO] [stdout] Couldn't compile the test.
[INFO] [stdout] ---- src/lib.rs - derive_validate_args (line 152) stdout ----
[INFO] [stdout] error[E0432]: unresolved import `not_so_fast`
[INFO] [stdout]  --> src/lib.rs:154:7
[INFO] [stdout]   |
[INFO] [stdout] 5 | use ::not_so_fast::*;
[INFO] [stdout]   |       ^^^^^^^^^^^ could not find `not_so_fast` in the list of imported crates
[INFO] [stdout] 
[INFO] [stdout] error[E0433]: failed to resolve: could not find `not_so_fast` in the list of imported crates
[INFO] [stdout]  --> src/lib.rs:158:10
[INFO] [stdout]   |
[INFO] [stdout] 9 | #[derive(Validate)]
[INFO] [stdout]   |          ^^^^^^^^ could not find `not_so_fast` in the list of imported crates
[INFO] [stdout]   |
[INFO] [stdout]   = note: this error originates in the derive macro `Validate` (in Nightly builds, run with -Z macro-backtrace for more info)
[INFO] [stdout] 
[INFO] [stdout] error: aborting due to 2 previous errors
[INFO] [stdout] 
[INFO] [stdout] Some errors have detailed explanations: E0432, E0433.
[INFO] [stdout] For more information about an error, try `rustc --explain E0432`.
[INFO] [stdout] Couldn't compile the test.
[INFO] [stdout] ---- src/lib.rs - derive_validate_args (line 55) stdout ----
[INFO] [stdout] error[E0432]: unresolved import `not_so_fast`
[INFO] [stdout]  --> src/lib.rs:57:7
[INFO] [stdout]   |
[INFO] [stdout] 5 | use ::not_so_fast::*;
[INFO] [stdout]   |       ^^^^^^^^^^^ could not find `not_so_fast` in the list of imported crates
[INFO] [stdout] 
[INFO] [stdout] error[E0433]: failed to resolve: could not find `not_so_fast` in the list of imported crates
[INFO] [stdout]  --> src/lib.rs:59:10
[INFO] [stdout]   |
[INFO] [stdout] 7 | #[derive(Validate)]
[INFO] [stdout]   |          ^^^^^^^^ could not find `not_so_fast` in the list of imported crates
[INFO] [stdout]   |
[INFO] [stdout]   = note: this error originates in the derive macro `Validate` (in Nightly builds, run with -Z macro-backtrace for more info)
[INFO] [stdout] 
[INFO] [stdout] error[E0412]: cannot find type `ValidationNode` in this scope
[INFO] [stdout]   --> src/lib.rs:66:43
[INFO] [stdout]    |
[INFO] [stdout] 14 | fn validate_comment(comment: &Comment) -> ValidationNode {
[INFO] [stdout]    |                                           ^^^^^^^^^^^^^^ not found in this scope
[INFO] [stdout] 
[INFO] [stdout] error[E0433]: failed to resolve: use of undeclared type `ValidationNode`
[INFO] [stdout]   --> src/lib.rs:68:5
[INFO] [stdout]    |
[INFO] [stdout] 16 |     ValidationNode::field("content", ValidationNode::error_if(
[INFO] [stdout]    |     ^^^^^^^^^^^^^^ use of undeclared type `ValidationNode`
[INFO] [stdout] 
[INFO] [stdout] error[E0433]: failed to resolve: use of undeclared type `ValidationNode`
[INFO] [stdout]   --> src/lib.rs:68:38
[INFO] [stdout]    |
[INFO] [stdout] 16 |     ValidationNode::field("content", ValidationNode::error_if(
[INFO] [stdout]    |                                      ^^^^^^^^^^^^^^ use of undeclared type `ValidationNode`
[INFO] [stdout] 
[INFO] [stdout] error[E0433]: failed to resolve: use of undeclared type `ValidationError`
[INFO] [stdout]   --> src/lib.rs:70:12
[INFO] [stdout]    |
[INFO] [stdout] 18 |         || ValidationError::with_code("length")
[INFO] [stdout]    |            ^^^^^^^^^^^^^^^ use of undeclared type `ValidationError`
[INFO] [stdout] 
[INFO] [stdout] error: aborting due to 6 previous errors
[INFO] [stdout] 
[INFO] [stdout] Some errors have detailed explanations: E0412, E0432, E0433.
[INFO] [stdout] For more information about an error, try `rustc --explain E0412`.
[INFO] [stdout] Couldn't compile the test.
[INFO] [stdout] ---- src/lib.rs - derive_validate_args (line 126) stdout ----
[INFO] [stdout] error[E0432]: unresolved import `not_so_fast`
[INFO] [stdout]  --> src/lib.rs:128:7
[INFO] [stdout]   |
[INFO] [stdout] 5 | use ::not_so_fast::*;
[INFO] [stdout]   |       ^^^^^^^^^^^ could not find `not_so_fast` in the list of imported crates
[INFO] [stdout] 
[INFO] [stdout] error[E0433]: failed to resolve: could not find `not_so_fast` in the list of imported crates
[INFO] [stdout]  --> src/lib.rs:130:10
[INFO] [stdout]   |
[INFO] [stdout] 7 | #[derive(Validate)]
[INFO] [stdout]   |          ^^^^^^^^ could not find `not_so_fast` in the list of imported crates
[INFO] [stdout]   |
[INFO] [stdout]   = note: this error originates in the derive macro `Validate` (in Nightly builds, run with -Z macro-backtrace for more info)
[INFO] [stdout] 
[INFO] [stdout] error: aborting due to 2 previous errors
[INFO] [stdout] 
[INFO] [stdout] Some errors have detailed explanations: E0432, E0433.
[INFO] [stdout] For more information about an error, try `rustc --explain E0432`.
[INFO] [stdout] Couldn't compile the test.
[INFO] [stdout] ---- src/lib.rs - derive_validate_args (line 179) stdout ----
[INFO] [stdout] error[E0432]: unresolved import `not_so_fast`
[INFO] [stdout]  --> src/lib.rs:181:7
[INFO] [stdout]   |
[INFO] [stdout] 5 | use ::not_so_fast::*;
[INFO] [stdout]   |       ^^^^^^^^^^^ could not find `not_so_fast` in the list of imported crates
[INFO] [stdout] 
[INFO] [stdout] error[E0433]: failed to resolve: could not find `not_so_fast` in the list of imported crates
[INFO] [stdout]  --> src/lib.rs:183:10
[INFO] [stdout]   |
[INFO] [stdout] 7 | #[derive(Validate)]
[INFO] [stdout]   |          ^^^^^^^^ could not find `not_so_fast` in the list of imported crates
[INFO] [stdout]   |
[INFO] [stdout]   = note: this error originates in the derive macro `Validate` (in Nightly builds, run with -Z macro-backtrace for more info)
[INFO] [stdout] 
[INFO] [stdout] error[E0433]: failed to resolve: could not find `not_so_fast` in the list of imported crates
[INFO] [stdout]   --> src/lib.rs:189:10
[INFO] [stdout]    |
[INFO] [stdout] 13 | #[derive(Validate)]
[INFO] [stdout]    |          ^^^^^^^^ could not find `not_so_fast` in the list of imported crates
[INFO] [stdout]    |
[INFO] [stdout]    = note: this error originates in the derive macro `Validate` (in Nightly builds, run with -Z macro-backtrace for more info)
[INFO] [stdout] 
[INFO] [stdout] error: aborting due to 3 previous errors
[INFO] [stdout] 
[INFO] [stdout] Some errors have detailed explanations: E0432, E0433.
[INFO] [stdout] For more information about an error, try `rustc --explain E0432`.
[INFO] [stdout] Couldn't compile the test.
[INFO] [stdout] ---- src/lib.rs - derive_validate_args (line 275) stdout ----
[INFO] [stdout] error[E0432]: unresolved import `not_so_fast`
[INFO] [stdout]  --> src/lib.rs:277:7
[INFO] [stdout]   |
[INFO] [stdout] 5 | use ::not_so_fast::*;
[INFO] [stdout]   |       ^^^^^^^^^^^ could not find `not_so_fast` in the list of imported crates
[INFO] [stdout] 
[INFO] [stdout] error[E0433]: failed to resolve: could not find `not_so_fast` in the list of imported crates
[INFO] [stdout]  --> src/lib.rs:279:10
[INFO] [stdout]   |
[INFO] [stdout] 7 | #[derive(Validate)]
[INFO] [stdout]   |          ^^^^^^^^ could not find `not_so_fast` in the list of imported crates
[INFO] [stdout]   |
[INFO] [stdout]   = note: this error originates in the derive macro `Validate` (in Nightly builds, run with -Z macro-backtrace for more info)
[INFO] [stdout] 
[INFO] [stdout] error: aborting due to 2 previous errors
[INFO] [stdout] 
[INFO] [stdout] Some errors have detailed explanations: E0432, E0433.
[INFO] [stdout] For more information about an error, try `rustc --explain E0432`.
[INFO] [stdout] Couldn't compile the test.
[INFO] [stdout] ---- src/lib.rs - derive_validate_args (line 100) stdout ----
[INFO] [stdout] error[E0432]: unresolved import `not_so_fast`
[INFO] [stdout]  --> src/lib.rs:102:7
[INFO] [stdout]   |
[INFO] [stdout] 5 | use ::not_so_fast::*;
[INFO] [stdout]   |       ^^^^^^^^^^^ could not find `not_so_fast` in the list of imported crates
[INFO] [stdout] 
[INFO] [stdout] error[E0433]: failed to resolve: could not find `not_so_fast` in the list of imported crates
[INFO] [stdout]  --> src/lib.rs:104:10
[INFO] [stdout]   |
[INFO] [stdout] 7 | #[derive(Validate)]
[INFO] [stdout]   |          ^^^^^^^^ could not find `not_so_fast` in the list of imported crates
[INFO] [stdout]   |
[INFO] [stdout]   = note: this error originates in the derive macro `Validate` (in Nightly builds, run with -Z macro-backtrace for more info)
[INFO] [stdout] 
[INFO] [stdout] error: aborting due to 2 previous errors
[INFO] [stdout] 
[INFO] [stdout] Some errors have detailed explanations: E0432, E0433.
[INFO] [stdout] For more information about an error, try `rustc --explain E0432`.
[INFO] [stdout] Couldn't compile the test.
[INFO] [stdout] ---- src/lib.rs - derive_validate_args (line 246) stdout ----
[INFO] [stdout] error[E0432]: unresolved import `not_so_fast`
[INFO] [stdout]  --> src/lib.rs:248:7
[INFO] [stdout]   |
[INFO] [stdout] 5 | use ::not_so_fast::*;
[INFO] [stdout]   |       ^^^^^^^^^^^ could not find `not_so_fast` in the list of imported crates
[INFO] [stdout] 
[INFO] [stdout] error[E0433]: failed to resolve: could not find `not_so_fast` in the list of imported crates
[INFO] [stdout]  --> src/lib.rs:250:10
[INFO] [stdout]   |
[INFO] [stdout] 7 | #[derive(Validate)]
[INFO] [stdout]   |          ^^^^^^^^ could not find `not_so_fast` in the list of imported crates
[INFO] [stdout]   |
[INFO] [stdout]   = note: this error originates in the derive macro `Validate` (in Nightly builds, run with -Z macro-backtrace for more info)
[INFO] [stdout] 
[INFO] [stdout] error: aborting due to 2 previous errors
[INFO] [stdout] 
[INFO] [stdout] Some errors have detailed explanations: E0432, E0433.
[INFO] [stdout] For more information about an error, try `rustc --explain E0432`.
[INFO] [stdout] Couldn't compile the test.
[INFO] [stdout] 
[INFO] [stdout] failures:
[INFO] [stdout]     src/lib.rs - derive_validate_args (line 100)
[INFO] [stdout]     src/lib.rs - derive_validate_args (line 126)
[INFO] [stdout]     src/lib.rs - derive_validate_args (line 152)
[INFO] [stdout]     src/lib.rs - derive_validate_args (line 179)
[INFO] [stdout]     src/lib.rs - derive_validate_args (line 21)
[INFO] [stdout]     src/lib.rs - derive_validate_args (line 213)
[INFO] [stdout]     src/lib.rs - derive_validate_args (line 246)
[INFO] [stdout]     src/lib.rs - derive_validate_args (line 275)
[INFO] [stdout]     src/lib.rs - derive_validate_args (line 303)
[INFO] [stdout]     src/lib.rs - derive_validate_args (line 55)
[INFO] [stdout] 
[INFO] [stdout] test result: FAILED. 0 passed; 10 failed; 0 ignored; 0 measured; 0 filtered out; finished in 0.25s
[INFO] [stdout] 
[INFO] [stderr] error: doctest failed, to rerun pass `--doc`
[INFO] running `Command { std: "docker" "inspect" "e94819c0f062493809bc139d5ab6420439ed54f2d47175f61d7819f89aaa68c2", kill_on_drop: false }`
[INFO] running `Command { std: "docker" "rm" "-f" "e94819c0f062493809bc139d5ab6420439ed54f2d47175f61d7819f89aaa68c2", kill_on_drop: false }`
[INFO] [stdout] e94819c0f062493809bc139d5ab6420439ed54f2d47175f61d7819f89aaa68c2
[INFO] testing not-so-fast-derive-0.1.0 against beta-2023-12-22 for beta-1.76-1
[INFO] extracting crate not-so-fast-derive 0.1.0 into /workspace/builds/worker-5-tc2/source
[INFO] validating manifest of crates.io crate not-so-fast-derive 0.1.0 on toolchain beta-2023-12-22
[INFO] running `Command { std: CARGO_HOME="/workspace/cargo-home" RUSTUP_HOME="/workspace/rustup-home" "/workspace/cargo-home/bin/cargo" "+beta-2023-12-22" "metadata" "--manifest-path" "Cargo.toml" "--no-deps", kill_on_drop: false }`
[INFO] started tweaking crates.io crate not-so-fast-derive 0.1.0
[INFO] finished tweaking crates.io crate not-so-fast-derive 0.1.0
[INFO] tweaked toml for crates.io crate not-so-fast-derive 0.1.0 written to /workspace/builds/worker-5-tc2/source/Cargo.toml
[INFO] running `Command { std: CARGO_HOME="/workspace/cargo-home" RUSTUP_HOME="/workspace/rustup-home" "/workspace/cargo-home/bin/cargo" "+beta-2023-12-22" "generate-lockfile" "--manifest-path" "Cargo.toml", kill_on_drop: false }`
[INFO] [stderr]     Updating crates.io index
[INFO] running `Command { std: CARGO_HOME="/workspace/cargo-home" RUSTUP_HOME="/workspace/rustup-home" "/workspace/cargo-home/bin/cargo" "+beta-2023-12-22" "fetch" "--manifest-path" "Cargo.toml", kill_on_drop: false }`
[INFO] running `Command { std: "docker" "create" "-v" "/var/lib/crater-agent-workspace/builds/worker-5-tc2/target:/opt/rustwide/target:rw,Z" "-v" "/var/lib/crater-agent-workspace/builds/worker-5-tc2/source:/opt/rustwide/workdir:ro,Z" "-v" "/var/lib/crater-agent-workspace/cargo-home:/opt/rustwide/cargo-home:ro,Z" "-v" "/var/lib/crater-agent-workspace/rustup-home:/opt/rustwide/rustup-home:ro,Z" "-e" "SOURCE_DIR=/opt/rustwide/workdir" "-e" "CARGO_TARGET_DIR=/opt/rustwide/target" "-e" "CARGO_HOME=/opt/rustwide/cargo-home" "-e" "RUSTUP_HOME=/opt/rustwide/rustup-home" "-w" "/opt/rustwide/workdir" "-m" "1610612736" "--user" "0:0" "--network" "none" "ghcr.io/rust-lang/crates-build-env/linux@sha256:2788e3201cd34a07e3172128adcd8b3090168a8e3bcc40d7c032b9dda1df7d1c" "/opt/rustwide/cargo-home/bin/cargo" "+beta-2023-12-22" "metadata" "--no-deps" "--format-version=1", kill_on_drop: false }`
[INFO] [stdout] d50b91c32839be3abafcdf28281ab6f2192babf8f182cce08d9ddd937fb10252
[INFO] running `Command { std: "docker" "start" "-a" "d50b91c32839be3abafcdf28281ab6f2192babf8f182cce08d9ddd937fb10252", kill_on_drop: false }`
[INFO] running `Command { std: "docker" "inspect" "d50b91c32839be3abafcdf28281ab6f2192babf8f182cce08d9ddd937fb10252", kill_on_drop: false }`
[INFO] running `Command { std: "docker" "rm" "-f" "d50b91c32839be3abafcdf28281ab6f2192babf8f182cce08d9ddd937fb10252", kill_on_drop: false }`
[INFO] [stdout] d50b91c32839be3abafcdf28281ab6f2192babf8f182cce08d9ddd937fb10252
[INFO] running `Command { std: "docker" "create" "-v" "/var/lib/crater-agent-workspace/builds/worker-5-tc2/target:/opt/rustwide/target:rw,Z" "-v" "/var/lib/crater-agent-workspace/builds/worker-5-tc2/source:/opt/rustwide/workdir:ro,Z" "-v" "/var/lib/crater-agent-workspace/cargo-home:/opt/rustwide/cargo-home:ro,Z" "-v" "/var/lib/crater-agent-workspace/rustup-home:/opt/rustwide/rustup-home:ro,Z" "-e" "SOURCE_DIR=/opt/rustwide/workdir" "-e" "CARGO_TARGET_DIR=/opt/rustwide/target" "-e" "CARGO_INCREMENTAL=0" "-e" "RUST_BACKTRACE=full" "-e" "RUSTFLAGS=--cap-lints=warn" "-e" "RUSTDOCFLAGS=--cap-lints=warn" "-e" "CARGO_HOME=/opt/rustwide/cargo-home" "-e" "RUSTUP_HOME=/opt/rustwide/rustup-home" "-w" "/opt/rustwide/workdir" "-m" "1610612736" "--user" "0:0" "--network" "none" "ghcr.io/rust-lang/crates-build-env/linux@sha256:2788e3201cd34a07e3172128adcd8b3090168a8e3bcc40d7c032b9dda1df7d1c" "/opt/rustwide/cargo-home/bin/cargo" "+beta-2023-12-22" "build" "--frozen" "--message-format=json", kill_on_drop: false }`
[INFO] [stdout] 78f44e34f107954f9f1018283874ab6a55440d0afcf463667857e278a848086b
[INFO] running `Command { std: "docker" "start" "-a" "78f44e34f107954f9f1018283874ab6a55440d0afcf463667857e278a848086b", kill_on_drop: false }`
[INFO] [stderr]    Compiling syn v1.0.109
[INFO] [stderr]    Compiling not-so-fast-derive v0.1.0 (/opt/rustwide/workdir)
[INFO] [stderr]     Finished dev [unoptimized + debuginfo] target(s) in 5.13s
[INFO] running `Command { std: "docker" "inspect" "78f44e34f107954f9f1018283874ab6a55440d0afcf463667857e278a848086b", kill_on_drop: false }`
[INFO] running `Command { std: "docker" "rm" "-f" "78f44e34f107954f9f1018283874ab6a55440d0afcf463667857e278a848086b", kill_on_drop: false }`
[INFO] [stdout] 78f44e34f107954f9f1018283874ab6a55440d0afcf463667857e278a848086b
[INFO] running `Command { std: "docker" "create" "-v" "/var/lib/crater-agent-workspace/builds/worker-5-tc2/target:/opt/rustwide/target:rw,Z" "-v" "/var/lib/crater-agent-workspace/builds/worker-5-tc2/source:/opt/rustwide/workdir:ro,Z" "-v" "/var/lib/crater-agent-workspace/cargo-home:/opt/rustwide/cargo-home:ro,Z" "-v" "/var/lib/crater-agent-workspace/rustup-home:/opt/rustwide/rustup-home:ro,Z" "-e" "SOURCE_DIR=/opt/rustwide/workdir" "-e" "CARGO_TARGET_DIR=/opt/rustwide/target" "-e" "CARGO_INCREMENTAL=0" "-e" "RUST_BACKTRACE=full" "-e" "RUSTFLAGS=--cap-lints=warn" "-e" "RUSTDOCFLAGS=--cap-lints=warn" "-e" "CARGO_HOME=/opt/rustwide/cargo-home" "-e" "RUSTUP_HOME=/opt/rustwide/rustup-home" "-w" "/opt/rustwide/workdir" "-m" "1610612736" "--user" "0:0" "--network" "none" "ghcr.io/rust-lang/crates-build-env/linux@sha256:2788e3201cd34a07e3172128adcd8b3090168a8e3bcc40d7c032b9dda1df7d1c" "/opt/rustwide/cargo-home/bin/cargo" "+beta-2023-12-22" "test" "--frozen" "--no-run" "--message-format=json", kill_on_drop: false }`
[INFO] [stdout] 933cdd82e69b5f93a5679e48be31d8f0196572062574635f1546071ac94f09c1
[INFO] running `Command { std: "docker" "start" "-a" "933cdd82e69b5f93a5679e48be31d8f0196572062574635f1546071ac94f09c1", kill_on_drop: false }`
[INFO] [stderr]    Compiling not-so-fast-derive v0.1.0 (/opt/rustwide/workdir)
[INFO] [stderr]     Finished test [unoptimized + debuginfo] target(s) in 1.47s
[INFO] running `Command { std: "docker" "inspect" "933cdd82e69b5f93a5679e48be31d8f0196572062574635f1546071ac94f09c1", kill_on_drop: false }`
[INFO] running `Command { std: "docker" "rm" "-f" "933cdd82e69b5f93a5679e48be31d8f0196572062574635f1546071ac94f09c1", kill_on_drop: false }`
[INFO] [stdout] 933cdd82e69b5f93a5679e48be31d8f0196572062574635f1546071ac94f09c1
[INFO] running `Command { std: "docker" "create" "-v" "/var/lib/crater-agent-workspace/builds/worker-5-tc2/target:/opt/rustwide/target:rw,Z" "-v" "/var/lib/crater-agent-workspace/builds/worker-5-tc2/source:/opt/rustwide/workdir:ro,Z" "-v" "/var/lib/crater-agent-workspace/cargo-home:/opt/rustwide/cargo-home:ro,Z" "-v" "/var/lib/crater-agent-workspace/rustup-home:/opt/rustwide/rustup-home:ro,Z" "-e" "SOURCE_DIR=/opt/rustwide/workdir" "-e" "CARGO_TARGET_DIR=/opt/rustwide/target" "-e" "CARGO_INCREMENTAL=0" "-e" "RUST_BACKTRACE=full" "-e" "RUSTFLAGS=--cap-lints=warn" "-e" "RUSTDOCFLAGS=--cap-lints=warn" "-e" "CARGO_HOME=/opt/rustwide/cargo-home" "-e" "RUSTUP_HOME=/opt/rustwide/rustup-home" "-w" "/opt/rustwide/workdir" "-m" "1610612736" "--user" "0:0" "--network" "none" "ghcr.io/rust-lang/crates-build-env/linux@sha256:2788e3201cd34a07e3172128adcd8b3090168a8e3bcc40d7c032b9dda1df7d1c" "/opt/rustwide/cargo-home/bin/cargo" "+beta-2023-12-22" "test" "--frozen", kill_on_drop: false }`
[INFO] [stdout] 2415b00515818167805a14f2f27189d3ee8eb842ac4f89f94f546af4fed9e06c
[INFO] running `Command { std: "docker" "start" "-a" "2415b00515818167805a14f2f27189d3ee8eb842ac4f89f94f546af4fed9e06c", kill_on_drop: false }`
[INFO] [stderr]     Finished test [unoptimized + debuginfo] target(s) in 0.02s
[INFO] [stderr]      Running unittests src/lib.rs (/opt/rustwide/target/debug/deps/not_so_fast_derive-4e83ca391419ddcf)
[INFO] [stdout] 
[INFO] [stdout] running 0 tests
[INFO] [stdout] 
[INFO] [stdout] test result: ok. 0 passed; 0 failed; 0 ignored; 0 measured; 0 filtered out; finished in 0.00s
[INFO] [stdout] 
[INFO] [stderr]    Doc-tests not-so-fast-derive
[INFO] [stdout] 
[INFO] [stdout] running 10 tests
[INFO] [stdout] test src/lib.rs - derive_validate_args (line 100) ... FAILED
[INFO] [stdout] test src/lib.rs - derive_validate_args (line 126) ... FAILED
[INFO] [stdout] test src/lib.rs - derive_validate_args (line 246) ... FAILED
[INFO] [stdout] test src/lib.rs - derive_validate_args (line 179) ... FAILED
[INFO] [stdout] test src/lib.rs - derive_validate_args (line 275) ... FAILED
[INFO] [stdout] test src/lib.rs - derive_validate_args (line 21) ... FAILED
[INFO] [stdout] test src/lib.rs - derive_validate_args (line 55) ... FAILED
[INFO] [stdout] test src/lib.rs - derive_validate_args (line 213) ... FAILED
[INFO] [stdout] test src/lib.rs - derive_validate_args (line 303) ... FAILED
[INFO] [stdout] test src/lib.rs - derive_validate_args (line 152) ... FAILED
[INFO] [stderr] error: doctest failed, to rerun pass `--doc`
[INFO] [stdout] 
[INFO] [stdout] failures:
[INFO] [stdout] 
[INFO] [stdout] ---- src/lib.rs - derive_validate_args (line 100) stdout ----
[INFO] [stdout] error[E0432]: unresolved import `not_so_fast`
[INFO] [stdout]  --> src/lib.rs:102:7
[INFO] [stdout]   |
[INFO] [stdout] 5 | use ::not_so_fast::*;
[INFO] [stdout]   |       ^^^^^^^^^^^ could not find `not_so_fast` in the list of imported crates
[INFO] [stdout] 
[INFO] [stdout] error[E0433]: failed to resolve: could not find `not_so_fast` in the list of imported crates
[INFO] [stdout]  --> src/lib.rs:104:10
[INFO] [stdout]   |
[INFO] [stdout] 7 | #[derive(Validate)]
[INFO] [stdout]   |          ^^^^^^^^ could not find `not_so_fast` in the list of imported crates
[INFO] [stdout]   |
[INFO] [stdout]   = note: this error originates in the derive macro `Validate` (in Nightly builds, run with -Z macro-backtrace for more info)
[INFO] [stdout] 
[INFO] [stdout] error: aborting due to 2 previous errors
[INFO] [stdout] 
[INFO] [stdout] Some errors have detailed explanations: E0432, E0433.
[INFO] [stdout] For more information about an error, try `rustc --explain E0432`.
[INFO] [stdout] Couldn't compile the test.
[INFO] [stdout] ---- src/lib.rs - derive_validate_args (line 126) stdout ----
[INFO] [stdout] error[E0432]: unresolved import `not_so_fast`
[INFO] [stdout]  --> src/lib.rs:128:7
[INFO] [stdout]   |
[INFO] [stdout] 5 | use ::not_so_fast::*;
[INFO] [stdout]   |       ^^^^^^^^^^^ could not find `not_so_fast` in the list of imported crates
[INFO] [stdout] 
[INFO] [stdout] error[E0433]: failed to resolve: could not find `not_so_fast` in the list of imported crates
[INFO] [stdout]  --> src/lib.rs:130:10
[INFO] [stdout]   |
[INFO] [stdout] 7 | #[derive(Validate)]
[INFO] [stdout]   |          ^^^^^^^^ could not find `not_so_fast` in the list of imported crates
[INFO] [stdout]   |
[INFO] [stdout]   = note: this error originates in the derive macro `Validate` (in Nightly builds, run with -Z macro-backtrace for more info)
[INFO] [stdout] 
[INFO] [stdout] error: aborting due to 2 previous errors
[INFO] [stdout] 
[INFO] [stdout] Some errors have detailed explanations: E0432, E0433.
[INFO] [stdout] For more information about an error, try `rustc --explain E0432`.
[INFO] [stdout] Couldn't compile the test.
[INFO] [stdout] ---- src/lib.rs - derive_validate_args (line 246) stdout ----
[INFO] [stdout] error[E0432]: unresolved import `not_so_fast`
[INFO] [stdout]  --> src/lib.rs:248:7
[INFO] [stdout]   |
[INFO] [stdout] 5 | use ::not_so_fast::*;
[INFO] [stdout]   |       ^^^^^^^^^^^ could not find `not_so_fast` in the list of imported crates
[INFO] [stdout] 
[INFO] [stdout] error[E0433]: failed to resolve: could not find `not_so_fast` in the list of imported crates
[INFO] [stdout]  --> src/lib.rs:250:10
[INFO] [stdout]   |
[INFO] [stdout] 7 | #[derive(Validate)]
[INFO] [stdout]   |          ^^^^^^^^ could not find `not_so_fast` in the list of imported crates
[INFO] [stdout]   |
[INFO] [stdout]   = note: this error originates in the derive macro `Validate` (in Nightly builds, run with -Z macro-backtrace for more info)
[INFO] [stdout] 
[INFO] [stdout] error: aborting due to 2 previous errors
[INFO] [stdout] 
[INFO] [stdout] Some errors have detailed explanations: E0432, E0433.
[INFO] [stdout] For more information about an error, try `rustc --explain E0432`.
[INFO] [stdout] Couldn't compile the test.
[INFO] [stdout] ---- src/lib.rs - derive_validate_args (line 179) stdout ----
[INFO] [stdout] error[E0432]: unresolved import `not_so_fast`
[INFO] [stdout]  --> src/lib.rs:181:7
[INFO] [stdout]   |
[INFO] [stdout] 5 | use ::not_so_fast::*;
[INFO] [stdout]   |       ^^^^^^^^^^^ could not find `not_so_fast` in the list of imported crates
[INFO] [stdout] 
[INFO] [stdout] error[E0433]: failed to resolve: could not find `not_so_fast` in the list of imported crates
[INFO] [stdout]  --> src/lib.rs:183:10
[INFO] [stdout]   |
[INFO] [stdout] 7 | #[derive(Validate)]
[INFO] [stdout]   |          ^^^^^^^^ could not find `not_so_fast` in the list of imported crates
[INFO] [stdout]   |
[INFO] [stdout]   = note: this error originates in the derive macro `Validate` (in Nightly builds, run with -Z macro-backtrace for more info)
[INFO] [stdout] 
[INFO] [stdout] error[E0433]: failed to resolve: could not find `not_so_fast` in the list of imported crates
[INFO] [stdout]   --> src/lib.rs:189:10
[INFO] [stdout]    |
[INFO] [stdout] 13 | #[derive(Validate)]
[INFO] [stdout]    |          ^^^^^^^^ could not find `not_so_fast` in the list of imported crates
[INFO] [stdout]    |
[INFO] [stdout]    = note: this error originates in the derive macro `Validate` (in Nightly builds, run with -Z macro-backtrace for more info)
[INFO] [stdout] 
[INFO] [stdout] error: aborting due to 3 previous errors
[INFO] [stdout] 
[INFO] [stdout] Some errors have detailed explanations: E0432, E0433.
[INFO] [stdout] For more information about an error, try `rustc --explain E0432`.
[INFO] [stdout] Couldn't compile the test.
[INFO] [stdout] ---- src/lib.rs - derive_validate_args (line 275) stdout ----
[INFO] [stdout] error[E0432]: unresolved import `not_so_fast`
[INFO] [stdout]  --> src/lib.rs:277:7
[INFO] [stdout]   |
[INFO] [stdout] 5 | use ::not_so_fast::*;
[INFO] [stdout]   |       ^^^^^^^^^^^ could not find `not_so_fast` in the list of imported crates
[INFO] [stdout] 
[INFO] [stdout] error[E0433]: failed to resolve: could not find `not_so_fast` in the list of imported crates
[INFO] [stdout]  --> src/lib.rs:279:10
[INFO] [stdout]   |
[INFO] [stdout] 7 | #[derive(Validate)]
[INFO] [stdout]   |          ^^^^^^^^ could not find `not_so_fast` in the list of imported crates
[INFO] [stdout]   |
[INFO] [stdout]   = note: this error originates in the derive macro `Validate` (in Nightly builds, run with -Z macro-backtrace for more info)
[INFO] [stdout] 
[INFO] [stdout] error: aborting due to 2 previous errors
[INFO] [stdout] 
[INFO] [stdout] Some errors have detailed explanations: E0432, E0433.
[INFO] [stdout] For more information about an error, try `rustc --explain E0432`.
[INFO] [stdout] Couldn't compile the test.
[INFO] [stdout] ---- src/lib.rs - derive_validate_args (line 21) stdout ----
[INFO] [stdout] error[E0432]: unresolved import `not_so_fast`
[INFO] [stdout]  --> src/lib.rs:23:7
[INFO] [stdout]   |
[INFO] [stdout] 5 | use ::not_so_fast::*;
[INFO] [stdout]   |       ^^^^^^^^^^^ could not find `not_so_fast` in the list of imported crates
[INFO] [stdout] 
[INFO] [stdout] error[E0433]: failed to resolve: could not find `not_so_fast` in the list of imported crates
[INFO] [stdout]  --> src/lib.rs:25:10
[INFO] [stdout]   |
[INFO] [stdout] 7 | #[derive(Validate)]
[INFO] [stdout]   |          ^^^^^^^^ could not find `not_so_fast` in the list of imported crates
[INFO] [stdout]   |
[INFO] [stdout]   = note: this error originates in the derive macro `Validate` (in Nightly builds, run with -Z macro-backtrace for more info)
[INFO] [stdout] 
[INFO] [stdout] error: aborting due to 2 previous errors
[INFO] [stdout] 
[INFO] [stdout] Some errors have detailed explanations: E0432, E0433.
[INFO] [stdout] For more information about an error, try `rustc --explain E0432`.
[INFO] [stdout] Couldn't compile the test.
[INFO] [stdout] ---- src/lib.rs - derive_validate_args (line 55) stdout ----
[INFO] [stdout] error[E0432]: unresolved import `not_so_fast`
[INFO] [stdout]  --> src/lib.rs:57:7
[INFO] [stdout]   |
[INFO] [stdout] 5 | use ::not_so_fast::*;
[INFO] [stdout]   |       ^^^^^^^^^^^ could not find `not_so_fast` in the list of imported crates
[INFO] [stdout] 
[INFO] [stdout] error[E0433]: failed to resolve: could not find `not_so_fast` in the list of imported crates
[INFO] [stdout]  --> src/lib.rs:59:10
[INFO] [stdout]   |
[INFO] [stdout] 7 | #[derive(Validate)]
[INFO] [stdout]   |          ^^^^^^^^ could not find `not_so_fast` in the list of imported crates
[INFO] [stdout]   |
[INFO] [stdout]   = note: this error originates in the derive macro `Validate` (in Nightly builds, run with -Z macro-backtrace for more info)
[INFO] [stdout] 
[INFO] [stdout] error[E0412]: cannot find type `ValidationNode` in this scope
[INFO] [stdout]   --> src/lib.rs:66:43
[INFO] [stdout]    |
[INFO] [stdout] 14 | fn validate_comment(comment: &Comment) -> ValidationNode {
[INFO] [stdout]    |                                           ^^^^^^^^^^^^^^ not found in this scope
[INFO] [stdout] 
[INFO] [stdout] error[E0433]: failed to resolve: use of undeclared type `ValidationNode`
[INFO] [stdout]   --> src/lib.rs:68:5
[INFO] [stdout]    |
[INFO] [stdout] 16 |     ValidationNode::field("content", ValidationNode::error_if(
[INFO] [stdout]    |     ^^^^^^^^^^^^^^ use of undeclared type `ValidationNode`
[INFO] [stdout] 
[INFO] [stdout] error[E0433]: failed to resolve: use of undeclared type `ValidationNode`
[INFO] [stdout]   --> src/lib.rs:68:38
[INFO] [stdout]    |
[INFO] [stdout] 16 |     ValidationNode::field("content", ValidationNode::error_if(
[INFO] [stdout]    |                                      ^^^^^^^^^^^^^^ use of undeclared type `ValidationNode`
[INFO] [stdout] 
[INFO] [stdout] error[E0433]: failed to resolve: use of undeclared type `ValidationError`
[INFO] [stdout]   --> src/lib.rs:70:12
[INFO] [stdout]    |
[INFO] [stdout] 18 |         || ValidationError::with_code("length")
[INFO] [stdout]    |            ^^^^^^^^^^^^^^^ use of undeclared type `ValidationError`
[INFO] [stdout] 
[INFO] [stdout] error: aborting due to 6 previous errors
[INFO] [stdout] 
[INFO] [stdout] Some errors have detailed explanations: E0412, E0432, E0433.
[INFO] [stdout] For more information about an error, try `rustc --explain E0412`.
[INFO] [stdout] Couldn't compile the test.
[INFO] [stdout] ---- src/lib.rs - derive_validate_args (line 213) stdout ----
[INFO] [stdout] error[E0432]: unresolved import `not_so_fast`
[INFO] [stdout]  --> src/lib.rs:215:7
[INFO] [stdout]   |
[INFO] [stdout] 5 | use ::not_so_fast::*;
[INFO] [stdout]   |       ^^^^^^^^^^^ could not find `not_so_fast` in the list of imported crates
[INFO] [stdout] 
[INFO] [stdout] error[E0433]: failed to resolve: could not find `not_so_fast` in the list of imported crates
[INFO] [stdout]  --> src/lib.rs:217:10
[INFO] [stdout]   |
[INFO] [stdout] 7 | #[derive(Validate)]
[INFO] [stdout]   |          ^^^^^^^^ could not find `not_so_fast` in the list of imported crates
[INFO] [stdout]   |
[INFO] [stdout]   = note: this error originates in the derive macro `Validate` (in Nightly builds, run with -Z macro-backtrace for more info)
[INFO] [stdout] 
[INFO] [stdout] error[E0412]: cannot find type `ValidationNode` in this scope
[INFO] [stdout]   --> src/lib.rs:223:41
[INFO] [stdout]    |
[INFO] [stdout] 13 | fn validate_username(username: &str) -> ValidationNode {
[INFO] [stdout]    |                                         ^^^^^^^^^^^^^^ not found in this scope
[INFO] [stdout] 
[INFO] [stdout] error[E0433]: failed to resolve: use of undeclared type `ValidationNode`
[INFO] [stdout]   --> src/lib.rs:224:5
[INFO] [stdout]    |
[INFO] [stdout] 14 |     ValidationNode::error_if(
[INFO] [stdout]    |     ^^^^^^^^^^^^^^ use of undeclared type `ValidationNode`
[INFO] [stdout] 
[INFO] [stdout] error[E0433]: failed to resolve: use of undeclared type `ValidationError`
[INFO] [stdout]   --> src/lib.rs:226:12
[INFO] [stdout]    |
[INFO] [stdout] 16 |         || ValidationError::with_code("non_alpha"),
[INFO] [stdout]    |            ^^^^^^^^^^^^^^^ use of undeclared type `ValidationError`
[INFO] [stdout] 
[INFO] [stdout] error: aborting due to 5 previous errors
[INFO] [stdout] 
[INFO] [stdout] Some errors have detailed explanations: E0412, E0432, E0433.
[INFO] [stdout] For more information about an error, try `rustc --explain E0412`.
[INFO] [stdout] Couldn't compile the test.
[INFO] [stdout] ---- src/lib.rs - derive_validate_args (line 303) stdout ----
[INFO] [stdout] error[E0432]: unresolved import `not_so_fast`
[INFO] [stdout]  --> src/lib.rs:305:7
[INFO] [stdout]   |
[INFO] [stdout] 5 | use ::not_so_fast::*;
[INFO] [stdout]   |       ^^^^^^^^^^^ could not find `not_so_fast` in the list of imported crates
[INFO] [stdout] 
[INFO] [stdout] error[E0433]: failed to resolve: could not find `not_so_fast` in the list of imported crates
[INFO] [stdout]  --> src/lib.rs:307:10
[INFO] [stdout]   |
[INFO] [stdout] 7 | #[derive(Validate)]
[INFO] [stdout]   |          ^^^^^^^^ could not find `not_so_fast` in the list of imported crates
[INFO] [stdout]   |
[INFO] [stdout]   = note: this error originates in the derive macro `Validate` (in Nightly builds, run with -Z macro-backtrace for more info)
[INFO] [stdout] 
[INFO] [stdout] error: aborting due to 2 previous errors
[INFO] [stdout] 
[INFO] [stdout] Some errors have detailed explanations: E0432, E0433.
[INFO] [stdout] For more information about an error, try `rustc --explain E0432`.
[INFO] [stdout] Couldn't compile the test.
[INFO] [stdout] ---- src/lib.rs - derive_validate_args (line 152) stdout ----
[INFO] [stdout] error[E0432]: unresolved import `not_so_fast`
[INFO] [stdout]  --> src/lib.rs:154:7
[INFO] [stdout]   |
[INFO] [stdout] 5 | use ::not_so_fast::*;
[INFO] [stdout]   |       ^^^^^^^^^^^ could not find `not_so_fast` in the list of imported crates
[INFO] [stdout] 
[INFO] [stdout] error[E0433]: failed to resolve: could not find `not_so_fast` in the list of imported crates
[INFO] [stdout]  --> src/lib.rs:158:10
[INFO] [stdout]   |
[INFO] [stdout] 9 | #[derive(Validate)]
[INFO] [stdout]   |          ^^^^^^^^ could not find `not_so_fast` in the list of imported crates
[INFO] [stdout]   |
[INFO] [stdout]   = note: this error originates in the derive macro `Validate` (in Nightly builds, run with -Z macro-backtrace for more info)
[INFO] [stdout] 
[INFO] [stdout] error: aborting due to 2 previous errors
[INFO] [stdout] 
[INFO] [stdout] Some errors have detailed explanations: E0432, E0433.
[INFO] [stdout] For more information about an error, try `rustc --explain E0432`.
[INFO] [stdout] Couldn't compile the test.
[INFO] [stdout] 
[INFO] [stdout] failures:
[INFO] [stdout]     src/lib.rs - derive_validate_args (line 100)
[INFO] [stdout]     src/lib.rs - derive_validate_args (line 126)
[INFO] [stdout]     src/lib.rs - derive_validate_args (line 152)
[INFO] [stdout]     src/lib.rs - derive_validate_args (line 179)
[INFO] [stdout]     src/lib.rs - derive_validate_args (line 21)
[INFO] [stdout]     src/lib.rs - derive_validate_args (line 213)
[INFO] [stdout]     src/lib.rs - derive_validate_args (line 246)
[INFO] [stdout]     src/lib.rs - derive_validate_args (line 275)
[INFO] [stdout]     src/lib.rs - derive_validate_args (line 303)
[INFO] [stdout]     src/lib.rs - derive_validate_args (line 55)
[INFO] [stdout] 
[INFO] [stdout] test result: FAILED. 0 passed; 10 failed; 0 ignored; 0 measured; 0 filtered out; finished in 0.27s
[INFO] [stdout] 
[INFO] running `Command { std: "docker" "inspect" "2415b00515818167805a14f2f27189d3ee8eb842ac4f89f94f546af4fed9e06c", kill_on_drop: false }`
[INFO] running `Command { std: "docker" "rm" "-f" "2415b00515818167805a14f2f27189d3ee8eb842ac4f89f94f546af4fed9e06c", kill_on_drop: false }`
[INFO] [stdout] 2415b00515818167805a14f2f27189d3ee8eb842ac4f89f94f546af4fed9e06c
