[INFO] fetching crate norms 0.1.1...
[INFO] testing norms-0.1.1 against 1.75.0 for beta-1.76-1
[INFO] extracting crate norms 0.1.1 into /workspace/builds/worker-7-tc1/source
[INFO] validating manifest of crates.io crate norms 0.1.1 on toolchain 1.75.0
[INFO] running `Command { std: CARGO_HOME="/workspace/cargo-home" RUSTUP_HOME="/workspace/rustup-home" "/workspace/cargo-home/bin/cargo" "+1.75.0" "metadata" "--manifest-path" "Cargo.toml" "--no-deps", kill_on_drop: false }`
[INFO] started tweaking crates.io crate norms 0.1.1
[INFO] removed 0 missing examples
[INFO] removed 0 missing tests
[INFO] finished tweaking crates.io crate norms 0.1.1
[INFO] tweaked toml for crates.io crate norms 0.1.1 written to /workspace/builds/worker-7-tc1/source/Cargo.toml
[INFO] crate crates.io crate norms 0.1.1 already has a lockfile, it will not be regenerated
[INFO] running `Command { std: CARGO_HOME="/workspace/cargo-home" RUSTUP_HOME="/workspace/rustup-home" "/workspace/cargo-home/bin/cargo" "+1.75.0" "fetch" "--manifest-path" "Cargo.toml", kill_on_drop: false }`
[INFO] running `Command { std: "docker" "create" "-v" "/var/lib/crater-agent-workspace/builds/worker-7-tc1/target:/opt/rustwide/target:rw,Z" "-v" "/var/lib/crater-agent-workspace/builds/worker-7-tc1/source:/opt/rustwide/workdir:ro,Z" "-v" "/var/lib/crater-agent-workspace/cargo-home:/opt/rustwide/cargo-home:ro,Z" "-v" "/var/lib/crater-agent-workspace/rustup-home:/opt/rustwide/rustup-home:ro,Z" "-e" "SOURCE_DIR=/opt/rustwide/workdir" "-e" "CARGO_TARGET_DIR=/opt/rustwide/target" "-e" "CARGO_HOME=/opt/rustwide/cargo-home" "-e" "RUSTUP_HOME=/opt/rustwide/rustup-home" "-w" "/opt/rustwide/workdir" "-m" "1610612736" "--user" "0:0" "--network" "none" "ghcr.io/rust-lang/crates-build-env/linux@sha256:2788e3201cd34a07e3172128adcd8b3090168a8e3bcc40d7c032b9dda1df7d1c" "/opt/rustwide/cargo-home/bin/cargo" "+1.75.0" "metadata" "--no-deps" "--format-version=1", kill_on_drop: false }`
[INFO] [stdout] 742a65cbfd1e70f73cf3f950ce01982934ee40cd8ad7081ed9dffe8087a79b92
[INFO] running `Command { std: "docker" "start" "-a" "742a65cbfd1e70f73cf3f950ce01982934ee40cd8ad7081ed9dffe8087a79b92", kill_on_drop: false }`
[INFO] running `Command { std: "docker" "inspect" "742a65cbfd1e70f73cf3f950ce01982934ee40cd8ad7081ed9dffe8087a79b92", kill_on_drop: false }`
[INFO] running `Command { std: "docker" "rm" "-f" "742a65cbfd1e70f73cf3f950ce01982934ee40cd8ad7081ed9dffe8087a79b92", kill_on_drop: false }`
[INFO] [stdout] 742a65cbfd1e70f73cf3f950ce01982934ee40cd8ad7081ed9dffe8087a79b92
[INFO] running `Command { std: "docker" "create" "-v" "/var/lib/crater-agent-workspace/builds/worker-7-tc1/target:/opt/rustwide/target:rw,Z" "-v" "/var/lib/crater-agent-workspace/builds/worker-7-tc1/source:/opt/rustwide/workdir:ro,Z" "-v" "/var/lib/crater-agent-workspace/cargo-home:/opt/rustwide/cargo-home:ro,Z" "-v" "/var/lib/crater-agent-workspace/rustup-home:/opt/rustwide/rustup-home:ro,Z" "-e" "SOURCE_DIR=/opt/rustwide/workdir" "-e" "CARGO_TARGET_DIR=/opt/rustwide/target" "-e" "CARGO_INCREMENTAL=0" "-e" "RUST_BACKTRACE=full" "-e" "RUSTFLAGS=--cap-lints=warn" "-e" "RUSTDOCFLAGS=--cap-lints=warn" "-e" "CARGO_HOME=/opt/rustwide/cargo-home" "-e" "RUSTUP_HOME=/opt/rustwide/rustup-home" "-w" "/opt/rustwide/workdir" "-m" "1610612736" "--user" "0:0" "--network" "none" "ghcr.io/rust-lang/crates-build-env/linux@sha256:2788e3201cd34a07e3172128adcd8b3090168a8e3bcc40d7c032b9dda1df7d1c" "/opt/rustwide/cargo-home/bin/cargo" "+1.75.0" "build" "--frozen" "--message-format=json", kill_on_drop: false }`
[INFO] [stdout] df761ec9e21abbcf56f2a81109835e43258f2ce5de3560462b109688caf363d7
[INFO] running `Command { std: "docker" "start" "-a" "df761ec9e21abbcf56f2a81109835e43258f2ce5de3560462b109688caf363d7", kill_on_drop: false }`
[INFO] [stderr]    Compiling memchr v2.6.4
[INFO] [stderr]    Compiling norms v0.1.1 (/opt/rustwide/workdir)
[INFO] [stderr]     Finished dev [unoptimized + debuginfo] target(s) in 0.51s
[INFO] running `Command { std: "docker" "inspect" "df761ec9e21abbcf56f2a81109835e43258f2ce5de3560462b109688caf363d7", kill_on_drop: false }`
[INFO] running `Command { std: "docker" "rm" "-f" "df761ec9e21abbcf56f2a81109835e43258f2ce5de3560462b109688caf363d7", kill_on_drop: false }`
[INFO] [stdout] df761ec9e21abbcf56f2a81109835e43258f2ce5de3560462b109688caf363d7
[INFO] running `Command { std: "docker" "create" "-v" "/var/lib/crater-agent-workspace/builds/worker-7-tc1/target:/opt/rustwide/target:rw,Z" "-v" "/var/lib/crater-agent-workspace/builds/worker-7-tc1/source:/opt/rustwide/workdir:ro,Z" "-v" "/var/lib/crater-agent-workspace/cargo-home:/opt/rustwide/cargo-home:ro,Z" "-v" "/var/lib/crater-agent-workspace/rustup-home:/opt/rustwide/rustup-home:ro,Z" "-e" "SOURCE_DIR=/opt/rustwide/workdir" "-e" "CARGO_TARGET_DIR=/opt/rustwide/target" "-e" "CARGO_INCREMENTAL=0" "-e" "RUST_BACKTRACE=full" "-e" "RUSTFLAGS=--cap-lints=warn" "-e" "RUSTDOCFLAGS=--cap-lints=warn" "-e" "CARGO_HOME=/opt/rustwide/cargo-home" "-e" "RUSTUP_HOME=/opt/rustwide/rustup-home" "-w" "/opt/rustwide/workdir" "-m" "1610612736" "--user" "0:0" "--network" "none" "ghcr.io/rust-lang/crates-build-env/linux@sha256:2788e3201cd34a07e3172128adcd8b3090168a8e3bcc40d7c032b9dda1df7d1c" "/opt/rustwide/cargo-home/bin/cargo" "+1.75.0" "test" "--frozen" "--no-run" "--message-format=json", kill_on_drop: false }`
[INFO] [stdout] 1577a55acdf33f9388f977b2ab34a28736225f80a7f75a1a9d10e27d3f5f6d4d
[INFO] running `Command { std: "docker" "start" "-a" "1577a55acdf33f9388f977b2ab34a28736225f80a7f75a1a9d10e27d3f5f6d4d", kill_on_drop: false }`
[INFO] [stderr]    Compiling proc-macro2 v1.0.69
[INFO] [stderr]    Compiling memoffset v0.9.0
[INFO] [stderr]    Compiling crossbeam-utils v0.8.16
[INFO] [stderr]    Compiling crossbeam-epoch v0.9.15
[INFO] [stderr]    Compiling serde v1.0.189
[INFO] [stderr]    Compiling num-traits v0.2.17
[INFO] [stderr]    Compiling rustix v0.38.20
[INFO] [stderr]    Compiling either v1.9.0
[INFO] [stderr]    Compiling rayon-core v1.12.0
[INFO] [stderr]    Compiling serde_json v1.0.107
[INFO] [stderr]    Compiling plotters-backend v0.3.5
[INFO] [stderr]    Compiling half v1.8.2
[INFO] [stderr]    Compiling linux-raw-sys v0.4.10
[INFO] [stderr]    Compiling anstyle v1.0.4
[INFO] [stderr]    Compiling ryu v1.0.15
[INFO] [stderr]    Compiling clap_lex v0.5.1
[INFO] [stderr]    Compiling regex-syntax v0.8.2
[INFO] [stderr]    Compiling ciborium-io v0.2.1
[INFO] [stderr]    Compiling clap_builder v4.4.6
[INFO] [stderr]    Compiling plotters-svg v0.3.5
[INFO] [stderr]    Compiling itertools v0.10.5
[INFO] [stderr]    Compiling ciborium-ll v0.2.1
[INFO] [stderr]    Compiling cast v0.3.0
[INFO] [stderr]    Compiling same-file v1.0.6
[INFO] [stderr]    Compiling oorandom v11.1.3
[INFO] [stderr]    Compiling anes v0.1.6
[INFO] [stderr]    Compiling once_cell v1.18.0
[INFO] [stderr]    Compiling walkdir v2.4.0
[INFO] [stderr]    Compiling quote v1.0.33
[INFO] [stderr]    Compiling syn v2.0.38
[INFO] [stderr]    Compiling crossbeam-deque v0.8.3
[INFO] [stderr]    Compiling is-terminal v0.4.9
[INFO] [stderr]    Compiling regex-automata v0.4.3
[INFO] [stderr]    Compiling rayon v1.8.0
[INFO] [stderr]    Compiling plotters v0.3.5
[INFO] [stderr]    Compiling criterion-plot v0.5.0
[INFO] [stderr]    Compiling clap v4.4.6
[INFO] [stderr]    Compiling serde_derive v1.0.189
[INFO] [stderr]    Compiling regex v1.10.2
[INFO] [stderr]    Compiling ciborium v0.2.1
[INFO] [stderr]    Compiling tinytemplate v1.2.1
[INFO] [stderr]    Compiling criterion v0.5.1
[INFO] [stderr]    Compiling norms v0.1.1 (/opt/rustwide/workdir)
[INFO] [stderr]     Finished test [unoptimized + debuginfo] target(s) in 11.49s
[INFO] running `Command { std: "docker" "inspect" "1577a55acdf33f9388f977b2ab34a28736225f80a7f75a1a9d10e27d3f5f6d4d", kill_on_drop: false }`
[INFO] running `Command { std: "docker" "rm" "-f" "1577a55acdf33f9388f977b2ab34a28736225f80a7f75a1a9d10e27d3f5f6d4d", kill_on_drop: false }`
[INFO] [stdout] 1577a55acdf33f9388f977b2ab34a28736225f80a7f75a1a9d10e27d3f5f6d4d
[INFO] running `Command { std: "docker" "create" "-v" "/var/lib/crater-agent-workspace/builds/worker-7-tc1/target:/opt/rustwide/target:rw,Z" "-v" "/var/lib/crater-agent-workspace/builds/worker-7-tc1/source:/opt/rustwide/workdir:ro,Z" "-v" "/var/lib/crater-agent-workspace/cargo-home:/opt/rustwide/cargo-home:ro,Z" "-v" "/var/lib/crater-agent-workspace/rustup-home:/opt/rustwide/rustup-home:ro,Z" "-e" "SOURCE_DIR=/opt/rustwide/workdir" "-e" "CARGO_TARGET_DIR=/opt/rustwide/target" "-e" "CARGO_INCREMENTAL=0" "-e" "RUST_BACKTRACE=full" "-e" "RUSTFLAGS=--cap-lints=warn" "-e" "RUSTDOCFLAGS=--cap-lints=warn" "-e" "CARGO_HOME=/opt/rustwide/cargo-home" "-e" "RUSTUP_HOME=/opt/rustwide/rustup-home" "-w" "/opt/rustwide/workdir" "-m" "1610612736" "--user" "0:0" "--network" "none" "ghcr.io/rust-lang/crates-build-env/linux@sha256:2788e3201cd34a07e3172128adcd8b3090168a8e3bcc40d7c032b9dda1df7d1c" "/opt/rustwide/cargo-home/bin/cargo" "+1.75.0" "test" "--frozen", kill_on_drop: false }`
[INFO] [stdout] 46d80902632acd6d5a579b43555fff9df5e2448f9bad20f9794175a7d3935a92
[INFO] running `Command { std: "docker" "start" "-a" "46d80902632acd6d5a579b43555fff9df5e2448f9bad20f9794175a7d3935a92", kill_on_drop: false }`
[INFO] [stderr]     Finished test [unoptimized + debuginfo] target(s) in 0.08s
[INFO] [stderr]      Running unittests src/lib.rs (/opt/rustwide/target/debug/deps/norm-4f61f7c5f10522b2)
[INFO] [stdout] 
[INFO] [stdout] running 0 tests
[INFO] [stdout] 
[INFO] [stdout] test result: ok. 0 passed; 0 failed; 0 ignored; 0 measured; 0 filtered out; finished in 0.00s
[INFO] [stdout] 
[INFO] [stderr]    Doc-tests norm
[INFO] [stdout] 
[INFO] [stdout] running 5 tests
[INFO] [stdout] test src/metric.rs - metric::Metric::distance_and_ranges (line 107) ... FAILED
[INFO] [stdout] test src/metric.rs - metric::Metric::distance_and_ranges (line 65) ... FAILED
[INFO] [stdout] test src/metric.rs - metric::Metric::distance_and_ranges (line 82) ... FAILED
[INFO] [stdout] test src/lib.rs - (line 24) ... FAILED
[INFO] [stdout] test src/metric.rs - metric::Metric::Distance (line 22) ... ok
[INFO] [stdout] 
[INFO] [stdout] failures:
[INFO] [stdout] 
[INFO] [stdout] ---- src/metric.rs - metric::Metric::distance_and_ranges (line 107) stdout ----
[INFO] [stdout] error[E0432]: unresolved import `norm::fzf`
[INFO] [stdout]  --> src/metric.rs:109:11
[INFO] [stdout]   |
[INFO] [stdout] 5 | use norm::fzf::{FzfV1, FzfParser};
[INFO] [stdout]   |           ^^^ could not find `fzf` in `norm`
[INFO] [stdout] 
[INFO] [stdout] error: aborting due to previous error
[INFO] [stdout] 
[INFO] [stdout] For more information about this error, try `rustc --explain E0432`.
[INFO] [stdout] Couldn't compile the test.
[INFO] [stdout] ---- src/metric.rs - metric::Metric::distance_and_ranges (line 65) stdout ----
[INFO] [stdout] error[E0432]: unresolved import `norm::fzf`
[INFO] [stdout]  --> src/metric.rs:67:11
[INFO] [stdout]   |
[INFO] [stdout] 5 | use norm::fzf::{FzfV1, FzfParser};
[INFO] [stdout]   |           ^^^ could not find `fzf` in `norm`
[INFO] [stdout] 
[INFO] [stdout] error: aborting due to previous error
[INFO] [stdout] 
[INFO] [stdout] For more information about this error, try `rustc --explain E0432`.
[INFO] [stdout] Couldn't compile the test.
[INFO] [stdout] ---- src/metric.rs - metric::Metric::distance_and_ranges (line 82) stdout ----
[INFO] [stdout] error[E0432]: unresolved import `norm::fzf`
[INFO] [stdout]  --> src/metric.rs:84:11
[INFO] [stdout]   |
[INFO] [stdout] 5 | use norm::fzf::{FzfV1, FzfParser};
[INFO] [stdout]   |           ^^^ could not find `fzf` in `norm`
[INFO] [stdout] 
[INFO] [stdout] error: aborting due to previous error
[INFO] [stdout] 
[INFO] [stdout] For more information about this error, try `rustc --explain E0432`.
[INFO] [stdout] Couldn't compile the test.
[INFO] [stdout] ---- src/lib.rs - (line 24) stdout ----
[INFO] [stdout] error[E0432]: unresolved import `norm::fzf`
[INFO] [stdout]  --> src/lib.rs:27:11
[INFO] [stdout]   |
[INFO] [stdout] 6 | use norm::fzf::{FzfParser, FzfV2};
[INFO] [stdout]   |           ^^^ could not find `fzf` in `norm`
[INFO] [stdout] 
[INFO] [stdout] error: aborting due to previous error
[INFO] [stdout] 
[INFO] [stdout] For more information about this error, try `rustc --explain E0432`.
[INFO] [stdout] Couldn't compile the test.
[INFO] [stdout] 
[INFO] [stdout] failures:
[INFO] [stdout]     src/lib.rs - (line 24)
[INFO] [stdout]     src/metric.rs - metric::Metric::distance_and_ranges (line 107)
[INFO] [stdout]     src/metric.rs - metric::Metric::distance_and_ranges (line 65)
[INFO] [stdout]     src/metric.rs - metric::Metric::distance_and_ranges (line 82)
[INFO] [stdout] 
[INFO] [stdout] test result: FAILED. 1 passed; 4 failed; 0 ignored; 0 measured; 0 filtered out; finished in 0.25s
[INFO] [stdout] 
[INFO] [stderr] error: doctest failed, to rerun pass `--doc`
[INFO] running `Command { std: "docker" "inspect" "46d80902632acd6d5a579b43555fff9df5e2448f9bad20f9794175a7d3935a92", kill_on_drop: false }`
[INFO] running `Command { std: "docker" "rm" "-f" "46d80902632acd6d5a579b43555fff9df5e2448f9bad20f9794175a7d3935a92", kill_on_drop: false }`
[INFO] [stdout] 46d80902632acd6d5a579b43555fff9df5e2448f9bad20f9794175a7d3935a92
[INFO] testing norms-0.1.1 against beta-2023-12-22 for beta-1.76-1
[INFO] extracting crate norms 0.1.1 into /workspace/builds/worker-7-tc2/source
[INFO] validating manifest of crates.io crate norms 0.1.1 on toolchain beta-2023-12-22
[INFO] running `Command { std: CARGO_HOME="/workspace/cargo-home" RUSTUP_HOME="/workspace/rustup-home" "/workspace/cargo-home/bin/cargo" "+beta-2023-12-22" "metadata" "--manifest-path" "Cargo.toml" "--no-deps", kill_on_drop: false }`
[INFO] started tweaking crates.io crate norms 0.1.1
[INFO] removed 0 missing examples
[INFO] removed 0 missing tests
[INFO] finished tweaking crates.io crate norms 0.1.1
[INFO] tweaked toml for crates.io crate norms 0.1.1 written to /workspace/builds/worker-7-tc2/source/Cargo.toml
[INFO] crate crates.io crate norms 0.1.1 already has a lockfile, it will not be regenerated
[INFO] running `Command { std: CARGO_HOME="/workspace/cargo-home" RUSTUP_HOME="/workspace/rustup-home" "/workspace/cargo-home/bin/cargo" "+beta-2023-12-22" "fetch" "--manifest-path" "Cargo.toml", kill_on_drop: false }`
[INFO] running `Command { std: "docker" "create" "-v" "/var/lib/crater-agent-workspace/builds/worker-7-tc2/target:/opt/rustwide/target:rw,Z" "-v" "/var/lib/crater-agent-workspace/builds/worker-7-tc2/source:/opt/rustwide/workdir:ro,Z" "-v" "/var/lib/crater-agent-workspace/cargo-home:/opt/rustwide/cargo-home:ro,Z" "-v" "/var/lib/crater-agent-workspace/rustup-home:/opt/rustwide/rustup-home:ro,Z" "-e" "SOURCE_DIR=/opt/rustwide/workdir" "-e" "CARGO_TARGET_DIR=/opt/rustwide/target" "-e" "CARGO_HOME=/opt/rustwide/cargo-home" "-e" "RUSTUP_HOME=/opt/rustwide/rustup-home" "-w" "/opt/rustwide/workdir" "-m" "1610612736" "--user" "0:0" "--network" "none" "ghcr.io/rust-lang/crates-build-env/linux@sha256:2788e3201cd34a07e3172128adcd8b3090168a8e3bcc40d7c032b9dda1df7d1c" "/opt/rustwide/cargo-home/bin/cargo" "+beta-2023-12-22" "metadata" "--no-deps" "--format-version=1", kill_on_drop: false }`
[INFO] [stdout] a661c26c0f2a58d98d9d54cae025b023027d1b24cb8618ad6d795db9eb5d337d
[INFO] running `Command { std: "docker" "start" "-a" "a661c26c0f2a58d98d9d54cae025b023027d1b24cb8618ad6d795db9eb5d337d", kill_on_drop: false }`
[INFO] running `Command { std: "docker" "inspect" "a661c26c0f2a58d98d9d54cae025b023027d1b24cb8618ad6d795db9eb5d337d", kill_on_drop: false }`
[INFO] running `Command { std: "docker" "rm" "-f" "a661c26c0f2a58d98d9d54cae025b023027d1b24cb8618ad6d795db9eb5d337d", kill_on_drop: false }`
[INFO] [stdout] a661c26c0f2a58d98d9d54cae025b023027d1b24cb8618ad6d795db9eb5d337d
[INFO] running `Command { std: "docker" "create" "-v" "/var/lib/crater-agent-workspace/builds/worker-7-tc2/target:/opt/rustwide/target:rw,Z" "-v" "/var/lib/crater-agent-workspace/builds/worker-7-tc2/source:/opt/rustwide/workdir:ro,Z" "-v" "/var/lib/crater-agent-workspace/cargo-home:/opt/rustwide/cargo-home:ro,Z" "-v" "/var/lib/crater-agent-workspace/rustup-home:/opt/rustwide/rustup-home:ro,Z" "-e" "SOURCE_DIR=/opt/rustwide/workdir" "-e" "CARGO_TARGET_DIR=/opt/rustwide/target" "-e" "CARGO_INCREMENTAL=0" "-e" "RUST_BACKTRACE=full" "-e" "RUSTFLAGS=--cap-lints=warn" "-e" "RUSTDOCFLAGS=--cap-lints=warn" "-e" "CARGO_HOME=/opt/rustwide/cargo-home" "-e" "RUSTUP_HOME=/opt/rustwide/rustup-home" "-w" "/opt/rustwide/workdir" "-m" "1610612736" "--user" "0:0" "--network" "none" "ghcr.io/rust-lang/crates-build-env/linux@sha256:2788e3201cd34a07e3172128adcd8b3090168a8e3bcc40d7c032b9dda1df7d1c" "/opt/rustwide/cargo-home/bin/cargo" "+beta-2023-12-22" "build" "--frozen" "--message-format=json", kill_on_drop: false }`
[INFO] [stdout] 638c229f216e1e42ca0421ab1296b408e8681d16f97dab73a785a3a7a6786f1d
[INFO] running `Command { std: "docker" "start" "-a" "638c229f216e1e42ca0421ab1296b408e8681d16f97dab73a785a3a7a6786f1d", kill_on_drop: false }`
[INFO] [stderr]    Compiling memchr v2.6.4
[INFO] [stderr]    Compiling norms v0.1.1 (/opt/rustwide/workdir)
[INFO] [stderr]     Finished dev [unoptimized + debuginfo] target(s) in 0.86s
[INFO] running `Command { std: "docker" "inspect" "638c229f216e1e42ca0421ab1296b408e8681d16f97dab73a785a3a7a6786f1d", kill_on_drop: false }`
[INFO] running `Command { std: "docker" "rm" "-f" "638c229f216e1e42ca0421ab1296b408e8681d16f97dab73a785a3a7a6786f1d", kill_on_drop: false }`
[INFO] [stdout] 638c229f216e1e42ca0421ab1296b408e8681d16f97dab73a785a3a7a6786f1d
[INFO] running `Command { std: "docker" "create" "-v" "/var/lib/crater-agent-workspace/builds/worker-7-tc2/target:/opt/rustwide/target:rw,Z" "-v" "/var/lib/crater-agent-workspace/builds/worker-7-tc2/source:/opt/rustwide/workdir:ro,Z" "-v" "/var/lib/crater-agent-workspace/cargo-home:/opt/rustwide/cargo-home:ro,Z" "-v" "/var/lib/crater-agent-workspace/rustup-home:/opt/rustwide/rustup-home:ro,Z" "-e" "SOURCE_DIR=/opt/rustwide/workdir" "-e" "CARGO_TARGET_DIR=/opt/rustwide/target" "-e" "CARGO_INCREMENTAL=0" "-e" "RUST_BACKTRACE=full" "-e" "RUSTFLAGS=--cap-lints=warn" "-e" "RUSTDOCFLAGS=--cap-lints=warn" "-e" "CARGO_HOME=/opt/rustwide/cargo-home" "-e" "RUSTUP_HOME=/opt/rustwide/rustup-home" "-w" "/opt/rustwide/workdir" "-m" "1610612736" "--user" "0:0" "--network" "none" "ghcr.io/rust-lang/crates-build-env/linux@sha256:2788e3201cd34a07e3172128adcd8b3090168a8e3bcc40d7c032b9dda1df7d1c" "/opt/rustwide/cargo-home/bin/cargo" "+beta-2023-12-22" "test" "--frozen" "--no-run" "--message-format=json", kill_on_drop: false }`
[INFO] [stdout] 160f06768cf51c304f227d1df99cde32edc136646fd60d13b167d84248ec0a88
[INFO] running `Command { std: "docker" "start" "-a" "160f06768cf51c304f227d1df99cde32edc136646fd60d13b167d84248ec0a88", kill_on_drop: false }`
[INFO] [stderr]    Compiling proc-macro2 v1.0.69
[INFO] [stderr]    Compiling memoffset v0.9.0
[INFO] [stderr]    Compiling crossbeam-utils v0.8.16
[INFO] [stderr]    Compiling crossbeam-epoch v0.9.15
[INFO] [stderr]    Compiling serde v1.0.189
[INFO] [stderr]    Compiling num-traits v0.2.17
[INFO] [stderr]    Compiling either v1.9.0
[INFO] [stderr]    Compiling serde_json v1.0.107
[INFO] [stderr]    Compiling rayon-core v1.12.0
[INFO] [stderr]    Compiling rustix v0.38.20
[INFO] [stderr]    Compiling plotters-backend v0.3.5
[INFO] [stderr]    Compiling clap_lex v0.5.1
[INFO] [stderr]    Compiling ciborium-io v0.2.1
[INFO] [stderr]    Compiling anstyle v1.0.4
[INFO] [stderr]    Compiling ryu v1.0.15
[INFO] [stderr]    Compiling half v1.8.2
[INFO] [stderr]    Compiling regex-syntax v0.8.2
[INFO] [stderr]    Compiling linux-raw-sys v0.4.10
[INFO] [stderr]    Compiling clap_builder v4.4.6
[INFO] [stderr]    Compiling ciborium-ll v0.2.1
[INFO] [stderr]    Compiling itertools v0.10.5
[INFO] [stderr]    Compiling same-file v1.0.6
[INFO] [stderr]    Compiling cast v0.3.0
[INFO] [stderr]    Compiling once_cell v1.18.0
[INFO] [stderr]    Compiling anes v0.1.6
[INFO] [stderr]    Compiling walkdir v2.4.0
[INFO] [stderr]    Compiling oorandom v11.1.3
[INFO] [stderr]    Compiling plotters-svg v0.3.5
[INFO] [stderr]    Compiling quote v1.0.33
[INFO] [stderr]    Compiling crossbeam-deque v0.8.3
[INFO] [stderr]    Compiling syn v2.0.38
[INFO] [stderr]    Compiling is-terminal v0.4.9
[INFO] [stderr]    Compiling regex-automata v0.4.3
[INFO] [stderr]    Compiling criterion-plot v0.5.0
[INFO] [stderr]    Compiling plotters v0.3.5
[INFO] [stderr]    Compiling rayon v1.8.0
[INFO] [stderr]    Compiling clap v4.4.6
[INFO] [stderr]    Compiling serde_derive v1.0.189
[INFO] [stderr]    Compiling regex v1.10.2
[INFO] [stderr]    Compiling ciborium v0.2.1
[INFO] [stderr]    Compiling tinytemplate v1.2.1
[INFO] [stderr]    Compiling criterion v0.5.1
[INFO] [stderr]    Compiling norms v0.1.1 (/opt/rustwide/workdir)
[INFO] [stderr]     Finished test [unoptimized + debuginfo] target(s) in 11.97s
[INFO] running `Command { std: "docker" "inspect" "160f06768cf51c304f227d1df99cde32edc136646fd60d13b167d84248ec0a88", kill_on_drop: false }`
[INFO] running `Command { std: "docker" "rm" "-f" "160f06768cf51c304f227d1df99cde32edc136646fd60d13b167d84248ec0a88", kill_on_drop: false }`
[INFO] [stdout] 160f06768cf51c304f227d1df99cde32edc136646fd60d13b167d84248ec0a88
[INFO] running `Command { std: "docker" "create" "-v" "/var/lib/crater-agent-workspace/builds/worker-7-tc2/target:/opt/rustwide/target:rw,Z" "-v" "/var/lib/crater-agent-workspace/builds/worker-7-tc2/source:/opt/rustwide/workdir:ro,Z" "-v" "/var/lib/crater-agent-workspace/cargo-home:/opt/rustwide/cargo-home:ro,Z" "-v" "/var/lib/crater-agent-workspace/rustup-home:/opt/rustwide/rustup-home:ro,Z" "-e" "SOURCE_DIR=/opt/rustwide/workdir" "-e" "CARGO_TARGET_DIR=/opt/rustwide/target" "-e" "CARGO_INCREMENTAL=0" "-e" "RUST_BACKTRACE=full" "-e" "RUSTFLAGS=--cap-lints=warn" "-e" "RUSTDOCFLAGS=--cap-lints=warn" "-e" "CARGO_HOME=/opt/rustwide/cargo-home" "-e" "RUSTUP_HOME=/opt/rustwide/rustup-home" "-w" "/opt/rustwide/workdir" "-m" "1610612736" "--user" "0:0" "--network" "none" "ghcr.io/rust-lang/crates-build-env/linux@sha256:2788e3201cd34a07e3172128adcd8b3090168a8e3bcc40d7c032b9dda1df7d1c" "/opt/rustwide/cargo-home/bin/cargo" "+beta-2023-12-22" "test" "--frozen", kill_on_drop: false }`
[INFO] [stdout] 56ef8ee75944c51b4b2abda624f411d6de57f36c6c48981e74b7d86ec30a263a
[INFO] running `Command { std: "docker" "start" "-a" "56ef8ee75944c51b4b2abda624f411d6de57f36c6c48981e74b7d86ec30a263a", kill_on_drop: false }`
[INFO] [stderr]     Finished test [unoptimized + debuginfo] target(s) in 0.04s
[INFO] [stderr]      Running unittests src/lib.rs (/opt/rustwide/target/debug/deps/norm-6ea47cf1664524db)
[INFO] [stdout] 
[INFO] [stdout] running 0 tests
[INFO] [stdout] 
[INFO] [stdout] test result: ok. 0 passed; 0 failed; 0 ignored; 0 measured; 0 filtered out; finished in 0.00s
[INFO] [stdout] 
[INFO] [stderr]    Doc-tests norm
[INFO] [stdout] 
[INFO] [stdout] running 5 tests
[INFO] [stdout] test src/metric.rs - metric::Metric::distance_and_ranges (line 65) ... FAILED
[INFO] [stdout] test src/metric.rs - metric::Metric::distance_and_ranges (line 82) ... FAILED
[INFO] [stdout] test src/metric.rs - metric::Metric::distance_and_ranges (line 107) ... FAILED
[INFO] [stdout] test src/lib.rs - (line 24) ... FAILED
[INFO] [stdout] test src/metric.rs - metric::Metric::Distance (line 22) ... ok
[INFO] [stdout] 
[INFO] [stdout] failures:
[INFO] [stdout] 
[INFO] [stdout] ---- src/metric.rs - metric::Metric::distance_and_ranges (line 65) stdout ----
[INFO] [stdout] error[E0432]: unresolved import `norm::fzf`
[INFO] [stdout]  --> src/metric.rs:67:11
[INFO] [stdout]   |
[INFO] [stdout] 5 | use norm::fzf::{FzfV1, FzfParser};
[INFO] [stdout]   |           ^^^ could not find `fzf` in `norm`
[INFO] [stdout] 
[INFO] [stdout] error: aborting due to 1 previous error
[INFO] [stdout] 
[INFO] [stdout] For more information about this error, try `rustc --explain E0432`.
[INFO] [stdout] Couldn't compile the test.
[INFO] [stdout] ---- src/metric.rs - metric::Metric::distance_and_ranges (line 82) stdout ----
[INFO] [stdout] error[E0432]: unresolved import `norm::fzf`
[INFO] [stdout]  --> src/metric.rs:84:11
[INFO] [stdout]   |
[INFO] [stdout] 5 | use norm::fzf::{FzfV1, FzfParser};
[INFO] [stdout]   |           ^^^ could not find `fzf` in `norm`
[INFO] [stdout] 
[INFO] [stdout] error: aborting due to 1 previous error
[INFO] [stdout] 
[INFO] [stdout] For more information about this error, try `rustc --explain E0432`.
[INFO] [stdout] Couldn't compile the test.
[INFO] [stdout] ---- src/metric.rs - metric::Metric::distance_and_ranges (line 107) stdout ----
[INFO] [stdout] error[E0432]: unresolved import `norm::fzf`
[INFO] [stdout]  --> src/metric.rs:109:11
[INFO] [stdout]   |
[INFO] [stdout] 5 | use norm::fzf::{FzfV1, FzfParser};
[INFO] [stdout]   |           ^^^ could not find `fzf` in `norm`
[INFO] [stdout] 
[INFO] [stdout] error: aborting due to 1 previous error
[INFO] [stdout] 
[INFO] [stdout] For more information about this error, try `rustc --explain E0432`.
[INFO] [stdout] Couldn't compile the test.
[INFO] [stdout] ---- src/lib.rs - (line 24) stdout ----
[INFO] [stdout] error[E0432]: unresolved import `norm::fzf`
[INFO] [stdout]  --> src/lib.rs:27:11
[INFO] [stdout]   |
[INFO] [stdout] 6 | use norm::fzf::{FzfParser, FzfV2};
[INFO] [stdout]   |           ^^^ could not find `fzf` in `norm`
[INFO] [stdout] 
[INFO] [stdout] error: aborting due to 1 previous error
[INFO] [stdout] 
[INFO] [stdout] For more information about this error, try `rustc --explain E0432`.
[INFO] [stdout] Couldn't compile the test.
[INFO] [stdout] 
[INFO] [stdout] failures:
[INFO] [stdout]     src/lib.rs - (line 24)
[INFO] [stdout]     src/metric.rs - metric::Metric::distance_and_ranges (line 107)
[INFO] [stdout]     src/metric.rs - metric::Metric::distance_and_ranges (line 65)
[INFO] [stdout]     src/metric.rs - metric::Metric::distance_and_ranges (line 82)
[INFO] [stdout] 
[INFO] [stdout] test result: FAILED. 1 passed; 4 failed; 0 ignored; 0 measured; 0 filtered out; finished in 0.15s
[INFO] [stdout] 
[INFO] [stderr] error: doctest failed, to rerun pass `--doc`
[INFO] running `Command { std: "docker" "inspect" "56ef8ee75944c51b4b2abda624f411d6de57f36c6c48981e74b7d86ec30a263a", kill_on_drop: false }`
[INFO] running `Command { std: "docker" "rm" "-f" "56ef8ee75944c51b4b2abda624f411d6de57f36c6c48981e74b7d86ec30a263a", kill_on_drop: false }`
[INFO] [stdout] 56ef8ee75944c51b4b2abda624f411d6de57f36c6c48981e74b7d86ec30a263a
