[INFO] fetching crate noosphere-collections 0.7.0...
[INFO] testing noosphere-collections-0.7.0 against 1.75.0 for beta-1.76-1
[INFO] extracting crate noosphere-collections 0.7.0 into /workspace/builds/worker-1-tc1/source
[INFO] validating manifest of crates.io crate noosphere-collections 0.7.0 on toolchain 1.75.0
[INFO] running `Command { std: CARGO_HOME="/workspace/cargo-home" RUSTUP_HOME="/workspace/rustup-home" "/workspace/cargo-home/bin/cargo" "+1.75.0" "metadata" "--manifest-path" "Cargo.toml" "--no-deps", kill_on_drop: false }`
[INFO] started tweaking crates.io crate noosphere-collections 0.7.0
[INFO] finished tweaking crates.io crate noosphere-collections 0.7.0
[INFO] tweaked toml for crates.io crate noosphere-collections 0.7.0 written to /workspace/builds/worker-1-tc1/source/Cargo.toml
[INFO] running `Command { std: CARGO_HOME="/workspace/cargo-home" RUSTUP_HOME="/workspace/rustup-home" "/workspace/cargo-home/bin/cargo" "+1.75.0" "generate-lockfile" "--manifest-path" "Cargo.toml", kill_on_drop: false }`
[INFO] [stderr]     Updating crates.io index
[INFO] running `Command { std: CARGO_HOME="/workspace/cargo-home" RUSTUP_HOME="/workspace/rustup-home" "/workspace/cargo-home/bin/cargo" "+1.75.0" "fetch" "--manifest-path" "Cargo.toml", kill_on_drop: false }`
[INFO] [stderr]  Downloading crates ...
[INFO] [stderr]   Downloaded libipld-json v0.16.0
[INFO] [stderr]   Downloaded serde-wasm-bindgen v0.4.5
[INFO] [stderr]   Downloaded noosphere-common v0.1.2
[INFO] [stderr]   Downloaded libipld-core v0.16.0
[INFO] [stderr]   Downloaded libipld-cbor v0.16.0
[INFO] [stderr]   Downloaded ucan v0.4.0
[INFO] [stderr]   Downloaded rexie v0.5.0
[INFO] [stderr]   Downloaded sled v0.34.7
[INFO] [stderr]   Downloaded noosphere-storage v0.10.0
[INFO] running `Command { std: "docker" "create" "-v" "/var/lib/crater-agent-workspace/builds/worker-1-tc1/target:/opt/rustwide/target:rw,Z" "-v" "/var/lib/crater-agent-workspace/builds/worker-1-tc1/source:/opt/rustwide/workdir:ro,Z" "-v" "/var/lib/crater-agent-workspace/cargo-home:/opt/rustwide/cargo-home:ro,Z" "-v" "/var/lib/crater-agent-workspace/rustup-home:/opt/rustwide/rustup-home:ro,Z" "-e" "SOURCE_DIR=/opt/rustwide/workdir" "-e" "CARGO_TARGET_DIR=/opt/rustwide/target" "-e" "CARGO_HOME=/opt/rustwide/cargo-home" "-e" "RUSTUP_HOME=/opt/rustwide/rustup-home" "-w" "/opt/rustwide/workdir" "-m" "1610612736" "--user" "0:0" "--network" "none" "ghcr.io/rust-lang/crates-build-env/linux@sha256:2788e3201cd34a07e3172128adcd8b3090168a8e3bcc40d7c032b9dda1df7d1c" "/opt/rustwide/cargo-home/bin/cargo" "+1.75.0" "metadata" "--no-deps" "--format-version=1", kill_on_drop: false }`
[INFO] [stdout] d96e9d85e90cc6448fea8cb2eba3836d647ee320477effc5ea97a3b1d6c87610
[INFO] running `Command { std: "docker" "start" "-a" "d96e9d85e90cc6448fea8cb2eba3836d647ee320477effc5ea97a3b1d6c87610", kill_on_drop: false }`
[INFO] running `Command { std: "docker" "inspect" "d96e9d85e90cc6448fea8cb2eba3836d647ee320477effc5ea97a3b1d6c87610", kill_on_drop: false }`
[INFO] running `Command { std: "docker" "rm" "-f" "d96e9d85e90cc6448fea8cb2eba3836d647ee320477effc5ea97a3b1d6c87610", kill_on_drop: false }`
[INFO] [stdout] d96e9d85e90cc6448fea8cb2eba3836d647ee320477effc5ea97a3b1d6c87610
[INFO] running `Command { std: "docker" "create" "-v" "/var/lib/crater-agent-workspace/builds/worker-1-tc1/target:/opt/rustwide/target:rw,Z" "-v" "/var/lib/crater-agent-workspace/builds/worker-1-tc1/source:/opt/rustwide/workdir:ro,Z" "-v" "/var/lib/crater-agent-workspace/cargo-home:/opt/rustwide/cargo-home:ro,Z" "-v" "/var/lib/crater-agent-workspace/rustup-home:/opt/rustwide/rustup-home:ro,Z" "-e" "SOURCE_DIR=/opt/rustwide/workdir" "-e" "CARGO_TARGET_DIR=/opt/rustwide/target" "-e" "CARGO_INCREMENTAL=0" "-e" "RUST_BACKTRACE=full" "-e" "RUSTFLAGS=--cap-lints=warn" "-e" "RUSTDOCFLAGS=--cap-lints=warn" "-e" "CARGO_HOME=/opt/rustwide/cargo-home" "-e" "RUSTUP_HOME=/opt/rustwide/rustup-home" "-w" "/opt/rustwide/workdir" "-m" "1610612736" "--user" "0:0" "--network" "none" "ghcr.io/rust-lang/crates-build-env/linux@sha256:2788e3201cd34a07e3172128adcd8b3090168a8e3bcc40d7c032b9dda1df7d1c" "/opt/rustwide/cargo-home/bin/cargo" "+1.75.0" "build" "--frozen" "--message-format=json", kill_on_drop: false }`
[INFO] [stdout] ef4aa22fb6286639b7991c5cb25511fc2d9721b3bb1c6d42a235b1b1cf3476f2
[INFO] running `Command { std: "docker" "start" "-a" "ef4aa22fb6286639b7991c5cb25511fc2d9721b3bb1c6d42a235b1b1cf3476f2", kill_on_drop: false }`
[INFO] [stderr]    Compiling proc-macro2 v1.0.75
[INFO] [stderr]    Compiling syn v1.0.109
[INFO] [stderr]    Compiling serde v1.0.194
[INFO] [stderr]    Compiling arrayref v0.3.7
[INFO] [stderr]    Compiling arrayvec v0.7.4
[INFO] [stderr]    Compiling constant_time_eq v0.3.0
[INFO] [stderr]    Compiling generic-array v0.14.7
[INFO] [stderr]    Compiling libc v0.2.151
[INFO] [stderr]    Compiling proc-macro-error-attr v1.0.4
[INFO] [stderr]    Compiling thiserror v1.0.56
[INFO] [stderr]    Compiling proc-macro-error v1.0.4
[INFO] [stderr]    Compiling data-encoding v2.5.0
[INFO] [stderr]    Compiling unicode-xid v0.2.4
[INFO] [stderr]    Compiling keccak v0.1.4
[INFO] [stderr]    Compiling anyhow v1.0.79
[INFO] [stderr]    Compiling core2 v0.4.0
[INFO] [stderr]    Compiling base-x v0.2.11
[INFO] [stderr]    Compiling futures-sink v0.3.30
[INFO] [stderr]    Compiling blake2s_simd v1.0.2
[INFO] [stderr]    Compiling blake2b_simd v1.0.2
[INFO] [stderr]    Compiling unsigned-varint v0.7.2
[INFO] [stderr]    Compiling futures-channel v0.3.30
[INFO] [stderr]    Compiling instant v0.1.12
[INFO] [stderr]    Compiling getrandom v0.2.11
[INFO] [stderr]    Compiling crossbeam-utils v0.8.18
[INFO] [stderr]    Compiling serde_json v1.0.111
[INFO] [stderr]    Compiling ppv-lite86 v0.2.17
[INFO] [stderr]    Compiling byteorder v1.4.3
[INFO] [stderr]    Compiling parking_lot_core v0.8.6
[INFO] [stderr]    Compiling rand_core v0.6.4
[INFO] [stderr]    Compiling fxhash v0.2.1
[INFO] [stderr]    Compiling parking_lot v0.11.2
[INFO] [stderr]    Compiling fs2 v0.4.3
[INFO] [stderr]    Compiling cc v1.0.83
[INFO] [stderr]    Compiling rand_chacha v0.3.1
[INFO] [stderr]    Compiling base64 v0.21.5
[INFO] [stderr]    Compiling bs58 v0.5.0
[INFO] [stderr]    Compiling strum v0.24.1
[INFO] [stderr]    Compiling block-buffer v0.10.4
[INFO] [stderr]    Compiling quote v1.0.35
[INFO] [stderr]    Compiling crypto-common v0.1.6
[INFO] [stderr]    Compiling digest v0.10.7
[INFO] [stderr]    Compiling rand v0.8.5
[INFO] [stderr]    Compiling syn v2.0.48
[INFO] [stderr]    Compiling sha2 v0.10.8
[INFO] [stderr]    Compiling sha3 v0.10.8
[INFO] [stderr]    Compiling crossbeam-epoch v0.9.17
[INFO] [stderr]    Compiling sled v0.34.7
[INFO] [stderr]    Compiling blake3 v1.5.0
[INFO] [stderr]    Compiling toml v0.5.11
[INFO] [stderr]    Compiling synstructure v0.12.6
[INFO] [stderr]    Compiling data-encoding-macro-internal v0.1.12
[INFO] [stderr]    Compiling data-encoding-macro v0.1.14
[INFO] [stderr]    Compiling multibase v0.9.1
[INFO] [stderr]    Compiling serde_derive v1.0.194
[INFO] [stderr]    Compiling thiserror-impl v1.0.56
[INFO] [stderr]    Compiling futures-macro v0.3.30
[INFO] [stderr]    Compiling tokio-macros v2.2.0
[INFO] [stderr]    Compiling tracing-attributes v0.1.27
[INFO] [stderr]    Compiling strum_macros v0.25.3
[INFO] [stderr]    Compiling async-stream-impl v0.3.5
[INFO] [stderr]    Compiling async-trait v0.1.77
[INFO] [stderr]    Compiling async-recursion v1.0.5
[INFO] [stderr]    Compiling async-stream v0.3.5
[INFO] [stderr]    Compiling tokio v1.35.1
[INFO] [stderr]    Compiling futures-util v0.3.30
[INFO] [stderr]    Compiling proc-macro-crate v1.1.3
[INFO] [stderr]    Compiling tracing v0.1.40
[INFO] [stderr]    Compiling multihash-derive v0.8.1
[INFO] [stderr]    Compiling futures-executor v0.3.30
[INFO] [stderr]    Compiling futures v0.3.30
[INFO] [stderr]    Compiling tokio-stream v0.1.14
[INFO] [stderr]    Compiling noosphere-common v0.1.2
[INFO] [stderr]    Compiling serde-big-array v0.3.3
[INFO] [stderr]    Compiling serde_bytes v0.11.14
[INFO] [stderr]    Compiling cs_serde_bytes v0.12.2
[INFO] [stderr]    Compiling multihash v0.18.1
[INFO] [stderr]    Compiling forest_hash_utils v0.1.0
[INFO] [stderr]    Compiling cid v0.10.1
[INFO] [stderr]    Compiling libipld-core v0.16.0
[INFO] [stderr]    Compiling libipld-cbor v0.16.0
[INFO] [stderr]    Compiling libipld-json v0.16.0
[INFO] [stderr]    Compiling ucan v0.4.0
[INFO] [stderr]    Compiling noosphere-storage v0.10.0
[INFO] [stderr]    Compiling noosphere-collections v0.7.0 (/opt/rustwide/workdir)
[INFO] [stderr]     Finished dev [unoptimized + debuginfo] target(s) in 15.52s
[INFO] running `Command { std: "docker" "inspect" "ef4aa22fb6286639b7991c5cb25511fc2d9721b3bb1c6d42a235b1b1cf3476f2", kill_on_drop: false }`
[INFO] running `Command { std: "docker" "rm" "-f" "ef4aa22fb6286639b7991c5cb25511fc2d9721b3bb1c6d42a235b1b1cf3476f2", kill_on_drop: false }`
[INFO] [stdout] ef4aa22fb6286639b7991c5cb25511fc2d9721b3bb1c6d42a235b1b1cf3476f2
[INFO] running `Command { std: "docker" "create" "-v" "/var/lib/crater-agent-workspace/builds/worker-1-tc1/target:/opt/rustwide/target:rw,Z" "-v" "/var/lib/crater-agent-workspace/builds/worker-1-tc1/source:/opt/rustwide/workdir:ro,Z" "-v" "/var/lib/crater-agent-workspace/cargo-home:/opt/rustwide/cargo-home:ro,Z" "-v" "/var/lib/crater-agent-workspace/rustup-home:/opt/rustwide/rustup-home:ro,Z" "-e" "SOURCE_DIR=/opt/rustwide/workdir" "-e" "CARGO_TARGET_DIR=/opt/rustwide/target" "-e" "CARGO_INCREMENTAL=0" "-e" "RUST_BACKTRACE=full" "-e" "RUSTFLAGS=--cap-lints=warn" "-e" "RUSTDOCFLAGS=--cap-lints=warn" "-e" "CARGO_HOME=/opt/rustwide/cargo-home" "-e" "RUSTUP_HOME=/opt/rustwide/rustup-home" "-w" "/opt/rustwide/workdir" "-m" "1610612736" "--user" "0:0" "--network" "none" "ghcr.io/rust-lang/crates-build-env/linux@sha256:2788e3201cd34a07e3172128adcd8b3090168a8e3bcc40d7c032b9dda1df7d1c" "/opt/rustwide/cargo-home/bin/cargo" "+1.75.0" "test" "--frozen" "--no-run" "--message-format=json", kill_on_drop: false }`
[INFO] [stdout] 2930ec0450c0481861a634dce666bd4d49fa25b0d31aefba03f1f280a4223acd
[INFO] running `Command { std: "docker" "start" "-a" "2930ec0450c0481861a634dce666bd4d49fa25b0d31aefba03f1f280a4223acd", kill_on_drop: false }`
[INFO] [stderr]    Compiling scopeguard v1.2.0
[INFO] [stderr]    Compiling cbor4ii v0.2.14
[INFO] [stderr]    Compiling lock_api v0.4.11
[INFO] [stderr]    Compiling parking_lot v0.12.1
[INFO] [stderr]    Compiling parking_lot v0.11.2
[INFO] [stderr]    Compiling serde_ipld_dagcbor v0.4.2
[INFO] [stderr]    Compiling tokio v1.35.1
[INFO] [stderr]    Compiling sled v0.34.7
[INFO] [stderr]    Compiling tokio-stream v0.1.14
[INFO] [stderr]    Compiling noosphere-common v0.1.2
[INFO] [stderr]    Compiling noosphere-storage v0.10.0
[INFO] [stderr]    Compiling noosphere-collections v0.7.0 (/opt/rustwide/workdir)
[INFO] [stderr]     Finished test [unoptimized + debuginfo] target(s) in 8.73s
[INFO] running `Command { std: "docker" "inspect" "2930ec0450c0481861a634dce666bd4d49fa25b0d31aefba03f1f280a4223acd", kill_on_drop: false }`
[INFO] running `Command { std: "docker" "rm" "-f" "2930ec0450c0481861a634dce666bd4d49fa25b0d31aefba03f1f280a4223acd", kill_on_drop: false }`
[INFO] [stdout] 2930ec0450c0481861a634dce666bd4d49fa25b0d31aefba03f1f280a4223acd
[INFO] running `Command { std: "docker" "create" "-v" "/var/lib/crater-agent-workspace/builds/worker-1-tc1/target:/opt/rustwide/target:rw,Z" "-v" "/var/lib/crater-agent-workspace/builds/worker-1-tc1/source:/opt/rustwide/workdir:ro,Z" "-v" "/var/lib/crater-agent-workspace/cargo-home:/opt/rustwide/cargo-home:ro,Z" "-v" "/var/lib/crater-agent-workspace/rustup-home:/opt/rustwide/rustup-home:ro,Z" "-e" "SOURCE_DIR=/opt/rustwide/workdir" "-e" "CARGO_TARGET_DIR=/opt/rustwide/target" "-e" "CARGO_INCREMENTAL=0" "-e" "RUST_BACKTRACE=full" "-e" "RUSTFLAGS=--cap-lints=warn" "-e" "RUSTDOCFLAGS=--cap-lints=warn" "-e" "CARGO_HOME=/opt/rustwide/cargo-home" "-e" "RUSTUP_HOME=/opt/rustwide/rustup-home" "-w" "/opt/rustwide/workdir" "-m" "1610612736" "--user" "0:0" "--network" "none" "ghcr.io/rust-lang/crates-build-env/linux@sha256:2788e3201cd34a07e3172128adcd8b3090168a8e3bcc40d7c032b9dda1df7d1c" "/opt/rustwide/cargo-home/bin/cargo" "+1.75.0" "test" "--frozen", kill_on_drop: false }`
[INFO] [stdout] 354b8a594a7e438118ce734c04140cb999cc134907b7b71b57e8c53cfdf8c571
[INFO] running `Command { std: "docker" "start" "-a" "354b8a594a7e438118ce734c04140cb999cc134907b7b71b57e8c53cfdf8c571", kill_on_drop: false }`
[INFO] [stderr]     Finished test [unoptimized + debuginfo] target(s) in 0.26s
[INFO] [stderr]      Running unittests src/lib.rs (/opt/rustwide/target/debug/deps/noosphere_collections-3e9f82b1484b44ea)
[INFO] [stdout] 
[INFO] [stdout] running 15 tests
[INFO] [stdout] test hamt::bitfield::tests::test_bitfield ... ok
[INFO] [stdout] test hamt::bitfield::tests::test_cbor_serialization ... ok
[INFO] [stdout] test hamt::hash_bits::tests::test_bitfield ... ok
[INFO] [stdout] test hamt::test::reload_empty ... ok
[INFO] [stdout] test hamt::test::delete_case ... ok
[INFO] [stdout] test hamt::test::delete ... ok
[INFO] [stdout] test hamt::test::test_basics ... ok
[INFO] [stdout] test hamt::test::clean_child_ordering ... ok
[INFO] [stdout] test tests::it_works ... ok
[INFO] [stdout] test hamt::test::test_load ... ok
[INFO] [stdout] test hamt::test::test_set_if_absent ... ok
[INFO] [stdout] test hamt::test::set_with_no_effect_does_not_put ... ok
[INFO] [stdout] test hamt::test::into_stream ... ok
[INFO] [stdout] test hamt::test::for_each ... ok
[INFO] [stdout] test hamt::test::set_delete_many ... ok
[INFO] [stdout] 
[INFO] [stdout] test result: ok. 15 passed; 0 failed; 0 ignored; 0 measured; 0 filtered out; finished in 0.02s
[INFO] [stdout] 
[INFO] [stderr]    Doc-tests noosphere-collections
[INFO] [stdout] 
[INFO] [stdout] running 7 tests
[INFO] [stdout] test src/hamt/hamt_implementation.rs - hamt::hamt_implementation::Hamt<BS,V,K,H>::contains_key (line 268) ... FAILED
[INFO] [stdout] test src/hamt/hamt_implementation.rs - hamt::hamt_implementation::Hamt<BS,V,K,H>::set_if_absent (line 192) ... ok
[INFO] [stdout] test src/hamt/hamt_implementation.rs - hamt::hamt_implementation::Hamt (line 46) ... ok
[INFO] [stdout] test src/hamt/hamt_implementation.rs - hamt::hamt_implementation::Hamt<BS,V,K,H>::for_each (line 345) ... ok
[INFO] [stdout] test src/hamt/hamt_implementation.rs - hamt::hamt_implementation::Hamt<BS,V,K,H>::get (line 232) ... ok
[INFO] [stdout] test src/hamt/hamt_implementation.rs - hamt::hamt_implementation::Hamt<BS,V,K,H>::set (line 160) ... ok
[INFO] [stdout] test src/hamt/hamt_implementation.rs - hamt::hamt_implementation::Hamt<BS,V,K,H>::delete (line 305) ... ok
[INFO] [stdout] 
[INFO] [stdout] failures:
[INFO] [stdout] 
[INFO] [stdout] ---- src/hamt/hamt_implementation.rs - hamt::hamt_implementation::Hamt<BS,V,K,H>::contains_key (line 268) stdout ----
[INFO] [stdout] error: linking with `cc` failed: exit status: 1
[INFO] [stdout]   |
[INFO] [stdout]   = note: LC_ALL="C" PATH="/opt/rustwide/rustup-home/toolchains/1.75.0-x86_64-unknown-linux-gnu/lib/rustlib/x86_64-unknown-linux-gnu/bin:/opt/rustwide/cargo-home/bin:/usr/local/sbin:/usr/local/bin:/usr/sbin:/usr/bin:/sbin:/bin" VSLANG="1033" "cc" "-m64" "/tmp/rustcLUd5W1/symbols.o" "/tmp/rustdoctest6Kc2Ig/rust_out.rust_out.263fb70ac1c95110-cgu.0.rcgu.o" "/tmp/rustdoctest6Kc2Ig/rust_out.2uel00cfmdh5ufit.rcgu.o" "-Wl,--as-needed" "-L" "/opt/rustwide/target/debug/deps" "-L" "/opt/rustwide/target/debug/deps" "-L" "/opt/rustwide/target/debug/build/blake3-d0c87283a5a7d75a/out" "-L" "/opt/rustwide/rustup-home/toolchains/1.75.0-x86_64-unknown-linux-gnu/lib/rustlib/x86_64-unknown-linux-gnu/lib" "-Wl,-Bstatic" "/opt/rustwide/target/debug/deps/libnoosphere_collections-f439bdaa1c77b966.rlib" "/opt/rustwide/target/debug/deps/libforest_hash_utils-2cb7827f787a0101.rlib" "/opt/rustwide/target/debug/deps/libcs_serde_bytes-a53760832610d1d7.rlib" "/opt/rustwide/target/debug/deps/libnoosphere_storage-b30b4fc5df59d232.rlib" "/opt/rustwide/target/debug/deps/libsled-e573dc16d4545f8c.rlib" "/opt/rustwide/target/debug/deps/libfxhash-b01b7a3ef6565d3c.rlib" "/opt/rustwide/target/debug/deps/libcrc32fast-664446237529ebff.rlib" "/opt/rustwide/target/debug/deps/libcrossbeam_epoch-98b1c7809dc1d911.rlib" "/opt/rustwide/target/debug/deps/libcrossbeam_utils-69155c9edb6d0618.rlib" "/opt/rustwide/target/debug/deps/libfs2-7ca22a03a0aa6fbd.rlib" "/opt/rustwide/target/debug/deps/libparking_lot-9c4702f95ed1d465.rlib" "/opt/rustwide/target/debug/deps/libparking_lot_core-86d2dd49396a2eb9.rlib" "/opt/rustwide/target/debug/deps/libasync_stream-2938aea024e49995.rlib" "/opt/rustwide/target/debug/deps/libucan-33dd71b55834fdc8.rlib" "/opt/rustwide/target/debug/deps/libstrum-c626f7d346e618d8.rlib" "/opt/rustwide/target/debug/deps/libbs58-bcb85640580de50b.rlib" "/opt/rustwide/target/debug/deps/liblibipld_json-d3bc9d7f8521d68d.rlib" "/opt/rustwide/target/debug/deps/libserde_json-568ba16118f614c8.rlib" "/opt/rustwide/target/debug/deps/libryu-5f304b1b6393964f.rlib" "/opt/rustwide/target/debug/deps/libitoa-5f181af53b99b92c.rlib" "/opt/rustwide/target/debug/deps/liburl-e2bbdc8176814ab9.rlib" "/opt/rustwide/target/debug/deps/libidna-be495c60b826cafb.rlib" "/opt/rustwide/target/debug/deps/libunicode_normalization-e04a0b39935fba30.rlib" "/opt/rustwide/target/debug/deps/libtinyvec-cf6c9f6b792a5507.rlib" "/opt/rustwide/target/debug/deps/libtinyvec_macros-b1cb7f53f58c9f87.rlib" "/opt/rustwide/target/debug/deps/libunicode_bidi-091e6a375aa15ffb.rlib" "/opt/rustwide/target/debug/deps/libform_urlencoded-ef5eb70334031c86.rlib" "/opt/rustwide/target/debug/deps/libpercent_encoding-fe0d57427b4d92e0.rlib" "/opt/rustwide/target/debug/deps/librand-a76c3fe6b34a9f29.rlib" "/opt/rustwide/target/debug/deps/librand_chacha-93c229a7eeb7ab43.rlib" "/opt/rustwide/target/debug/deps/libppv_lite86-9f808eb911999ef2.rlib" "/opt/rustwide/target/debug/deps/librand_core-c8190ea9532a8248.rlib" "/opt/rustwide/target/debug/deps/libgetrandom-68b0603389864cc3.rlib" "/opt/rustwide/target/debug/deps/liblog-4f472032e8cdd371.rlib" "/opt/rustwide/target/debug/deps/libbase64-c757f6e1d18850a5.rlib" "/opt/rustwide/target/debug/deps/libtokio_stream-48abfb5a8dd8121d.rlib" "/opt/rustwide/target/debug/deps/libnoosphere_common-5680412b592a456c.rlib" "/opt/rustwide/target/debug/deps/libfutures_util-7ae014c4c34f1d70.rlib" "/opt/rustwide/target/debug/deps/libmemchr-94009dd89ebb9d8d.rlib" "/opt/rustwide/target/debug/deps/libfutures_io-06ca5b85b7f1c406.rlib" "/opt/rustwide/target/debug/deps/libslab-6eb39baadbe9101c.rlib" "/opt/rustwide/target/debug/deps/libfutures_channel-f07a0790fa7ee14d.rlib" "/opt/rustwide/target/debug/deps/libfutures_sink-50fc48ec23ff5f80.rlib" "/opt/rustwide/target/debug/deps/libfutures_task-c1403167034c79e1.rlib" "/opt/rustwide/target/debug/deps/libpin_utils-741f7d9d160e4a16.rlib" "/opt/rustwide/target/debug/deps/libfutures_core-9cff0d103c3b3c9e.rlib" "/opt/rustwide/target/debug/deps/libinstant-d2eacafc3f5b0144.rlib" "/opt/rustwide/target/debug/deps/libtokio-a36f0ed88b0ce982.rlib" "/opt/rustwide/target/debug/deps/libsignal_hook_registry-f33810147f436d2a.rlib" "/opt/rustwide/target/debug/deps/libnum_cpus-cb81d41626d198af.rlib" "/opt/rustwide/target/debug/deps/libsocket2-2489340dad73c28d.rlib" "/opt/rustwide/target/debug/deps/libbytes-0a052f49710012b1.rlib" "/opt/rustwide/target/debug/deps/libmio-1f577062c0615c74.rlib" "/opt/rustwide/target/debug/deps/libparking_lot-358da10b50e406bf.rlib" "/opt/rustwide/target/debug/deps/libparking_lot_core-7ef8619e484c37f5.rlib" "/opt/rustwide/target/debug/deps/liblibc-f01c1240f7c859d0.rlib" "/opt/rustwide/target/debug/deps/libsmallvec-19f6a51af3f3c214.rlib" "/opt/rustwide/target/debug/deps/liblock_api-16bf78c190c2883a.rlib" "/opt/rustwide/target/debug/deps/libscopeguard-179e47dca4560991.rlib" "/opt/rustwide/target/debug/deps/libtracing-3959ae97e47c9e45.rlib" "/opt/rustwide/target/debug/deps/libpin_project_lite-e0757e0deaa2f8a0.rlib" "/opt/rustwide/target/debug/deps/libtracing_core-de9779e9c86396c9.rlib" "/opt/rustwide/target/debug/deps/libonce_cell-63be820ac0ed0954.rlib" "/opt/rustwide/target/debug/deps/liblibipld_cbor-4cba62b8278cb7c2.rlib" "/opt/rustwide/target/debug/deps/liblibipld_core-7b9a74c0c8130cc0.rlib" "/opt/rustwide/target/debug/deps/libcid-7e494159a1ffbaca.rlib" "/opt/rustwide/target/debug/deps/libmultihash-a3e640f18b4221ed.rlib" "/opt/rustwide/target/debug/deps/libsha3-da29c302f28f2438.rlib" "/opt/rustwide/target/debug/deps/libkeccak-dccea68b393e19a6.rlib" "/opt/rustwide/target/debug/deps/libsha2-8a0e2694b4e524ba.rlib" "/opt/rustwide/target/debug/deps/libcpufeatures-b8d9ed5bb45874e9.rlib" "/opt/rustwide/target/debug/deps/libblake3-775055ebbf606770.rlib" "/opt/rustwide/target/debug/deps/libcfg_if-61dc7a6799e72b18.rlib" "/opt/rustwide/target/debug/deps/libblake2s_simd-d50e80b77d979c05.rlib" "/opt/rustwide/target/debug/deps/libblake2b_simd-c4d0295435d6f699.rlib" "/opt/rustwide/target/debug/deps/libconstant_time_eq-b6e87da617afe72d.rlib" "/opt/rustwide/target/debug/deps/libarrayvec-531100a46ff9d9df.rlib" "/opt/rustwide/target/debug/deps/libarrayref-50afdd1ea8722a59.rlib" "/opt/rustwide/target/debug/deps/libdigest-de2dc59efd15c225.rlib" "/opt/rustwide/target/debug/deps/libblock_buffer-7e9270fb9b7ff635.rlib" "/opt/rustwide/target/debug/deps/libcrypto_common-145014adf1649651.rlib" "/opt/rustwide/target/debug/deps/libgeneric_array-18b3188a0c567140.rlib" "/opt/rustwide/target/debug/deps/libtypenum-da95465dc70d2c95.rlib" "/opt/rustwide/target/debug/deps/libserde_big_array-43dc938cab9b59fe.rlib" "/opt/rustwide/target/debug/deps/libunsigned_varint-f5082589e7de3d2a.rlib" "/opt/rustwide/target/debug/deps/libmultibase-e5e69676b8bfa925.rlib" "/opt/rustwide/target/debug/deps/libbase_x-8894cdcb6105ebfb.rlib" "/opt/rustwide/target/debug/deps/libdata_encoding_macro-559cab17b4cd565f.rlib" "/opt/rustwide/target/debug/deps/libdata_encoding-4779e834f3c57fc5.rlib" "/opt/rustwide/target/debug/deps/libthiserror-f9283b689ebe5e8b.rlib" "/opt/rustwide/target/debug/deps/libanyhow-309ab2c875f40ec7.rlib" "/opt/rustwide/target/debug/deps/libserde_bytes-8d413b26d934b270.rlib" "/opt/rustwide/target/debug/deps/libserde-780c305a53821a6e.rlib" "/opt/rustwide/target/debug/deps/libbyteorder-b7588b59c1d17615.rlib" "/opt/rustwide/rustup-home/toolchains/1.75.0-x86_64-unknown-linux-gnu/lib/rustlib/x86_64-unknown-linux-gnu/lib/libstd-90f6ddbf82de36ec.rlib" "/opt/rustwide/rustup-home/toolchains/1.75.0-x86_64-unknown-linux-gnu/lib/rustlib/x86_64-unknown-linux-gnu/lib/libpanic_unwind-480c41e9d4e1f677.rlib" "/opt/rustwide/rustup-home/toolchains/1.75.0-x86_64-unknown-linux-gnu/lib/rustlib/x86_64-unknown-linux-gnu/lib/libobject-db744c0ca03eed1d.rlib" "/opt/rustwide/rustup-home/toolchains/1.75.0-x86_64-unknown-linux-gnu/lib/rustlib/x86_64-unknown-linux-gnu/lib/libmemchr-8ba652dc7d4b285a.rlib" "/opt/rustwide/rustup-home/toolchains/1.75.0-x86_64-unknown-linux-gnu/lib/rustlib/x86_64-unknown-linux-gnu/lib/libaddr2line-d5f4520a9ebc0d58.rlib" "/opt/rustwide/rustup-home/toolchains/1.75.0-x86_64-unknown-linux-gnu/lib/rustlib/x86_64-unknown-linux-gnu/lib/libgimli-4ad84de58f0cb463.rlib" "/opt/rustwide/rustup-home/toolchains/1.75.0-x86_64-unknown-linux-gnu/lib/rustlib/x86_64-unknown-linux-gnu/lib/librustc_demangle-0d10aae2e0f38735.rlib" "/opt/rustwide/rustup-home/toolchains/1.75.0-x86_64-unknown-linux-gnu/lib/rustlib/x86_64-unknown-linux-gnu/lib/libstd_detect-0c17cff739e6745b.rlib" "/opt/rustwide/rustup-home/toolchains/1.75.0-x86_64-unknown-linux-gnu/lib/rustlib/x86_64-unknown-linux-gnu/lib/libhashbrown-b29e17139dde1aa8.rlib" "/opt/rustwide/rustup-home/toolchains/1.75.0-x86_64-unknown-linux-gnu/lib/rustlib/x86_64-unknown-linux-gnu/lib/librustc_std_workspace_alloc-1f975299829cc7bd.rlib" "/opt/rustwide/rustup-home/toolchains/1.75.0-x86_64-unknown-linux-gnu/lib/rustlib/x86_64-unknown-linux-gnu/lib/libminiz_oxide-86bae3bc3079f89b.rlib" "/opt/rustwide/rustup-home/toolchains/1.75.0-x86_64-unknown-linux-gnu/lib/rustlib/x86_64-unknown-linux-gnu/lib/libadler-321b82c30dffdf5f.rlib" "/opt/rustwide/rustup-home/toolchains/1.75.0-x86_64-unknown-linux-gnu/lib/rustlib/x86_64-unknown-linux-gnu/lib/libunwind-3dd8a6810a0bdfef.rlib" "/opt/rustwide/rustup-home/toolchains/1.75.0-x86_64-unknown-linux-gnu/lib/rustlib/x86_64-unknown-linux-gnu/lib/libcfg_if-eb39a61c0c879984.rlib" "/opt/rustwide/rustup-home/toolchains/1.75.0-x86_64-unknown-linux-gnu/lib/rustlib/x86_64-unknown-linux-gnu/lib/liblibc-aa769569f91c3548.rlib" "/opt/rustwide/rustup-home/toolchains/1.75.0-x86_64-unknown-linux-gnu/lib/rustlib/x86_64-unknown-linux-gnu/lib/liballoc-510a192a50a983ed.rlib" "/opt/rustwide/rustup-home/toolchains/1.75.0-x86_64-unknown-linux-gnu/lib/rustlib/x86_64-unknown-linux-gnu/lib/librustc_std_workspace_core-0577018320f99037.rlib" "/opt/rustwide/rustup-home/toolchains/1.75.0-x86_64-unknown-linux-gnu/lib/rustlib/x86_64-unknown-linux-gnu/lib/libcore-193cf992125ccd4c.rlib" "/opt/rustwide/rustup-home/toolchains/1.75.0-x86_64-unknown-linux-gnu/lib/rustlib/x86_64-unknown-linux-gnu/lib/libcompiler_builtins-8e138eaf26ebb4a8.rlib" "-Wl,-Bdynamic" "-lgcc_s" "-lutil" "-lrt" "-lpthread" "-lm" "-ldl" "-lc" "-Wl,--eh-frame-hdr" "-Wl,-z,noexecstack" "-L" "/opt/rustwide/rustup-home/toolchains/1.75.0-x86_64-unknown-linux-gnu/lib/rustlib/x86_64-unknown-linux-gnu/lib" "-o" "/tmp/rustdoctest6Kc2Ig/rust_out" "-Wl,--gc-sections" "-pie" "-Wl,-z,relro,-z,now" "-nodefaultlibs"
[INFO] [stdout]   = note: collect2: fatal error: ld terminated with signal 9 [Killed]
[INFO] [stdout]           compilation terminated.
[INFO] [stdout]           
[INFO] [stdout] 
[INFO] [stdout] error: aborting due to previous error
[INFO] [stdout] 
[INFO] [stdout] Couldn't compile the test.
[INFO] [stdout] 
[INFO] [stdout] failures:
[INFO] [stdout]     src/hamt/hamt_implementation.rs - hamt::hamt_implementation::Hamt<BS,V,K,H>::contains_key (line 268)
[INFO] [stdout] 
[INFO] [stdout] test result: FAILED. 6 passed; 1 failed; 0 ignored; 0 measured; 0 filtered out; finished in 6.87s
[INFO] [stdout] 
[INFO] [stderr] error: doctest failed, to rerun pass `--doc`
[INFO] running `Command { std: "docker" "inspect" "354b8a594a7e438118ce734c04140cb999cc134907b7b71b57e8c53cfdf8c571", kill_on_drop: false }`
[INFO] running `Command { std: "docker" "rm" "-f" "354b8a594a7e438118ce734c04140cb999cc134907b7b71b57e8c53cfdf8c571", kill_on_drop: false }`
[INFO] [stdout] 354b8a594a7e438118ce734c04140cb999cc134907b7b71b57e8c53cfdf8c571
[INFO] testing noosphere-collections-0.7.0 against beta-2023-12-22 for beta-1.76-1
[INFO] extracting crate noosphere-collections 0.7.0 into /workspace/builds/worker-1-tc2/source
[INFO] validating manifest of crates.io crate noosphere-collections 0.7.0 on toolchain beta-2023-12-22
[INFO] running `Command { std: CARGO_HOME="/workspace/cargo-home" RUSTUP_HOME="/workspace/rustup-home" "/workspace/cargo-home/bin/cargo" "+beta-2023-12-22" "metadata" "--manifest-path" "Cargo.toml" "--no-deps", kill_on_drop: false }`
[INFO] started tweaking crates.io crate noosphere-collections 0.7.0
[INFO] finished tweaking crates.io crate noosphere-collections 0.7.0
[INFO] tweaked toml for crates.io crate noosphere-collections 0.7.0 written to /workspace/builds/worker-1-tc2/source/Cargo.toml
[INFO] running `Command { std: CARGO_HOME="/workspace/cargo-home" RUSTUP_HOME="/workspace/rustup-home" "/workspace/cargo-home/bin/cargo" "+beta-2023-12-22" "generate-lockfile" "--manifest-path" "Cargo.toml", kill_on_drop: false }`
[INFO] [stderr]     Blocking waiting for file lock on package cache
[INFO] [stderr]     Updating crates.io index
[INFO] running `Command { std: CARGO_HOME="/workspace/cargo-home" RUSTUP_HOME="/workspace/rustup-home" "/workspace/cargo-home/bin/cargo" "+beta-2023-12-22" "fetch" "--manifest-path" "Cargo.toml", kill_on_drop: false }`
[INFO] running `Command { std: "docker" "create" "-v" "/var/lib/crater-agent-workspace/builds/worker-1-tc2/target:/opt/rustwide/target:rw,Z" "-v" "/var/lib/crater-agent-workspace/builds/worker-1-tc2/source:/opt/rustwide/workdir:ro,Z" "-v" "/var/lib/crater-agent-workspace/cargo-home:/opt/rustwide/cargo-home:ro,Z" "-v" "/var/lib/crater-agent-workspace/rustup-home:/opt/rustwide/rustup-home:ro,Z" "-e" "SOURCE_DIR=/opt/rustwide/workdir" "-e" "CARGO_TARGET_DIR=/opt/rustwide/target" "-e" "CARGO_HOME=/opt/rustwide/cargo-home" "-e" "RUSTUP_HOME=/opt/rustwide/rustup-home" "-w" "/opt/rustwide/workdir" "-m" "1610612736" "--user" "0:0" "--network" "none" "ghcr.io/rust-lang/crates-build-env/linux@sha256:2788e3201cd34a07e3172128adcd8b3090168a8e3bcc40d7c032b9dda1df7d1c" "/opt/rustwide/cargo-home/bin/cargo" "+beta-2023-12-22" "metadata" "--no-deps" "--format-version=1", kill_on_drop: false }`
[INFO] [stdout] d69992672f07eaa0306eb585f44647d220baba359dc89cf6725ffa8ae72ff149
[INFO] running `Command { std: "docker" "start" "-a" "d69992672f07eaa0306eb585f44647d220baba359dc89cf6725ffa8ae72ff149", kill_on_drop: false }`
[INFO] running `Command { std: "docker" "inspect" "d69992672f07eaa0306eb585f44647d220baba359dc89cf6725ffa8ae72ff149", kill_on_drop: false }`
[INFO] running `Command { std: "docker" "rm" "-f" "d69992672f07eaa0306eb585f44647d220baba359dc89cf6725ffa8ae72ff149", kill_on_drop: false }`
[INFO] [stdout] d69992672f07eaa0306eb585f44647d220baba359dc89cf6725ffa8ae72ff149
[INFO] running `Command { std: "docker" "create" "-v" "/var/lib/crater-agent-workspace/builds/worker-1-tc2/target:/opt/rustwide/target:rw,Z" "-v" "/var/lib/crater-agent-workspace/builds/worker-1-tc2/source:/opt/rustwide/workdir:ro,Z" "-v" "/var/lib/crater-agent-workspace/cargo-home:/opt/rustwide/cargo-home:ro,Z" "-v" "/var/lib/crater-agent-workspace/rustup-home:/opt/rustwide/rustup-home:ro,Z" "-e" "SOURCE_DIR=/opt/rustwide/workdir" "-e" "CARGO_TARGET_DIR=/opt/rustwide/target" "-e" "CARGO_INCREMENTAL=0" "-e" "RUST_BACKTRACE=full" "-e" "RUSTFLAGS=--cap-lints=warn" "-e" "RUSTDOCFLAGS=--cap-lints=warn" "-e" "CARGO_HOME=/opt/rustwide/cargo-home" "-e" "RUSTUP_HOME=/opt/rustwide/rustup-home" "-w" "/opt/rustwide/workdir" "-m" "1610612736" "--user" "0:0" "--network" "none" "ghcr.io/rust-lang/crates-build-env/linux@sha256:2788e3201cd34a07e3172128adcd8b3090168a8e3bcc40d7c032b9dda1df7d1c" "/opt/rustwide/cargo-home/bin/cargo" "+beta-2023-12-22" "build" "--frozen" "--message-format=json", kill_on_drop: false }`
[INFO] [stdout] eda1129e63c2b1a7c920c09becce8834d9bc82db9f5f56c75a45b50e8830cacb
[INFO] running `Command { std: "docker" "start" "-a" "eda1129e63c2b1a7c920c09becce8834d9bc82db9f5f56c75a45b50e8830cacb", kill_on_drop: false }`
[INFO] [stderr]    Compiling proc-macro2 v1.0.75
[INFO] [stderr]    Compiling syn v1.0.109
[INFO] [stderr]    Compiling serde v1.0.194
[INFO] [stderr]    Compiling constant_time_eq v0.3.0
[INFO] [stderr]    Compiling arrayvec v0.7.4
[INFO] [stderr]    Compiling generic-array v0.14.7
[INFO] [stderr]    Compiling libc v0.2.151
[INFO] [stderr]    Compiling proc-macro-error-attr v1.0.4
[INFO] [stderr]    Compiling thiserror v1.0.56
[INFO] [stderr]    Compiling proc-macro-error v1.0.4
[INFO] [stderr]    Compiling arrayref v0.3.7
[INFO] [stderr]    Compiling data-encoding v2.5.0
[INFO] [stderr]    Compiling unicode-xid v0.2.4
[INFO] [stderr]    Compiling anyhow v1.0.79
[INFO] [stderr]    Compiling keccak v0.1.4
[INFO] [stderr]    Compiling core2 v0.4.0
[INFO] [stderr]    Compiling base-x v0.2.11
[INFO] [stderr]    Compiling unsigned-varint v0.7.2
[INFO] [stderr]    Compiling futures-sink v0.3.30
[INFO] [stderr]    Compiling blake2s_simd v1.0.2
[INFO] [stderr]    Compiling blake2b_simd v1.0.2
[INFO] [stderr]    Compiling futures-channel v0.3.30
[INFO] [stderr]    Compiling instant v0.1.12
[INFO] [stderr]    Compiling getrandom v0.2.11
[INFO] [stderr]    Compiling serde_json v1.0.111
[INFO] [stderr]    Compiling crossbeam-utils v0.8.18
[INFO] [stderr]    Compiling byteorder v1.4.3
[INFO] [stderr]    Compiling rand_core v0.6.4
[INFO] [stderr]    Compiling ppv-lite86 v0.2.17
[INFO] [stderr]    Compiling parking_lot_core v0.8.6
[INFO] [stderr]    Compiling fs2 v0.4.3
[INFO] [stderr]    Compiling strum v0.24.1
[INFO] [stderr]    Compiling fxhash v0.2.1
[INFO] [stderr]    Compiling base64 v0.21.5
[INFO] [stderr]    Compiling bs58 v0.5.0
[INFO] [stderr]    Compiling cc v1.0.83
[INFO] [stderr]    Compiling parking_lot v0.11.2
[INFO] [stderr]    Compiling rand_chacha v0.3.1
[INFO] [stderr]    Compiling quote v1.0.35
[INFO] [stderr]    Compiling crypto-common v0.1.6
[INFO] [stderr]    Compiling block-buffer v0.10.4
[INFO] [stderr]    Compiling crossbeam-epoch v0.9.17
[INFO] [stderr]    Compiling digest v0.10.7
[INFO] [stderr]    Compiling syn v2.0.48
[INFO] [stderr]    Compiling rand v0.8.5
[INFO] [stderr]    Compiling sha2 v0.10.8
[INFO] [stderr]    Compiling sha3 v0.10.8
[INFO] [stderr]    Compiling sled v0.34.7
[INFO] [stderr]    Compiling blake3 v1.5.0
[INFO] [stderr]    Compiling toml v0.5.11
[INFO] [stderr]    Compiling synstructure v0.12.6
[INFO] [stderr]    Compiling data-encoding-macro-internal v0.1.12
[INFO] [stderr]    Compiling data-encoding-macro v0.1.14
[INFO] [stderr]    Compiling multibase v0.9.1
[INFO] [stderr]    Compiling serde_derive v1.0.194
[INFO] [stderr]    Compiling thiserror-impl v1.0.56
[INFO] [stderr]    Compiling futures-macro v0.3.30
[INFO] [stderr]    Compiling tokio-macros v2.2.0
[INFO] [stderr]    Compiling tracing-attributes v0.1.27
[INFO] [stderr]    Compiling async-recursion v1.0.5
[INFO] [stderr]    Compiling strum_macros v0.25.3
[INFO] [stderr]    Compiling async-trait v0.1.77
[INFO] [stderr]    Compiling async-stream-impl v0.3.5
[INFO] [stderr]    Compiling async-stream v0.3.5
[INFO] [stderr]    Compiling tokio v1.35.1
[INFO] [stderr]    Compiling futures-util v0.3.30
[INFO] [stderr]    Compiling proc-macro-crate v1.1.3
[INFO] [stderr]    Compiling tracing v0.1.40
[INFO] [stderr]    Compiling multihash-derive v0.8.1
[INFO] [stderr]    Compiling futures-executor v0.3.30
[INFO] [stderr]    Compiling futures v0.3.30
[INFO] [stderr]    Compiling noosphere-common v0.1.2
[INFO] [stderr]    Compiling tokio-stream v0.1.14
[INFO] [stderr]    Compiling serde-big-array v0.3.3
[INFO] [stderr]    Compiling serde_bytes v0.11.14
[INFO] [stderr]    Compiling cs_serde_bytes v0.12.2
[INFO] [stderr]    Compiling multihash v0.18.1
[INFO] [stderr]    Compiling forest_hash_utils v0.1.0
[INFO] [stderr]    Compiling cid v0.10.1
[INFO] [stderr]    Compiling libipld-core v0.16.0
[INFO] [stderr]    Compiling libipld-cbor v0.16.0
[INFO] [stderr]    Compiling libipld-json v0.16.0
[INFO] [stderr]    Compiling ucan v0.4.0
[INFO] [stderr]    Compiling noosphere-storage v0.10.0
[INFO] [stderr]    Compiling noosphere-collections v0.7.0 (/opt/rustwide/workdir)
[INFO] [stderr]     Finished dev [unoptimized + debuginfo] target(s) in 12.47s
[INFO] running `Command { std: "docker" "inspect" "eda1129e63c2b1a7c920c09becce8834d9bc82db9f5f56c75a45b50e8830cacb", kill_on_drop: false }`
[INFO] running `Command { std: "docker" "rm" "-f" "eda1129e63c2b1a7c920c09becce8834d9bc82db9f5f56c75a45b50e8830cacb", kill_on_drop: false }`
[INFO] [stdout] eda1129e63c2b1a7c920c09becce8834d9bc82db9f5f56c75a45b50e8830cacb
[INFO] running `Command { std: "docker" "create" "-v" "/var/lib/crater-agent-workspace/builds/worker-1-tc2/target:/opt/rustwide/target:rw,Z" "-v" "/var/lib/crater-agent-workspace/builds/worker-1-tc2/source:/opt/rustwide/workdir:ro,Z" "-v" "/var/lib/crater-agent-workspace/cargo-home:/opt/rustwide/cargo-home:ro,Z" "-v" "/var/lib/crater-agent-workspace/rustup-home:/opt/rustwide/rustup-home:ro,Z" "-e" "SOURCE_DIR=/opt/rustwide/workdir" "-e" "CARGO_TARGET_DIR=/opt/rustwide/target" "-e" "CARGO_INCREMENTAL=0" "-e" "RUST_BACKTRACE=full" "-e" "RUSTFLAGS=--cap-lints=warn" "-e" "RUSTDOCFLAGS=--cap-lints=warn" "-e" "CARGO_HOME=/opt/rustwide/cargo-home" "-e" "RUSTUP_HOME=/opt/rustwide/rustup-home" "-w" "/opt/rustwide/workdir" "-m" "1610612736" "--user" "0:0" "--network" "none" "ghcr.io/rust-lang/crates-build-env/linux@sha256:2788e3201cd34a07e3172128adcd8b3090168a8e3bcc40d7c032b9dda1df7d1c" "/opt/rustwide/cargo-home/bin/cargo" "+beta-2023-12-22" "test" "--frozen" "--no-run" "--message-format=json", kill_on_drop: false }`
[INFO] [stdout] 423deb47562f1733a1409213f374a05eff8ad1998155c714b814bd988024dd1c
[INFO] running `Command { std: "docker" "start" "-a" "423deb47562f1733a1409213f374a05eff8ad1998155c714b814bd988024dd1c", kill_on_drop: false }`
[INFO] [stderr]    Compiling scopeguard v1.2.0
[INFO] [stderr]    Compiling cbor4ii v0.2.14
[INFO] [stderr]    Compiling lock_api v0.4.11
[INFO] [stderr]    Compiling parking_lot v0.12.1
[INFO] [stderr]    Compiling parking_lot v0.11.2
[INFO] [stderr]    Compiling serde_ipld_dagcbor v0.4.2
[INFO] [stderr]    Compiling tokio v1.35.1
[INFO] [stderr]    Compiling sled v0.34.7
[INFO] [stderr]    Compiling tokio-stream v0.1.14
[INFO] [stderr]    Compiling noosphere-common v0.1.2
[INFO] [stderr]    Compiling noosphere-storage v0.10.0
[INFO] [stderr]    Compiling noosphere-collections v0.7.0 (/opt/rustwide/workdir)
[INFO] [stderr]     Finished test [unoptimized + debuginfo] target(s) in 7.97s
[INFO] running `Command { std: "docker" "inspect" "423deb47562f1733a1409213f374a05eff8ad1998155c714b814bd988024dd1c", kill_on_drop: false }`
[INFO] running `Command { std: "docker" "rm" "-f" "423deb47562f1733a1409213f374a05eff8ad1998155c714b814bd988024dd1c", kill_on_drop: false }`
[INFO] [stdout] 423deb47562f1733a1409213f374a05eff8ad1998155c714b814bd988024dd1c
[INFO] running `Command { std: "docker" "create" "-v" "/var/lib/crater-agent-workspace/builds/worker-1-tc2/target:/opt/rustwide/target:rw,Z" "-v" "/var/lib/crater-agent-workspace/builds/worker-1-tc2/source:/opt/rustwide/workdir:ro,Z" "-v" "/var/lib/crater-agent-workspace/cargo-home:/opt/rustwide/cargo-home:ro,Z" "-v" "/var/lib/crater-agent-workspace/rustup-home:/opt/rustwide/rustup-home:ro,Z" "-e" "SOURCE_DIR=/opt/rustwide/workdir" "-e" "CARGO_TARGET_DIR=/opt/rustwide/target" "-e" "CARGO_INCREMENTAL=0" "-e" "RUST_BACKTRACE=full" "-e" "RUSTFLAGS=--cap-lints=warn" "-e" "RUSTDOCFLAGS=--cap-lints=warn" "-e" "CARGO_HOME=/opt/rustwide/cargo-home" "-e" "RUSTUP_HOME=/opt/rustwide/rustup-home" "-w" "/opt/rustwide/workdir" "-m" "1610612736" "--user" "0:0" "--network" "none" "ghcr.io/rust-lang/crates-build-env/linux@sha256:2788e3201cd34a07e3172128adcd8b3090168a8e3bcc40d7c032b9dda1df7d1c" "/opt/rustwide/cargo-home/bin/cargo" "+beta-2023-12-22" "test" "--frozen", kill_on_drop: false }`
[INFO] [stdout] b7318f5536bb9ba15f55d3303a5c459853656325c069b5e945597423efeb37e9
[INFO] running `Command { std: "docker" "start" "-a" "b7318f5536bb9ba15f55d3303a5c459853656325c069b5e945597423efeb37e9", kill_on_drop: false }`
[INFO] [stderr]     Finished test [unoptimized + debuginfo] target(s) in 0.08s
[INFO] [stderr]      Running unittests src/lib.rs (/opt/rustwide/target/debug/deps/noosphere_collections-d470b86b56bb523e)
[INFO] [stdout] 
[INFO] [stdout] running 15 tests
[INFO] [stdout] test hamt::bitfield::tests::test_bitfield ... ok
[INFO] [stdout] test hamt::hash_bits::tests::test_bitfield ... ok
[INFO] [stdout] test hamt::bitfield::tests::test_cbor_serialization ... ok
[INFO] [stdout] test hamt::test::reload_empty ... ok
[INFO] [stdout] test hamt::test::delete_case ... ok
[INFO] [stdout] test hamt::test::delete ... ok
[INFO] [stdout] test hamt::test::test_basics ... ok
[INFO] [stdout] test tests::it_works ... ok
[INFO] [stdout] test hamt::test::test_set_if_absent ... ok
[INFO] [stdout] test hamt::test::test_load ... ok
[INFO] [stdout] test hamt::test::set_with_no_effect_does_not_put ... ok
[INFO] [stdout] test hamt::test::clean_child_ordering ... ok
[INFO] [stdout] test hamt::test::for_each ... ok
[INFO] [stdout] test hamt::test::into_stream ... ok
[INFO] [stdout] test hamt::test::set_delete_many ... ok
[INFO] [stdout] 
[INFO] [stdout] test result: ok. 15 passed; 0 failed; 0 ignored; 0 measured; 0 filtered out; finished in 0.01s
[INFO] [stdout] 
[INFO] [stderr]    Doc-tests noosphere-collections
[INFO] [stdout] 
[INFO] [stdout] running 7 tests
[INFO] [stdout] test src/hamt/hamt_implementation.rs - hamt::hamt_implementation::Hamt<BS,V,K,H>::delete (line 305) ... FAILED
[INFO] [stdout] test src/hamt/hamt_implementation.rs - hamt::hamt_implementation::Hamt<BS,V,K,H>::contains_key (line 268) ... ok
[INFO] [stdout] test src/hamt/hamt_implementation.rs - hamt::hamt_implementation::Hamt<BS,V,K,H>::for_each (line 345) ... ok
[INFO] [stdout] test src/hamt/hamt_implementation.rs - hamt::hamt_implementation::Hamt<BS,V,K,H>::set (line 160) ... ok
[INFO] [stdout] test src/hamt/hamt_implementation.rs - hamt::hamt_implementation::Hamt<BS,V,K,H>::get (line 232) ... ok
[INFO] [stdout] test src/hamt/hamt_implementation.rs - hamt::hamt_implementation::Hamt (line 46) ... ok
[INFO] [stdout] test src/hamt/hamt_implementation.rs - hamt::hamt_implementation::Hamt<BS,V,K,H>::set_if_absent (line 192) ... ok
[INFO] [stdout] 
[INFO] [stdout] failures:
[INFO] [stdout] 
[INFO] [stdout] ---- src/hamt/hamt_implementation.rs - hamt::hamt_implementation::Hamt<BS,V,K,H>::delete (line 305) stdout ----
[INFO] [stdout] error: linking with `cc` failed: exit status: 1
[INFO] [stdout]   |
[INFO] [stdout]   = note: LC_ALL="C" PATH="/opt/rustwide/rustup-home/toolchains/beta-2023-12-22-x86_64-unknown-linux-gnu/lib/rustlib/x86_64-unknown-linux-gnu/bin:/opt/rustwide/cargo-home/bin:/usr/local/sbin:/usr/local/bin:/usr/sbin:/usr/bin:/sbin:/bin" VSLANG="1033" "cc" "-m64" "/tmp/rustcvGy5uv/symbols.o" "/tmp/rustdoctestJbVOIj/rust_out.rust_out.1380c8ea7c88b8e2-cgu.0.rcgu.o" "/tmp/rustdoctestJbVOIj/rust_out.3lr6z6385pynyhem.rcgu.o" "-Wl,--as-needed" "-L" "/opt/rustwide/target/debug/deps" "-L" "/opt/rustwide/target/debug/deps" "-L" "/opt/rustwide/target/debug/build/blake3-d010961660555172/out" "-L" "/opt/rustwide/rustup-home/toolchains/beta-2023-12-22-x86_64-unknown-linux-gnu/lib/rustlib/x86_64-unknown-linux-gnu/lib" "-Wl,-Bstatic" "/opt/rustwide/target/debug/deps/libnoosphere_collections-e09b6791a74ab406.rlib" "/opt/rustwide/target/debug/deps/libforest_hash_utils-1c1ab0ebc07c30e9.rlib" "/opt/rustwide/target/debug/deps/libcs_serde_bytes-aa9dbfc13186700a.rlib" "/opt/rustwide/target/debug/deps/libnoosphere_storage-b8a5656191da5ea1.rlib" "/opt/rustwide/target/debug/deps/libsled-450b8bdc7a76418d.rlib" "/opt/rustwide/target/debug/deps/libfxhash-50ec1e7e2db7710c.rlib" "/opt/rustwide/target/debug/deps/libcrc32fast-dbea8ee6fb11ce73.rlib" "/opt/rustwide/target/debug/deps/libcrossbeam_epoch-e0179ecfaaa4514c.rlib" "/opt/rustwide/target/debug/deps/libcrossbeam_utils-3c8428aeb3adff12.rlib" "/opt/rustwide/target/debug/deps/libfs2-128e755acbfd8f67.rlib" "/opt/rustwide/target/debug/deps/libparking_lot-dda8f12295fa25a2.rlib" "/opt/rustwide/target/debug/deps/libparking_lot_core-4a1cfd2465a33d86.rlib" "/opt/rustwide/target/debug/deps/libasync_stream-014d10aea2028640.rlib" "/opt/rustwide/target/debug/deps/libucan-b406fbb27c814611.rlib" "/opt/rustwide/target/debug/deps/libstrum-117e0be1423ad5d6.rlib" "/opt/rustwide/target/debug/deps/libbs58-fb38a6093fcdbd65.rlib" "/opt/rustwide/target/debug/deps/liblibipld_json-558a29205fc2e7ba.rlib" "/opt/rustwide/target/debug/deps/libserde_json-09bb8edd7fe5982a.rlib" "/opt/rustwide/target/debug/deps/libryu-4b03a7708da1319d.rlib" "/opt/rustwide/target/debug/deps/libitoa-34968a9f29c36fec.rlib" "/opt/rustwide/target/debug/deps/liburl-5bc26e3f04caa07a.rlib" "/opt/rustwide/target/debug/deps/libidna-16be4ea6a8a60d54.rlib" "/opt/rustwide/target/debug/deps/libunicode_normalization-a49209942f8cb303.rlib" "/opt/rustwide/target/debug/deps/libtinyvec-dcbbce603bc23510.rlib" "/opt/rustwide/target/debug/deps/libtinyvec_macros-333661e3b238a9a3.rlib" "/opt/rustwide/target/debug/deps/libunicode_bidi-36757df894a8afbe.rlib" "/opt/rustwide/target/debug/deps/libform_urlencoded-00b3292b537cfa9a.rlib" "/opt/rustwide/target/debug/deps/libpercent_encoding-9ca315f6c750067f.rlib" "/opt/rustwide/target/debug/deps/librand-868db20a6df10241.rlib" "/opt/rustwide/target/debug/deps/librand_chacha-db83c270ad816c94.rlib" "/opt/rustwide/target/debug/deps/libppv_lite86-db48c90fa293bcfe.rlib" "/opt/rustwide/target/debug/deps/librand_core-0fac3abbb6e7b95e.rlib" "/opt/rustwide/target/debug/deps/libgetrandom-ea1febebc2a16683.rlib" "/opt/rustwide/target/debug/deps/liblog-8188d82fb061445d.rlib" "/opt/rustwide/target/debug/deps/libbase64-47ce12bf5fcc4351.rlib" "/opt/rustwide/target/debug/deps/libtokio_stream-d16f6f9f37c500d7.rlib" "/opt/rustwide/target/debug/deps/libnoosphere_common-157a9f95b3fdd0da.rlib" "/opt/rustwide/target/debug/deps/libfutures_util-2a1d122092f8b9da.rlib" "/opt/rustwide/target/debug/deps/libmemchr-14a47255884553ca.rlib" "/opt/rustwide/target/debug/deps/libfutures_io-fd3828dd557c3cad.rlib" "/opt/rustwide/target/debug/deps/libslab-0a39a638bccea296.rlib" "/opt/rustwide/target/debug/deps/libfutures_channel-11e0874a7485d0e0.rlib" "/opt/rustwide/target/debug/deps/libfutures_sink-1aa2a76067a44ae0.rlib" "/opt/rustwide/target/debug/deps/libfutures_task-a05886844ea8dd2c.rlib" "/opt/rustwide/target/debug/deps/libpin_utils-9c5dcf17efb91bff.rlib" "/opt/rustwide/target/debug/deps/libfutures_core-d95b0086a92f44b8.rlib" "/opt/rustwide/target/debug/deps/libinstant-11857eb893fd2c6b.rlib" "/opt/rustwide/target/debug/deps/libtokio-bf701bc60d69f0ec.rlib" "/opt/rustwide/target/debug/deps/libsignal_hook_registry-48d15ec57e1f7cfa.rlib" "/opt/rustwide/target/debug/deps/libnum_cpus-8571ef1a3f762e93.rlib" "/opt/rustwide/target/debug/deps/libsocket2-0700ebb1f2307869.rlib" "/opt/rustwide/target/debug/deps/libbytes-d5ef6100ae69ca23.rlib" "/opt/rustwide/target/debug/deps/libmio-bc5af0d99dc99bb4.rlib" "/opt/rustwide/target/debug/deps/libparking_lot-2dd9d9b8b745c14e.rlib" "/opt/rustwide/target/debug/deps/libparking_lot_core-282ebb2f09237da2.rlib" "/opt/rustwide/target/debug/deps/liblibc-9bdc13f38078ecbe.rlib" "/opt/rustwide/target/debug/deps/libsmallvec-2fe51d264bce6b98.rlib" "/opt/rustwide/target/debug/deps/liblock_api-f3ffe3870d1fb452.rlib" "/opt/rustwide/target/debug/deps/libscopeguard-1a234dcd8bf514e4.rlib" "/opt/rustwide/target/debug/deps/libtracing-19f9badf49a0fb4a.rlib" "/opt/rustwide/target/debug/deps/libpin_project_lite-085b19c93bbb2231.rlib" "/opt/rustwide/target/debug/deps/libtracing_core-479c2c303b5c4314.rlib" "/opt/rustwide/target/debug/deps/libonce_cell-334d739f4e3a4961.rlib" "/opt/rustwide/target/debug/deps/liblibipld_cbor-2eafb365f7094e6c.rlib" "/opt/rustwide/target/debug/deps/liblibipld_core-4f98b7e8d10e1488.rlib" "/opt/rustwide/target/debug/deps/libcid-ac3be4dc6aeb993c.rlib" "/opt/rustwide/target/debug/deps/libmultihash-4c27d7a844cf689d.rlib" "/opt/rustwide/target/debug/deps/libsha3-777c70322d5030db.rlib" "/opt/rustwide/target/debug/deps/libkeccak-83beb19d573fbfa7.rlib" "/opt/rustwide/target/debug/deps/libsha2-b4b0712cda96195b.rlib" "/opt/rustwide/target/debug/deps/libcpufeatures-6b5d33967087d885.rlib" "/opt/rustwide/target/debug/deps/libblake3-b9eadd641437a7e5.rlib" "/opt/rustwide/target/debug/deps/libcfg_if-e7002d307f97bc56.rlib" "/opt/rustwide/target/debug/deps/libblake2s_simd-3ddf6b9b1bd94570.rlib" "/opt/rustwide/target/debug/deps/libblake2b_simd-3c77f9da328b8125.rlib" "/opt/rustwide/target/debug/deps/libconstant_time_eq-becb795b878038de.rlib" "/opt/rustwide/target/debug/deps/libarrayvec-003fb1a4e19c55f3.rlib" "/opt/rustwide/target/debug/deps/libarrayref-8957ff1d73700ff2.rlib" "/opt/rustwide/target/debug/deps/libdigest-ff24fdedbe7f9184.rlib" "/opt/rustwide/target/debug/deps/libblock_buffer-d5751409ab05b00a.rlib" "/opt/rustwide/target/debug/deps/libcrypto_common-2346b4a3e8082086.rlib" "/opt/rustwide/target/debug/deps/libgeneric_array-8204c0397cddb82b.rlib" "/opt/rustwide/target/debug/deps/libtypenum-b40ba058056b0bf8.rlib" "/opt/rustwide/target/debug/deps/libserde_big_array-5a25b8584767b509.rlib" "/opt/rustwide/target/debug/deps/libunsigned_varint-5e0757f78a86d74f.rlib" "/opt/rustwide/target/debug/deps/libmultibase-17417a2254c39e7c.rlib" "/opt/rustwide/target/debug/deps/libbase_x-5c05fee6d8c7a9e2.rlib" "/opt/rustwide/target/debug/deps/libdata_encoding_macro-db58503de8651a3c.rlib" "/opt/rustwide/target/debug/deps/libdata_encoding-7c2b3880e5c6b28c.rlib" "/opt/rustwide/target/debug/deps/libthiserror-f82df0bfad6d4ca4.rlib" "/opt/rustwide/target/debug/deps/libanyhow-5d20277346359413.rlib" "/opt/rustwide/target/debug/deps/libserde_bytes-cebcd4b878ae1643.rlib" "/opt/rustwide/target/debug/deps/libserde-4005eaada9e9461e.rlib" "/opt/rustwide/target/debug/deps/libbyteorder-0ef92d8cf14cf0b1.rlib" "/opt/rustwide/rustup-home/toolchains/beta-2023-12-22-x86_64-unknown-linux-gnu/lib/rustlib/x86_64-unknown-linux-gnu/lib/libstd-0672489a78b613de.rlib" "/opt/rustwide/rustup-home/toolchains/beta-2023-12-22-x86_64-unknown-linux-gnu/lib/rustlib/x86_64-unknown-linux-gnu/lib/libpanic_unwind-7eb3ffc34a49f675.rlib" "/opt/rustwide/rustup-home/toolchains/beta-2023-12-22-x86_64-unknown-linux-gnu/lib/rustlib/x86_64-unknown-linux-gnu/lib/libobject-6478a9daa4bee8e2.rlib" "/opt/rustwide/rustup-home/toolchains/beta-2023-12-22-x86_64-unknown-linux-gnu/lib/rustlib/x86_64-unknown-linux-gnu/lib/libmemchr-0c75d871a5c3923d.rlib" "/opt/rustwide/rustup-home/toolchains/beta-2023-12-22-x86_64-unknown-linux-gnu/lib/rustlib/x86_64-unknown-linux-gnu/lib/libaddr2line-d163ef63ad37bb71.rlib" "/opt/rustwide/rustup-home/toolchains/beta-2023-12-22-x86_64-unknown-linux-gnu/lib/rustlib/x86_64-unknown-linux-gnu/lib/libgimli-8a3fd810a85b9f4c.rlib" "/opt/rustwide/rustup-home/toolchains/beta-2023-12-22-x86_64-unknown-linux-gnu/lib/rustlib/x86_64-unknown-linux-gnu/lib/librustc_demangle-462a2cde8c5dfc10.rlib" "/opt/rustwide/rustup-home/toolchains/beta-2023-12-22-x86_64-unknown-linux-gnu/lib/rustlib/x86_64-unknown-linux-gnu/lib/libstd_detect-cb06ac9f54713f71.rlib" "/opt/rustwide/rustup-home/toolchains/beta-2023-12-22-x86_64-unknown-linux-gnu/lib/rustlib/x86_64-unknown-linux-gnu/lib/libhashbrown-f20bfd1f8e59b393.rlib" "/opt/rustwide/rustup-home/toolchains/beta-2023-12-22-x86_64-unknown-linux-gnu/lib/rustlib/x86_64-unknown-linux-gnu/lib/librustc_std_workspace_alloc-1ef460949b49da4b.rlib" "/opt/rustwide/rustup-home/toolchains/beta-2023-12-22-x86_64-unknown-linux-gnu/lib/rustlib/x86_64-unknown-linux-gnu/lib/libminiz_oxide-2cb0c0ffe4f87514.rlib" "/opt/rustwide/rustup-home/toolchains/beta-2023-12-22-x86_64-unknown-linux-gnu/lib/rustlib/x86_64-unknown-linux-gnu/lib/libadler-58d841eb322a11a2.rlib" "/opt/rustwide/rustup-home/toolchains/beta-2023-12-22-x86_64-unknown-linux-gnu/lib/rustlib/x86_64-unknown-linux-gnu/lib/libunwind-aa2ae0b0a9d11533.rlib" "/opt/rustwide/rustup-home/toolchains/beta-2023-12-22-x86_64-unknown-linux-gnu/lib/rustlib/x86_64-unknown-linux-gnu/lib/libcfg_if-23874e15830ed336.rlib" "/opt/rustwide/rustup-home/toolchains/beta-2023-12-22-x86_64-unknown-linux-gnu/lib/rustlib/x86_64-unknown-linux-gnu/lib/liblibc-e47cddc003bce885.rlib" "/opt/rustwide/rustup-home/toolchains/beta-2023-12-22-x86_64-unknown-linux-gnu/lib/rustlib/x86_64-unknown-linux-gnu/lib/liballoc-c22b13b48a8f128e.rlib" "/opt/rustwide/rustup-home/toolchains/beta-2023-12-22-x86_64-unknown-linux-gnu/lib/rustlib/x86_64-unknown-linux-gnu/lib/librustc_std_workspace_core-e46bc3da6d7c462f.rlib" "/opt/rustwide/rustup-home/toolchains/beta-2023-12-22-x86_64-unknown-linux-gnu/lib/rustlib/x86_64-unknown-linux-gnu/lib/libcore-8d1ac131d3cb2645.rlib" "/opt/rustwide/rustup-home/toolchains/beta-2023-12-22-x86_64-unknown-linux-gnu/lib/rustlib/x86_64-unknown-linux-gnu/lib/libcompiler_builtins-a1b43df8c6899c1f.rlib" "-Wl,-Bdynamic" "-lgcc_s" "-lutil" "-lrt" "-lpthread" "-lm" "-ldl" "-lc" "-Wl,--eh-frame-hdr" "-Wl,-z,noexecstack" "-L" "/opt/rustwide/rustup-home/toolchains/beta-2023-12-22-x86_64-unknown-linux-gnu/lib/rustlib/x86_64-unknown-linux-gnu/lib" "-o" "/tmp/rustdoctestJbVOIj/rust_out" "-Wl,--gc-sections" "-pie" "-Wl,-z,relro,-z,now" "-nodefaultlibs"
[INFO] [stdout]   = note: collect2: fatal error: ld terminated with signal 9 [Killed]
[INFO] [stdout]           compilation terminated.
[INFO] [stdout]           
[INFO] [stdout] 
[INFO] [stdout] error: aborting due to 1 previous error
[INFO] [stdout] 
[INFO] [stdout] Couldn't compile the test.
[INFO] [stdout] 
[INFO] [stdout] failures:
[INFO] [stdout]     src/hamt/hamt_implementation.rs - hamt::hamt_implementation::Hamt<BS,V,K,H>::delete (line 305)
[INFO] [stdout] 
[INFO] [stdout] test result: FAILED. 6 passed; 1 failed; 0 ignored; 0 measured; 0 filtered out; finished in 2.66s
[INFO] [stdout] 
[INFO] [stderr] error: doctest failed, to rerun pass `--doc`
[INFO] running `Command { std: "docker" "inspect" "b7318f5536bb9ba15f55d3303a5c459853656325c069b5e945597423efeb37e9", kill_on_drop: false }`
[INFO] running `Command { std: "docker" "rm" "-f" "b7318f5536bb9ba15f55d3303a5c459853656325c069b5e945597423efeb37e9", kill_on_drop: false }`
[INFO] [stdout] b7318f5536bb9ba15f55d3303a5c459853656325c069b5e945597423efeb37e9
