[INFO] fetching crate nom-kconfig 0.2.0...
[INFO] testing nom-kconfig-0.2.0 against 1.75.0 for beta-1.76-1
[INFO] extracting crate nom-kconfig 0.2.0 into /workspace/builds/worker-7-tc1/source
[INFO] validating manifest of crates.io crate nom-kconfig 0.2.0 on toolchain 1.75.0
[INFO] running `Command { std: CARGO_HOME="/workspace/cargo-home" RUSTUP_HOME="/workspace/rustup-home" "/workspace/cargo-home/bin/cargo" "+1.75.0" "metadata" "--manifest-path" "Cargo.toml" "--no-deps", kill_on_drop: false }`
[INFO] started tweaking crates.io crate nom-kconfig 0.2.0
[INFO] finished tweaking crates.io crate nom-kconfig 0.2.0
[INFO] tweaked toml for crates.io crate nom-kconfig 0.2.0 written to /workspace/builds/worker-7-tc1/source/Cargo.toml
[INFO] running `Command { std: CARGO_HOME="/workspace/cargo-home" RUSTUP_HOME="/workspace/rustup-home" "/workspace/cargo-home/bin/cargo" "+1.75.0" "generate-lockfile" "--manifest-path" "Cargo.toml", kill_on_drop: false }`
[INFO] [stderr]     Updating crates.io index
[INFO] running `Command { std: CARGO_HOME="/workspace/cargo-home" RUSTUP_HOME="/workspace/rustup-home" "/workspace/cargo-home/bin/cargo" "+1.75.0" "fetch" "--manifest-path" "Cargo.toml", kill_on_drop: false }`
[INFO] running `Command { std: "docker" "create" "-v" "/var/lib/crater-agent-workspace/builds/worker-7-tc1/target:/opt/rustwide/target:rw,Z" "-v" "/var/lib/crater-agent-workspace/builds/worker-7-tc1/source:/opt/rustwide/workdir:ro,Z" "-v" "/var/lib/crater-agent-workspace/cargo-home:/opt/rustwide/cargo-home:ro,Z" "-v" "/var/lib/crater-agent-workspace/rustup-home:/opt/rustwide/rustup-home:ro,Z" "-e" "SOURCE_DIR=/opt/rustwide/workdir" "-e" "CARGO_TARGET_DIR=/opt/rustwide/target" "-e" "CARGO_HOME=/opt/rustwide/cargo-home" "-e" "RUSTUP_HOME=/opt/rustwide/rustup-home" "-w" "/opt/rustwide/workdir" "-m" "1610612736" "--user" "0:0" "--network" "none" "ghcr.io/rust-lang/crates-build-env/linux@sha256:2788e3201cd34a07e3172128adcd8b3090168a8e3bcc40d7c032b9dda1df7d1c" "/opt/rustwide/cargo-home/bin/cargo" "+1.75.0" "metadata" "--no-deps" "--format-version=1", kill_on_drop: false }`
[INFO] [stdout] ca5f5ac1454eae3c1f01e59f425e960ed9ff6ce314abb18aa9c5ec9b581e0632
[INFO] running `Command { std: "docker" "start" "-a" "ca5f5ac1454eae3c1f01e59f425e960ed9ff6ce314abb18aa9c5ec9b581e0632", kill_on_drop: false }`
[INFO] running `Command { std: "docker" "inspect" "ca5f5ac1454eae3c1f01e59f425e960ed9ff6ce314abb18aa9c5ec9b581e0632", kill_on_drop: false }`
[INFO] running `Command { std: "docker" "rm" "-f" "ca5f5ac1454eae3c1f01e59f425e960ed9ff6ce314abb18aa9c5ec9b581e0632", kill_on_drop: false }`
[INFO] [stdout] ca5f5ac1454eae3c1f01e59f425e960ed9ff6ce314abb18aa9c5ec9b581e0632
[INFO] running `Command { std: "docker" "create" "-v" "/var/lib/crater-agent-workspace/builds/worker-7-tc1/target:/opt/rustwide/target:rw,Z" "-v" "/var/lib/crater-agent-workspace/builds/worker-7-tc1/source:/opt/rustwide/workdir:ro,Z" "-v" "/var/lib/crater-agent-workspace/cargo-home:/opt/rustwide/cargo-home:ro,Z" "-v" "/var/lib/crater-agent-workspace/rustup-home:/opt/rustwide/rustup-home:ro,Z" "-e" "SOURCE_DIR=/opt/rustwide/workdir" "-e" "CARGO_TARGET_DIR=/opt/rustwide/target" "-e" "CARGO_INCREMENTAL=0" "-e" "RUST_BACKTRACE=full" "-e" "RUSTFLAGS=--cap-lints=warn" "-e" "RUSTDOCFLAGS=--cap-lints=warn" "-e" "CARGO_HOME=/opt/rustwide/cargo-home" "-e" "RUSTUP_HOME=/opt/rustwide/rustup-home" "-w" "/opt/rustwide/workdir" "-m" "1610612736" "--user" "0:0" "--network" "none" "ghcr.io/rust-lang/crates-build-env/linux@sha256:2788e3201cd34a07e3172128adcd8b3090168a8e3bcc40d7c032b9dda1df7d1c" "/opt/rustwide/cargo-home/bin/cargo" "+1.75.0" "build" "--frozen" "--message-format=json", kill_on_drop: false }`
[INFO] [stdout] 3a663c8b54fd4deaa3c214aeebb976c6587a8eb51729ed7abda69593e203e1e3
[INFO] running `Command { std: "docker" "start" "-a" "3a663c8b54fd4deaa3c214aeebb976c6587a8eb51729ed7abda69593e203e1e3", kill_on_drop: false }`
[INFO] [stderr]    Compiling memchr v2.7.1
[INFO] [stderr]    Compiling regex-syntax v0.8.2
[INFO] [stderr]    Compiling bytecount v0.6.7
[INFO] [stderr]    Compiling aho-corasick v1.1.2
[INFO] [stderr]    Compiling nom v7.1.3
[INFO] [stderr]    Compiling regex-automata v0.4.3
[INFO] [stderr]    Compiling nom_locate v4.2.0
[INFO] [stderr]    Compiling regex v1.10.2
[INFO] [stderr]    Compiling nom-kconfig v0.2.0 (/opt/rustwide/workdir)
[INFO] [stderr]     Finished dev [unoptimized + debuginfo] target(s) in 4.66s
[INFO] running `Command { std: "docker" "inspect" "3a663c8b54fd4deaa3c214aeebb976c6587a8eb51729ed7abda69593e203e1e3", kill_on_drop: false }`
[INFO] running `Command { std: "docker" "rm" "-f" "3a663c8b54fd4deaa3c214aeebb976c6587a8eb51729ed7abda69593e203e1e3", kill_on_drop: false }`
[INFO] [stdout] 3a663c8b54fd4deaa3c214aeebb976c6587a8eb51729ed7abda69593e203e1e3
[INFO] running `Command { std: "docker" "create" "-v" "/var/lib/crater-agent-workspace/builds/worker-7-tc1/target:/opt/rustwide/target:rw,Z" "-v" "/var/lib/crater-agent-workspace/builds/worker-7-tc1/source:/opt/rustwide/workdir:ro,Z" "-v" "/var/lib/crater-agent-workspace/cargo-home:/opt/rustwide/cargo-home:ro,Z" "-v" "/var/lib/crater-agent-workspace/rustup-home:/opt/rustwide/rustup-home:ro,Z" "-e" "SOURCE_DIR=/opt/rustwide/workdir" "-e" "CARGO_TARGET_DIR=/opt/rustwide/target" "-e" "CARGO_INCREMENTAL=0" "-e" "RUST_BACKTRACE=full" "-e" "RUSTFLAGS=--cap-lints=warn" "-e" "RUSTDOCFLAGS=--cap-lints=warn" "-e" "CARGO_HOME=/opt/rustwide/cargo-home" "-e" "RUSTUP_HOME=/opt/rustwide/rustup-home" "-w" "/opt/rustwide/workdir" "-m" "1610612736" "--user" "0:0" "--network" "none" "ghcr.io/rust-lang/crates-build-env/linux@sha256:2788e3201cd34a07e3172128adcd8b3090168a8e3bcc40d7c032b9dda1df7d1c" "/opt/rustwide/cargo-home/bin/cargo" "+1.75.0" "test" "--frozen" "--no-run" "--message-format=json", kill_on_drop: false }`
[INFO] [stdout] df583b3f34a17d6f0ca06264c313cd9c5c674d33ac12e9de72154d7fb1f06184
[INFO] running `Command { std: "docker" "start" "-a" "df583b3f34a17d6f0ca06264c313cd9c5c674d33ac12e9de72154d7fb1f06184", kill_on_drop: false }`
[INFO] [stderr]    Compiling serde v1.0.194
[INFO] [stderr]    Compiling rustix v0.38.28
[INFO] [stderr]    Compiling ciborium-io v0.2.1
[INFO] [stderr]    Compiling anstyle v1.0.4
[INFO] [stderr]    Compiling clap_lex v0.6.0
[INFO] [stderr]    Compiling bitflags v2.4.1
[INFO] [stderr]    Compiling linux-raw-sys v0.4.12
[INFO] [stderr]    Compiling criterion-plot v0.5.0
[INFO] [stderr]    Compiling once_cell v1.19.0
[INFO] [stderr]    Compiling anes v0.1.6
[INFO] [stderr]    Compiling ciborium-ll v0.2.1
[INFO] [stderr]    Compiling clap_builder v4.4.12
[INFO] [stderr]    Compiling is-terminal v0.4.10
[INFO] [stderr]    Compiling clap v4.4.13
[INFO] [stderr]    Compiling serde_json v1.0.111
[INFO] [stderr]    Compiling ciborium v0.2.1
[INFO] [stderr]    Compiling nom-kconfig v0.2.0 (/opt/rustwide/workdir)
[INFO] [stderr]    Compiling tinytemplate v1.2.1
[INFO] [stderr]    Compiling criterion v0.5.1
[INFO] [stderr]     Finished test [unoptimized + debuginfo] target(s) in 9.35s
[INFO] running `Command { std: "docker" "inspect" "df583b3f34a17d6f0ca06264c313cd9c5c674d33ac12e9de72154d7fb1f06184", kill_on_drop: false }`
[INFO] running `Command { std: "docker" "rm" "-f" "df583b3f34a17d6f0ca06264c313cd9c5c674d33ac12e9de72154d7fb1f06184", kill_on_drop: false }`
[INFO] [stdout] df583b3f34a17d6f0ca06264c313cd9c5c674d33ac12e9de72154d7fb1f06184
[INFO] running `Command { std: "docker" "create" "-v" "/var/lib/crater-agent-workspace/builds/worker-7-tc1/target:/opt/rustwide/target:rw,Z" "-v" "/var/lib/crater-agent-workspace/builds/worker-7-tc1/source:/opt/rustwide/workdir:ro,Z" "-v" "/var/lib/crater-agent-workspace/cargo-home:/opt/rustwide/cargo-home:ro,Z" "-v" "/var/lib/crater-agent-workspace/rustup-home:/opt/rustwide/rustup-home:ro,Z" "-e" "SOURCE_DIR=/opt/rustwide/workdir" "-e" "CARGO_TARGET_DIR=/opt/rustwide/target" "-e" "CARGO_INCREMENTAL=0" "-e" "RUST_BACKTRACE=full" "-e" "RUSTFLAGS=--cap-lints=warn" "-e" "RUSTDOCFLAGS=--cap-lints=warn" "-e" "CARGO_HOME=/opt/rustwide/cargo-home" "-e" "RUSTUP_HOME=/opt/rustwide/rustup-home" "-w" "/opt/rustwide/workdir" "-m" "1610612736" "--user" "0:0" "--network" "none" "ghcr.io/rust-lang/crates-build-env/linux@sha256:2788e3201cd34a07e3172128adcd8b3090168a8e3bcc40d7c032b9dda1df7d1c" "/opt/rustwide/cargo-home/bin/cargo" "+1.75.0" "test" "--frozen", kill_on_drop: false }`
[INFO] [stdout] da74338c863e6b38a372166d394bf135c5e7710a67e992f9a64e024d63ce5fcd
[INFO] running `Command { std: "docker" "start" "-a" "da74338c863e6b38a372166d394bf135c5e7710a67e992f9a64e024d63ce5fcd", kill_on_drop: false }`
[INFO] [stderr]     Finished test [unoptimized + debuginfo] target(s) in 0.04s
[INFO] [stderr]      Running unittests src/lib.rs (/opt/rustwide/target/debug/deps/nom_kconfig-bc34352282f170f1)
[INFO] [stdout] 
[INFO] [stdout] running 106 tests
[INFO] [stdout] test attribute::default_test::test_default_attribute_to_string ... ok
[INFO] [stdout] test attribute::default_test::test_parse_default ... ok
[INFO] [stdout] test attribute::default_test::test_parse_default_constant_symbol_with_numbers ... ok
[INFO] [stdout] test attribute::default_test::test_parse_default_ambigus ... ok
[INFO] [stdout] test attribute::depends_on_test::test_parse_depends_on ... ok
[INFO] [stdout] test attribute::depends_on_test::test_parse_depends_on_weird_tab ... ok
[INFO] [stdout] test attribute::depends_on_test::test_parse_depends_on_backslash ... ok
[INFO] [stdout] test attribute::expression_test::test_expression_to_string ... ok
[INFO] [stdout] test attribute::expression_test::test_parse_depends_on_and ... ok
[INFO] [stdout] test attribute::expression_test::test_parse_depends_on_ambigus ... ok
[INFO] [stdout] test attribute::expression_test::test_parse_depends_on_optimization ... ok
[INFO] [stdout] test attribute::expression_test::test_parse_expression_function ... ok
[INFO] [stdout] test attribute::expression_test::test_parse_expression_number ... ok
[INFO] [stdout] test attribute::expression_test::test_parse_string ... ok
[INFO] [stdout] test attribute::function_test::test_function_to_string ... ok
[INFO] [stdout] test attribute::expression_test::test_parse_expression_number_and ... ok
[INFO] [stdout] test attribute::function_test::test_expression_token_to_string ... ok
[INFO] [stdout] test attribute::help_test::test_parse_help ... ok
[INFO] [stdout] test attribute::function_test::test_parse_function_call ... ok
[INFO] [stdout] test attribute::expression_test::test_parse_term ... ok
[INFO] [stdout] test attribute::function_test::test_parameter_to_string ... ok
[INFO] [stdout] test attribute::expression_test::test_parse_number_or_symbol ... ok
[INFO] [stdout] test attribute::expression_test::test_parse_expression_start_like_number_but_symbol ... ok
[INFO] [stdout] test attribute::help_test::test_parse_help_encoding ... ok
[INFO] [stdout] test attribute::function_test::test_parse_function_call_special_chars ... ok
[INFO] [stdout] test attribute::function_test::test_parse_function_call_expression ... ok
[INFO] [stdout] test attribute::help_test::test_parse_help_indent ... ok
[INFO] [stdout] test attribute::function_test::test_parse_function_call_with_parameters ... ok
[INFO] [stdout] test attribute::function_test::test_parse_function_call_expanded_variable ... ok
[INFO] [stdout] test attribute::function_test::test_parse_function_call_complex_expression ... ok
[INFO] [stdout] test attribute::help_test::test_parse_help_no_content ... ok
[INFO] [stdout] test attribute::function_test::test_parse_function_call_recursive_function ... ok
[INFO] [stdout] test attribute::mod_test::test_attributes_to_string ... ok
[INFO] [stdout] test attribute::help_test::test_parse_help_indent_2 ... ok
[INFO] [stdout] test attribute::help_test::test_parse_help_prefixed_by_hypen ... ok
[INFO] [stdout] test attribute::option_test::option_to_string ... ok
[INFO] [stdout] test attribute::function_test::test_parse_function_call_special_backtick ... ok
[INFO] [stdout] test attribute::help_test::test_parse_help_no_indent ... ok
[INFO] [stdout] test attribute::imply_test::test_imply_to_string ... ok
[INFO] [stdout] test attribute::modules_test::test_parse_modules ... ok
[INFO] [stdout] test attribute::imply_test::test_parse_imply ... ok
[INFO] [stdout] test attribute::option_test::test_parse_option_allnoconfig_y ... ok
[INFO] [stdout] test attribute::option_test::test_parse_option_defconfig_list ... ok
[INFO] [stdout] test attribute::help_test::test_parse_help_space ... ok
[INFO] [stdout] test attribute::option_test::test_parse_option_env ... ok
[INFO] [stdout] test attribute::option_test::test_parse_option_modules ... ok
[INFO] [stdout] test attribute::optional_test::test_parse_optional ... ok
[INFO] [stdout] test attribute::mod_test::test_parse_attributes ... ok
[INFO] [stdout] test attribute::prompt_test::test_parse_prompt ... ok
[INFO] [stdout] test attribute::prompt_test::test_parse_prompt_no_quote ... ok
[INFO] [stdout] test attribute::prompt_test::test_parse_prompt_1 ... ok
[INFO] [stdout] test attribute::range_test::test_parse_range ... ok
[INFO] [stdout] test attribute::select_test::test_select_to_string ... ok
[INFO] [stdout] test attribute::range_test::test_parse_range_to_string ... ok
[INFO] [stdout] test attribute::prompt_test::test_prompt_to_string ... ok
[INFO] [stdout] test attribute::type_test::test_config_type_tostring ... ok
[INFO] [stdout] test attribute::mod_test::test_parse_attribute ... ok
[INFO] [stdout] test attribute::select_test::test_parse_select ... ok
[INFO] [stdout] test attribute::type_test::test_parse_type_backslash ... ok
[INFO] [stdout] test attribute::select_test::test_parse_enable ... ok
[INFO] [stdout] test attribute::type_test::test_parse_def_tristate ... ok
[INFO] [stdout] test attribute::type_test::test_type_to_string ... ok
[INFO] [stdout] test attribute::type_test::test_parse_type ... ok
[INFO] [stdout] test attribute::type_test::test_parse_def_bool ... ok
[INFO] [stdout] test attribute::requires_test::test_parse_requires ... ok
[INFO] [stdout] test attribute::type_test::test_parse_type_bool ... ok
[INFO] [stdout] test attribute::visible_test::test_parse_type ... ok
[INFO] [stdout] test attribute::type_test::test_type_with_prompt ... ok
[INFO] [stdout] test attribute::type_test::test_parse_def_bool_function ... ok
[INFO] [stdout] test entry::comment_test::test_parse_comment ... ok
[INFO] [stdout] test entry::function_test::test_parse_function ... ok
[INFO] [stdout] test attribute::type_test::test_parse_type_with_weird_prompt ... ok
[INFO] [stdout] test entry::config_test::test_parse_config ... ok
[INFO] [stdout] test entry::choice_test::test_parse_choice_optional ... ok
[INFO] [stdout] test attribute::type_test::test_parse_type_if ... ok
[INFO] [stdout] test entry::config_test::test_parse_config_no_type ... ok
[INFO] [stdout] test entry::config_test::test_parse_config_tristate ... ok
[INFO] [stdout] test entry::comment_test::test_parse_comment_with_dependencies ... ok
[INFO] [stdout] test entry::main_menu_test::test_parse_main_menu ... ok
[INFO] [stdout] test entry::config_test::test_parse_config_def_bool_multiline_expression ... ok
[INFO] [stdout] test entry::variable_test::test_parse_variable ... ok
[INFO] [stdout] test entry::menu_test::test_parse_menu ... ok
[INFO] [stdout] test entry::menu_test::test_parse_menu_forbidden_attribute ... ok
[INFO] [stdout] test entry::variable_test::test_parse_variable_comma ... ok
[INFO] [stdout] test entry::variable_test::test_parse_variable_space ... ok
[INFO] [stdout] test entry::mod_test::test_parse_entries ... ok
[INFO] [stdout] test entry::variable_test::test_parse_variable_if_success ... ok
[INFO] [stdout] test entry::variable_test::test_parse_variable_variables_lefthand_side ... ok
[INFO] [stdout] test entry::if_test::test_parse_if_entry_with_config ... ok
[INFO] [stdout] test entry::menuconfig_test::test_parse_menuconfig ... ok
[INFO] [stdout] test symbol_test::test_parse_symbol ... ok
[INFO] [stdout] test symbol_test::test_symbol_to_string ... ok
[INFO] [stdout] test entry::choice_test::test_parse_choice_with_comment ... ok
[INFO] [stdout] test entry::menu_test::test_parse_menu_visible ... ok
[INFO] [stdout] test util_test::test_ws ... ok
[INFO] [stdout] test util_test::test_wsi_backslash ... ok
[INFO] [stdout] test kconfig_test::test_parse_kconfig ... ok
[INFO] [stdout] test kconfig_test::test_parse_kconfig_choice ... ok
[INFO] [stdout] test lib_test::test_parse_config_without_attribute ... ok
[INFO] [stdout] test lib_test::test_parse_type ... ok
[INFO] [stdout] test lib_test::test_parse_config_string_with_double_quotes ... ok
[INFO] [stdout] test entry::source_test::test_parse_source ... ok
[INFO] [stdout] test entry::if_test::test_parse_if_entry ... ok
[INFO] [stdout] test entry::source_test::test_parse_source_fail_file_not_exist ... ok
[INFO] [stdout] test entry::source_test::test_parse_source_no_quote ... ok
[INFO] [stdout] test entry::source_test::test_parse_source_fail_to_parse ... ok
[INFO] [stdout] 
[INFO] [stdout] test result: ok. 106 passed; 0 failed; 0 ignored; 0 measured; 0 filtered out; finished in 0.02s
[INFO] [stdout] 
[INFO] [stderr]      Running tests/kconfig.rs (/opt/rustwide/target/debug/deps/kconfig-e8ec9d9a7351345e)
[INFO] [stdout] 
[INFO] [stdout] running 1 test
[INFO] [stdout] test test_parse ... ok
[INFO] [stdout] 
[INFO] [stdout] test result: ok. 1 passed; 0 failed; 0 ignored; 0 measured; 0 filtered out; finished in 0.00s
[INFO] [stdout] 
[INFO] [stderr]    Doc-tests nom-kconfig
[INFO] [stdout] 
[INFO] [stdout] running 18 tests
[INFO] [stdout] test src/lib.rs - (line 5) - compile ... ok
[INFO] [stderr] error: doctest failed, to rerun pass `--doc`
[INFO] [stderr] 
[INFO] [stderr] Caused by:
[INFO] [stderr]   process didn't exit successfully: `/opt/rustwide/rustup-home/toolchains/1.75.0-x86_64-unknown-linux-gnu/bin/rustdoc --edition=2021 --crate-type lib --crate-name nom_kconfig --test src/lib.rs --test-run-directory /opt/rustwide/workdir -L dependency=/opt/rustwide/target/debug/deps -L dependency=/opt/rustwide/target/debug/deps --extern criterion=/opt/rustwide/target/debug/deps/libcriterion-e204cdc5f1e05ce3.rlib --extern nom=/opt/rustwide/target/debug/deps/libnom-47ed29cadda26e33.rlib --extern nom_kconfig=/opt/rustwide/target/debug/deps/libnom_kconfig-b98a5f44ec000869.rlib --extern nom_locate=/opt/rustwide/target/debug/deps/libnom_locate-8c3a1f971ff8168b.rlib --extern regex=/opt/rustwide/target/debug/deps/libregex-c29b4deb876b3446.rlib --extern serde=/opt/rustwide/target/debug/deps/libserde-6e31ed75d6354ec7.rlib -C embed-bitcode=no --cfg 'feature="default"' --cfg 'feature="deserialize"' --cfg 'feature="display"' --cfg 'feature="hash"' --cfg 'feature="serialize"' --cap-lints=warn --error-format human` (signal: 9, SIGKILL: kill)
[INFO] running `Command { std: "docker" "inspect" "da74338c863e6b38a372166d394bf135c5e7710a67e992f9a64e024d63ce5fcd", kill_on_drop: false }`
[INFO] running `Command { std: "docker" "rm" "-f" "da74338c863e6b38a372166d394bf135c5e7710a67e992f9a64e024d63ce5fcd", kill_on_drop: false }`
[INFO] [stdout] da74338c863e6b38a372166d394bf135c5e7710a67e992f9a64e024d63ce5fcd
[INFO] testing nom-kconfig-0.2.0 against beta-2023-12-22 for beta-1.76-1
[INFO] extracting crate nom-kconfig 0.2.0 into /workspace/builds/worker-7-tc2/source
[INFO] validating manifest of crates.io crate nom-kconfig 0.2.0 on toolchain beta-2023-12-22
[INFO] running `Command { std: CARGO_HOME="/workspace/cargo-home" RUSTUP_HOME="/workspace/rustup-home" "/workspace/cargo-home/bin/cargo" "+beta-2023-12-22" "metadata" "--manifest-path" "Cargo.toml" "--no-deps", kill_on_drop: false }`
[INFO] started tweaking crates.io crate nom-kconfig 0.2.0
[INFO] finished tweaking crates.io crate nom-kconfig 0.2.0
[INFO] tweaked toml for crates.io crate nom-kconfig 0.2.0 written to /workspace/builds/worker-7-tc2/source/Cargo.toml
[INFO] running `Command { std: CARGO_HOME="/workspace/cargo-home" RUSTUP_HOME="/workspace/rustup-home" "/workspace/cargo-home/bin/cargo" "+beta-2023-12-22" "generate-lockfile" "--manifest-path" "Cargo.toml", kill_on_drop: false }`
[INFO] [stderr]     Updating crates.io index
[INFO] running `Command { std: CARGO_HOME="/workspace/cargo-home" RUSTUP_HOME="/workspace/rustup-home" "/workspace/cargo-home/bin/cargo" "+beta-2023-12-22" "fetch" "--manifest-path" "Cargo.toml", kill_on_drop: false }`
[INFO] running `Command { std: "docker" "create" "-v" "/var/lib/crater-agent-workspace/builds/worker-7-tc2/target:/opt/rustwide/target:rw,Z" "-v" "/var/lib/crater-agent-workspace/builds/worker-7-tc2/source:/opt/rustwide/workdir:ro,Z" "-v" "/var/lib/crater-agent-workspace/cargo-home:/opt/rustwide/cargo-home:ro,Z" "-v" "/var/lib/crater-agent-workspace/rustup-home:/opt/rustwide/rustup-home:ro,Z" "-e" "SOURCE_DIR=/opt/rustwide/workdir" "-e" "CARGO_TARGET_DIR=/opt/rustwide/target" "-e" "CARGO_HOME=/opt/rustwide/cargo-home" "-e" "RUSTUP_HOME=/opt/rustwide/rustup-home" "-w" "/opt/rustwide/workdir" "-m" "1610612736" "--user" "0:0" "--network" "none" "ghcr.io/rust-lang/crates-build-env/linux@sha256:2788e3201cd34a07e3172128adcd8b3090168a8e3bcc40d7c032b9dda1df7d1c" "/opt/rustwide/cargo-home/bin/cargo" "+beta-2023-12-22" "metadata" "--no-deps" "--format-version=1", kill_on_drop: false }`
[INFO] [stdout] b275c29bca7abb82ac77bebf791e94246180925964c660583c2647439a1e460e
[INFO] running `Command { std: "docker" "start" "-a" "b275c29bca7abb82ac77bebf791e94246180925964c660583c2647439a1e460e", kill_on_drop: false }`
[INFO] running `Command { std: "docker" "inspect" "b275c29bca7abb82ac77bebf791e94246180925964c660583c2647439a1e460e", kill_on_drop: false }`
[INFO] running `Command { std: "docker" "rm" "-f" "b275c29bca7abb82ac77bebf791e94246180925964c660583c2647439a1e460e", kill_on_drop: false }`
[INFO] [stdout] b275c29bca7abb82ac77bebf791e94246180925964c660583c2647439a1e460e
[INFO] running `Command { std: "docker" "create" "-v" "/var/lib/crater-agent-workspace/builds/worker-7-tc2/target:/opt/rustwide/target:rw,Z" "-v" "/var/lib/crater-agent-workspace/builds/worker-7-tc2/source:/opt/rustwide/workdir:ro,Z" "-v" "/var/lib/crater-agent-workspace/cargo-home:/opt/rustwide/cargo-home:ro,Z" "-v" "/var/lib/crater-agent-workspace/rustup-home:/opt/rustwide/rustup-home:ro,Z" "-e" "SOURCE_DIR=/opt/rustwide/workdir" "-e" "CARGO_TARGET_DIR=/opt/rustwide/target" "-e" "CARGO_INCREMENTAL=0" "-e" "RUST_BACKTRACE=full" "-e" "RUSTFLAGS=--cap-lints=warn" "-e" "RUSTDOCFLAGS=--cap-lints=warn" "-e" "CARGO_HOME=/opt/rustwide/cargo-home" "-e" "RUSTUP_HOME=/opt/rustwide/rustup-home" "-w" "/opt/rustwide/workdir" "-m" "1610612736" "--user" "0:0" "--network" "none" "ghcr.io/rust-lang/crates-build-env/linux@sha256:2788e3201cd34a07e3172128adcd8b3090168a8e3bcc40d7c032b9dda1df7d1c" "/opt/rustwide/cargo-home/bin/cargo" "+beta-2023-12-22" "build" "--frozen" "--message-format=json", kill_on_drop: false }`
[INFO] [stdout] 8827d0bcf4b1f8eefed189d27c8f10fbcb399f3579e26e62b728b51cf229faae
[INFO] running `Command { std: "docker" "start" "-a" "8827d0bcf4b1f8eefed189d27c8f10fbcb399f3579e26e62b728b51cf229faae", kill_on_drop: false }`
[INFO] [stderr]    Compiling memchr v2.7.1
[INFO] [stderr]    Compiling regex-syntax v0.8.2
[INFO] [stderr]    Compiling bytecount v0.6.7
[INFO] [stderr]    Compiling aho-corasick v1.1.2
[INFO] [stderr]    Compiling nom v7.1.3
[INFO] [stderr]    Compiling regex-automata v0.4.3
[INFO] [stderr]    Compiling nom_locate v4.2.0
[INFO] [stderr]    Compiling regex v1.10.2
[INFO] [stderr]    Compiling nom-kconfig v0.2.0 (/opt/rustwide/workdir)
[INFO] [stderr]     Finished dev [unoptimized + debuginfo] target(s) in 4.91s
[INFO] running `Command { std: "docker" "inspect" "8827d0bcf4b1f8eefed189d27c8f10fbcb399f3579e26e62b728b51cf229faae", kill_on_drop: false }`
[INFO] running `Command { std: "docker" "rm" "-f" "8827d0bcf4b1f8eefed189d27c8f10fbcb399f3579e26e62b728b51cf229faae", kill_on_drop: false }`
[INFO] [stdout] 8827d0bcf4b1f8eefed189d27c8f10fbcb399f3579e26e62b728b51cf229faae
[INFO] running `Command { std: "docker" "create" "-v" "/var/lib/crater-agent-workspace/builds/worker-7-tc2/target:/opt/rustwide/target:rw,Z" "-v" "/var/lib/crater-agent-workspace/builds/worker-7-tc2/source:/opt/rustwide/workdir:ro,Z" "-v" "/var/lib/crater-agent-workspace/cargo-home:/opt/rustwide/cargo-home:ro,Z" "-v" "/var/lib/crater-agent-workspace/rustup-home:/opt/rustwide/rustup-home:ro,Z" "-e" "SOURCE_DIR=/opt/rustwide/workdir" "-e" "CARGO_TARGET_DIR=/opt/rustwide/target" "-e" "CARGO_INCREMENTAL=0" "-e" "RUST_BACKTRACE=full" "-e" "RUSTFLAGS=--cap-lints=warn" "-e" "RUSTDOCFLAGS=--cap-lints=warn" "-e" "CARGO_HOME=/opt/rustwide/cargo-home" "-e" "RUSTUP_HOME=/opt/rustwide/rustup-home" "-w" "/opt/rustwide/workdir" "-m" "1610612736" "--user" "0:0" "--network" "none" "ghcr.io/rust-lang/crates-build-env/linux@sha256:2788e3201cd34a07e3172128adcd8b3090168a8e3bcc40d7c032b9dda1df7d1c" "/opt/rustwide/cargo-home/bin/cargo" "+beta-2023-12-22" "test" "--frozen" "--no-run" "--message-format=json", kill_on_drop: false }`
[INFO] [stdout] 02816263568b9e0674bab962dc253cc22ef11a43d3c2f3bf7cb567c6f8a5113d
[INFO] running `Command { std: "docker" "start" "-a" "02816263568b9e0674bab962dc253cc22ef11a43d3c2f3bf7cb567c6f8a5113d", kill_on_drop: false }`
[INFO] [stderr]    Compiling serde v1.0.194
[INFO] [stderr]    Compiling rustix v0.38.28
[INFO] [stderr]    Compiling linux-raw-sys v0.4.12
[INFO] [stderr]    Compiling bitflags v2.4.1
[INFO] [stderr]    Compiling anstyle v1.0.4
[INFO] [stderr]    Compiling ciborium-io v0.2.1
[INFO] [stderr]    Compiling clap_lex v0.6.0
[INFO] [stderr]    Compiling criterion-plot v0.5.0
[INFO] [stderr]    Compiling once_cell v1.19.0
[INFO] [stderr]    Compiling anes v0.1.6
[INFO] [stderr]    Compiling ciborium-ll v0.2.1
[INFO] [stderr]    Compiling clap_builder v4.4.12
[INFO] [stderr]    Compiling is-terminal v0.4.10
[INFO] [stderr]    Compiling clap v4.4.13
[INFO] [stderr]    Compiling serde_json v1.0.111
[INFO] [stderr]    Compiling ciborium v0.2.1
[INFO] [stderr]    Compiling nom-kconfig v0.2.0 (/opt/rustwide/workdir)
[INFO] [stderr]    Compiling tinytemplate v1.2.1
[INFO] [stderr]    Compiling criterion v0.5.1
[INFO] [stderr]     Finished test [unoptimized + debuginfo] target(s) in 8.66s
[INFO] running `Command { std: "docker" "inspect" "02816263568b9e0674bab962dc253cc22ef11a43d3c2f3bf7cb567c6f8a5113d", kill_on_drop: false }`
[INFO] running `Command { std: "docker" "rm" "-f" "02816263568b9e0674bab962dc253cc22ef11a43d3c2f3bf7cb567c6f8a5113d", kill_on_drop: false }`
[INFO] [stdout] 02816263568b9e0674bab962dc253cc22ef11a43d3c2f3bf7cb567c6f8a5113d
[INFO] running `Command { std: "docker" "create" "-v" "/var/lib/crater-agent-workspace/builds/worker-7-tc2/target:/opt/rustwide/target:rw,Z" "-v" "/var/lib/crater-agent-workspace/builds/worker-7-tc2/source:/opt/rustwide/workdir:ro,Z" "-v" "/var/lib/crater-agent-workspace/cargo-home:/opt/rustwide/cargo-home:ro,Z" "-v" "/var/lib/crater-agent-workspace/rustup-home:/opt/rustwide/rustup-home:ro,Z" "-e" "SOURCE_DIR=/opt/rustwide/workdir" "-e" "CARGO_TARGET_DIR=/opt/rustwide/target" "-e" "CARGO_INCREMENTAL=0" "-e" "RUST_BACKTRACE=full" "-e" "RUSTFLAGS=--cap-lints=warn" "-e" "RUSTDOCFLAGS=--cap-lints=warn" "-e" "CARGO_HOME=/opt/rustwide/cargo-home" "-e" "RUSTUP_HOME=/opt/rustwide/rustup-home" "-w" "/opt/rustwide/workdir" "-m" "1610612736" "--user" "0:0" "--network" "none" "ghcr.io/rust-lang/crates-build-env/linux@sha256:2788e3201cd34a07e3172128adcd8b3090168a8e3bcc40d7c032b9dda1df7d1c" "/opt/rustwide/cargo-home/bin/cargo" "+beta-2023-12-22" "test" "--frozen", kill_on_drop: false }`
[INFO] [stdout] fad3d2823512588d397fbb669c50d6aab4caf80720506e33dd12793ef160988d
[INFO] running `Command { std: "docker" "start" "-a" "fad3d2823512588d397fbb669c50d6aab4caf80720506e33dd12793ef160988d", kill_on_drop: false }`
[INFO] [stderr]     Finished test [unoptimized + debuginfo] target(s) in 0.06s
[INFO] [stderr]      Running unittests src/lib.rs (/opt/rustwide/target/debug/deps/nom_kconfig-b53bba738dfacc33)
[INFO] [stdout] 
[INFO] [stdout] running 106 tests
[INFO] [stdout] test attribute::default_test::test_default_attribute_to_string ... ok
[INFO] [stdout] test attribute::default_test::test_parse_default ... ok
[INFO] [stdout] test attribute::default_test::test_parse_default_constant_symbol_with_numbers ... ok
[INFO] [stdout] test attribute::depends_on_test::test_parse_depends_on_weird_tab ... ok
[INFO] [stdout] test attribute::default_test::test_parse_default_ambigus ... ok
[INFO] [stdout] test attribute::depends_on_test::test_parse_depends_on_backslash ... ok
[INFO] [stdout] test attribute::expression_test::test_parse_depends_on_ambigus ... ok
[INFO] [stdout] test attribute::expression_test::test_expression_to_string ... ok
[INFO] [stdout] test attribute::depends_on_test::test_parse_depends_on ... ok
[INFO] [stdout] test attribute::expression_test::test_parse_depends_on_and ... ok
[INFO] [stdout] test attribute::expression_test::test_parse_expression_number_and ... ok
[INFO] [stdout] test attribute::expression_test::test_parse_string ... ok
[INFO] [stdout] test attribute::function_test::test_parameter_to_string ... ok
[INFO] [stdout] test attribute::expression_test::test_parse_expression_function ... ok
[INFO] [stdout] test attribute::function_test::test_expression_token_to_string ... ok
[INFO] [stdout] test attribute::function_test::test_function_to_string ... ok
[INFO] [stdout] test attribute::expression_test::test_parse_expression_number ... ok
[INFO] [stdout] test attribute::function_test::test_parse_function_call_expanded_variable ... ok
[INFO] [stdout] test attribute::function_test::test_parse_function_call ... ok
[INFO] [stdout] test attribute::help_test::test_parse_help ... ok
[INFO] [stdout] test attribute::expression_test::test_parse_depends_on_optimization ... ok
[INFO] [stdout] test attribute::help_test::test_parse_help_indent ... ok
[INFO] [stdout] test attribute::help_test::test_parse_help_encoding ... ok
[INFO] [stdout] test attribute::function_test::test_parse_function_call_expression ... ok
[INFO] [stdout] test attribute::help_test::test_parse_help_no_content ... ok
[INFO] [stdout] test attribute::help_test::test_parse_help_no_indent ... ok
[INFO] [stdout] test attribute::expression_test::test_parse_term ... ok
[INFO] [stdout] test attribute::expression_test::test_parse_expression_start_like_number_but_symbol ... ok
[INFO] [stdout] test attribute::expression_test::test_parse_number_or_symbol ... ok
[INFO] [stdout] test attribute::help_test::test_parse_help_indent_2 ... ok
[INFO] [stdout] test attribute::imply_test::test_parse_imply ... ok
[INFO] [stdout] test attribute::mod_test::test_attributes_to_string ... ok
[INFO] [stdout] test attribute::imply_test::test_imply_to_string ... ok
[INFO] [stdout] test attribute::function_test::test_parse_function_call_complex_expression ... ok
[INFO] [stdout] test attribute::help_test::test_parse_help_prefixed_by_hypen ... ok
[INFO] [stdout] test attribute::function_test::test_parse_function_call_with_parameters ... ok
[INFO] [stdout] test attribute::option_test::option_to_string ... ok
[INFO] [stdout] test attribute::option_test::test_parse_option_allnoconfig_y ... ok
[INFO] [stdout] test attribute::help_test::test_parse_help_space ... ok
[INFO] [stdout] test attribute::optional_test::test_parse_optional ... ok
[INFO] [stdout] test attribute::modules_test::test_parse_modules ... ok
[INFO] [stdout] test attribute::option_test::test_parse_option_defconfig_list ... ok
[INFO] [stdout] test attribute::function_test::test_parse_function_call_recursive_function ... ok
[INFO] [stdout] test attribute::prompt_test::test_parse_prompt_1 ... ok
[INFO] [stdout] test attribute::prompt_test::test_parse_prompt_no_quote ... ok
[INFO] [stdout] test attribute::prompt_test::test_prompt_to_string ... ok
[INFO] [stdout] test attribute::function_test::test_parse_function_call_special_backtick ... ok
[INFO] [stdout] test attribute::option_test::test_parse_option_modules ... ok
[INFO] [stdout] test attribute::select_test::test_parse_enable ... ok
[INFO] [stdout] test attribute::option_test::test_parse_option_env ... ok
[INFO] [stdout] test attribute::prompt_test::test_parse_prompt ... ok
[INFO] [stdout] test attribute::function_test::test_parse_function_call_special_chars ... ok
[INFO] [stdout] test attribute::range_test::test_parse_range_to_string ... ok
[INFO] [stdout] test attribute::select_test::test_parse_select ... ok
[INFO] [stdout] test attribute::select_test::test_select_to_string ... ok
[INFO] [stdout] test attribute::type_test::test_config_type_tostring ... ok
[INFO] [stdout] test attribute::range_test::test_parse_range ... ok
[INFO] [stdout] test attribute::type_test::test_parse_type ... ok
[INFO] [stdout] test attribute::type_test::test_parse_def_tristate ... ok
[INFO] [stdout] test attribute::type_test::test_parse_def_bool ... ok
[INFO] [stdout] test attribute::requires_test::test_parse_requires ... ok
[INFO] [stdout] test attribute::type_test::test_parse_type_backslash ... ok
[INFO] [stdout] test attribute::mod_test::test_parse_attributes ... ok
[INFO] [stdout] test attribute::mod_test::test_parse_attribute ... ok
[INFO] [stdout] test attribute::type_test::test_parse_type_bool ... ok
[INFO] [stdout] test attribute::type_test::test_parse_def_bool_function ... ok
[INFO] [stdout] test attribute::type_test::test_type_to_string ... ok
[INFO] [stdout] test attribute::type_test::test_type_with_prompt ... ok
[INFO] [stdout] test entry::comment_test::test_parse_comment ... ok
[INFO] [stdout] test attribute::visible_test::test_parse_type ... ok
[INFO] [stdout] test attribute::type_test::test_parse_type_with_weird_prompt ... ok
[INFO] [stdout] test entry::config_test::test_parse_config_tristate ... ok
[INFO] [stdout] test entry::config_test::test_parse_config ... ok
[INFO] [stdout] test entry::function_test::test_parse_function ... ok
[INFO] [stdout] test attribute::type_test::test_parse_type_if ... ok
[INFO] [stdout] test entry::choice_test::test_parse_choice_optional ... ok
[INFO] [stdout] test entry::main_menu_test::test_parse_main_menu ... ok
[INFO] [stdout] test entry::comment_test::test_parse_comment_with_dependencies ... ok
[INFO] [stdout] test entry::menu_test::test_parse_menu ... ok
[INFO] [stdout] test entry::menu_test::test_parse_menu_forbidden_attribute ... ok
[INFO] [stdout] test entry::config_test::test_parse_config_no_type ... ok
[INFO] [stdout] test entry::variable_test::test_parse_variable_if_success ... ok
[INFO] [stdout] test entry::variable_test::test_parse_variable_space ... ok
[INFO] [stdout] test entry::config_test::test_parse_config_def_bool_multiline_expression ... ok
[INFO] [stdout] test entry::variable_test::test_parse_variable ... ok
[INFO] [stdout] test entry::menuconfig_test::test_parse_menuconfig ... ok
[INFO] [stdout] test entry::menu_test::test_parse_menu_visible ... ok
[INFO] [stdout] test entry::mod_test::test_parse_entries ... ok
[INFO] [stdout] test entry::if_test::test_parse_if_entry_with_config ... ok
[INFO] [stdout] test entry::variable_test::test_parse_variable_comma ... ok
[INFO] [stdout] test entry::variable_test::test_parse_variable_variables_lefthand_side ... ok
[INFO] [stdout] test symbol_test::test_parse_symbol ... ok
[INFO] [stdout] test util_test::test_ws ... ok
[INFO] [stdout] test symbol_test::test_symbol_to_string ... ok
[INFO] [stdout] test util_test::test_wsi_backslash ... ok
[INFO] [stdout] test entry::choice_test::test_parse_choice_with_comment ... ok
[INFO] [stdout] test kconfig_test::test_parse_kconfig ... ok
[INFO] [stdout] test lib_test::test_parse_config_without_attribute ... ok
[INFO] [stdout] test lib_test::test_parse_type ... ok
[INFO] [stdout] test kconfig_test::test_parse_kconfig_choice ... ok
[INFO] [stdout] test lib_test::test_parse_config_string_with_double_quotes ... ok
[INFO] [stdout] test entry::source_test::test_parse_source_fail_file_not_exist ... ok
[INFO] [stdout] test entry::if_test::test_parse_if_entry ... ok
[INFO] [stdout] test entry::source_test::test_parse_source_fail_to_parse ... ok
[INFO] [stdout] test entry::source_test::test_parse_source ... ok
[INFO] [stdout] test entry::source_test::test_parse_source_no_quote ... ok
[INFO] [stdout] 
[INFO] [stdout] test result: ok. 106 passed; 0 failed; 0 ignored; 0 measured; 0 filtered out; finished in 0.02s
[INFO] [stdout] 
[INFO] [stderr]      Running tests/kconfig.rs (/opt/rustwide/target/debug/deps/kconfig-7bdbbac4daebbac4)
[INFO] [stdout] 
[INFO] [stdout] running 1 test
[INFO] [stdout] test test_parse ... ok
[INFO] [stdout] 
[INFO] [stdout] test result: ok. 1 passed; 0 failed; 0 ignored; 0 measured; 0 filtered out; finished in 0.00s
[INFO] [stdout] 
[INFO] [stderr]    Doc-tests nom-kconfig
[INFO] [stdout] 
[INFO] [stdout] running 18 tests
[INFO] [stdout] test src/lib.rs - (line 5) - compile ... ok
[INFO] [stdout] test src/attribute/prompt.rs - attribute::prompt::parse_prompt_value (line 57) ... FAILED
[INFO] [stdout] test src/attribute/optional.rs - attribute::optional::parse_optional (line 8) ... FAILED
[INFO] [stdout] test src/kconfig.rs - kconfig::parse_kconfig (line 31) ... FAILED
[INFO] [stdout] test src/entry/if.rs - entry::r#if::parse_if (line 33) ... FAILED
[INFO] [stdout] test src/attribute/help.rs - attribute::help::parse_help (line 38) ... ok
[INFO] [stdout] test src/util.rs - util::ws_comment (line 19) ... ok
[INFO] [stdout] test src/attribute/select.rs - attribute::select::parse_select (line 39) ... ok
[INFO] [stdout] test src/util.rs - util::wsi (line 103) ... ok
[INFO] [stdout] test src/util.rs - util::ws (line 57) ... ok
[INFO] [stdout] test src/attribute/modules.rs - attribute::modules::parse_modules (line 9) ... ok
[INFO] [stdout] test src/attribute/visible.rs - attribute::visible::parse_visible (line 10) ... ok
[INFO] [stdout] test src/attribute/requires.rs - attribute::requires::parse_requires (line 11) ... ok
[INFO] [stdout] test src/attribute/imply.rs - attribute::imply::parse_imply (line 44) ... ok
[INFO] [stdout] test src/attribute/range.rs - attribute::range::parse_range (line 62) ... ok
[INFO] [stdout] test src/util.rs - util::parse_until_eol (line 86) ... ok
[INFO] [stdout] test src/attribute/depends_on.rs - attribute::depends_on::parse_depends_on (line 18) ... ok
[INFO] [stdout] test src/attribute/default.rs - attribute::default::parse_default (line 46) ... ok
[INFO] [stdout] 
[INFO] [stdout] failures:
[INFO] [stdout] 
[INFO] [stdout] ---- src/attribute/prompt.rs - attribute::prompt::parse_prompt_value (line 57) stdout ----
[INFO] [stdout] error: linking with `cc` failed: exit status: 1
[INFO] [stdout]   |
[INFO] [stdout]   = note: LC_ALL="C" PATH="/opt/rustwide/rustup-home/toolchains/beta-2023-12-22-x86_64-unknown-linux-gnu/lib/rustlib/x86_64-unknown-linux-gnu/bin:/opt/rustwide/cargo-home/bin:/usr/local/sbin:/usr/local/bin:/usr/sbin:/usr/bin:/sbin:/bin" VSLANG="1033" "cc" "-m64" "/tmp/rustcxCZ59W/symbols.o" "/tmp/rustdoctestDcoggk/rust_out.rust_out.1380c8ea7c88b8e2-cgu.0.rcgu.o" "/tmp/rustdoctestDcoggk/rust_out.3lr6z6385pynyhem.rcgu.o" "-Wl,--as-needed" "-L" "/opt/rustwide/target/debug/deps" "-L" "/opt/rustwide/target/debug/deps" "-L" "/opt/rustwide/rustup-home/toolchains/beta-2023-12-22-x86_64-unknown-linux-gnu/lib/rustlib/x86_64-unknown-linux-gnu/lib" "-Wl,-Bstatic" "/opt/rustwide/target/debug/deps/libnom_kconfig-70ee7dec38c0588d.rlib" "/opt/rustwide/target/debug/deps/libregex-18d424605da7ed37.rlib" "/opt/rustwide/target/debug/deps/libregex_automata-959e8851dc8a7c7c.rlib" "/opt/rustwide/target/debug/deps/libaho_corasick-b0ab089b27238969.rlib" "/opt/rustwide/target/debug/deps/libregex_syntax-2fba322c2516c6a3.rlib" "/opt/rustwide/target/debug/deps/libserde-abc4e3a9d6b3573d.rlib" "/opt/rustwide/target/debug/deps/libnom_locate-1191ae490a79ca3e.rlib" "/opt/rustwide/target/debug/deps/libnom-fe1f230ef7585166.rlib" "/opt/rustwide/target/debug/deps/libmemchr-7d8051065d0bb56b.rlib" "/opt/rustwide/target/debug/deps/libbytecount-017c90dd7265a0e4.rlib" "/opt/rustwide/rustup-home/toolchains/beta-2023-12-22-x86_64-unknown-linux-gnu/lib/rustlib/x86_64-unknown-linux-gnu/lib/libstd-0672489a78b613de.rlib" "/opt/rustwide/rustup-home/toolchains/beta-2023-12-22-x86_64-unknown-linux-gnu/lib/rustlib/x86_64-unknown-linux-gnu/lib/libpanic_unwind-7eb3ffc34a49f675.rlib" "/opt/rustwide/rustup-home/toolchains/beta-2023-12-22-x86_64-unknown-linux-gnu/lib/rustlib/x86_64-unknown-linux-gnu/lib/libobject-6478a9daa4bee8e2.rlib" "/opt/rustwide/rustup-home/toolchains/beta-2023-12-22-x86_64-unknown-linux-gnu/lib/rustlib/x86_64-unknown-linux-gnu/lib/libmemchr-0c75d871a5c3923d.rlib" "/opt/rustwide/rustup-home/toolchains/beta-2023-12-22-x86_64-unknown-linux-gnu/lib/rustlib/x86_64-unknown-linux-gnu/lib/libaddr2line-d163ef63ad37bb71.rlib" "/opt/rustwide/rustup-home/toolchains/beta-2023-12-22-x86_64-unknown-linux-gnu/lib/rustlib/x86_64-unknown-linux-gnu/lib/libgimli-8a3fd810a85b9f4c.rlib" "/opt/rustwide/rustup-home/toolchains/beta-2023-12-22-x86_64-unknown-linux-gnu/lib/rustlib/x86_64-unknown-linux-gnu/lib/librustc_demangle-462a2cde8c5dfc10.rlib" "/opt/rustwide/rustup-home/toolchains/beta-2023-12-22-x86_64-unknown-linux-gnu/lib/rustlib/x86_64-unknown-linux-gnu/lib/libstd_detect-cb06ac9f54713f71.rlib" "/opt/rustwide/rustup-home/toolchains/beta-2023-12-22-x86_64-unknown-linux-gnu/lib/rustlib/x86_64-unknown-linux-gnu/lib/libhashbrown-f20bfd1f8e59b393.rlib" "/opt/rustwide/rustup-home/toolchains/beta-2023-12-22-x86_64-unknown-linux-gnu/lib/rustlib/x86_64-unknown-linux-gnu/lib/librustc_std_workspace_alloc-1ef460949b49da4b.rlib" "/opt/rustwide/rustup-home/toolchains/beta-2023-12-22-x86_64-unknown-linux-gnu/lib/rustlib/x86_64-unknown-linux-gnu/lib/libminiz_oxide-2cb0c0ffe4f87514.rlib" "/opt/rustwide/rustup-home/toolchains/beta-2023-12-22-x86_64-unknown-linux-gnu/lib/rustlib/x86_64-unknown-linux-gnu/lib/libadler-58d841eb322a11a2.rlib" "/opt/rustwide/rustup-home/toolchains/beta-2023-12-22-x86_64-unknown-linux-gnu/lib/rustlib/x86_64-unknown-linux-gnu/lib/libunwind-aa2ae0b0a9d11533.rlib" "/opt/rustwide/rustup-home/toolchains/beta-2023-12-22-x86_64-unknown-linux-gnu/lib/rustlib/x86_64-unknown-linux-gnu/lib/libcfg_if-23874e15830ed336.rlib" "/opt/rustwide/rustup-home/toolchains/beta-2023-12-22-x86_64-unknown-linux-gnu/lib/rustlib/x86_64-unknown-linux-gnu/lib/liblibc-e47cddc003bce885.rlib" "/opt/rustwide/rustup-home/toolchains/beta-2023-12-22-x86_64-unknown-linux-gnu/lib/rustlib/x86_64-unknown-linux-gnu/lib/liballoc-c22b13b48a8f128e.rlib" "/opt/rustwide/rustup-home/toolchains/beta-2023-12-22-x86_64-unknown-linux-gnu/lib/rustlib/x86_64-unknown-linux-gnu/lib/librustc_std_workspace_core-e46bc3da6d7c462f.rlib" "/opt/rustwide/rustup-home/toolchains/beta-2023-12-22-x86_64-unknown-linux-gnu/lib/rustlib/x86_64-unknown-linux-gnu/lib/libcore-8d1ac131d3cb2645.rlib" "/opt/rustwide/rustup-home/toolchains/beta-2023-12-22-x86_64-unknown-linux-gnu/lib/rustlib/x86_64-unknown-linux-gnu/lib/libcompiler_builtins-a1b43df8c6899c1f.rlib" "-Wl,-Bdynamic" "-lgcc_s" "-lutil" "-lrt" "-lpthread" "-lm" "-ldl" "-lc" "-Wl,--eh-frame-hdr" "-Wl,-z,noexecstack" "-L" "/opt/rustwide/rustup-home/toolchains/beta-2023-12-22-x86_64-unknown-linux-gnu/lib/rustlib/x86_64-unknown-linux-gnu/lib" "-o" "/tmp/rustdoctestDcoggk/rust_out" "-Wl,--gc-sections" "-pie" "-Wl,-z,relro,-z,now" "-nodefaultlibs"
[INFO] [stdout]   = note: collect2: fatal error: ld terminated with signal 9 [Killed]
[INFO] [stdout]           compilation terminated.
[INFO] [stdout]           
[INFO] [stdout] 
[INFO] [stdout] error: aborting due to 1 previous error
[INFO] [stdout] 
[INFO] [stdout] Couldn't compile the test.
[INFO] [stdout] ---- src/attribute/optional.rs - attribute::optional::parse_optional (line 8) stdout ----
[INFO] [stdout] error: linking with `cc` failed: exit status: 1
[INFO] [stdout]   |
[INFO] [stdout]   = note: LC_ALL="C" PATH="/opt/rustwide/rustup-home/toolchains/beta-2023-12-22-x86_64-unknown-linux-gnu/lib/rustlib/x86_64-unknown-linux-gnu/bin:/opt/rustwide/cargo-home/bin:/usr/local/sbin:/usr/local/bin:/usr/sbin:/usr/bin:/sbin:/bin" VSLANG="1033" "cc" "-m64" "/tmp/rustchfDOGY/symbols.o" "/tmp/rustdoctestmx5LCv/rust_out.rust_out.1380c8ea7c88b8e2-cgu.0.rcgu.o" "/tmp/rustdoctestmx5LCv/rust_out.3lr6z6385pynyhem.rcgu.o" "-Wl,--as-needed" "-L" "/opt/rustwide/target/debug/deps" "-L" "/opt/rustwide/target/debug/deps" "-L" "/opt/rustwide/rustup-home/toolchains/beta-2023-12-22-x86_64-unknown-linux-gnu/lib/rustlib/x86_64-unknown-linux-gnu/lib" "-Wl,-Bstatic" "/opt/rustwide/target/debug/deps/libnom_kconfig-70ee7dec38c0588d.rlib" "/opt/rustwide/target/debug/deps/libregex-18d424605da7ed37.rlib" "/opt/rustwide/target/debug/deps/libregex_automata-959e8851dc8a7c7c.rlib" "/opt/rustwide/target/debug/deps/libaho_corasick-b0ab089b27238969.rlib" "/opt/rustwide/target/debug/deps/libregex_syntax-2fba322c2516c6a3.rlib" "/opt/rustwide/target/debug/deps/libserde-abc4e3a9d6b3573d.rlib" "/opt/rustwide/target/debug/deps/libnom_locate-1191ae490a79ca3e.rlib" "/opt/rustwide/target/debug/deps/libnom-fe1f230ef7585166.rlib" "/opt/rustwide/target/debug/deps/libmemchr-7d8051065d0bb56b.rlib" "/opt/rustwide/target/debug/deps/libbytecount-017c90dd7265a0e4.rlib" "/opt/rustwide/rustup-home/toolchains/beta-2023-12-22-x86_64-unknown-linux-gnu/lib/rustlib/x86_64-unknown-linux-gnu/lib/libstd-0672489a78b613de.rlib" "/opt/rustwide/rustup-home/toolchains/beta-2023-12-22-x86_64-unknown-linux-gnu/lib/rustlib/x86_64-unknown-linux-gnu/lib/libpanic_unwind-7eb3ffc34a49f675.rlib" "/opt/rustwide/rustup-home/toolchains/beta-2023-12-22-x86_64-unknown-linux-gnu/lib/rustlib/x86_64-unknown-linux-gnu/lib/libobject-6478a9daa4bee8e2.rlib" "/opt/rustwide/rustup-home/toolchains/beta-2023-12-22-x86_64-unknown-linux-gnu/lib/rustlib/x86_64-unknown-linux-gnu/lib/libmemchr-0c75d871a5c3923d.rlib" "/opt/rustwide/rustup-home/toolchains/beta-2023-12-22-x86_64-unknown-linux-gnu/lib/rustlib/x86_64-unknown-linux-gnu/lib/libaddr2line-d163ef63ad37bb71.rlib" "/opt/rustwide/rustup-home/toolchains/beta-2023-12-22-x86_64-unknown-linux-gnu/lib/rustlib/x86_64-unknown-linux-gnu/lib/libgimli-8a3fd810a85b9f4c.rlib" "/opt/rustwide/rustup-home/toolchains/beta-2023-12-22-x86_64-unknown-linux-gnu/lib/rustlib/x86_64-unknown-linux-gnu/lib/librustc_demangle-462a2cde8c5dfc10.rlib" "/opt/rustwide/rustup-home/toolchains/beta-2023-12-22-x86_64-unknown-linux-gnu/lib/rustlib/x86_64-unknown-linux-gnu/lib/libstd_detect-cb06ac9f54713f71.rlib" "/opt/rustwide/rustup-home/toolchains/beta-2023-12-22-x86_64-unknown-linux-gnu/lib/rustlib/x86_64-unknown-linux-gnu/lib/libhashbrown-f20bfd1f8e59b393.rlib" "/opt/rustwide/rustup-home/toolchains/beta-2023-12-22-x86_64-unknown-linux-gnu/lib/rustlib/x86_64-unknown-linux-gnu/lib/librustc_std_workspace_alloc-1ef460949b49da4b.rlib" "/opt/rustwide/rustup-home/toolchains/beta-2023-12-22-x86_64-unknown-linux-gnu/lib/rustlib/x86_64-unknown-linux-gnu/lib/libminiz_oxide-2cb0c0ffe4f87514.rlib" "/opt/rustwide/rustup-home/toolchains/beta-2023-12-22-x86_64-unknown-linux-gnu/lib/rustlib/x86_64-unknown-linux-gnu/lib/libadler-58d841eb322a11a2.rlib" "/opt/rustwide/rustup-home/toolchains/beta-2023-12-22-x86_64-unknown-linux-gnu/lib/rustlib/x86_64-unknown-linux-gnu/lib/libunwind-aa2ae0b0a9d11533.rlib" "/opt/rustwide/rustup-home/toolchains/beta-2023-12-22-x86_64-unknown-linux-gnu/lib/rustlib/x86_64-unknown-linux-gnu/lib/libcfg_if-23874e15830ed336.rlib" "/opt/rustwide/rustup-home/toolchains/beta-2023-12-22-x86_64-unknown-linux-gnu/lib/rustlib/x86_64-unknown-linux-gnu/lib/liblibc-e47cddc003bce885.rlib" "/opt/rustwide/rustup-home/toolchains/beta-2023-12-22-x86_64-unknown-linux-gnu/lib/rustlib/x86_64-unknown-linux-gnu/lib/liballoc-c22b13b48a8f128e.rlib" "/opt/rustwide/rustup-home/toolchains/beta-2023-12-22-x86_64-unknown-linux-gnu/lib/rustlib/x86_64-unknown-linux-gnu/lib/librustc_std_workspace_core-e46bc3da6d7c462f.rlib" "/opt/rustwide/rustup-home/toolchains/beta-2023-12-22-x86_64-unknown-linux-gnu/lib/rustlib/x86_64-unknown-linux-gnu/lib/libcore-8d1ac131d3cb2645.rlib" "/opt/rustwide/rustup-home/toolchains/beta-2023-12-22-x86_64-unknown-linux-gnu/lib/rustlib/x86_64-unknown-linux-gnu/lib/libcompiler_builtins-a1b43df8c6899c1f.rlib" "-Wl,-Bdynamic" "-lgcc_s" "-lutil" "-lrt" "-lpthread" "-lm" "-ldl" "-lc" "-Wl,--eh-frame-hdr" "-Wl,-z,noexecstack" "-L" "/opt/rustwide/rustup-home/toolchains/beta-2023-12-22-x86_64-unknown-linux-gnu/lib/rustlib/x86_64-unknown-linux-gnu/lib" "-o" "/tmp/rustdoctestmx5LCv/rust_out" "-Wl,--gc-sections" "-pie" "-Wl,-z,relro,-z,now" "-nodefaultlibs"
[INFO] [stdout]   = note: collect2: fatal error: ld terminated with signal 9 [Killed]
[INFO] [stdout]           compilation terminated.
[INFO] [stdout]           
[INFO] [stdout] 
[INFO] [stdout] error: aborting due to 1 previous error
[INFO] [stdout] 
[INFO] [stdout] Couldn't compile the test.
[INFO] [stdout] ---- src/kconfig.rs - kconfig::parse_kconfig (line 31) stdout ----
[INFO] [stdout] error: linking with `cc` failed: exit status: 1
[INFO] [stdout]   |
[INFO] [stdout]   = note: LC_ALL="C" PATH="/opt/rustwide/rustup-home/toolchains/beta-2023-12-22-x86_64-unknown-linux-gnu/lib/rustlib/x86_64-unknown-linux-gnu/bin:/opt/rustwide/cargo-home/bin:/usr/local/sbin:/usr/local/bin:/usr/sbin:/usr/bin:/sbin:/bin" VSLANG="1033" "cc" "-m64" "/tmp/rustcoUkXhL/symbols.o" "/tmp/rustdoctestV5n5G0/rust_out.rust_out.1380c8ea7c88b8e2-cgu.0.rcgu.o" "/tmp/rustdoctestV5n5G0/rust_out.3lr6z6385pynyhem.rcgu.o" "-Wl,--as-needed" "-L" "/opt/rustwide/target/debug/deps" "-L" "/opt/rustwide/target/debug/deps" "-L" "/opt/rustwide/rustup-home/toolchains/beta-2023-12-22-x86_64-unknown-linux-gnu/lib/rustlib/x86_64-unknown-linux-gnu/lib" "-Wl,-Bstatic" "/opt/rustwide/target/debug/deps/libnom_kconfig-70ee7dec38c0588d.rlib" "/opt/rustwide/target/debug/deps/libregex-18d424605da7ed37.rlib" "/opt/rustwide/target/debug/deps/libregex_automata-959e8851dc8a7c7c.rlib" "/opt/rustwide/target/debug/deps/libaho_corasick-b0ab089b27238969.rlib" "/opt/rustwide/target/debug/deps/libregex_syntax-2fba322c2516c6a3.rlib" "/opt/rustwide/target/debug/deps/libserde-abc4e3a9d6b3573d.rlib" "/opt/rustwide/target/debug/deps/libnom_locate-1191ae490a79ca3e.rlib" "/opt/rustwide/target/debug/deps/libnom-fe1f230ef7585166.rlib" "/opt/rustwide/target/debug/deps/libmemchr-7d8051065d0bb56b.rlib" "/opt/rustwide/target/debug/deps/libbytecount-017c90dd7265a0e4.rlib" "/opt/rustwide/rustup-home/toolchains/beta-2023-12-22-x86_64-unknown-linux-gnu/lib/rustlib/x86_64-unknown-linux-gnu/lib/libstd-0672489a78b613de.rlib" "/opt/rustwide/rustup-home/toolchains/beta-2023-12-22-x86_64-unknown-linux-gnu/lib/rustlib/x86_64-unknown-linux-gnu/lib/libpanic_unwind-7eb3ffc34a49f675.rlib" "/opt/rustwide/rustup-home/toolchains/beta-2023-12-22-x86_64-unknown-linux-gnu/lib/rustlib/x86_64-unknown-linux-gnu/lib/libobject-6478a9daa4bee8e2.rlib" "/opt/rustwide/rustup-home/toolchains/beta-2023-12-22-x86_64-unknown-linux-gnu/lib/rustlib/x86_64-unknown-linux-gnu/lib/libmemchr-0c75d871a5c3923d.rlib" "/opt/rustwide/rustup-home/toolchains/beta-2023-12-22-x86_64-unknown-linux-gnu/lib/rustlib/x86_64-unknown-linux-gnu/lib/libaddr2line-d163ef63ad37bb71.rlib" "/opt/rustwide/rustup-home/toolchains/beta-2023-12-22-x86_64-unknown-linux-gnu/lib/rustlib/x86_64-unknown-linux-gnu/lib/libgimli-8a3fd810a85b9f4c.rlib" "/opt/rustwide/rustup-home/toolchains/beta-2023-12-22-x86_64-unknown-linux-gnu/lib/rustlib/x86_64-unknown-linux-gnu/lib/librustc_demangle-462a2cde8c5dfc10.rlib" "/opt/rustwide/rustup-home/toolchains/beta-2023-12-22-x86_64-unknown-linux-gnu/lib/rustlib/x86_64-unknown-linux-gnu/lib/libstd_detect-cb06ac9f54713f71.rlib" "/opt/rustwide/rustup-home/toolchains/beta-2023-12-22-x86_64-unknown-linux-gnu/lib/rustlib/x86_64-unknown-linux-gnu/lib/libhashbrown-f20bfd1f8e59b393.rlib" "/opt/rustwide/rustup-home/toolchains/beta-2023-12-22-x86_64-unknown-linux-gnu/lib/rustlib/x86_64-unknown-linux-gnu/lib/librustc_std_workspace_alloc-1ef460949b49da4b.rlib" "/opt/rustwide/rustup-home/toolchains/beta-2023-12-22-x86_64-unknown-linux-gnu/lib/rustlib/x86_64-unknown-linux-gnu/lib/libminiz_oxide-2cb0c0ffe4f87514.rlib" "/opt/rustwide/rustup-home/toolchains/beta-2023-12-22-x86_64-unknown-linux-gnu/lib/rustlib/x86_64-unknown-linux-gnu/lib/libadler-58d841eb322a11a2.rlib" "/opt/rustwide/rustup-home/toolchains/beta-2023-12-22-x86_64-unknown-linux-gnu/lib/rustlib/x86_64-unknown-linux-gnu/lib/libunwind-aa2ae0b0a9d11533.rlib" "/opt/rustwide/rustup-home/toolchains/beta-2023-12-22-x86_64-unknown-linux-gnu/lib/rustlib/x86_64-unknown-linux-gnu/lib/libcfg_if-23874e15830ed336.rlib" "/opt/rustwide/rustup-home/toolchains/beta-2023-12-22-x86_64-unknown-linux-gnu/lib/rustlib/x86_64-unknown-linux-gnu/lib/liblibc-e47cddc003bce885.rlib" "/opt/rustwide/rustup-home/toolchains/beta-2023-12-22-x86_64-unknown-linux-gnu/lib/rustlib/x86_64-unknown-linux-gnu/lib/liballoc-c22b13b48a8f128e.rlib" "/opt/rustwide/rustup-home/toolchains/beta-2023-12-22-x86_64-unknown-linux-gnu/lib/rustlib/x86_64-unknown-linux-gnu/lib/librustc_std_workspace_core-e46bc3da6d7c462f.rlib" "/opt/rustwide/rustup-home/toolchains/beta-2023-12-22-x86_64-unknown-linux-gnu/lib/rustlib/x86_64-unknown-linux-gnu/lib/libcore-8d1ac131d3cb2645.rlib" "/opt/rustwide/rustup-home/toolchains/beta-2023-12-22-x86_64-unknown-linux-gnu/lib/rustlib/x86_64-unknown-linux-gnu/lib/libcompiler_builtins-a1b43df8c6899c1f.rlib" "-Wl,-Bdynamic" "-lgcc_s" "-lutil" "-lrt" "-lpthread" "-lm" "-ldl" "-lc" "-Wl,--eh-frame-hdr" "-Wl,-z,noexecstack" "-L" "/opt/rustwide/rustup-home/toolchains/beta-2023-12-22-x86_64-unknown-linux-gnu/lib/rustlib/x86_64-unknown-linux-gnu/lib" "-o" "/tmp/rustdoctestV5n5G0/rust_out" "-Wl,--gc-sections" "-pie" "-Wl,-z,relro,-z,now" "-nodefaultlibs"
[INFO] [stdout]   = note: collect2: fatal error: ld terminated with signal 9 [Killed]
[INFO] [stdout]           compilation terminated.
[INFO] [stdout]           
[INFO] [stdout] 
[INFO] [stdout] error: aborting due to 1 previous error
[INFO] [stdout] 
[INFO] [stdout] Couldn't compile the test.
[INFO] [stdout] ---- src/entry/if.rs - entry::r#if::parse_if (line 33) stdout ----
[INFO] [stdout] error: linking with `cc` failed: exit status: 1
[INFO] [stdout]   |
[INFO] [stdout]   = note: LC_ALL="C" PATH="/opt/rustwide/rustup-home/toolchains/beta-2023-12-22-x86_64-unknown-linux-gnu/lib/rustlib/x86_64-unknown-linux-gnu/bin:/opt/rustwide/cargo-home/bin:/usr/local/sbin:/usr/local/bin:/usr/sbin:/usr/bin:/sbin:/bin" VSLANG="1033" "cc" "-m64" "/tmp/rustc2ezd3N/symbols.o" "/tmp/rustdoctesteyhlLR/rust_out.rust_out.1380c8ea7c88b8e2-cgu.0.rcgu.o" "/tmp/rustdoctesteyhlLR/rust_out.3lr6z6385pynyhem.rcgu.o" "-Wl,--as-needed" "-L" "/opt/rustwide/target/debug/deps" "-L" "/opt/rustwide/target/debug/deps" "-L" "/opt/rustwide/rustup-home/toolchains/beta-2023-12-22-x86_64-unknown-linux-gnu/lib/rustlib/x86_64-unknown-linux-gnu/lib" "-Wl,-Bstatic" "/opt/rustwide/target/debug/deps/libnom_kconfig-70ee7dec38c0588d.rlib" "/opt/rustwide/target/debug/deps/libregex-18d424605da7ed37.rlib" "/opt/rustwide/target/debug/deps/libregex_automata-959e8851dc8a7c7c.rlib" "/opt/rustwide/target/debug/deps/libaho_corasick-b0ab089b27238969.rlib" "/opt/rustwide/target/debug/deps/libregex_syntax-2fba322c2516c6a3.rlib" "/opt/rustwide/target/debug/deps/libserde-abc4e3a9d6b3573d.rlib" "/opt/rustwide/target/debug/deps/libnom_locate-1191ae490a79ca3e.rlib" "/opt/rustwide/target/debug/deps/libnom-fe1f230ef7585166.rlib" "/opt/rustwide/target/debug/deps/libmemchr-7d8051065d0bb56b.rlib" "/opt/rustwide/target/debug/deps/libbytecount-017c90dd7265a0e4.rlib" "/opt/rustwide/rustup-home/toolchains/beta-2023-12-22-x86_64-unknown-linux-gnu/lib/rustlib/x86_64-unknown-linux-gnu/lib/libstd-0672489a78b613de.rlib" "/opt/rustwide/rustup-home/toolchains/beta-2023-12-22-x86_64-unknown-linux-gnu/lib/rustlib/x86_64-unknown-linux-gnu/lib/libpanic_unwind-7eb3ffc34a49f675.rlib" "/opt/rustwide/rustup-home/toolchains/beta-2023-12-22-x86_64-unknown-linux-gnu/lib/rustlib/x86_64-unknown-linux-gnu/lib/libobject-6478a9daa4bee8e2.rlib" "/opt/rustwide/rustup-home/toolchains/beta-2023-12-22-x86_64-unknown-linux-gnu/lib/rustlib/x86_64-unknown-linux-gnu/lib/libmemchr-0c75d871a5c3923d.rlib" "/opt/rustwide/rustup-home/toolchains/beta-2023-12-22-x86_64-unknown-linux-gnu/lib/rustlib/x86_64-unknown-linux-gnu/lib/libaddr2line-d163ef63ad37bb71.rlib" "/opt/rustwide/rustup-home/toolchains/beta-2023-12-22-x86_64-unknown-linux-gnu/lib/rustlib/x86_64-unknown-linux-gnu/lib/libgimli-8a3fd810a85b9f4c.rlib" "/opt/rustwide/rustup-home/toolchains/beta-2023-12-22-x86_64-unknown-linux-gnu/lib/rustlib/x86_64-unknown-linux-gnu/lib/librustc_demangle-462a2cde8c5dfc10.rlib" "/opt/rustwide/rustup-home/toolchains/beta-2023-12-22-x86_64-unknown-linux-gnu/lib/rustlib/x86_64-unknown-linux-gnu/lib/libstd_detect-cb06ac9f54713f71.rlib" "/opt/rustwide/rustup-home/toolchains/beta-2023-12-22-x86_64-unknown-linux-gnu/lib/rustlib/x86_64-unknown-linux-gnu/lib/libhashbrown-f20bfd1f8e59b393.rlib" "/opt/rustwide/rustup-home/toolchains/beta-2023-12-22-x86_64-unknown-linux-gnu/lib/rustlib/x86_64-unknown-linux-gnu/lib/librustc_std_workspace_alloc-1ef460949b49da4b.rlib" "/opt/rustwide/rustup-home/toolchains/beta-2023-12-22-x86_64-unknown-linux-gnu/lib/rustlib/x86_64-unknown-linux-gnu/lib/libminiz_oxide-2cb0c0ffe4f87514.rlib" "/opt/rustwide/rustup-home/toolchains/beta-2023-12-22-x86_64-unknown-linux-gnu/lib/rustlib/x86_64-unknown-linux-gnu/lib/libadler-58d841eb322a11a2.rlib" "/opt/rustwide/rustup-home/toolchains/beta-2023-12-22-x86_64-unknown-linux-gnu/lib/rustlib/x86_64-unknown-linux-gnu/lib/libunwind-aa2ae0b0a9d11533.rlib" "/opt/rustwide/rustup-home/toolchains/beta-2023-12-22-x86_64-unknown-linux-gnu/lib/rustlib/x86_64-unknown-linux-gnu/lib/libcfg_if-23874e15830ed336.rlib" "/opt/rustwide/rustup-home/toolchains/beta-2023-12-22-x86_64-unknown-linux-gnu/lib/rustlib/x86_64-unknown-linux-gnu/lib/liblibc-e47cddc003bce885.rlib" "/opt/rustwide/rustup-home/toolchains/beta-2023-12-22-x86_64-unknown-linux-gnu/lib/rustlib/x86_64-unknown-linux-gnu/lib/liballoc-c22b13b48a8f128e.rlib" "/opt/rustwide/rustup-home/toolchains/beta-2023-12-22-x86_64-unknown-linux-gnu/lib/rustlib/x86_64-unknown-linux-gnu/lib/librustc_std_workspace_core-e46bc3da6d7c462f.rlib" "/opt/rustwide/rustup-home/toolchains/beta-2023-12-22-x86_64-unknown-linux-gnu/lib/rustlib/x86_64-unknown-linux-gnu/lib/libcore-8d1ac131d3cb2645.rlib" "/opt/rustwide/rustup-home/toolchains/beta-2023-12-22-x86_64-unknown-linux-gnu/lib/rustlib/x86_64-unknown-linux-gnu/lib/libcompiler_builtins-a1b43df8c6899c1f.rlib" "-Wl,-Bdynamic" "-lgcc_s" "-lutil" "-lrt" "-lpthread" "-lm" "-ldl" "-lc" "-Wl,--eh-frame-hdr" "-Wl,-z,noexecstack" "-L" "/opt/rustwide/rustup-home/toolchains/beta-2023-12-22-x86_64-unknown-linux-gnu/lib/rustlib/x86_64-unknown-linux-gnu/lib" "-o" "/tmp/rustdoctesteyhlLR/rust_out" "-Wl,--gc-sections" "-pie" "-Wl,-z,relro,-z,now" "-nodefaultlibs"
[INFO] [stdout]   = note: collect2: fatal error: ld terminated with signal 9 [Killed]
[INFO] [stdout]           compilation terminated.
[INFO] [stdout]           
[INFO] [stdout] 
[INFO] [stdout] error: aborting due to 1 previous error
[INFO] [stdout] 
[INFO] [stdout] Couldn't compile the test.
[INFO] [stdout] 
[INFO] [stdout] failures:
[INFO] [stdout]     src/attribute/optional.rs - attribute::optional::parse_optional (line 8)
[INFO] [stdout]     src/attribute/prompt.rs - attribute::prompt::parse_prompt_value (line 57)
[INFO] [stdout]     src/entry/if.rs - entry::r#if::parse_if (line 33)
[INFO] [stdout]     src/kconfig.rs - kconfig::parse_kconfig (line 31)
[INFO] [stdout] 
[INFO] [stdout] test result: FAILED. 14 passed; 4 failed; 0 ignored; 0 measured; 0 filtered out; finished in 3.48s
[INFO] [stdout] 
[INFO] [stderr] error: doctest failed, to rerun pass `--doc`
[INFO] running `Command { std: "docker" "inspect" "fad3d2823512588d397fbb669c50d6aab4caf80720506e33dd12793ef160988d", kill_on_drop: false }`
[INFO] running `Command { std: "docker" "rm" "-f" "fad3d2823512588d397fbb669c50d6aab4caf80720506e33dd12793ef160988d", kill_on_drop: false }`
[INFO] [stdout] fad3d2823512588d397fbb669c50d6aab4caf80720506e33dd12793ef160988d
