[INFO] fetching crate nls-ls 0.2.2...
[INFO] testing nls-ls-0.2.2 against 1.75.0 for beta-1.76-1
[INFO] extracting crate nls-ls 0.2.2 into /workspace/builds/worker-2-tc1/source
[INFO] validating manifest of crates.io crate nls-ls 0.2.2 on toolchain 1.75.0
[INFO] running `Command { std: CARGO_HOME="/workspace/cargo-home" RUSTUP_HOME="/workspace/rustup-home" "/workspace/cargo-home/bin/cargo" "+1.75.0" "metadata" "--manifest-path" "Cargo.toml" "--no-deps", kill_on_drop: false }`
[INFO] started tweaking crates.io crate nls-ls 0.2.2
[INFO] finished tweaking crates.io crate nls-ls 0.2.2
[INFO] tweaked toml for crates.io crate nls-ls 0.2.2 written to /workspace/builds/worker-2-tc1/source/Cargo.toml
[INFO] crate crates.io crate nls-ls 0.2.2 already has a lockfile, it will not be regenerated
[INFO] running `Command { std: CARGO_HOME="/workspace/cargo-home" RUSTUP_HOME="/workspace/rustup-home" "/workspace/cargo-home/bin/cargo" "+1.75.0" "fetch" "--manifest-path" "Cargo.toml", kill_on_drop: false }`
[INFO] [stderr]  Downloading crates ...
[INFO] [stderr]   Downloaded clap_mangen v0.2.14
[INFO] running `Command { std: "docker" "create" "-v" "/var/lib/crater-agent-workspace/builds/worker-2-tc1/target:/opt/rustwide/target:rw,Z" "-v" "/var/lib/crater-agent-workspace/builds/worker-2-tc1/source:/opt/rustwide/workdir:ro,Z" "-v" "/var/lib/crater-agent-workspace/cargo-home:/opt/rustwide/cargo-home:ro,Z" "-v" "/var/lib/crater-agent-workspace/rustup-home:/opt/rustwide/rustup-home:ro,Z" "-e" "SOURCE_DIR=/opt/rustwide/workdir" "-e" "CARGO_TARGET_DIR=/opt/rustwide/target" "-e" "CARGO_HOME=/opt/rustwide/cargo-home" "-e" "RUSTUP_HOME=/opt/rustwide/rustup-home" "-w" "/opt/rustwide/workdir" "-m" "1610612736" "--user" "0:0" "--network" "none" "ghcr.io/rust-lang/crates-build-env/linux@sha256:2788e3201cd34a07e3172128adcd8b3090168a8e3bcc40d7c032b9dda1df7d1c" "/opt/rustwide/cargo-home/bin/cargo" "+1.75.0" "metadata" "--no-deps" "--format-version=1", kill_on_drop: false }`
[INFO] [stdout] 1c33640159d75574d0a1e29a1be686d04cc39ef033c70fd86e652a1dc8acce13
[INFO] running `Command { std: "docker" "start" "-a" "1c33640159d75574d0a1e29a1be686d04cc39ef033c70fd86e652a1dc8acce13", kill_on_drop: false }`
[INFO] running `Command { std: "docker" "inspect" "1c33640159d75574d0a1e29a1be686d04cc39ef033c70fd86e652a1dc8acce13", kill_on_drop: false }`
[INFO] running `Command { std: "docker" "rm" "-f" "1c33640159d75574d0a1e29a1be686d04cc39ef033c70fd86e652a1dc8acce13", kill_on_drop: false }`
[INFO] [stdout] 1c33640159d75574d0a1e29a1be686d04cc39ef033c70fd86e652a1dc8acce13
[INFO] running `Command { std: "docker" "create" "-v" "/var/lib/crater-agent-workspace/builds/worker-2-tc1/target:/opt/rustwide/target:rw,Z" "-v" "/var/lib/crater-agent-workspace/builds/worker-2-tc1/source:/opt/rustwide/workdir:ro,Z" "-v" "/var/lib/crater-agent-workspace/cargo-home:/opt/rustwide/cargo-home:ro,Z" "-v" "/var/lib/crater-agent-workspace/rustup-home:/opt/rustwide/rustup-home:ro,Z" "-e" "SOURCE_DIR=/opt/rustwide/workdir" "-e" "CARGO_TARGET_DIR=/opt/rustwide/target" "-e" "CARGO_INCREMENTAL=0" "-e" "RUST_BACKTRACE=full" "-e" "RUSTFLAGS=--cap-lints=warn" "-e" "RUSTDOCFLAGS=--cap-lints=warn" "-e" "CARGO_HOME=/opt/rustwide/cargo-home" "-e" "RUSTUP_HOME=/opt/rustwide/rustup-home" "-w" "/opt/rustwide/workdir" "-m" "1610612736" "--user" "0:0" "--network" "none" "ghcr.io/rust-lang/crates-build-env/linux@sha256:2788e3201cd34a07e3172128adcd8b3090168a8e3bcc40d7c032b9dda1df7d1c" "/opt/rustwide/cargo-home/bin/cargo" "+1.75.0" "build" "--frozen" "--message-format=json", kill_on_drop: false }`
[INFO] [stdout] 74de5c0db7b9dc458d38e503ef6adcd2fe5325ddbf888e99835b12669664a334
[INFO] running `Command { std: "docker" "start" "-a" "74de5c0db7b9dc458d38e503ef6adcd2fe5325ddbf888e99835b12669664a334", kill_on_drop: false }`
[INFO] [stderr]    Compiling rustix v0.38.21
[INFO] [stderr]    Compiling linux-raw-sys v0.4.10
[INFO] [stderr]    Compiling bitflags v2.4.0
[INFO] [stderr]    Compiling utf8parse v0.2.1
[INFO] [stderr]    Compiling anstyle v1.0.2
[INFO] [stderr]    Compiling colorchoice v1.0.0
[INFO] [stderr]    Compiling memchr v2.6.2
[INFO] [stderr]    Compiling anstyle-query v1.0.0
[INFO] [stderr]    Compiling anstyle-parse v0.2.1
[INFO] [stderr]    Compiling clap_lex v0.5.1
[INFO] [stderr]    Compiling strsim v0.10.0
[INFO] [stderr]    Compiling regex-syntax v0.7.5
[INFO] [stderr]    Compiling anstream v0.6.4
[INFO] [stderr]    Compiling num-traits v0.2.16
[INFO] [stderr]    Compiling roff v0.2.1
[INFO] [stderr]    Compiling libc v0.2.150
[INFO] [stderr]    Compiling once_cell v1.18.0
[INFO] [stderr]    Compiling walkdir v2.3.3
[INFO] [stderr]    Compiling iana-time-zone v0.1.57
[INFO] [stderr]    Compiling aho-corasick v1.0.5
[INFO] [stderr]    Compiling bstr v1.6.2
[INFO] [stderr]    Compiling thread_local v1.1.7
[INFO] [stderr]    Compiling termcolor v1.2.0
[INFO] [stderr]    Compiling terminal_size v0.3.0
[INFO] [stderr]    Compiling clap_builder v4.4.6
[INFO] [stderr]    Compiling is-terminal v0.4.9
[INFO] [stderr]    Compiling chrono v0.4.31
[INFO] [stderr]    Compiling regex-automata v0.3.7
[INFO] [stderr]    Compiling clap v4.4.6
[INFO] [stderr]    Compiling clap_complete v4.4.3
[INFO] [stderr]    Compiling clap_mangen v0.2.14
[INFO] [stderr]    Compiling nls-ls v0.2.2 (/opt/rustwide/workdir)
[INFO] [stderr]    Compiling regex v1.9.4
[INFO] [stderr]    Compiling globset v0.4.13
[INFO] [stderr]    Compiling env_logger v0.10.1
[INFO] [stderr]    Compiling ignore v0.4.20
[INFO] [stderr]     Finished dev [unoptimized + debuginfo] target(s) in 8.04s
[INFO] running `Command { std: "docker" "inspect" "74de5c0db7b9dc458d38e503ef6adcd2fe5325ddbf888e99835b12669664a334", kill_on_drop: false }`
[INFO] running `Command { std: "docker" "rm" "-f" "74de5c0db7b9dc458d38e503ef6adcd2fe5325ddbf888e99835b12669664a334", kill_on_drop: false }`
[INFO] [stdout] 74de5c0db7b9dc458d38e503ef6adcd2fe5325ddbf888e99835b12669664a334
[INFO] running `Command { std: "docker" "create" "-v" "/var/lib/crater-agent-workspace/builds/worker-2-tc1/target:/opt/rustwide/target:rw,Z" "-v" "/var/lib/crater-agent-workspace/builds/worker-2-tc1/source:/opt/rustwide/workdir:ro,Z" "-v" "/var/lib/crater-agent-workspace/cargo-home:/opt/rustwide/cargo-home:ro,Z" "-v" "/var/lib/crater-agent-workspace/rustup-home:/opt/rustwide/rustup-home:ro,Z" "-e" "SOURCE_DIR=/opt/rustwide/workdir" "-e" "CARGO_TARGET_DIR=/opt/rustwide/target" "-e" "CARGO_INCREMENTAL=0" "-e" "RUST_BACKTRACE=full" "-e" "RUSTFLAGS=--cap-lints=warn" "-e" "RUSTDOCFLAGS=--cap-lints=warn" "-e" "CARGO_HOME=/opt/rustwide/cargo-home" "-e" "RUSTUP_HOME=/opt/rustwide/rustup-home" "-w" "/opt/rustwide/workdir" "-m" "1610612736" "--user" "0:0" "--network" "none" "ghcr.io/rust-lang/crates-build-env/linux@sha256:2788e3201cd34a07e3172128adcd8b3090168a8e3bcc40d7c032b9dda1df7d1c" "/opt/rustwide/cargo-home/bin/cargo" "+1.75.0" "test" "--frozen" "--no-run" "--message-format=json", kill_on_drop: false }`
[INFO] [stdout] 1d5bff4c25654b9bb5f6532e7b5cdbc3f26fca2013fca5d8c2367e77263d5795
[INFO] running `Command { std: "docker" "start" "-a" "1d5bff4c25654b9bb5f6532e7b5cdbc3f26fca2013fca5d8c2367e77263d5795", kill_on_drop: false }`
[INFO] [stderr]    Compiling rustix v0.38.21
[INFO] [stderr]    Compiling terminal_size v0.3.0
[INFO] [stderr]    Compiling clap_builder v4.4.6
[INFO] [stderr]    Compiling is-terminal v0.4.9
[INFO] [stderr]    Compiling tempfile v3.8.1
[INFO] [stderr]    Compiling env_logger v0.10.1
[INFO] [stderr]    Compiling clap v4.4.6
[INFO] [stderr]    Compiling clap_mangen v0.2.14
[INFO] [stderr]    Compiling clap_complete v4.4.3
[INFO] [stderr]    Compiling nls-ls v0.2.2 (/opt/rustwide/workdir)
[INFO] [stderr]     Finished test [unoptimized + debuginfo] target(s) in 5.56s
[INFO] running `Command { std: "docker" "inspect" "1d5bff4c25654b9bb5f6532e7b5cdbc3f26fca2013fca5d8c2367e77263d5795", kill_on_drop: false }`
[INFO] running `Command { std: "docker" "rm" "-f" "1d5bff4c25654b9bb5f6532e7b5cdbc3f26fca2013fca5d8c2367e77263d5795", kill_on_drop: false }`
[INFO] [stdout] 1d5bff4c25654b9bb5f6532e7b5cdbc3f26fca2013fca5d8c2367e77263d5795
[INFO] running `Command { std: "docker" "create" "-v" "/var/lib/crater-agent-workspace/builds/worker-2-tc1/target:/opt/rustwide/target:rw,Z" "-v" "/var/lib/crater-agent-workspace/builds/worker-2-tc1/source:/opt/rustwide/workdir:ro,Z" "-v" "/var/lib/crater-agent-workspace/cargo-home:/opt/rustwide/cargo-home:ro,Z" "-v" "/var/lib/crater-agent-workspace/rustup-home:/opt/rustwide/rustup-home:ro,Z" "-e" "SOURCE_DIR=/opt/rustwide/workdir" "-e" "CARGO_TARGET_DIR=/opt/rustwide/target" "-e" "CARGO_INCREMENTAL=0" "-e" "RUST_BACKTRACE=full" "-e" "RUSTFLAGS=--cap-lints=warn" "-e" "RUSTDOCFLAGS=--cap-lints=warn" "-e" "CARGO_HOME=/opt/rustwide/cargo-home" "-e" "RUSTUP_HOME=/opt/rustwide/rustup-home" "-w" "/opt/rustwide/workdir" "-m" "1610612736" "--user" "0:0" "--network" "none" "ghcr.io/rust-lang/crates-build-env/linux@sha256:2788e3201cd34a07e3172128adcd8b3090168a8e3bcc40d7c032b9dda1df7d1c" "/opt/rustwide/cargo-home/bin/cargo" "+1.75.0" "test" "--frozen", kill_on_drop: false }`
[INFO] [stdout] d24adb5527a9affefe6fde126aa33acfbad8670174ce93ee80b866958fb65cc3
[INFO] running `Command { std: "docker" "start" "-a" "d24adb5527a9affefe6fde126aa33acfbad8670174ce93ee80b866958fb65cc3", kill_on_drop: false }`
[INFO] [stderr]     Finished test [unoptimized + debuginfo] target(s) in 0.04s
[INFO] [stderr]      Running unittests src/main.rs (/opt/rustwide/target/debug/deps/nls-9320948e19ba47ca)
[INFO] [stdout] 
[INFO] [stdout] running 59 tests
[INFO] [stdout] test ls_colors::test::test_get_file_extension ... ok
[INFO] [stdout] test output::display_cell::test::test_displaycell_append ... ok
[INFO] [stdout] test output::display_cell::test::test_displaycell_error_cell ... ok
[INFO] [stdout] test ls_colors::test::test_lscolor_extension_style ... ok
[INFO] [stdout] test ls_colors::test::test_lscolor_non_extension_style ... ok
[INFO] [stdout] test output::display_cell::test::test_displaycell_from_num_with_style ... ok
[INFO] [stdout] test output::display_cell::test::test_displaycell_from_ascii_str_with_style ... ok
[INFO] [stdout] test output::display_cell::test::test_displaycell_from_str_with_style ... ok
[INFO] [stdout] test output::display_cell::test::test_displaycell_from_string_for_displaycell ... ok
[INFO] [stdout] test output::display_cell::test::test_displaycell_push_char ... ok
[INFO] [stdout] test output::display_cell::test::test_displaycell_push_char_with_style ... ok
[INFO] [stdout] test output::display_cell::test::test_displaycell_push_str ... ok
[INFO] [stdout] test output::display_cell::test::test_displaycell_push_str_with_width ... ok
[INFO] [stdout] test output::format_filename::test::test_format_filename_char_device ... ok
[INFO] [stdout] test output::format_filename::test::test_format_filename_file_with_extension ... ok
[INFO] [stdout] test output::format_filename::test::test_format_filename_multiple_hard_links_file ... ok
[INFO] [stdout] test output::format_filename::test::test_format_filename_fifo ... ok
[INFO] [stdout] test output::format_filename::test::test_format_filename_other_writeable_dir ... ok
[INFO] [stdout] test output::format_filename::test::test_format_filename_regular_dir ... ok
[INFO] [stdout] test output::format_filename::test::test_format_filename_setgid_file ... ok
[INFO] [stdout] test output::format_filename::test::test_format_filename_socket ... ok
[INFO] [stdout] test output::format_filename::test::test_format_filename_regular_file ... ok
[INFO] [stdout] test output::format_filename::test::test_format_filename_setuid_file ... ok
[INFO] [stdout] test output::format_filename::test::test_format_filename_sticky_and_other_writeable_dir ... ok
[INFO] [stdout] test output::format_filename::test::test_format_filename_executable_setgid_file ... ok
[INFO] [stdout] test output::format_filename::test::test_format_filename_sticky_dir ... ok
[INFO] [stdout] test output::format_filename::test::test_format_filename_symlink_long_format ... ok
[INFO] [stdout] test output::format_filename::test::test_format_filename_symlink_non_long_format ... ok
[INFO] [stdout] test output::format_filename::test::test_format_filename_executable_setuid_file ... ok
[INFO] [stdout] test output::format_size::test::test_format_size_2_000_000 ... ok
[INFO] [stdout] test output::format_size::test::test_format_size_200_000_000 ... ok
[INFO] [stdout] test output::format_size::test::test_format_size_1000 ... ok
[INFO] [stdout] test output::format_size::test::test_format_size_300_000_000_000 ... ok
[INFO] [stdout] test output::format_size::test::test_format_size_3_000_000_000 ... ok
[INFO] [stdout] test output::format_size::test::test_format_size_100_000 ... ok
[INFO] [stdout] test output::format_size::test::test_format_size_500_000_000_000_000_000 ... ok
[INFO] [stdout] test output::format_size::test::test_format_size_512 ... ok
[INFO] [stdout] test output::format_size::test::test_format_size_400_000_000_000_000 ... ok
[INFO] [stdout] test output::format_size::test::test_format_size_5_000_000_000_000_000 ... ok
[INFO] [stdout] test output::format_size::test::test_format_size_4_000_000_000_000 ... ok
[INFO] [stdout] test output::format_filename::test::test_format_filename_executable_regular_file ... ok
[INFO] [stdout] test output::format_size::test::test_format_size_600_000_000_000_000_000_000 ... ok
[INFO] [stdout] test output::format_size::test::test_format_size_6000_000_000_000_000_000 ... ok
[INFO] [stdout] test output::grid::test::test_fit_into_columns_lefttoright_different_alignments ... ok
[INFO] [stdout] test output::grid::test::test_fit_into_columns_lefttoright_different_alignments_color ... ok
[INFO] [stdout] test output::grid::test::test_fit_into_columns_lefttoright_same_alignment ... ok
[INFO] [stdout] test output::grid::test::test_fit_into_columns_toptobottom_same_alignment ... ok
[INFO] [stdout] test output::grid::test::test_fit_into_width_fit_into_one_line ... ok
[INFO] [stdout] test output::grid::test::test_fit_into_width_fit_into_one_line_color ... ok
[INFO] [stdout] test output::grid::test::test_fit_into_width_more_than_one_line_lefttoright ... ok
[INFO] [stdout] test output::grid::test::test_fit_into_columns_toptobottom_different_alignments_color ... ok
[INFO] [stdout] test output::grid::test::test_fit_into_width_cell_longer_than_display_width ... ok
[INFO] [stdout] test output::grid::test::test_fit_into_columns_toptobottom_different_alignments ... ok
[INFO] [stdout] test output::grid::test::test_fit_into_width_more_than_one_line_lefttoright_color ... ok
[INFO] [stdout] test output::grid::test::test_fit_into_width_more_than_one_line_toptobottom ... ok
[INFO] [stdout] test output::grid::test::test_fit_into_width_more_than_one_line_toptobottom_color ... ok
[INFO] [stdout] test output::grid::test::test_no_cells ... ok
[INFO] [stdout] test output::grid::test::test_one_cell ... ok
[INFO] [stdout] test output::format_filename::test::test_format_filename_block_device ... FAILED
[INFO] [stdout] 
[INFO] [stdout] failures:
[INFO] [stdout] 
[INFO] [stdout] ---- output::format_filename::test::test_format_filename_block_device stdout ----
[INFO] [stdout] thread 'output::format_filename::test::test_format_filename_block_device' panicked at src/output/format_filename.rs:1365:33:
[INFO] [stdout] unable get metadata of '/dev/sda'
[INFO] [stdout] stack backtrace:
[INFO] [stdout]    0:     0x562e2710b92c - std::backtrace_rs::backtrace::libunwind::trace::ha637c64ce894333a
[INFO] [stdout]                                at /rustc/82e1608dfa6e0b5569232559e3d385fea5a93112/library/std/src/../../backtrace/src/backtrace/libunwind.rs:104:5
[INFO] [stdout]    1:     0x562e2710b92c - std::backtrace_rs::backtrace::trace_unsynchronized::h47f62dea28e0c88d
[INFO] [stdout]                                at /rustc/82e1608dfa6e0b5569232559e3d385fea5a93112/library/std/src/../../backtrace/src/backtrace/mod.rs:66:5
[INFO] [stdout]    2:     0x562e2710b92c - std::sys_common::backtrace::_print_fmt::h9eef0abe20ede486
[INFO] [stdout]                                at /rustc/82e1608dfa6e0b5569232559e3d385fea5a93112/library/std/src/sys_common/backtrace.rs:67:5
[INFO] [stdout]    3:     0x562e2710b92c - <std::sys_common::backtrace::_print::DisplayBacktrace as core::fmt::Display>::fmt::hed7f999df88cc644
[INFO] [stdout]                                at /rustc/82e1608dfa6e0b5569232559e3d385fea5a93112/library/std/src/sys_common/backtrace.rs:44:22
[INFO] [stdout]    4:     0x562e271361b0 - core::fmt::rt::Argument::fmt::h1539a9308b8d058d
[INFO] [stdout]                                at /rustc/82e1608dfa6e0b5569232559e3d385fea5a93112/library/core/src/fmt/rt.rs:142:9
[INFO] [stdout]    5:     0x562e271361b0 - core::fmt::write::h3a39390d8560d9c9
[INFO] [stdout]                                at /rustc/82e1608dfa6e0b5569232559e3d385fea5a93112/library/core/src/fmt/mod.rs:1120:17
[INFO] [stdout]    6:     0x562e27108f8f - std::io::Write::write_fmt::h040b369f3a0f9cbc
[INFO] [stdout]                                at /rustc/82e1608dfa6e0b5569232559e3d385fea5a93112/library/std/src/io/mod.rs:1762:15
[INFO] [stdout]    7:     0x562e2710b714 - std::sys_common::backtrace::_print::h894006fb5c6f3d45
[INFO] [stdout]                                at /rustc/82e1608dfa6e0b5569232559e3d385fea5a93112/library/std/src/sys_common/backtrace.rs:47:5
[INFO] [stdout]    8:     0x562e2710b714 - std::sys_common::backtrace::print::h23a2d212c6fff936
[INFO] [stdout]                                at /rustc/82e1608dfa6e0b5569232559e3d385fea5a93112/library/std/src/sys_common/backtrace.rs:34:9
[INFO] [stdout]    9:     0x562e2710d3d7 - std::panicking::default_hook::{{closure}}::h8a1d2ee00185001a
[INFO] [stdout]   10:     0x562e2710d0c3 - std::panicking::default_hook::h6038f2eba384e475
[INFO] [stdout]                                at /rustc/82e1608dfa6e0b5569232559e3d385fea5a93112/library/std/src/panicking.rs:289:9
[INFO] [stdout]   11:     0x562e270cfdc7 - <alloc::boxed::Box<F,A> as core::ops::function::Fn<Args>>::call::h0ad024c9bdc6d768
[INFO] [stdout]                                at /rustc/82e1608dfa6e0b5569232559e3d385fea5a93112/library/alloc/src/boxed.rs:2021:9
[INFO] [stdout]   12:     0x562e270cfdc7 - test::test_main::{{closure}}::h7500b54257359db6
[INFO] [stdout]                                at /rustc/82e1608dfa6e0b5569232559e3d385fea5a93112/library/test/src/lib.rs:138:21
[INFO] [stdout]   13:     0x562e2710d9e8 - <alloc::boxed::Box<F,A> as core::ops::function::Fn<Args>>::call::h1f8f335eaa9cfaee
[INFO] [stdout]                                at /rustc/82e1608dfa6e0b5569232559e3d385fea5a93112/library/alloc/src/boxed.rs:2021:9
[INFO] [stdout]   14:     0x562e2710d9e8 - std::panicking::rust_panic_with_hook::h2b5517d590cab22e
[INFO] [stdout]                                at /rustc/82e1608dfa6e0b5569232559e3d385fea5a93112/library/std/src/panicking.rs:783:13
[INFO] [stdout]   15:     0x562e2710d73e - std::panicking::begin_panic_handler::{{closure}}::h233112c06e0ef43e
[INFO] [stdout]                                at /rustc/82e1608dfa6e0b5569232559e3d385fea5a93112/library/std/src/panicking.rs:657:13
[INFO] [stdout]   16:     0x562e2710bdf6 - std::sys_common::backtrace::__rust_end_short_backtrace::h6e893f24d7ebbff8
[INFO] [stdout]                                at /rustc/82e1608dfa6e0b5569232559e3d385fea5a93112/library/std/src/sys_common/backtrace.rs:170:18
[INFO] [stdout]   17:     0x562e2710d4a2 - rust_begin_unwind
[INFO] [stdout]                                at /rustc/82e1608dfa6e0b5569232559e3d385fea5a93112/library/std/src/panicking.rs:645:5
[INFO] [stdout]   18:     0x562e270674e5 - core::panicking::panic_fmt::hbf0e066aabfa482c
[INFO] [stdout]                                at /rustc/82e1608dfa6e0b5569232559e3d385fea5a93112/library/core/src/panicking.rs:72:14
[INFO] [stdout]   19:     0x562e2706eaa1 - nls::output::format_filename::test::internal_test_format_filename_common::{{closure}}::h0acd0bf8dbef602f
[INFO] [stdout]                                at /opt/rustwide/workdir/src/output/format_filename.rs:1365:33
[INFO] [stdout]   20:     0x562e270798d4 - core::result::Result<T,E>::unwrap_or_else::he11c327169131fbd
[INFO] [stdout]                                at /rustc/82e1608dfa6e0b5569232559e3d385fea5a93112/library/core/src/result.rs:1430:23
[INFO] [stdout]   21:     0x562e2706e3d3 - nls::output::format_filename::test::internal_test_format_filename_common::h8791a67d50b7586b
[INFO] [stdout]                                at /opt/rustwide/workdir/src/output/format_filename.rs:1363:24
[INFO] [stdout]   22:     0x562e2706dd71 - nls::output::format_filename::test::internal_test_format_filename_block_device::hcf0fcf003a44957e
[INFO] [stdout]                                at /opt/rustwide/workdir/src/output/format_filename.rs:1277:9
[INFO] [stdout]   23:     0x562e27073e4c - nls::output::format_filename::test::test_format_filename_block_device::hbb645bedb33778ac
[INFO] [stdout]                                at /opt/rustwide/workdir/src/output/format_filename.rs:1064:9
[INFO] [stdout]   24:     0x562e27073d97 - nls::output::format_filename::test::test_format_filename_block_device::{{closure}}::h97b4bbcd3a0e3ac9
[INFO] [stdout]                                at /opt/rustwide/workdir/src/output/format_filename.rs:1059:43
[INFO] [stdout]   25:     0x562e27068926 - core::ops::function::FnOnce::call_once::h8d9d724b586d1a00
[INFO] [stdout]                                at /rustc/82e1608dfa6e0b5569232559e3d385fea5a93112/library/core/src/ops/function.rs:250:5
[INFO] [stdout]   26:     0x562e270d541f - core::ops::function::FnOnce::call_once::h2b5d431d5046312d
[INFO] [stdout]                                at /rustc/82e1608dfa6e0b5569232559e3d385fea5a93112/library/core/src/ops/function.rs:250:5
[INFO] [stdout]   27:     0x562e270d541f - test::__rust_begin_short_backtrace::h7714669af176e207
[INFO] [stdout]                                at /rustc/82e1608dfa6e0b5569232559e3d385fea5a93112/library/test/src/lib.rs:628:18
[INFO] [stdout]   28:     0x562e270d4435 - test::run_test_in_process::{{closure}}::h85218797dcbcec12
[INFO] [stdout]                                at /rustc/82e1608dfa6e0b5569232559e3d385fea5a93112/library/test/src/lib.rs:651:60
[INFO] [stdout]   29:     0x562e270d4435 - <core::panic::unwind_safe::AssertUnwindSafe<F> as core::ops::function::FnOnce<()>>::call_once::h76c106ea31c14d7b
[INFO] [stdout]                                at /rustc/82e1608dfa6e0b5569232559e3d385fea5a93112/library/core/src/panic/unwind_safe.rs:272:9
[INFO] [stdout]   30:     0x562e270d4435 - std::panicking::try::do_call::h3bd5d0f6620ee946
[INFO] [stdout]                                at /rustc/82e1608dfa6e0b5569232559e3d385fea5a93112/library/std/src/panicking.rs:552:40
[INFO] [stdout]   31:     0x562e270d4435 - std::panicking::try::h232e535e4744fe31
[INFO] [stdout]                                at /rustc/82e1608dfa6e0b5569232559e3d385fea5a93112/library/std/src/panicking.rs:516:19
[INFO] [stdout]   32:     0x562e270d4435 - std::panic::catch_unwind::h3ce3bd6ca8dbac68
[INFO] [stdout]                                at /rustc/82e1608dfa6e0b5569232559e3d385fea5a93112/library/std/src/panic.rs:142:14
[INFO] [stdout]   33:     0x562e270d4435 - test::run_test_in_process::hc97b257c9621286a
[INFO] [stdout]                                at /rustc/82e1608dfa6e0b5569232559e3d385fea5a93112/library/test/src/lib.rs:651:27
[INFO] [stdout]   34:     0x562e270d4435 - test::run_test::{{closure}}::h2aa798823a438d38
[INFO] [stdout]                                at /rustc/82e1608dfa6e0b5569232559e3d385fea5a93112/library/test/src/lib.rs:574:43
[INFO] [stdout]   35:     0x562e2709c6f6 - test::run_test::{{closure}}::h87d231c78fb59832
[INFO] [stdout]                                at /rustc/82e1608dfa6e0b5569232559e3d385fea5a93112/library/test/src/lib.rs:602:41
[INFO] [stdout]   36:     0x562e2709c6f6 - std::sys_common::backtrace::__rust_begin_short_backtrace::he6df152596625789
[INFO] [stdout]                                at /rustc/82e1608dfa6e0b5569232559e3d385fea5a93112/library/std/src/sys_common/backtrace.rs:154:18
[INFO] [stdout]   37:     0x562e270a17a7 - std::thread::Builder::spawn_unchecked_::{{closure}}::{{closure}}::ha94be15d1e0acf36
[INFO] [stdout]                                at /rustc/82e1608dfa6e0b5569232559e3d385fea5a93112/library/std/src/thread/mod.rs:529:17
[INFO] [stdout]   38:     0x562e270a17a7 - <core::panic::unwind_safe::AssertUnwindSafe<F> as core::ops::function::FnOnce<()>>::call_once::h9dc6bd6372f16606
[INFO] [stdout]                                at /rustc/82e1608dfa6e0b5569232559e3d385fea5a93112/library/core/src/panic/unwind_safe.rs:272:9
[INFO] [stdout]   39:     0x562e270a17a7 - std::panicking::try::do_call::h9057517f80303cd4
[INFO] [stdout]                                at /rustc/82e1608dfa6e0b5569232559e3d385fea5a93112/library/std/src/panicking.rs:552:40
[INFO] [stdout]   40:     0x562e270a17a7 - std::panicking::try::he3a30b11ee45340c
[INFO] [stdout]                                at /rustc/82e1608dfa6e0b5569232559e3d385fea5a93112/library/std/src/panicking.rs:516:19
[INFO] [stdout]   41:     0x562e270a17a7 - std::panic::catch_unwind::h410458cfd3528b8b
[INFO] [stdout]                                at /rustc/82e1608dfa6e0b5569232559e3d385fea5a93112/library/std/src/panic.rs:142:14
[INFO] [stdout]   42:     0x562e270a17a7 - std::thread::Builder::spawn_unchecked_::{{closure}}::h72ac3bdb567b737b
[INFO] [stdout]                                at /rustc/82e1608dfa6e0b5569232559e3d385fea5a93112/library/std/src/thread/mod.rs:528:30
[INFO] [stdout]   43:     0x562e270a17a7 - core::ops::function::FnOnce::call_once{{vtable.shim}}::h38f34da3654a8344
[INFO] [stdout]                                at /rustc/82e1608dfa6e0b5569232559e3d385fea5a93112/library/core/src/ops/function.rs:250:5
[INFO] [stdout]   44:     0x562e27113135 - <alloc::boxed::Box<F,A> as core::ops::function::FnOnce<Args>>::call_once::hc7eafaff61e32df9
[INFO] [stdout]                                at /rustc/82e1608dfa6e0b5569232559e3d385fea5a93112/library/alloc/src/boxed.rs:2007:9
[INFO] [stdout]   45:     0x562e27113135 - <alloc::boxed::Box<F,A> as core::ops::function::FnOnce<Args>>::call_once::h6ba4a5de48dd2304
[INFO] [stdout]                                at /rustc/82e1608dfa6e0b5569232559e3d385fea5a93112/library/alloc/src/boxed.rs:2007:9
[INFO] [stdout]   46:     0x562e27113135 - std::sys::unix::thread::Thread::new::thread_start::he469335aef763e45
[INFO] [stdout]                                at /rustc/82e1608dfa6e0b5569232559e3d385fea5a93112/library/std/src/sys/unix/thread.rs:108:17
[INFO] [stdout]   47:     0x7f326a8baac3 - <unknown>
[INFO] [stdout]   48:     0x7f326a94bbf4 - __clone
[INFO] [stdout]   49:                0x0 - <unknown>
[INFO] [stdout] 
[INFO] [stdout] 
[INFO] [stdout] failures:
[INFO] [stdout]     output::format_filename::test::test_format_filename_block_device
[INFO] [stdout] 
[INFO] [stdout] test result: FAILED. 58 passed; 1 failed; 0 ignored; 0 measured; 0 filtered out; finished in 0.04s
[INFO] [stdout] 
[INFO] [stderr] error: test failed, to rerun pass `--bin nls`
[INFO] running `Command { std: "docker" "inspect" "d24adb5527a9affefe6fde126aa33acfbad8670174ce93ee80b866958fb65cc3", kill_on_drop: false }`
[INFO] running `Command { std: "docker" "rm" "-f" "d24adb5527a9affefe6fde126aa33acfbad8670174ce93ee80b866958fb65cc3", kill_on_drop: false }`
[INFO] [stdout] d24adb5527a9affefe6fde126aa33acfbad8670174ce93ee80b866958fb65cc3
