[INFO] fetching crate nix 0.26.4...
[INFO] testing nix-0.26.4 against 1.75.0 for beta-1.76-1
[INFO] extracting crate nix 0.26.4 into /workspace/builds/worker-6-tc1/source
[INFO] validating manifest of crates.io crate nix 0.26.4 on toolchain 1.75.0
[INFO] running `Command { std: CARGO_HOME="/workspace/cargo-home" RUSTUP_HOME="/workspace/rustup-home" "/workspace/cargo-home/bin/cargo" "+1.75.0" "metadata" "--manifest-path" "Cargo.toml" "--no-deps", kill_on_drop: false }`
[INFO] started tweaking crates.io crate nix 0.26.4
[INFO] removed 0 missing tests
[INFO] finished tweaking crates.io crate nix 0.26.4
[INFO] tweaked toml for crates.io crate nix 0.26.4 written to /workspace/builds/worker-6-tc1/source/Cargo.toml
[INFO] running `Command { std: CARGO_HOME="/workspace/cargo-home" RUSTUP_HOME="/workspace/rustup-home" "/workspace/cargo-home/bin/cargo" "+1.75.0" "generate-lockfile" "--manifest-path" "Cargo.toml", kill_on_drop: false }`
[INFO] [stderr]     Updating crates.io index
[INFO] running `Command { std: CARGO_HOME="/workspace/cargo-home" RUSTUP_HOME="/workspace/rustup-home" "/workspace/cargo-home/bin/cargo" "+1.75.0" "fetch" "--manifest-path" "Cargo.toml", kill_on_drop: false }`
[INFO] [stderr]     Blocking waiting for file lock on package cache
[INFO] [stderr]  Downloading crates ...
[INFO] [stderr]   Downloaded assert-impl v0.1.3
[INFO] running `Command { std: "docker" "create" "-v" "/var/lib/crater-agent-workspace/builds/worker-6-tc1/target:/opt/rustwide/target:rw,Z" "-v" "/var/lib/crater-agent-workspace/builds/worker-6-tc1/source:/opt/rustwide/workdir:ro,Z" "-v" "/var/lib/crater-agent-workspace/cargo-home:/opt/rustwide/cargo-home:ro,Z" "-v" "/var/lib/crater-agent-workspace/rustup-home:/opt/rustwide/rustup-home:ro,Z" "-e" "SOURCE_DIR=/opt/rustwide/workdir" "-e" "CARGO_TARGET_DIR=/opt/rustwide/target" "-e" "CARGO_HOME=/opt/rustwide/cargo-home" "-e" "RUSTUP_HOME=/opt/rustwide/rustup-home" "-w" "/opt/rustwide/workdir" "-m" "1610612736" "--user" "0:0" "--network" "none" "ghcr.io/rust-lang/crates-build-env/linux@sha256:2788e3201cd34a07e3172128adcd8b3090168a8e3bcc40d7c032b9dda1df7d1c" "/opt/rustwide/cargo-home/bin/cargo" "+1.75.0" "metadata" "--no-deps" "--format-version=1", kill_on_drop: false }`
[INFO] [stdout] 9ae4a16935c55d54bf5691bf7baf18f841daeeb2ac237368fe9adf46954afa9c
[INFO] running `Command { std: "docker" "start" "-a" "9ae4a16935c55d54bf5691bf7baf18f841daeeb2ac237368fe9adf46954afa9c", kill_on_drop: false }`
[INFO] running `Command { std: "docker" "inspect" "9ae4a16935c55d54bf5691bf7baf18f841daeeb2ac237368fe9adf46954afa9c", kill_on_drop: false }`
[INFO] running `Command { std: "docker" "rm" "-f" "9ae4a16935c55d54bf5691bf7baf18f841daeeb2ac237368fe9adf46954afa9c", kill_on_drop: false }`
[INFO] [stdout] 9ae4a16935c55d54bf5691bf7baf18f841daeeb2ac237368fe9adf46954afa9c
[INFO] running `Command { std: "docker" "create" "-v" "/var/lib/crater-agent-workspace/builds/worker-6-tc1/target:/opt/rustwide/target:rw,Z" "-v" "/var/lib/crater-agent-workspace/builds/worker-6-tc1/source:/opt/rustwide/workdir:ro,Z" "-v" "/var/lib/crater-agent-workspace/cargo-home:/opt/rustwide/cargo-home:ro,Z" "-v" "/var/lib/crater-agent-workspace/rustup-home:/opt/rustwide/rustup-home:ro,Z" "-e" "SOURCE_DIR=/opt/rustwide/workdir" "-e" "CARGO_TARGET_DIR=/opt/rustwide/target" "-e" "CARGO_INCREMENTAL=0" "-e" "RUST_BACKTRACE=full" "-e" "RUSTFLAGS=--cap-lints=warn" "-e" "RUSTDOCFLAGS=--cap-lints=warn" "-e" "CARGO_HOME=/opt/rustwide/cargo-home" "-e" "RUSTUP_HOME=/opt/rustwide/rustup-home" "-w" "/opt/rustwide/workdir" "-m" "1610612736" "--user" "0:0" "--network" "none" "ghcr.io/rust-lang/crates-build-env/linux@sha256:2788e3201cd34a07e3172128adcd8b3090168a8e3bcc40d7c032b9dda1df7d1c" "/opt/rustwide/cargo-home/bin/cargo" "+1.75.0" "build" "--frozen" "--message-format=json", kill_on_drop: false }`
[INFO] [stdout] b0d27a3fc7e47a7efcd99ba4932dbb5031ebcf81914ef3db7ed247aed282c57b
[INFO] running `Command { std: "docker" "start" "-a" "b0d27a3fc7e47a7efcd99ba4932dbb5031ebcf81914ef3db7ed247aed282c57b", kill_on_drop: false }`
[INFO] [stderr]    Compiling libc v0.2.151
[INFO] [stderr]    Compiling nix v0.26.4 (/opt/rustwide/workdir)
[INFO] [stderr]     Finished dev [unoptimized + debuginfo] target(s) in 6.31s
[INFO] running `Command { std: "docker" "inspect" "b0d27a3fc7e47a7efcd99ba4932dbb5031ebcf81914ef3db7ed247aed282c57b", kill_on_drop: false }`
[INFO] running `Command { std: "docker" "rm" "-f" "b0d27a3fc7e47a7efcd99ba4932dbb5031ebcf81914ef3db7ed247aed282c57b", kill_on_drop: false }`
[INFO] [stdout] b0d27a3fc7e47a7efcd99ba4932dbb5031ebcf81914ef3db7ed247aed282c57b
[INFO] running `Command { std: "docker" "create" "-v" "/var/lib/crater-agent-workspace/builds/worker-6-tc1/target:/opt/rustwide/target:rw,Z" "-v" "/var/lib/crater-agent-workspace/builds/worker-6-tc1/source:/opt/rustwide/workdir:ro,Z" "-v" "/var/lib/crater-agent-workspace/cargo-home:/opt/rustwide/cargo-home:ro,Z" "-v" "/var/lib/crater-agent-workspace/rustup-home:/opt/rustwide/rustup-home:ro,Z" "-e" "SOURCE_DIR=/opt/rustwide/workdir" "-e" "CARGO_TARGET_DIR=/opt/rustwide/target" "-e" "CARGO_INCREMENTAL=0" "-e" "RUST_BACKTRACE=full" "-e" "RUSTFLAGS=--cap-lints=warn" "-e" "RUSTDOCFLAGS=--cap-lints=warn" "-e" "CARGO_HOME=/opt/rustwide/cargo-home" "-e" "RUSTUP_HOME=/opt/rustwide/rustup-home" "-w" "/opt/rustwide/workdir" "-m" "1610612736" "--user" "0:0" "--network" "none" "ghcr.io/rust-lang/crates-build-env/linux@sha256:2788e3201cd34a07e3172128adcd8b3090168a8e3bcc40d7c032b9dda1df7d1c" "/opt/rustwide/cargo-home/bin/cargo" "+1.75.0" "test" "--frozen" "--no-run" "--message-format=json", kill_on_drop: false }`
[INFO] [stdout] 47a9cb0849b597fd0cc7f21f105f858124048d7aa9c383fa8fd90eaf7a25d33f
[INFO] running `Command { std: "docker" "start" "-a" "47a9cb0849b597fd0cc7f21f105f858124048d7aa9c383fa8fd90eaf7a25d33f", kill_on_drop: false }`
[INFO] [stderr]    Compiling parking_lot_core v0.9.9
[INFO] [stderr]    Compiling rustix v0.38.28
[INFO] [stderr]    Compiling lock_api v0.4.11
[INFO] [stderr]    Compiling thiserror v1.0.56
[INFO] [stderr]    Compiling getrandom v0.2.11
[INFO] [stderr]    Compiling linux-raw-sys v0.4.12
[INFO] [stderr]    Compiling smallvec v1.11.2
[INFO] [stderr]    Compiling thiserror-impl v1.0.56
[INFO] [stderr]    Compiling ppv-lite86 v0.2.17
[INFO] [stderr]    Compiling rand_core v0.6.4
[INFO] [stderr]    Compiling semver v1.0.21
[INFO] [stderr]    Compiling rand_chacha v0.3.1
[INFO] [stderr]    Compiling assert-impl v0.1.3
[INFO] [stderr]    Compiling parking_lot v0.12.1
[INFO] [stderr]    Compiling rand v0.8.5
[INFO] [stderr]    Compiling caps v0.5.5
[INFO] [stderr]    Compiling tempfile v3.9.0
[INFO] [stderr]    Compiling nix v0.26.4 (/opt/rustwide/workdir)
[INFO] [stderr]     Finished test [unoptimized + debuginfo] target(s) in 15.22s
[INFO] running `Command { std: "docker" "inspect" "47a9cb0849b597fd0cc7f21f105f858124048d7aa9c383fa8fd90eaf7a25d33f", kill_on_drop: false }`
[INFO] running `Command { std: "docker" "rm" "-f" "47a9cb0849b597fd0cc7f21f105f858124048d7aa9c383fa8fd90eaf7a25d33f", kill_on_drop: false }`
[INFO] [stdout] 47a9cb0849b597fd0cc7f21f105f858124048d7aa9c383fa8fd90eaf7a25d33f
[INFO] running `Command { std: "docker" "create" "-v" "/var/lib/crater-agent-workspace/builds/worker-6-tc1/target:/opt/rustwide/target:rw,Z" "-v" "/var/lib/crater-agent-workspace/builds/worker-6-tc1/source:/opt/rustwide/workdir:ro,Z" "-v" "/var/lib/crater-agent-workspace/cargo-home:/opt/rustwide/cargo-home:ro,Z" "-v" "/var/lib/crater-agent-workspace/rustup-home:/opt/rustwide/rustup-home:ro,Z" "-e" "SOURCE_DIR=/opt/rustwide/workdir" "-e" "CARGO_TARGET_DIR=/opt/rustwide/target" "-e" "CARGO_INCREMENTAL=0" "-e" "RUST_BACKTRACE=full" "-e" "RUSTFLAGS=--cap-lints=warn" "-e" "RUSTDOCFLAGS=--cap-lints=warn" "-e" "CARGO_HOME=/opt/rustwide/cargo-home" "-e" "RUSTUP_HOME=/opt/rustwide/rustup-home" "-w" "/opt/rustwide/workdir" "-m" "1610612736" "--user" "0:0" "--network" "none" "ghcr.io/rust-lang/crates-build-env/linux@sha256:2788e3201cd34a07e3172128adcd8b3090168a8e3bcc40d7c032b9dda1df7d1c" "/opt/rustwide/cargo-home/bin/cargo" "+1.75.0" "test" "--frozen", kill_on_drop: false }`
[INFO] [stdout] 0c2a8ec8c7582e4066325f82b2c2e156d24a628af6cd46589083095a01111207
[INFO] running `Command { std: "docker" "start" "-a" "0c2a8ec8c7582e4066325f82b2c2e156d24a628af6cd46589083095a01111207", kill_on_drop: false }`
[INFO] [stderr]     Finished test [unoptimized + debuginfo] target(s) in 0.07s
[INFO] [stderr]      Running unittests src/lib.rs (/opt/rustwide/target/debug/deps/nix-66480f2de24665ab)
[INFO] [stdout] 
[INFO] [stdout] running 66 tests
[INFO] [stdout] test sys::aio::t::casting ... ok
[INFO] [stdout] test sys::select::tests::fdset_clear ... ok
[INFO] [stdout] test ifaddrs::tests::test_getifaddrs ... ok
[INFO] [stdout] test features::os::test_parsing_kernel_version ... ok
[INFO] [stdout] test ifaddrs::tests::test_getifaddrs_netmask_correct ... ok
[INFO] [stdout] test sys::select::tests::fdset_fds ... ok
[INFO] [stdout] test sys::select::tests::fdset_insert ... ok
[INFO] [stdout] test sys::select::tests::test_select_nfds ... ok
[INFO] [stdout] test sys::select::tests::test_select_nfds2 ... ok
[INFO] [stdout] test sys::signal::tests::test_clear ... ok
[INFO] [stdout] test sys::signal::tests::test_contains ... ok
[INFO] [stdout] test sys::select::tests::fdset_highest ... ok
[INFO] [stdout] test sys::signal::tests::test_extend ... ok
[INFO] [stdout] test sys::signal::tests::test_from_str_invalid_value ... ok
[INFO] [stdout] test sys::signal::tests::test_from_and_into_iterator ... ok
[INFO] [stdout] test sys::select::tests::test_select ... ok
[INFO] [stdout] test sys::signal::tests::test_from_sigset_t_unchecked ... ok
[INFO] [stdout] test sys::select::tests::fdset_remove ... ok
[INFO] [stdout] test sys::signal::tests::test_thread_signal_set_mask ... ok
[INFO] [stdout] test sys::signal::tests::test_from_str_round_trips ... ok
[INFO] [stdout] test sys::signal::tests::test_thread_signal_block ... ok
[INFO] [stdout] test sys::signalfd::tests::create_signalfd_with_opts ... ok
[INFO] [stdout] test sys::signalfd::tests::create_signalfd ... ok
[INFO] [stdout] test sys::signal::tests::test_thread_signal_swap ... ok
[INFO] [stdout] test sys::signal::tests::test_thread_signal_unblock ... ok
[INFO] [stdout] test sys::signal::tests::test_sigaction ... ok
[INFO] [stdout] test sys::socket::addr::tests::sockaddr_in6::size ... ok
[INFO] [stdout] test sys::socket::addr::tests::link::size ... ok
[INFO] [stdout] test sys::socket::addr::tests::sockaddr_in6::display ... ok
[INFO] [stdout] test sys::signal::tests::test_sigwait ... ok
[INFO] [stdout] test sys::socket::addr::tests::link::linux_loopback ... ok
[INFO] [stdout] test sys::signalfd::tests::read_empty_signalfd ... ok
[INFO] [stdout] test sys::resource::test::test_self_cpu_time ... ok
[INFO] [stdout] test sys::socket::addr::tests::sockaddr_in::display ... ok
[INFO] [stdout] test sys::socket::addr::tests::sockaddr_storage::from_sockaddr_un_abstract_unnamed ... ok
[INFO] [stdout] test sys::socket::addr::tests::sockaddr_storage::from_sockaddr_un_named ... ok
[INFO] [stdout] test sys::socket::addr::tests::types::test_ipv4addr_to_libc ... ok
[INFO] [stdout] test sys::socket::addr::tests::unixaddr::size ... ok
[INFO] [stdout] test sys::socket::addr::tests::unixaddr::abstract_sun_path ... ok
[INFO] [stdout] test sys::socket::sockopt::test::can_get_listen_on_tcp_socket ... ok
[INFO] [stdout] test sys::socket::addr::tests::sockaddr_in::size ... ok
[INFO] [stdout] test sys::socket::addr::tests::sockaddr_in6::to_and_from ... ok
[INFO] [stdout] test sys::socket::addr::tests::sockaddr_storage::from_sockaddr_un_abstract_named ... ok
[INFO] [stdout] test sys::statfs::test::fstatfs_call_strict ... ignored
[INFO] [stdout] test sys::socket::addr::tests::types::test_ipv6addr_to_libc ... ok
[INFO] [stdout] test sys::socket::test::test_recvmm2 ... ok
[INFO] [stdout] test sys::statfs::test::fstatfs_call ... ok
[INFO] [stdout] test sys::statfs::test::statfs_call_strict ... ignored
[INFO] [stdout] test sys::statfs::test::statfs_call ... ok
[INFO] [stdout] test sys::socket::tests::can_use_cmsg_space ... ok
[INFO] [stdout] test sys::statvfs::test::fstatvfs_call ... ok
[INFO] [stdout] test sys::socket::sockopt::test::can_get_peercred_on_unix_socket ... ok
[INFO] [stdout] test sys::socket::sockopt::test::is_socket_type_dgram ... ok
[INFO] [stdout] test sys::socket::sockopt::test::is_socket_type_unix ... ok
[INFO] [stdout] test sys::termios::test::try_from ... ok
[INFO] [stdout] test sys::statvfs::test::statvfs_call ... ok
[INFO] [stdout] test sys::time::test::test_timespec_fmt ... ok
[INFO] [stdout] test sys::time::test::test_timespec ... ok
[INFO] [stdout] test sys::time::test::test_timeval_fmt ... ok
[INFO] [stdout] test sys::time::test::test_timespec_from ... ok
[INFO] [stdout] test sys::time::test::test_timeval ... ok
[INFO] [stdout] test sys::time::test::test_timespec_neg ... ok
[INFO] [stdout] test sys::time::test::test_timeval_neg ... ok
[INFO] [stdout] test sys::time::test::test_timeval_ord ... ok
[INFO] [stdout] test sys::utsname::test::test_uname_linux ... ok
[INFO] [stdout] test sys::time::test::test_timespec_ord ... ok
[INFO] [stdout] 
[INFO] [stdout] test result: ok. 64 passed; 0 failed; 2 ignored; 0 measured; 0 filtered out; finished in 0.15s
[INFO] [stdout] 
[INFO] [stderr]      Running test/test.rs (/opt/rustwide/target/debug/deps/test-5487e45288005fab)
[INFO] [stdout] 
[INFO] [stdout] running 290 tests
[INFO] [stdout] test sys::test_aio::aio_fsync::test_accessors ... ok
[INFO] [stdout] test sys::test_aio::aio_read::test_accessors ... ok
[INFO] [stdout] test sys::test_aio::aio_read::cancel ... ok
[INFO] [stdout] test sys::test_aio::aio_fsync::ok ... ok
[INFO] [stdout] test sys::test_aio::aio_read::ok ... ok
[INFO] [stdout] test sys::test_aio::test_aio_suspend ... ignored
[INFO] [stdout] test sys::test_aio::aio_write::cancel ... ok
[INFO] [stdout] test sys::test_epoll::test_epoll_errno ... ok
[INFO] [stdout] test sys::test_aio::aio_write::test_accessors ... ok
[INFO] [stdout] test sys::test_epoll::test_epoll_ctl ... ok
[INFO] [stdout] test sys::test_inotify::test_inotify ... ok
[INFO] [stdout] test sys::test_aio::aio_read::on_stack ... ok
[INFO] [stdout] test sys::test_ioctl::linux::test_op_none ... ok
[INFO] [stdout] test sys::test_ioctl::linux::test_op_read ... ok
[INFO] [stdout] test sys::test_inotify::test_inotify_multi_events ... ok
[INFO] [stdout] test sys::test_ioctl::linux::test_op_read_64 ... ok
[INFO] [stdout] test sys::test_ioctl::linux::test_op_read_write ... ok
[INFO] [stdout] test sys::test_ioctl::linux::test_op_read_write_64 ... ok
[INFO] [stdout] test sys::test_ioctl::linux::test_op_write ... ok
[INFO] [stdout] test sys::test_ioctl::linux::test_op_write_64 ... ok
[INFO] [stdout] test sys::test_ioctl::linux_ioctls::test_ioctl_read_bad ... ok
[INFO] [stdout] test sys::test_ioctl::linux_ioctls::test_ioctl_readwrite ... ok
[INFO] [stdout] test sys::test_ioctl::linux_ioctls::test_ioctl_write_buf ... ok
[INFO] [stdout] test sys::test_aio::sigev_signal ... ok
[INFO] [stdout] test sys::test_ioctl::linux_ioctls::test_ioctl_none ... ok
[INFO] [stdout] test sys::test_ioctl::linux_ioctls::test_ioctl_none_bad ... ok
[INFO] [stdout] test sys::test_ioctl::linux_ioctls::test_ioctl_read ... ok
[INFO] [stdout] test sys::test_aio::test_aio_cancel_all ... ok
[INFO] [stdout] test sys::test_ioctl::linux_ioctls::test_ioctl_write_int ... ok
[INFO] [stdout] test sys::test_ioctl::linux_ioctls::test_ioctl_write_int_bad ... ok
[INFO] [stdout] test sys::test_mman::test_mmap_anonymous ... ok
[INFO] [stdout] test sys::test_mman::test_mremap_grow ... ok
[INFO] [stderr] test_ptrace requires capability CAP_SYS_PTRACE. Skipping test.
[INFO] [stdout] test sys::test_aio::aio_write::ok ... ok
[INFO] [stdout] test sys::test_pthread::test_pthread_kill_none ... ok
[INFO] [stdout] test sys::test_ptrace::test_ptrace ... ok
[INFO] [stderr] test_ptrace_cont requires capability CAP_SYS_PTRACE. Skipping test.
[INFO] [stderr] test_ptrace_getevent requires capability CAP_SYS_PTRACE. Skipping test.
[INFO] [stderr] test_ptrace_getsiginfo requires capability CAP_SYS_PTRACE. Skipping test.
[INFO] [stdout] test sys::test_aio::aio_write::on_stack ... ok
[INFO] [stdout] test sys::test_pthread::test_pthread_self ... ok
[INFO] [stdout] test sys::test_ptrace::test_ptrace_cont ... ok
[INFO] [stdout] test sys::test_ptrace::test_ptrace_getevent ... ok
[INFO] [stderr] test_ptrace_setsiginfo requires capability CAP_SYS_PTRACE. Skipping test.
[INFO] [stdout] test sys::test_ptrace::test_ptrace_getsiginfo ... ok
[INFO] [stdout] test sys::test_ptrace::test_ptrace_setsiginfo ... ok
[INFO] [stdout] test sys::test_mman::test_mremap_shrink ... ok
[INFO] [stdout] test sys::test_ioctl::linux_ioctls::test_ioctl_write_ptr_bad ... ok
[INFO] [stdout] test sys::test_ioctl::linux_ioctls::test_ioctl_write_ptr ... ok
[INFO] [stderr] test_ptrace_interrupt requires capability CAP_SYS_PTRACE. Skipping test.
[INFO] [stderr] test_ptrace_setoptions requires capability CAP_SYS_PTRACE. Skipping test.
[INFO] [stderr] test_ptrace_syscall requires capability CAP_SYS_PTRACE. Skipping test.
[INFO] [stdout] test sys::test_ptrace::test_ptrace_interrupt ... ok
[INFO] [stdout] test sys::test_ptrace::test_ptrace_setoptions ... ok
[INFO] [stdout] test sys::test_ptrace::test_ptrace_syscall ... ok
[INFO] [stdout] test sys::test_select::test_pselect ... ok
[INFO] [stdout] test sys::test_select::test_pselect_nfds2 ... ok
[INFO] [stdout] test sys::test_signal::test_kill_none ... ok
[INFO] [stdout] test sys::test_signal::test_old_sigaction_flags ... ok
[INFO] [stdout] test sys::test_signal::test_signal ... ok
[INFO] [stdout] test sys::test_select::test_fdset_negative_fd::contains - should panic ... ok
[INFO] [stdout] test sys::test_signal::test_signal_sigaction ... ok
[INFO] [stdout] test sys::test_signal::test_sigprocmask ... ok
[INFO] [stdout] test sys::test_select::test_fdset_negative_fd::insert - should panic ... ok
[INFO] [stdout] test sys::test_select::test_fdset_too_large_fd::contains - should panic ... ok
[INFO] [stdout] test sys::test_select::test_fdset_too_large_fd::remove - should panic ... ok
[INFO] [stdout] test sys::test_select::test_fdset_negative_fd::remove - should panic ... ok
[INFO] [stdout] test sys::test_select::test_fdset_too_large_fd::insert - should panic ... ok
[INFO] [stdout] test sys::test_signal::test_sigprocmask_noop ... ok
[INFO] [stdout] test sys::test_socket::linux_errqueue::test_recverr_v6 ... ok
[INFO] [stdout] test sys::test_signalfd::test_signalfd ... ok
[INFO] [stdout] test sys::test_socket::linux_errqueue::test_recverr_v4 ... ok
[INFO] [stdout] test sys::test_socket::recvfrom::stream ... ok
[INFO] [stdout] test sys::test_signal::test_killpg_none ... FAILED
[INFO] [stdout] test sys::test_socket::recvfrom::udp_offload::gro ... ok
[INFO] [stdout] test sys::test_socket::recvfrom::udp_recvmmsg ... ok
[INFO] [stdout] test sys::test_socket::recvfrom::udp_sendmmsg ... ok
[INFO] [stdout] test sys::test_socket::test_abstract_sun_path_too_long ... ok
[INFO] [stdout] test sys::test_socket::test_abstract_uds_addr ... ok
[INFO] [stdout] test sys::test_socket::test_addr_equality_abstract ... ok
[INFO] [stderr] test_af_alg_cipher cannot be run in Seccomp mode.  Skipping test.
[INFO] [stdout] test sys::test_socket::test_addr_equality_path ... ok
[INFO] [stderr] test_af_alg_aead cannot be run in Seccomp mode.  Skipping test.
[INFO] [stdout] test sys::test_socket::recvfrom::udp_recvmmsg_dontwait_short_read ... ok
[INFO] [stdout] test sys::test_socket::test_af_alg_cipher ... ok
[INFO] [stdout] test sys::test_socket::test_getsockname ... ok
[INFO] [stdout] test sys::test_socket::test_af_alg_aead ... ok
[INFO] [stdout] test sys::test_socket::test_path_to_sock_addr ... ok
[INFO] [stdout] test sys::test_socket::test_inetv6_addr_roundtrip_sockaddr_storage_to_addr ... ok
[INFO] [stdout] test sys::test_socket::test_recv_ipv4pktinfo ... ok
[INFO] [stdout] test sys::test_socket::test_recv_ipv6pktinfo ... ok
[INFO] [stdout] test sys::test_socket::test_inetv4_addr_roundtrip_sockaddr_storage_to_addr ... ok
[INFO] [stdout] test sys::test_socket::test_recvif_ipv4 ... ok
[INFO] [stdout] test sys::test_socket::test_inetv4_addr_to_sock_addr ... ok
[INFO] [stdout] test sys::test_socket::test_recvmmsg_timestampns ... ok
[INFO] [stdout] test sys::test_socket::test_recvmsg_ebadf ... ok
[INFO] [stdout] test sys::test_socket::test_recvmsg_sockaddr_un ... ok
[INFO] [stdout] test sys::test_socket::test_recvmsg_timestampns ... ok
[INFO] [stdout] test sys::test_socket::test_scm_credentials_and_rights ... ok
[INFO] [stdout] test sys::test_socket::recvfrom::udp_inet6 ... ok
[INFO] [stdout] test sys::test_socket::test_recvmsg_rxq_ovfl ... ok
[INFO] [stdout] test sys::test_socket::test_sendmsg_empty_cmsgs ... ok
[INFO] [stdout] test sys::test_socket::test_recvif_ipv6 ... ok
[INFO] [stdout] test sys::test_socket::test_named_unixdomain ... ok
[INFO] [stdout] test sys::test_socket::recvfrom::udp_offload::gso ... ok
[INFO] [stdout] test sys::test_socket::test_scm_credentials ... ok
[INFO] [stdout] test sys::test_socket::test_std_conversions ... ok
[INFO] [stdout] test sys::test_socket::test_timestamping ... ok
[INFO] [stdout] test sys::test_socket::test_scm_rights_single_cmsg_multiple_fds ... ok
[INFO] [stdout] test sys::test_socket::test_socketpair ... ok
[INFO] [stdout] test sys::test_socket::test_scm_rights ... ok
[INFO] [stdout] test sys::test_socket::recvfrom::udp ... ok
[INFO] [stdout] test sys::test_socket::test_sendmsg_ipv4packetinfo ... ok
[INFO] [stdout] test sys::test_socket::test_too_large_cmsgspace ... ok
[INFO] [stdout] test sys::test_socket::test_txtime ... ok
[INFO] [stdout] test sys::test_sockopt::test_get_mtu ... ok
[INFO] [stdout] test sys::test_sockopt::test_ip_tos ... ok
[INFO] [stdout] test sys::test_sockopt::test_ipv6_tclass ... ok
[INFO] [stdout] test sys::test_socket::test_unnamed_unixdomain ... ok
[INFO] [stdout] test sys::test_sockopt::test_so_buf ... ok
[INFO] [stderr] is_so_mark_functional requires capability CAP_NET_ADMIN. Skipping test.
[INFO] [stdout] test sys::test_sockopt::is_so_mark_functional ... ok
[INFO] [stdout] test sys::test_sockopt::test_so_priority ... ok
[INFO] [stdout] test sys::test_sockopt::test_so_tcp_keepalive ... ok
[INFO] [stdout] test sys::test_sockopt::test_bindtodevice ... ok
[INFO] [stdout] test sys::test_sockopt::test_so_tcp_maxseg ... ok
[INFO] [stdout] test sys::test_socket::test_sendmsg_ipv6packetinfo ... ok
[INFO] [stdout] test sys::test_sockopt::test_so_type ... ok
[INFO] [stdout] test sys::test_socket::test_unnamed_uds_addr ... ok
[INFO] [stdout] test sys::test_socket::test_unnamed_unixdomain_autobind ... ok
[INFO] [stdout] test sys::test_socket::test_vsock ... ok
[INFO] [stdout] test sys::test_sockopt::test_so_type_unknown ... ok
[INFO] [stdout] test sys::test_sockopt::test_v6dontfrag_opts ... ok
[INFO] [stdout] test sys::test_sysinfo::sysinfo_works ... ok
[INFO] [stdout] test sys::test_sockopt::test_tcp_congestion ... ok
[INFO] [stdout] test sys::test_termios::test_output_flags ... ok
[INFO] [stdout] test sys::test_timerfd::test_timerfd_unset ... ok
[INFO] [stdout] test sys::test_sockopt::test_ttl_opts ... ok
[INFO] [stdout] test sys::test_termios::test_tcgetattr_ebadf ... ok
[INFO] [stderr] test_process_vm_readv requires capability CAP_SYS_PTRACE. Skipping test.
[INFO] [stdout] test sys::test_uio::test_process_vm_readv ... ok
[INFO] [stdout] test sys::test_termios::test_tcgetattr_pty ... ok
[INFO] [stdout] test sys::test_termios::test_tcgetattr_enotty ... ok
[INFO] [stdout] test sys::test_uio::test_pread ... ok
[INFO] [stdout] test sys::test_termios::test_local_flags ... ok
[INFO] [stdout] test sys::test_uio::test_preadv ... ok
[INFO] [stdout] test sys::test_uio::test_pwrite ... ok
[INFO] [stdout] test sys::test_uio::test_pwritev ... ok
[INFO] [stderr] test_wait_ptrace requires capability CAP_SYS_PTRACE. Skipping test.
[INFO] [stdout] test sys::test_wait::ptrace::test_wait_ptrace ... ok
[INFO] [stderr] test_waitid_ptrace requires capability CAP_SYS_PTRACE. Skipping test.
[INFO] [stdout] test sys::test_wait::test_wait_exit ... ok
[INFO] [stdout] test sys::test_uio::test_readv ... ok
[INFO] [stdout] test sys::test_wait::ptrace::test_waitid_ptrace ... ok
[INFO] [stdout] test sys::test_uio::test_writev ... ok
[INFO] [stdout] test sys::test_wait::test_wait_signal ... ok
[INFO] [stdout] test sys::test_wait::test_waitid_exit ... ok
[INFO] [stdout] test test_dir::read ... ok
[INFO] [stdout] test sys::test_wait::test_waitid_signal ... ok
[INFO] [stdout] test sys::test_wait::test_waitstatus_from_raw ... ok
[INFO] [stderr] /proc/locks does not work on overlayfs
[INFO] [stdout] test test_dir::rewind ... ok
[INFO] [stderr] /proc/locks does not work on overlayfs
[INFO] [stdout] test test_fcntl::linux_android::test_fallocate ... ok
[INFO] [stdout] test test_dir::ebadf ... ok
[INFO] [stdout] test sys::test_wait::test_waitstatus_pid ... ok
[INFO] [stdout] test test_fcntl::linux_android::test_ofd_read_lock ... ok
[INFO] [stdout] test test_fcntl::linux_android::test_ofd_write_lock ... ok
[INFO] [stdout] test test_fcntl::linux_android::test_tee ... ok
[INFO] [stdout] test test_fcntl::linux_android::test_copy_file_range ... ok
[INFO] [stdout] test test_fcntl::linux_android::test_vmsplice ... ok
[INFO] [stdout] test sys::test_wait::test_waitid_pid ... ok
[INFO] [stdout] test test_fcntl::linux_android::test_splice ... ok
[INFO] [stdout] test test_fcntl::test_posix_fallocate::errno ... ok
[INFO] [stdout] test test_fcntl::test_openat ... ok
[INFO] [stdout] test test_fcntl::test_readlink ... ok
[INFO] [stderr] test_delete_module_not_loaded requires capability CAP_SYS_MODULE. Skipping test.
[INFO] [stdout] test test_fcntl::test_renameat ... ok
[INFO] [stderr] test_finit_and_delete_module_with_params requires capability CAP_SYS_MODULE. Skipping test.
[INFO] [stdout] test test_fcntl::test_renameat2_behaves_like_renameat_with_no_flags ... ok
[INFO] [stderr] test_finit_module_invalid requires capability CAP_SYS_MODULE. Skipping test.
[INFO] [stdout] test test_fcntl::test_renameat2_exchange ... ok
[INFO] [stdout] test test_fcntl::test_posix_fadvise::test_errno ... ok
[INFO] [stdout] test test_kmod::test_delete_module_not_loaded ... ok
[INFO] [stdout] test test_fcntl::test_posix_fadvise::test_success ... ok
[INFO] [stderr] test_finit_and_delete_module requires capability CAP_SYS_MODULE. Skipping test.
[INFO] [stdout] test test_kmod::test_finit_and_delete_module_with_params ... ok
[INFO] [stdout] test test_fcntl::test_posix_fallocate::success ... ok
[INFO] [stdout] test test_kmod::test_finit_module_invalid ... ok
[INFO] [stdout] test test_fcntl::test_renameat2_noreplace ... ok
[INFO] [stdout] test test_kmod::test_finit_and_delete_module ... ok
[INFO] [stdout] test test_kmod::test_finit_module_twice_and_delete_module ... ok
[INFO] [stderr] test_finit_module_twice_and_delete_module requires capability CAP_SYS_MODULE. Skipping test.
[INFO] [stdout] test test_mq::test_mq_send_and_receive ... ok
[INFO] [stdout] test test_mq::test_mq_set_nonblocking ... ok
[INFO] [stdout] test test_mq::test_mq_setattr ... ok
[INFO] [stderr] test_init_and_delete_module_with_params requires capability CAP_SYS_MODULE. Skipping test.
[INFO] [stdout] test test_kmod::test_init_and_delete_module_with_params ... ok
[INFO] [stdout] test test_mq::test_mq_unlink ... ok
[INFO] [stderr] test_init_and_delete_module requires capability CAP_SYS_MODULE. Skipping test.
[INFO] [stdout] test test_mq::test_mq_getattr ... ok
[INFO] [stdout] test test_net::test_if_nametoindex ... ok
[INFO] [stdout] test test_poll::test_pollfd_events ... ok
[INFO] [stdout] test test_kmod::test_init_and_delete_module ... ok
[INFO] [stdout] test test_poll::test_pollfd_fd ... ok
[INFO] [stdout] test test_pty::test_openpty ... ok
[INFO] [stdout] test test_pty::test_explicit_close ... ok
[INFO] [stdout] test test_pty::test_forkpty ... ok
[INFO] [stdout] test test_pty::test_open_ptty_pair ... ok
[INFO] [stdout] test test_poll::test_ppoll ... ok
[INFO] [stdout] test test_pty::test_ptsname_copy ... ok
[INFO] [stdout] test test_pty::test_ptsname_equivalence ... ok
[INFO] [stdout] test test_pty::test_ptsname_r_copy ... ok
[INFO] [stdout] test test_pty::test_ptsname_unique ... ok
[INFO] [stdout] test test_pty::test_read_ptty_pair ... ok
[INFO] [stdout] test test_pty::test_openpty_with_termios ... ok
[INFO] [stdout] test test_sched::test_sched_affinity ... ok
[INFO] [stdout] test test_resource::test_resource_limits_nofile ... ok
[INFO] [stdout] test test_sendfile::test_sendfile64_linux ... ok
[INFO] [stdout] test test_sendfile::test_sendfile_linux ... ok
[INFO] [stdout] test test_stat::test_fchmod ... ok
[INFO] [stdout] test test_pty::test_write_ptty_pair ... ok
[INFO] [stdout] test test_stat::test_fstatat ... ok
[INFO] [stdout] test test_stat::test_fchmodat ... ok
[INFO] [stdout] test test_stat::test_futimens ... ok
[INFO] [stdout] test test_stat::test_lutimes ... ok
[INFO] [stdout] test test_stat::test_mkdirat_fail ... ok
[INFO] [stdout] test test_stat::test_mkdirat_success_mode ... ok
[INFO] [stdout] test test_stat::test_mknodat ... ok
[INFO] [stdout] test test_stat::test_stat_and_fstat ... ok
[INFO] [stdout] test test_stat::test_mkdirat_success_path ... ok
[INFO] [stdout] test test_stat::test_mknod ... ok
[INFO] [stdout] test test_stat::test_stat_fstat_lstat ... ok
[INFO] [stdout] test test_stat::test_utimensat ... ok
[INFO] [stdout] test test_time::test_clock_gettime ... ok
[INFO] [stdout] test test_time::test_clock_id_now ... ok
[INFO] [stdout] test test_time::test_clock_id_pid_cpu_clock_id ... ok
[INFO] [stdout] test test_time::test_clock_getcpuclockid ... ok
[INFO] [stdout] test test_stat::test_utimes ... ok
[INFO] [stdout] test test_time::test_clock_getres ... ok
[INFO] [stdout] test test_time::test_clock_id_res ... ok
[INFO] [stdout] test test_unistd::linux_android::test_gettid ... ok
[INFO] [stderr] test_acct requires capability CAP_SYS_PACCT. Skipping test.
[INFO] [stdout] test test_unistd::test_access_not_existing ... ok
[INFO] [stdout] test test_unistd::test_access_file_exists ... ok
[INFO] [stdout] test test_unistd::test_acct ... ok
[INFO] [stdout] test test_unistd::test_eaccess_file_exists ... ok
[INFO] [stdout] test test_unistd::test_chown ... ok
[INFO] [stdout] test test_unistd::test_eaccess_not_existing ... ok
[INFO] [stdout] test test_unistd::test_execve::test_cstr_ref ... ok
[INFO] [stdout] test test_unistd::test_execveat_absolute::test_cstr_ref ... ok
[INFO] [stderr] test_execveat_absolute cannot be run in Seccomp mode.  Skipping test.
[INFO] [stderr] test_execveat_absolute cannot be run in Seccomp mode.  Skipping test.
[INFO] [stdout] test test_unistd::test_execveat_absolute::test_cstring ... ok
[INFO] [stdout] test test_unistd::test_execve::test_cstring ... ok
[INFO] [stdout] test test_unistd::test_execveat_empty::test_cstr_ref ... ok
[INFO] [stderr] test_execveat_empty cannot be run in Seccomp mode.  Skipping test.
[INFO] [stderr] test_execveat_relative cannot be run in Seccomp mode.  Skipping test.
[INFO] [stdout] test test_unistd::test_execveat_relative::test_cstr_ref ... ok
[INFO] [stdout] test test_unistd::test_execveat_relative::test_cstring ... ok
[INFO] [stderr] test_execveat_relative cannot be run in Seccomp mode.  Skipping test.
[INFO] [stderr] test_execveat_empty cannot be run in Seccomp mode.  Skipping test.
[INFO] [stdout] test test_unistd::test_execveat_empty::test_cstring ... ok
[INFO] [stdout] test test_poll::test_poll ... ok
[INFO] [stdout] test test_unistd::test_faccessat_file_exists ... ok
[INFO] [stdout] test test_unistd::test_execvpe::test_cstr_ref ... ok
[INFO] [stdout] test test_unistd::test_faccessat_none_not_existing ... ok
[INFO] [stdout] test test_unistd::test_execvpe::test_cstring ... ok
[INFO] [stdout] test test_unistd::test_fchdir ... ok
[INFO] [stdout] test test_unistd::test_faccessat_none_file_exists ... ok
[INFO] [stdout] test test_unistd::test_faccessat_not_existing ... ok
[INFO] [stdout] test test_unistd::test_fchownat ... ok
[INFO] [stdout] test test_unistd::test_fchown ... ok
[INFO] [stdout] test test_unistd::test_fexecve::test_cstr_ref ... ok
[INFO] [stdout] test test_unistd::test_fpathconf_limited ... ok
[INFO] [stdout] test test_unistd::test_ftruncate ... ok
[INFO] [stdout] test test_unistd::test_fexecve::test_cstring ... ok
[INFO] [stdout] test test_unistd::test_getpid ... ok
[INFO] [stdout] test test_unistd::test_getresgid ... ok
[INFO] [stdout] test test_unistd::test_getresuid ... ok
[INFO] [stdout] test test_unistd::test_fork_and_waitpid ... ok
[INFO] [stdout] test test_unistd::test_getsid ... ok
[INFO] [stdout] test test_unistd::test_getcwd ... ok
[INFO] [stdout] test test_unistd::test_linkat_file ... ok
[INFO] [stdout] test test_unistd::test_linkat_follow_symlink ... ok
[INFO] [stdout] test test_unistd::test_linkat_newdirfd_none ... ok
[INFO] [stdout] test test_unistd::test_linkat_no_follow_symlink ... ok
[INFO] [stdout] test test_unistd::test_linkat_olddirfd_none ... ok
[INFO] [stdout] test test_unistd::test_initgroups ... ok
[INFO] [stdout] test test_unistd::test_lseek ... ok
[INFO] [stdout] test test_unistd::test_lseek64 ... ok
[INFO] [stdout] test test_unistd::test_mkfifo_directory ... ok
[INFO] [stdout] test test_unistd::test_mkfifoat ... ok
[INFO] [stdout] test test_unistd::test_mkfifoat_directory ... ok
[INFO] [stdout] test test_unistd::test_mkfifoat_none ... ok
[INFO] [stdout] test test_unistd::test_mkstemp ... ok
[INFO] [stdout] test test_unistd::test_mkfifoat_directory_none ... ok
[INFO] [stdout] test test_unistd::test_mkfifo ... ok
[INFO] [stdout] test test_unistd::test_mkstemp_directory ... ok
[INFO] [stdout] test test_unistd::test_pipe ... ok
[INFO] [stdout] test test_unistd::test_pathconf_limited ... ok
[INFO] [stdout] test test_unistd::test_pipe2 ... ok
[INFO] [stdout] test test_unistd::test_setgroups ... ok
[INFO] [stdout] test test_unistd::test_setfsuid ... ok
[INFO] [stdout] test test_unistd::test_symlinkat ... ok
[INFO] [stdout] test test_unistd::test_sysconf_limited ... ok
[INFO] [stdout] test test_unistd::test_ttyname ... ok
[INFO] [stdout] test test_unistd::test_ttyname_invalid_fd ... ok
[INFO] [stdout] test test_unistd::test_ttyname_not_pty ... ok
[INFO] [stdout] test test_unistd::test_truncate ... ok
[INFO] [stdout] test test_unistd::test_unlinkat_dir_removedir ... ok
[INFO] [stdout] test test_unistd::test_unlinkat_dir_noremovedir ... ok
[INFO] [stdout] test test_unistd::test_unlinkat_file ... ok
[INFO] [stdout] test test_unistd::test_user_into_passwd ... ok
[INFO] [stdout] test test_unistd::test_wait ... ok
[INFO] [stdout] test test_timer::alarm_fires ... ok
[INFO] [stdout] test test_unistd::test_canceling_alarm ... ok
[INFO] [stdout] test sys::test_timerfd::test_timerfd_oneshot ... ok
[INFO] [stdout] test test_unistd::test_alarm ... ok
[INFO] [stdout] test sys::test_timerfd::test_timerfd_interval ... ok
[INFO] [stdout] 
[INFO] [stdout] failures:
[INFO] [stdout] 
[INFO] [stdout] ---- sys::test_signal::test_killpg_none stdout ----
[INFO] [stdout] thread 'sys::test_signal::test_killpg_none' panicked at test/sys/test_signal.rs:17:10:
[INFO] [stdout] Should be able to send signal to my process group.: ESRCH
[INFO] [stdout] stack backtrace:
[INFO] [stdout]    0:     0x55f96f7f837c - std::backtrace_rs::backtrace::libunwind::trace::ha637c64ce894333a
[INFO] [stdout]                                at /rustc/82e1608dfa6e0b5569232559e3d385fea5a93112/library/std/src/../../backtrace/src/backtrace/libunwind.rs:104:5
[INFO] [stdout]    1:     0x55f96f7f837c - std::backtrace_rs::backtrace::trace_unsynchronized::h47f62dea28e0c88d
[INFO] [stdout]                                at /rustc/82e1608dfa6e0b5569232559e3d385fea5a93112/library/std/src/../../backtrace/src/backtrace/mod.rs:66:5
[INFO] [stdout]    2:     0x55f96f7f837c - std::sys_common::backtrace::_print_fmt::h9eef0abe20ede486
[INFO] [stdout]                                at /rustc/82e1608dfa6e0b5569232559e3d385fea5a93112/library/std/src/sys_common/backtrace.rs:67:5
[INFO] [stdout]    3:     0x55f96f7f837c - <std::sys_common::backtrace::_print::DisplayBacktrace as core::fmt::Display>::fmt::hed7f999df88cc644
[INFO] [stdout]                                at /rustc/82e1608dfa6e0b5569232559e3d385fea5a93112/library/std/src/sys_common/backtrace.rs:44:22
[INFO] [stdout]    4:     0x55f96f8266c0 - core::fmt::rt::Argument::fmt::h1539a9308b8d058d
[INFO] [stdout]                                at /rustc/82e1608dfa6e0b5569232559e3d385fea5a93112/library/core/src/fmt/rt.rs:142:9
[INFO] [stdout]    5:     0x55f96f8266c0 - core::fmt::write::h3a39390d8560d9c9
[INFO] [stdout]                                at /rustc/82e1608dfa6e0b5569232559e3d385fea5a93112/library/core/src/fmt/mod.rs:1120:17
[INFO] [stdout]    6:     0x55f96f7f575f - std::io::Write::write_fmt::h040b369f3a0f9cbc
[INFO] [stdout]                                at /rustc/82e1608dfa6e0b5569232559e3d385fea5a93112/library/std/src/io/mod.rs:1762:15
[INFO] [stdout]    7:     0x55f96f7f8164 - std::sys_common::backtrace::_print::h894006fb5c6f3d45
[INFO] [stdout]                                at /rustc/82e1608dfa6e0b5569232559e3d385fea5a93112/library/std/src/sys_common/backtrace.rs:47:5
[INFO] [stdout]    8:     0x55f96f7f8164 - std::sys_common::backtrace::print::h23a2d212c6fff936
[INFO] [stdout]                                at /rustc/82e1608dfa6e0b5569232559e3d385fea5a93112/library/std/src/sys_common/backtrace.rs:34:9
[INFO] [stdout]    9:     0x55f96f7f9e27 - std::panicking::default_hook::{{closure}}::h8a1d2ee00185001a
[INFO] [stdout]   10:     0x55f96f7f9b13 - std::panicking::default_hook::h6038f2eba384e475
[INFO] [stdout]                                at /rustc/82e1608dfa6e0b5569232559e3d385fea5a93112/library/std/src/panicking.rs:289:9
[INFO] [stdout]   11:     0x55f96f7393b7 - <alloc::boxed::Box<F,A> as core::ops::function::Fn<Args>>::call::h0ad024c9bdc6d768
[INFO] [stdout]                                at /rustc/82e1608dfa6e0b5569232559e3d385fea5a93112/library/alloc/src/boxed.rs:2021:9
[INFO] [stdout]   12:     0x55f96f7393b7 - test::test_main::{{closure}}::h7500b54257359db6
[INFO] [stdout]                                at /rustc/82e1608dfa6e0b5569232559e3d385fea5a93112/library/test/src/lib.rs:138:21
[INFO] [stdout]   13:     0x55f96f7fa438 - <alloc::boxed::Box<F,A> as core::ops::function::Fn<Args>>::call::h1f8f335eaa9cfaee
[INFO] [stdout]                                at /rustc/82e1608dfa6e0b5569232559e3d385fea5a93112/library/alloc/src/boxed.rs:2021:9
[INFO] [stdout]   14:     0x55f96f7fa438 - std::panicking::rust_panic_with_hook::h2b5517d590cab22e
[INFO] [stdout]                                at /rustc/82e1608dfa6e0b5569232559e3d385fea5a93112/library/std/src/panicking.rs:783:13
[INFO] [stdout]   15:     0x55f96f7fa18e - std::panicking::begin_panic_handler::{{closure}}::h233112c06e0ef43e
[INFO] [stdout]                                at /rustc/82e1608dfa6e0b5569232559e3d385fea5a93112/library/std/src/panicking.rs:657:13
[INFO] [stdout]   16:     0x55f96f7f8846 - std::sys_common::backtrace::__rust_end_short_backtrace::h6e893f24d7ebbff8
[INFO] [stdout]                                at /rustc/82e1608dfa6e0b5569232559e3d385fea5a93112/library/std/src/sys_common/backtrace.rs:170:18
[INFO] [stdout]   17:     0x55f96f7f9ef2 - rust_begin_unwind
[INFO] [stdout]                                at /rustc/82e1608dfa6e0b5569232559e3d385fea5a93112/library/std/src/panicking.rs:645:5
[INFO] [stdout]   18:     0x55f96f6119a5 - core::panicking::panic_fmt::hbf0e066aabfa482c
[INFO] [stdout]                                at /rustc/82e1608dfa6e0b5569232559e3d385fea5a93112/library/core/src/panicking.rs:72:14
[INFO] [stdout]   19:     0x55f96f611f73 - core::result::unwrap_failed::hddb4fea594200c52
[INFO] [stdout]                                at /rustc/82e1608dfa6e0b5569232559e3d385fea5a93112/library/core/src/result.rs:1653:5
[INFO] [stdout]   20:     0x55f96f648929 - core::result::Result<T,E>::expect::h29062aad8726d925
[INFO] [stdout]                                at /rustc/82e1608dfa6e0b5569232559e3d385fea5a93112/library/core/src/result.rs:1034:23
[INFO] [stdout]   21:     0x55f96f68f8f3 - test::sys::test_signal::test_killpg_none::h9f13bd16205d508a
[INFO] [stdout]                                at /opt/rustwide/workdir/test/sys/test_signal.rs:16:5
[INFO] [stdout]   22:     0x55f96f68f8a7 - test::sys::test_signal::test_killpg_none::{{closure}}::h6017e8f89476e0aa
[INFO] [stdout]                                at /opt/rustwide/workdir/test/sys/test_signal.rs:15:22
[INFO] [stdout]   23:     0x55f96f627646 - core::ops::function::FnOnce::call_once::h35be51efec00b1fc
[INFO] [stdout]                                at /rustc/82e1608dfa6e0b5569232559e3d385fea5a93112/library/core/src/ops/function.rs:250:5
[INFO] [stdout]   24:     0x55f96f73ea0f - core::ops::function::FnOnce::call_once::h2b5d431d5046312d
[INFO] [stdout]                                at /rustc/82e1608dfa6e0b5569232559e3d385fea5a93112/library/core/src/ops/function.rs:250:5
[INFO] [stdout]   25:     0x55f96f73ea0f - test::__rust_begin_short_backtrace::h7714669af176e207
[INFO] [stdout]                                at /rustc/82e1608dfa6e0b5569232559e3d385fea5a93112/library/test/src/lib.rs:628:18
[INFO] [stdout]   26:     0x55f96f73da25 - test::run_test_in_process::{{closure}}::h85218797dcbcec12
[INFO] [stdout]                                at /rustc/82e1608dfa6e0b5569232559e3d385fea5a93112/library/test/src/lib.rs:651:60
[INFO] [stdout]   27:     0x55f96f73da25 - <core::panic::unwind_safe::AssertUnwindSafe<F> as core::ops::function::FnOnce<()>>::call_once::h76c106ea31c14d7b
[INFO] [stdout]                                at /rustc/82e1608dfa6e0b5569232559e3d385fea5a93112/library/core/src/panic/unwind_safe.rs:272:9
[INFO] [stdout]   28:     0x55f96f73da25 - std::panicking::try::do_call::h3bd5d0f6620ee946
[INFO] [stdout]                                at /rustc/82e1608dfa6e0b5569232559e3d385fea5a93112/library/std/src/panicking.rs:552:40
[INFO] [stdout]   29:     0x55f96f73da25 - std::panicking::try::h232e535e4744fe31
[INFO] [stdout]                                at /rustc/82e1608dfa6e0b5569232559e3d385fea5a93112/library/std/src/panicking.rs:516:19
[INFO] [stdout]   30:     0x55f96f73da25 - std::panic::catch_unwind::h3ce3bd6ca8dbac68
[INFO] [stdout]                                at /rustc/82e1608dfa6e0b5569232559e3d385fea5a93112/library/std/src/panic.rs:142:14
[INFO] [stdout]   31:     0x55f96f73da25 - test::run_test_in_process::hc97b257c9621286a
[INFO] [stdout]                                at /rustc/82e1608dfa6e0b5569232559e3d385fea5a93112/library/test/src/lib.rs:651:27
[INFO] [stdout]   32:     0x55f96f73da25 - test::run_test::{{closure}}::h2aa798823a438d38
[INFO] [stdout]                                at /rustc/82e1608dfa6e0b5569232559e3d385fea5a93112/library/test/src/lib.rs:574:43
[INFO] [stdout]   33:     0x55f96f705ce6 - test::run_test::{{closure}}::h87d231c78fb59832
[INFO] [stdout]                                at /rustc/82e1608dfa6e0b5569232559e3d385fea5a93112/library/test/src/lib.rs:602:41
[INFO] [stdout]   34:     0x55f96f705ce6 - std::sys_common::backtrace::__rust_begin_short_backtrace::he6df152596625789
[INFO] [stdout]                                at /rustc/82e1608dfa6e0b5569232559e3d385fea5a93112/library/std/src/sys_common/backtrace.rs:154:18
[INFO] [stdout]   35:     0x55f96f70ad97 - std::thread::Builder::spawn_unchecked_::{{closure}}::{{closure}}::ha94be15d1e0acf36
[INFO] [stdout]                                at /rustc/82e1608dfa6e0b5569232559e3d385fea5a93112/library/std/src/thread/mod.rs:529:17
[INFO] [stdout]   36:     0x55f96f70ad97 - <core::panic::unwind_safe::AssertUnwindSafe<F> as core::ops::function::FnOnce<()>>::call_once::h9dc6bd6372f16606
[INFO] [stdout]                                at /rustc/82e1608dfa6e0b5569232559e3d385fea5a93112/library/core/src/panic/unwind_safe.rs:272:9
[INFO] [stdout]   37:     0x55f96f70ad97 - std::panicking::try::do_call::h9057517f80303cd4
[INFO] [stdout]                                at /rustc/82e1608dfa6e0b5569232559e3d385fea5a93112/library/std/src/panicking.rs:552:40
[INFO] [stdout]   38:     0x55f96f70ad97 - std::panicking::try::he3a30b11ee45340c
[INFO] [stdout]                                at /rustc/82e1608dfa6e0b5569232559e3d385fea5a93112/library/std/src/panicking.rs:516:19
[INFO] [stdout]   39:     0x55f96f70ad97 - std::panic::catch_unwind::h410458cfd3528b8b
[INFO] [stdout]                                at /rustc/82e1608dfa6e0b5569232559e3d385fea5a93112/library/std/src/panic.rs:142:14
[INFO] [stdout]   40:     0x55f96f70ad97 - std::thread::Builder::spawn_unchecked_::{{closure}}::h72ac3bdb567b737b
[INFO] [stdout]                                at /rustc/82e1608dfa6e0b5569232559e3d385fea5a93112/library/std/src/thread/mod.rs:528:30
[INFO] [stdout]   41:     0x55f96f70ad97 - core::ops::function::FnOnce::call_once{{vtable.shim}}::h38f34da3654a8344
[INFO] [stdout]                                at /rustc/82e1608dfa6e0b5569232559e3d385fea5a93112/library/core/src/ops/function.rs:250:5
[INFO] [stdout]   42:     0x55f96f800a75 - <alloc::boxed::Box<F,A> as core::ops::function::FnOnce<Args>>::call_once::hc7eafaff61e32df9
[INFO] [stdout]                                at /rustc/82e1608dfa6e0b5569232559e3d385fea5a93112/library/alloc/src/boxed.rs:2007:9
[INFO] [stdout]   43:     0x55f96f800a75 - <alloc::boxed::Box<F,A> as core::ops::function::FnOnce<Args>>::call_once::h6ba4a5de48dd2304
[INFO] [stdout]                                at /rustc/82e1608dfa6e0b5569232559e3d385fea5a93112/library/alloc/src/boxed.rs:2007:9
[INFO] [stdout]   44:     0x55f96f800a75 - std::sys::unix::thread::Thread::new::thread_start::he469335aef763e45
[INFO] [stdout]                                at /rustc/82e1608dfa6e0b5569232559e3d385fea5a93112/library/std/src/sys/unix/thread.rs:108:17
[INFO] [stdout]   45:     0x7f5c96bedac3 - <unknown>
[INFO] [stdout]   46:     0x7f5c96c7ebf4 - __clone
[INFO] [stdout]   47:                0x0 - <unknown>
[INFO] [stdout] 
[INFO] [stdout] 
[INFO] [stdout] failures:
[INFO] [stdout]     sys::test_signal::test_killpg_none
[INFO] [stdout] 
[INFO] [stdout] test result: FAILED. 288 passed; 1 failed; 1 ignored; 0 measured; 0 filtered out; finished in 3.21s
[INFO] [stdout] 
[INFO] [stderr] error: test failed, to rerun pass `--test test`
[INFO] running `Command { std: "docker" "inspect" "0c2a8ec8c7582e4066325f82b2c2e156d24a628af6cd46589083095a01111207", kill_on_drop: false }`
[INFO] running `Command { std: "docker" "rm" "-f" "0c2a8ec8c7582e4066325f82b2c2e156d24a628af6cd46589083095a01111207", kill_on_drop: false }`
[INFO] [stdout] 0c2a8ec8c7582e4066325f82b2c2e156d24a628af6cd46589083095a01111207
[INFO] testing nix-0.26.4 against beta-2023-12-22 for beta-1.76-1
[INFO] extracting crate nix 0.26.4 into /workspace/builds/worker-6-tc2/source
[INFO] validating manifest of crates.io crate nix 0.26.4 on toolchain beta-2023-12-22
[INFO] running `Command { std: CARGO_HOME="/workspace/cargo-home" RUSTUP_HOME="/workspace/rustup-home" "/workspace/cargo-home/bin/cargo" "+beta-2023-12-22" "metadata" "--manifest-path" "Cargo.toml" "--no-deps", kill_on_drop: false }`
[INFO] started tweaking crates.io crate nix 0.26.4
[INFO] removed 0 missing tests
[INFO] finished tweaking crates.io crate nix 0.26.4
[INFO] tweaked toml for crates.io crate nix 0.26.4 written to /workspace/builds/worker-6-tc2/source/Cargo.toml
[INFO] running `Command { std: CARGO_HOME="/workspace/cargo-home" RUSTUP_HOME="/workspace/rustup-home" "/workspace/cargo-home/bin/cargo" "+beta-2023-12-22" "generate-lockfile" "--manifest-path" "Cargo.toml", kill_on_drop: false }`
[INFO] [stderr]     Updating crates.io index
[INFO] running `Command { std: CARGO_HOME="/workspace/cargo-home" RUSTUP_HOME="/workspace/rustup-home" "/workspace/cargo-home/bin/cargo" "+beta-2023-12-22" "fetch" "--manifest-path" "Cargo.toml", kill_on_drop: false }`
[INFO] running `Command { std: "docker" "create" "-v" "/var/lib/crater-agent-workspace/builds/worker-6-tc2/target:/opt/rustwide/target:rw,Z" "-v" "/var/lib/crater-agent-workspace/builds/worker-6-tc2/source:/opt/rustwide/workdir:ro,Z" "-v" "/var/lib/crater-agent-workspace/cargo-home:/opt/rustwide/cargo-home:ro,Z" "-v" "/var/lib/crater-agent-workspace/rustup-home:/opt/rustwide/rustup-home:ro,Z" "-e" "SOURCE_DIR=/opt/rustwide/workdir" "-e" "CARGO_TARGET_DIR=/opt/rustwide/target" "-e" "CARGO_HOME=/opt/rustwide/cargo-home" "-e" "RUSTUP_HOME=/opt/rustwide/rustup-home" "-w" "/opt/rustwide/workdir" "-m" "1610612736" "--user" "0:0" "--network" "none" "ghcr.io/rust-lang/crates-build-env/linux@sha256:2788e3201cd34a07e3172128adcd8b3090168a8e3bcc40d7c032b9dda1df7d1c" "/opt/rustwide/cargo-home/bin/cargo" "+beta-2023-12-22" "metadata" "--no-deps" "--format-version=1", kill_on_drop: false }`
[INFO] [stdout] 5361c88c1c39fbd4c0d638021e668a76c7fb5724b24b3f0f3129b08e0d9a32c7
[INFO] running `Command { std: "docker" "start" "-a" "5361c88c1c39fbd4c0d638021e668a76c7fb5724b24b3f0f3129b08e0d9a32c7", kill_on_drop: false }`
[INFO] running `Command { std: "docker" "inspect" "5361c88c1c39fbd4c0d638021e668a76c7fb5724b24b3f0f3129b08e0d9a32c7", kill_on_drop: false }`
[INFO] running `Command { std: "docker" "rm" "-f" "5361c88c1c39fbd4c0d638021e668a76c7fb5724b24b3f0f3129b08e0d9a32c7", kill_on_drop: false }`
[INFO] [stdout] 5361c88c1c39fbd4c0d638021e668a76c7fb5724b24b3f0f3129b08e0d9a32c7
[INFO] running `Command { std: "docker" "create" "-v" "/var/lib/crater-agent-workspace/builds/worker-6-tc2/target:/opt/rustwide/target:rw,Z" "-v" "/var/lib/crater-agent-workspace/builds/worker-6-tc2/source:/opt/rustwide/workdir:ro,Z" "-v" "/var/lib/crater-agent-workspace/cargo-home:/opt/rustwide/cargo-home:ro,Z" "-v" "/var/lib/crater-agent-workspace/rustup-home:/opt/rustwide/rustup-home:ro,Z" "-e" "SOURCE_DIR=/opt/rustwide/workdir" "-e" "CARGO_TARGET_DIR=/opt/rustwide/target" "-e" "CARGO_INCREMENTAL=0" "-e" "RUST_BACKTRACE=full" "-e" "RUSTFLAGS=--cap-lints=warn" "-e" "RUSTDOCFLAGS=--cap-lints=warn" "-e" "CARGO_HOME=/opt/rustwide/cargo-home" "-e" "RUSTUP_HOME=/opt/rustwide/rustup-home" "-w" "/opt/rustwide/workdir" "-m" "1610612736" "--user" "0:0" "--network" "none" "ghcr.io/rust-lang/crates-build-env/linux@sha256:2788e3201cd34a07e3172128adcd8b3090168a8e3bcc40d7c032b9dda1df7d1c" "/opt/rustwide/cargo-home/bin/cargo" "+beta-2023-12-22" "build" "--frozen" "--message-format=json", kill_on_drop: false }`
[INFO] [stdout] 90ee97c36d14b69d7182ba3406b67a1c4e4f217d2ef2701e18d46ddda1a5073e
[INFO] running `Command { std: "docker" "start" "-a" "90ee97c36d14b69d7182ba3406b67a1c4e4f217d2ef2701e18d46ddda1a5073e", kill_on_drop: false }`
[INFO] [stderr]    Compiling libc v0.2.151
[INFO] [stderr]    Compiling nix v0.26.4 (/opt/rustwide/workdir)
[INFO] [stderr]     Finished dev [unoptimized + debuginfo] target(s) in 6.02s
[INFO] running `Command { std: "docker" "inspect" "90ee97c36d14b69d7182ba3406b67a1c4e4f217d2ef2701e18d46ddda1a5073e", kill_on_drop: false }`
[INFO] running `Command { std: "docker" "rm" "-f" "90ee97c36d14b69d7182ba3406b67a1c4e4f217d2ef2701e18d46ddda1a5073e", kill_on_drop: false }`
[INFO] [stdout] 90ee97c36d14b69d7182ba3406b67a1c4e4f217d2ef2701e18d46ddda1a5073e
[INFO] running `Command { std: "docker" "create" "-v" "/var/lib/crater-agent-workspace/builds/worker-6-tc2/target:/opt/rustwide/target:rw,Z" "-v" "/var/lib/crater-agent-workspace/builds/worker-6-tc2/source:/opt/rustwide/workdir:ro,Z" "-v" "/var/lib/crater-agent-workspace/cargo-home:/opt/rustwide/cargo-home:ro,Z" "-v" "/var/lib/crater-agent-workspace/rustup-home:/opt/rustwide/rustup-home:ro,Z" "-e" "SOURCE_DIR=/opt/rustwide/workdir" "-e" "CARGO_TARGET_DIR=/opt/rustwide/target" "-e" "CARGO_INCREMENTAL=0" "-e" "RUST_BACKTRACE=full" "-e" "RUSTFLAGS=--cap-lints=warn" "-e" "RUSTDOCFLAGS=--cap-lints=warn" "-e" "CARGO_HOME=/opt/rustwide/cargo-home" "-e" "RUSTUP_HOME=/opt/rustwide/rustup-home" "-w" "/opt/rustwide/workdir" "-m" "1610612736" "--user" "0:0" "--network" "none" "ghcr.io/rust-lang/crates-build-env/linux@sha256:2788e3201cd34a07e3172128adcd8b3090168a8e3bcc40d7c032b9dda1df7d1c" "/opt/rustwide/cargo-home/bin/cargo" "+beta-2023-12-22" "test" "--frozen" "--no-run" "--message-format=json", kill_on_drop: false }`
[INFO] [stdout] 85d2f7a8e60974ab8dcdf100685854622510bad6147282c5e7685fa37c4f9024
[INFO] running `Command { std: "docker" "start" "-a" "85d2f7a8e60974ab8dcdf100685854622510bad6147282c5e7685fa37c4f9024", kill_on_drop: false }`
[INFO] [stderr]    Compiling parking_lot_core v0.9.9
[INFO] [stderr]    Compiling rustix v0.38.28
[INFO] [stderr]    Compiling lock_api v0.4.11
[INFO] [stderr]    Compiling thiserror v1.0.56
[INFO] [stderr]    Compiling linux-raw-sys v0.4.12
[INFO] [stderr]    Compiling getrandom v0.2.11
[INFO] [stderr]    Compiling smallvec v1.11.2
[INFO] [stderr]    Compiling thiserror-impl v1.0.56
[INFO] [stderr]    Compiling ppv-lite86 v0.2.17
[INFO] [stderr]    Compiling rand_core v0.6.4
[INFO] [stderr]    Compiling semver v1.0.21
[INFO] [stderr]    Compiling assert-impl v0.1.3
[INFO] [stderr]    Compiling parking_lot v0.12.1
[INFO] [stderr]    Compiling rand_chacha v0.3.1
[INFO] [stderr]    Compiling rand v0.8.5
[INFO] [stderr]    Compiling caps v0.5.5
[INFO] [stderr]    Compiling tempfile v3.9.0
[INFO] [stderr]    Compiling nix v0.26.4 (/opt/rustwide/workdir)
[INFO] [stderr]     Finished test [unoptimized + debuginfo] target(s) in 9.60s
[INFO] running `Command { std: "docker" "inspect" "85d2f7a8e60974ab8dcdf100685854622510bad6147282c5e7685fa37c4f9024", kill_on_drop: false }`
[INFO] running `Command { std: "docker" "rm" "-f" "85d2f7a8e60974ab8dcdf100685854622510bad6147282c5e7685fa37c4f9024", kill_on_drop: false }`
[INFO] [stdout] 85d2f7a8e60974ab8dcdf100685854622510bad6147282c5e7685fa37c4f9024
[INFO] running `Command { std: "docker" "create" "-v" "/var/lib/crater-agent-workspace/builds/worker-6-tc2/target:/opt/rustwide/target:rw,Z" "-v" "/var/lib/crater-agent-workspace/builds/worker-6-tc2/source:/opt/rustwide/workdir:ro,Z" "-v" "/var/lib/crater-agent-workspace/cargo-home:/opt/rustwide/cargo-home:ro,Z" "-v" "/var/lib/crater-agent-workspace/rustup-home:/opt/rustwide/rustup-home:ro,Z" "-e" "SOURCE_DIR=/opt/rustwide/workdir" "-e" "CARGO_TARGET_DIR=/opt/rustwide/target" "-e" "CARGO_INCREMENTAL=0" "-e" "RUST_BACKTRACE=full" "-e" "RUSTFLAGS=--cap-lints=warn" "-e" "RUSTDOCFLAGS=--cap-lints=warn" "-e" "CARGO_HOME=/opt/rustwide/cargo-home" "-e" "RUSTUP_HOME=/opt/rustwide/rustup-home" "-w" "/opt/rustwide/workdir" "-m" "1610612736" "--user" "0:0" "--network" "none" "ghcr.io/rust-lang/crates-build-env/linux@sha256:2788e3201cd34a07e3172128adcd8b3090168a8e3bcc40d7c032b9dda1df7d1c" "/opt/rustwide/cargo-home/bin/cargo" "+beta-2023-12-22" "test" "--frozen", kill_on_drop: false }`
[INFO] [stdout] 12e3188c4f3bc3754a77c25474d9be17577baf4ae7aae99526edd5c0fa1da767
[INFO] running `Command { std: "docker" "start" "-a" "12e3188c4f3bc3754a77c25474d9be17577baf4ae7aae99526edd5c0fa1da767", kill_on_drop: false }`
[INFO] [stderr]     Finished test [unoptimized + debuginfo] target(s) in 0.04s
[INFO] [stderr]      Running unittests src/lib.rs (/opt/rustwide/target/debug/deps/nix-56f911ddc99b6c59)
[INFO] [stdout] 
[INFO] [stdout] running 66 tests
[INFO] [stdout] test ifaddrs::tests::test_getifaddrs_netmask_correct ... ok
[INFO] [stdout] test ifaddrs::tests::test_getifaddrs ... ok
[INFO] [stdout] test features::os::test_parsing_kernel_version ... ok
[INFO] [stdout] test sys::aio::t::casting ... ok
[INFO] [stdout] test sys::select::tests::fdset_clear ... ok
[INFO] [stdout] test sys::select::tests::fdset_fds ... ok
[INFO] [stdout] test sys::select::tests::fdset_insert ... ok
[INFO] [stdout] test sys::select::tests::test_select_nfds ... ok
[INFO] [stdout] test sys::select::tests::fdset_remove ... ok
[INFO] [stdout] test sys::select::tests::fdset_highest ... ok
[INFO] [stdout] test sys::select::tests::test_select_nfds2 ... ok
[INFO] [stdout] test sys::signal::tests::test_from_and_into_iterator ... ok
[INFO] [stdout] test sys::signal::tests::test_from_str_invalid_value ... ok
[INFO] [stdout] test sys::signal::tests::test_from_sigset_t_unchecked ... ok
[INFO] [stdout] test sys::signal::tests::test_contains ... ok
[INFO] [stdout] test sys::signal::tests::test_clear ... ok
[INFO] [stdout] test sys::select::tests::test_select ... ok
[INFO] [stdout] test sys::signal::tests::test_from_str_round_trips ... ok
[INFO] [stdout] test sys::signal::tests::test_extend ... ok
[INFO] [stdout] test sys::signal::tests::test_sigwait ... ok
[INFO] [stdout] test sys::signal::tests::test_sigaction ... ok
[INFO] [stdout] test sys::signal::tests::test_thread_signal_unblock ... ok
[INFO] [stdout] test sys::signalfd::tests::create_signalfd_with_opts ... ok
[INFO] [stdout] test sys::signal::tests::test_thread_signal_block ... ok
[INFO] [stdout] test sys::signal::tests::test_thread_signal_swap ... ok
[INFO] [stdout] test sys::signal::tests::test_thread_signal_set_mask ... ok
[INFO] [stdout] test sys::signalfd::tests::read_empty_signalfd ... ok
[INFO] [stdout] test sys::signalfd::tests::create_signalfd ... ok
[INFO] [stdout] test sys::socket::addr::tests::link::linux_loopback ... ok
[INFO] [stdout] test sys::socket::addr::tests::sockaddr_in::size ... ok
[INFO] [stdout] test sys::socket::addr::tests::sockaddr_in6::display ... ok
[INFO] [stdout] test sys::socket::addr::tests::link::size ... ok
[INFO] [stdout] test sys::socket::addr::tests::sockaddr_in::display ... ok
[INFO] [stdout] test sys::socket::addr::tests::sockaddr_in6::to_and_from ... ok
[INFO] [stdout] test sys::socket::addr::tests::sockaddr_in6::size ... ok
[INFO] [stdout] test sys::socket::addr::tests::sockaddr_storage::from_sockaddr_un_abstract_unnamed ... ok
[INFO] [stdout] test sys::socket::addr::tests::sockaddr_storage::from_sockaddr_un_abstract_named ... ok
[INFO] [stdout] test sys::socket::addr::tests::types::test_ipv6addr_to_libc ... ok
[INFO] [stdout] test sys::socket::addr::tests::unixaddr::abstract_sun_path ... ok
[INFO] [stdout] test sys::socket::addr::tests::unixaddr::size ... ok
[INFO] [stdout] test sys::socket::sockopt::test::is_socket_type_dgram ... ok
[INFO] [stdout] test sys::socket::sockopt::test::is_socket_type_unix ... ok
[INFO] [stdout] test sys::socket::sockopt::test::can_get_peercred_on_unix_socket ... ok
[INFO] [stdout] test sys::socket::sockopt::test::can_get_listen_on_tcp_socket ... ok
[INFO] [stdout] test sys::socket::test::test_recvmm2 ... ok
[INFO] [stdout] test sys::socket::addr::tests::sockaddr_storage::from_sockaddr_un_named ... ok
[INFO] [stdout] test sys::statfs::test::fstatfs_call_strict ... ignored
[INFO] [stdout] test sys::socket::addr::tests::types::test_ipv4addr_to_libc ... ok
[INFO] [stdout] test sys::statfs::test::fstatfs_call ... ok
[INFO] [stdout] test sys::statfs::test::statfs_call ... ok
[INFO] [stdout] test sys::statfs::test::statfs_call_strict ... ignored
[INFO] [stdout] test sys::socket::tests::can_use_cmsg_space ... ok
[INFO] [stdout] test sys::time::test::test_timespec ... ok
[INFO] [stdout] test sys::time::test::test_timespec_from ... ok
[INFO] [stdout] test sys::statvfs::test::fstatvfs_call ... ok
[INFO] [stdout] test sys::termios::test::try_from ... ok
[INFO] [stdout] test sys::statvfs::test::statvfs_call ... ok
[INFO] [stdout] test sys::time::test::test_timeval ... ok
[INFO] [stdout] test sys::time::test::test_timespec_fmt ... ok
[INFO] [stdout] test sys::utsname::test::test_uname_linux ... ok
[INFO] [stdout] test sys::time::test::test_timespec_neg ... ok
[INFO] [stdout] test sys::time::test::test_timeval_ord ... ok
[INFO] [stdout] test sys::time::test::test_timeval_neg ... ok
[INFO] [stdout] test sys::time::test::test_timeval_fmt ... ok
[INFO] [stdout] test sys::time::test::test_timespec_ord ... ok
[INFO] [stdout] test sys::resource::test::test_self_cpu_time ... ok
[INFO] [stdout] 
[INFO] [stdout] test result: ok. 64 passed; 0 failed; 2 ignored; 0 measured; 0 filtered out; finished in 0.04s
[INFO] [stdout] 
[INFO] [stderr]      Running test/test.rs (/opt/rustwide/target/debug/deps/test-a634e5e7dab78838)
[INFO] [stdout] 
[INFO] [stdout] running 290 tests
[INFO] [stdout] test sys::test_aio::aio_read::test_accessors ... ok
[INFO] [stdout] test sys::test_aio::aio_fsync::test_accessors ... ok
[INFO] [stdout] test sys::test_aio::aio_write::test_accessors ... ok
[INFO] [stdout] test sys::test_aio::aio_read::cancel ... ok
[INFO] [stdout] test sys::test_aio::test_aio_cancel_all ... ok
[INFO] [stdout] test sys::test_aio::test_aio_suspend ... ignored
[INFO] [stdout] test sys::test_epoll::test_epoll_ctl ... ok
[INFO] [stdout] test sys::test_epoll::test_epoll_errno ... ok
[INFO] [stdout] test sys::test_inotify::test_inotify ... ok
[INFO] [stdout] test sys::test_inotify::test_inotify_multi_events ... ok
[INFO] [stdout] test sys::test_ioctl::linux::test_op_none ... ok
[INFO] [stdout] test sys::test_ioctl::linux::test_op_read ... ok
[INFO] [stdout] test sys::test_ioctl::linux::test_op_read_64 ... ok
[INFO] [stdout] test sys::test_ioctl::linux::test_op_read_write ... ok
[INFO] [stdout] test sys::test_ioctl::linux::test_op_read_write_64 ... ok
[INFO] [stdout] test sys::test_ioctl::linux::test_op_write ... ok
[INFO] [stdout] test sys::test_ioctl::linux::test_op_write_64 ... ok
[INFO] [stdout] test sys::test_ioctl::linux_ioctls::test_ioctl_none ... ok
[INFO] [stdout] test sys::test_ioctl::linux_ioctls::test_ioctl_none_bad ... ok
[INFO] [stdout] test sys::test_ioctl::linux_ioctls::test_ioctl_read ... ok
[INFO] [stdout] test sys::test_ioctl::linux_ioctls::test_ioctl_read_bad ... ok
[INFO] [stdout] test sys::test_ioctl::linux_ioctls::test_ioctl_readwrite ... ok
[INFO] [stdout] test sys::test_ioctl::linux_ioctls::test_ioctl_write_buf ... ok
[INFO] [stdout] test sys::test_ioctl::linux_ioctls::test_ioctl_write_int ... ok
[INFO] [stdout] test sys::test_aio::aio_write::cancel ... ok
[INFO] [stdout] test sys::test_aio::aio_write::ok ... ok
[INFO] [stdout] test sys::test_aio::aio_fsync::ok ... ok
[INFO] [stdout] test sys::test_aio::aio_read::ok ... ok
[INFO] [stdout] test sys::test_aio::aio_write::on_stack ... ok
[INFO] [stdout] test sys::test_mman::test_mremap_grow ... ok
[INFO] [stdout] test sys::test_pthread::test_pthread_kill_none ... ok
[INFO] [stdout] test sys::test_mman::test_mmap_anonymous ... ok
[INFO] [stdout] test sys::test_ioctl::linux_ioctls::test_ioctl_write_int_bad ... ok
[INFO] [stdout] test sys::test_pthread::test_pthread_self ... ok
[INFO] [stdout] test sys::test_ioctl::linux_ioctls::test_ioctl_write_ptr_bad ... ok
[INFO] [stderr] test_ptrace_getevent requires capability CAP_SYS_PTRACE. Skipping test.
[INFO] [stderr] test_ptrace_interrupt requires capability CAP_SYS_PTRACE. Skipping test.
[INFO] [stdout] test sys::test_ptrace::test_ptrace_getevent ... ok
[INFO] [stdout] test sys::test_ptrace::test_ptrace_interrupt ... ok
[INFO] [stdout] test sys::test_ptrace::test_ptrace_cont ... ok
[INFO] [stderr] test_ptrace_cont requires capability CAP_SYS_PTRACE. Skipping test.
[INFO] [stderr] test_ptrace_getsiginfo requires capability CAP_SYS_PTRACE. Skipping test.
[INFO] [stderr] test_ptrace_setoptions requires capability CAP_SYS_PTRACE. Skipping test.
[INFO] [stdout] test sys::test_ptrace::test_ptrace_getsiginfo ... ok
[INFO] [stderr] test_ptrace_syscall requires capability CAP_SYS_PTRACE. Skipping test.
[INFO] [stderr] test_ptrace requires capability CAP_SYS_PTRACE. Skipping test.
[INFO] [stdout] test sys::test_aio::sigev_signal ... ok
[INFO] [stderr] test_ptrace_setsiginfo requires capability CAP_SYS_PTRACE. Skipping test.
[INFO] [stdout] test sys::test_aio::aio_read::on_stack ... ok
[INFO] [stdout] test sys::test_ptrace::test_ptrace_setoptions ... ok
[INFO] [stdout] test sys::test_ptrace::test_ptrace_syscall ... ok
[INFO] [stdout] test sys::test_ptrace::test_ptrace ... ok
[INFO] [stdout] test sys::test_ptrace::test_ptrace_setsiginfo ... ok
[INFO] [stdout] test sys::test_mman::test_mremap_shrink ... ok
[INFO] [stdout] test sys::test_ioctl::linux_ioctls::test_ioctl_write_ptr ... ok
[INFO] [stdout] test sys::test_select::test_pselect ... ok
[INFO] [stdout] test sys::test_select::test_pselect_nfds2 ... ok
[INFO] [stdout] test sys::test_signal::test_kill_none ... ok
[INFO] [stdout] test sys::test_signal::test_old_sigaction_flags ... ok
[INFO] [stdout] test sys::test_signal::test_signal ... ok
[INFO] [stdout] test sys::test_signal::test_signal_sigaction ... ok
[INFO] [stdout] test sys::test_signal::test_sigprocmask ... ok
[INFO] [stdout] test sys::test_signal::test_sigprocmask_noop ... ok
[INFO] [stdout] test sys::test_signalfd::test_signalfd ... ok
[INFO] [stdout] test sys::test_socket::linux_errqueue::test_recverr_v4 ... ok
[INFO] [stdout] test sys::test_socket::linux_errqueue::test_recverr_v6 ... ok
[INFO] [stdout] test sys::test_socket::recvfrom::stream ... ok
[INFO] [stdout] test sys::test_socket::recvfrom::udp ... ok
[INFO] [stdout] test sys::test_socket::recvfrom::udp_inet6 ... ok
[INFO] [stdout] test sys::test_socket::recvfrom::udp_offload::gro ... ok
[INFO] [stdout] test sys::test_socket::recvfrom::udp_offload::gso ... ok
[INFO] [stdout] test sys::test_socket::recvfrom::udp_recvmmsg ... ok
[INFO] [stdout] test sys::test_select::test_fdset_too_large_fd::contains - should panic ... ok
[INFO] [stdout] test sys::test_select::test_fdset_too_large_fd::insert - should panic ... ok
[INFO] [stdout] test sys::test_socket::recvfrom::udp_recvmmsg_dontwait_short_read ... ok
[INFO] [stdout] test sys::test_socket::test_abstract_sun_path_too_long ... ok
[INFO] [stdout] test sys::test_select::test_fdset_negative_fd::insert - should panic ... ok
[INFO] [stdout] test sys::test_socket::recvfrom::udp_sendmmsg ... ok
[INFO] [stderr] test_af_alg_aead cannot be run in Seccomp mode.  Skipping test.
[INFO] [stdout] test sys::test_select::test_fdset_negative_fd::remove - should panic ... ok
[INFO] [stderr] test_af_alg_cipher cannot be run in Seccomp mode.  Skipping test.
[INFO] [stdout] test sys::test_select::test_fdset_too_large_fd::remove - should panic ... ok
[INFO] [stdout] test sys::test_socket::test_addr_equality_abstract ... ok
[INFO] [stdout] test sys::test_select::test_fdset_negative_fd::contains - should panic ... ok
[INFO] [stdout] test sys::test_socket::test_abstract_uds_addr ... ok
[INFO] [stdout] test sys::test_socket::test_af_alg_aead ... ok
[INFO] [stdout] test sys::test_signal::test_killpg_none ... FAILED
[INFO] [stdout] test sys::test_socket::test_addr_equality_path ... ok
[INFO] [stdout] test sys::test_socket::test_af_alg_cipher ... ok
[INFO] [stdout] test sys::test_socket::test_getsockname ... ok
[INFO] [stdout] test sys::test_socket::test_inetv4_addr_roundtrip_sockaddr_storage_to_addr ... ok
[INFO] [stdout] test sys::test_socket::test_inetv4_addr_to_sock_addr ... ok
[INFO] [stdout] test sys::test_socket::test_inetv6_addr_roundtrip_sockaddr_storage_to_addr ... ok
[INFO] [stdout] test sys::test_socket::test_named_unixdomain ... ok
[INFO] [stdout] test sys::test_socket::test_path_to_sock_addr ... ok
[INFO] [stdout] test sys::test_socket::test_recv_ipv4pktinfo ... ok
[INFO] [stdout] test sys::test_socket::test_recv_ipv6pktinfo ... ok
[INFO] [stdout] test sys::test_socket::test_recvif_ipv4 ... ok
[INFO] [stdout] test sys::test_socket::test_recvif_ipv6 ... ok
[INFO] [stdout] test sys::test_socket::test_recvmmsg_timestampns ... ok
[INFO] [stdout] test sys::test_socket::test_recvmsg_sockaddr_un ... ok
[INFO] [stdout] test sys::test_socket::test_recvmsg_ebadf ... ok
[INFO] [stdout] test sys::test_socket::test_recvmsg_timestampns ... ok
[INFO] [stdout] test sys::test_socket::test_recvmsg_rxq_ovfl ... ok
[INFO] [stdout] test sys::test_socket::test_scm_credentials ... ok
[INFO] [stdout] test sys::test_socket::test_scm_credentials_and_rights ... ok
[INFO] [stdout] test sys::test_socket::test_scm_rights_single_cmsg_multiple_fds ... ok
[INFO] [stdout] test sys::test_socket::test_sendmsg_empty_cmsgs ... ok
[INFO] [stdout] test sys::test_socket::test_sendmsg_ipv4packetinfo ... ok
[INFO] [stdout] test sys::test_socket::test_sendmsg_ipv6packetinfo ... ok
[INFO] [stdout] test sys::test_socket::test_socketpair ... ok
[INFO] [stdout] test sys::test_socket::test_std_conversions ... ok
[INFO] [stdout] test sys::test_socket::test_scm_rights ... ok
[INFO] [stderr] is_so_mark_functional requires capability CAP_NET_ADMIN. Skipping test.
[INFO] [stdout] test sys::test_socket::test_timestamping ... ok
[INFO] [stdout] test sys::test_socket::test_too_large_cmsgspace ... ok
[INFO] [stdout] test sys::test_socket::test_txtime ... ok
[INFO] [stdout] test sys::test_socket::test_unnamed_uds_addr ... ok
[INFO] [stdout] test sys::test_socket::test_unnamed_unixdomain ... ok
[INFO] [stdout] test sys::test_socket::test_unnamed_unixdomain_autobind ... ok
[INFO] [stdout] test sys::test_socket::test_vsock ... ok
[INFO] [stdout] test sys::test_sockopt::is_so_mark_functional ... ok
[INFO] [stdout] test sys::test_sockopt::test_bindtodevice ... ok
[INFO] [stdout] test sys::test_sockopt::test_get_mtu ... ok
[INFO] [stdout] test sys::test_sockopt::test_ip_tos ... ok
[INFO] [stdout] test sys::test_sockopt::test_ipv6_tclass ... ok
[INFO] [stdout] test sys::test_sockopt::test_so_buf ... ok
[INFO] [stdout] test sys::test_sockopt::test_so_priority ... ok
[INFO] [stdout] test sys::test_sockopt::test_so_tcp_keepalive ... ok
[INFO] [stdout] test sys::test_sockopt::test_so_tcp_maxseg ... ok
[INFO] [stdout] test sys::test_sockopt::test_so_type ... ok
[INFO] [stdout] test sys::test_sockopt::test_so_type_unknown ... ok
[INFO] [stdout] test sys::test_sockopt::test_tcp_congestion ... ok
[INFO] [stdout] test sys::test_sockopt::test_ttl_opts ... ok
[INFO] [stdout] test sys::test_sockopt::test_v6dontfrag_opts ... ok
[INFO] [stdout] test sys::test_sysinfo::sysinfo_works ... ok
[INFO] [stdout] test sys::test_termios::test_local_flags ... ok
[INFO] [stdout] test sys::test_termios::test_tcgetattr_ebadf ... ok
[INFO] [stdout] test sys::test_termios::test_tcgetattr_enotty ... ok
[INFO] [stderr] test_process_vm_readv requires capability CAP_SYS_PTRACE. Skipping test.
[INFO] [stdout] test sys::test_termios::test_output_flags ... ok
[INFO] [stdout] test sys::test_termios::test_tcgetattr_pty ... ok
[INFO] [stdout] test sys::test_uio::test_process_vm_readv ... ok
[INFO] [stdout] test sys::test_timerfd::test_timerfd_unset ... ok
[INFO] [stdout] test sys::test_uio::test_pwrite ... ok
[INFO] [stdout] test sys::test_uio::test_preadv ... ok
[INFO] [stdout] test sys::test_uio::test_pread ... ok
[INFO] [stdout] test sys::test_uio::test_pwritev ... ok
[INFO] [stdout] test sys::test_uio::test_readv ... ok
[INFO] [stderr] test_waitid_ptrace requires capability CAP_SYS_PTRACE. Skipping test.
[INFO] [stderr] test_wait_ptrace requires capability CAP_SYS_PTRACE. Skipping test.
[INFO] [stdout] test sys::test_uio::test_writev ... ok
[INFO] [stdout] test sys::test_wait::test_waitid_exit ... ok
[INFO] [stdout] test sys::test_wait::ptrace::test_wait_ptrace ... ok
[INFO] [stdout] test sys::test_wait::ptrace::test_waitid_ptrace ... ok
[INFO] [stdout] test sys::test_wait::test_waitstatus_from_raw ... ok
[INFO] [stdout] test test_dir::ebadf ... ok
[INFO] [stdout] test test_dir::read ... ok
[INFO] [stdout] test sys::test_wait::test_wait_signal ... ok
[INFO] [stdout] test sys::test_wait::test_wait_exit ... ok
[INFO] [stdout] test test_dir::rewind ... ok
[INFO] [stderr] /proc/locks does not work on overlayfs
[INFO] [stdout] test test_fcntl::linux_android::test_copy_file_range ... ok
[INFO] [stderr] /proc/locks does not work on overlayfs
[INFO] [stdout] test test_fcntl::linux_android::test_fallocate ... ok
[INFO] [stdout] test sys::test_wait::test_waitid_signal ... ok
[INFO] [stdout] test test_fcntl::linux_android::test_ofd_read_lock ... ok
[INFO] [stdout] test sys::test_wait::test_waitid_pid ... ok
[INFO] [stdout] test test_fcntl::linux_android::test_ofd_write_lock ... ok
[INFO] [stdout] test sys::test_wait::test_waitstatus_pid ... ok
[INFO] [stdout] test test_fcntl::linux_android::test_splice ... ok
[INFO] [stdout] test test_fcntl::linux_android::test_tee ... ok
[INFO] [stdout] test test_fcntl::linux_android::test_vmsplice ... ok
[INFO] [stdout] test test_fcntl::test_openat ... ok
[INFO] [stdout] test test_fcntl::test_posix_fadvise::test_errno ... ok
[INFO] [stdout] test test_fcntl::test_readlink ... ok
[INFO] [stdout] test test_fcntl::test_posix_fadvise::test_success ... ok
[INFO] [stdout] test test_fcntl::test_renameat ... ok
[INFO] [stdout] test test_fcntl::test_posix_fallocate::success ... ok
[INFO] [stdout] test test_fcntl::test_renameat2_behaves_like_renameat_with_no_flags ... ok
[INFO] [stdout] test test_fcntl::test_renameat2_noreplace ... ok
[INFO] [stdout] test test_fcntl::test_posix_fallocate::errno ... ok
[INFO] [stderr] test_finit_module_invalid requires capability CAP_SYS_MODULE. Skipping test.
[INFO] [stdout] test test_kmod::test_finit_module_invalid ... ok
[INFO] [stdout] test test_fcntl::test_renameat2_exchange ... ok
[INFO] [stderr] test_finit_and_delete_module_with_params requires capability CAP_SYS_MODULE. Skipping test.
[INFO] [stdout] test test_kmod::test_finit_and_delete_module_with_params ... ok
[INFO] [stderr] test_finit_and_delete_module requires capability CAP_SYS_MODULE. Skipping test.
[INFO] [stderr] test_init_and_delete_module requires capability CAP_SYS_MODULE. Skipping test.
[INFO] [stdout] test test_kmod::test_init_and_delete_module ... ok
[INFO] [stderr] test_init_and_delete_module_with_params requires capability CAP_SYS_MODULE. Skipping test.
[INFO] [stderr] test_delete_module_not_loaded requires capability CAP_SYS_MODULE. Skipping test.
[INFO] [stderr] test_finit_module_twice_and_delete_module requires capability CAP_SYS_MODULE. Skipping test.
[INFO] [stdout] test test_kmod::test_init_and_delete_module_with_params ... ok
[INFO] [stdout] test test_kmod::test_delete_module_not_loaded ... ok
[INFO] [stdout] test test_kmod::test_finit_module_twice_and_delete_module ... ok
[INFO] [stdout] test test_kmod::test_finit_and_delete_module ... ok
[INFO] [stdout] test test_net::test_if_nametoindex ... ok
[INFO] [stdout] test test_mq::test_mq_set_nonblocking ... ok
[INFO] [stdout] test test_mq::test_mq_setattr ... ok
[INFO] [stdout] test test_mq::test_mq_unlink ... ok
[INFO] [stdout] test test_mq::test_mq_send_and_receive ... ok
[INFO] [stdout] test test_mq::test_mq_getattr ... ok
[INFO] [stdout] test test_poll::test_pollfd_events ... ok
[INFO] [stdout] test test_pty::test_explicit_close ... ok
[INFO] [stdout] test test_poll::test_ppoll ... ok
[INFO] [stdout] test test_poll::test_pollfd_fd ... ok
[INFO] [stdout] test test_pty::test_forkpty ... ok
[INFO] [stdout] test test_pty::test_openpty ... ok
[INFO] [stdout] test test_pty::test_openpty_with_termios ... ok
[INFO] [stdout] test test_pty::test_ptsname_copy ... ok
[INFO] [stdout] test test_pty::test_open_ptty_pair ... ok
[INFO] [stdout] test test_pty::test_ptsname_equivalence ... ok
[INFO] [stdout] test test_pty::test_ptsname_r_copy ... ok
[INFO] [stdout] test test_pty::test_ptsname_unique ... ok
[INFO] [stdout] test test_pty::test_read_ptty_pair ... ok
[INFO] [stdout] test test_pty::test_write_ptty_pair ... ok
[INFO] [stdout] test test_resource::test_resource_limits_nofile ... ok
[INFO] [stdout] test test_sendfile::test_sendfile64_linux ... ok
[INFO] [stdout] test test_sendfile::test_sendfile_linux ... ok
[INFO] [stdout] test test_stat::test_fchmod ... ok
[INFO] [stdout] test test_stat::test_fchmodat ... ok
[INFO] [stdout] test test_stat::test_futimens ... ok
[INFO] [stdout] test test_stat::test_fstatat ... ok
[INFO] [stdout] test test_stat::test_lutimes ... ok
[INFO] [stdout] test test_stat::test_mkdirat_fail ... ok
[INFO] [stdout] test test_stat::test_mkdirat_success_mode ... ok
[INFO] [stdout] test test_stat::test_mkdirat_success_path ... ok
[INFO] [stdout] test test_stat::test_mknod ... ok
[INFO] [stdout] test test_stat::test_mknodat ... ok
[INFO] [stdout] test test_stat::test_stat_and_fstat ... ok
[INFO] [stdout] test test_stat::test_stat_fstat_lstat ... ok
[INFO] [stdout] test test_sched::test_sched_affinity ... ok
[INFO] [stdout] test test_stat::test_utimensat ... ok
[INFO] [stdout] test test_stat::test_utimes ... ok
[INFO] [stdout] test test_time::test_clock_getcpuclockid ... ok
[INFO] [stdout] test test_time::test_clock_getres ... ok
[INFO] [stdout] test test_time::test_clock_gettime ... ok
[INFO] [stdout] test test_time::test_clock_id_now ... ok
[INFO] [stdout] test test_time::test_clock_id_pid_cpu_clock_id ... ok
[INFO] [stdout] test test_time::test_clock_id_res ... ok
[INFO] [stdout] test test_unistd::linux_android::test_gettid ... ok
[INFO] [stderr] test_acct requires capability CAP_SYS_PACCT. Skipping test.
[INFO] [stdout] test test_unistd::test_access_file_exists ... ok
[INFO] [stdout] test test_unistd::test_access_not_existing ... ok
[INFO] [stdout] test test_unistd::test_acct ... ok
[INFO] [stdout] test test_unistd::test_chown ... ok
[INFO] [stdout] test test_unistd::test_eaccess_file_exists ... ok
[INFO] [stdout] test test_unistd::test_eaccess_not_existing ... ok
[INFO] [stdout] test test_unistd::test_execve::test_cstr_ref ... ok
[INFO] [stderr] test_execveat_absolute cannot be run in Seccomp mode.  Skipping test.
[INFO] [stdout] test test_unistd::test_execveat_absolute::test_cstr_ref ... ok
[INFO] [stderr] test_execveat_absolute cannot be run in Seccomp mode.  Skipping test.
[INFO] [stdout] test test_unistd::test_execveat_absolute::test_cstring ... ok
[INFO] [stdout] test test_unistd::test_execveat_empty::test_cstr_ref ... ok
[INFO] [stderr] test_execveat_empty cannot be run in Seccomp mode.  Skipping test.
[INFO] [stderr] test_execveat_empty cannot be run in Seccomp mode.  Skipping test.
[INFO] [stdout] test test_unistd::test_execveat_empty::test_cstring ... ok
[INFO] [stdout] test test_unistd::test_execve::test_cstring ... ok
[INFO] [stderr] test_execveat_relative cannot be run in Seccomp mode.  Skipping test.
[INFO] [stdout] test test_unistd::test_execveat_relative::test_cstr_ref ... ok
[INFO] [stdout] test test_unistd::test_execveat_relative::test_cstring ... ok
[INFO] [stderr] test_execveat_relative cannot be run in Seccomp mode.  Skipping test.
[INFO] [stdout] test test_unistd::test_execvpe::test_cstr_ref ... ok
[INFO] [stdout] test test_unistd::test_faccessat_file_exists ... ok
[INFO] [stdout] test test_unistd::test_faccessat_none_file_exists ... ok
[INFO] [stdout] test test_unistd::test_execvpe::test_cstring ... ok
[INFO] [stdout] test test_unistd::test_faccessat_none_not_existing ... ok
[INFO] [stdout] test test_unistd::test_fchdir ... ok
[INFO] [stdout] test test_unistd::test_fchown ... ok
[INFO] [stdout] test test_unistd::test_fchownat ... ok
[INFO] [stdout] test test_unistd::test_faccessat_not_existing ... ok
[INFO] [stdout] test test_unistd::test_fexecve::test_cstr_ref ... ok
[INFO] [stdout] test test_unistd::test_fexecve::test_cstring ... ok
[INFO] [stdout] test test_unistd::test_fpathconf_limited ... ok
[INFO] [stdout] test test_unistd::test_fork_and_waitpid ... ok
[INFO] [stdout] test test_unistd::test_ftruncate ... ok
[INFO] [stdout] test test_unistd::test_getpid ... ok
[INFO] [stdout] test test_unistd::test_getcwd ... ok
[INFO] [stdout] test test_unistd::test_getresgid ... ok
[INFO] [stdout] test test_unistd::test_getresuid ... ok
[INFO] [stdout] test test_unistd::test_getsid ... ok
[INFO] [stdout] test test_unistd::test_linkat_file ... ok
[INFO] [stdout] test test_unistd::test_initgroups ... ok
[INFO] [stdout] test test_unistd::test_linkat_follow_symlink ... ok
[INFO] [stdout] test test_unistd::test_linkat_newdirfd_none ... ok
[INFO] [stdout] test test_unistd::test_linkat_no_follow_symlink ... ok
[INFO] [stdout] test test_unistd::test_lseek ... ok
[INFO] [stdout] test test_unistd::test_linkat_olddirfd_none ... ok
[INFO] [stdout] test test_unistd::test_lseek64 ... ok
[INFO] [stdout] test test_unistd::test_mkfifo_directory ... ok
[INFO] [stdout] test test_unistd::test_mkfifo ... ok
[INFO] [stdout] test test_unistd::test_mkfifoat ... ok
[INFO] [stdout] test test_unistd::test_mkfifoat_directory_none ... ok
[INFO] [stdout] test test_unistd::test_mkfifoat_directory ... ok
[INFO] [stdout] test test_unistd::test_mkstemp ... ok
[INFO] [stdout] test test_unistd::test_mkfifoat_none ... ok
[INFO] [stdout] test test_unistd::test_mkstemp_directory ... ok
[INFO] [stdout] test test_unistd::test_pathconf_limited ... ok
[INFO] [stdout] test test_unistd::test_pipe ... ok
[INFO] [stdout] test test_unistd::test_pipe2 ... ok
[INFO] [stdout] test test_unistd::test_setgroups ... ok
[INFO] [stdout] test test_unistd::test_symlinkat ... ok
[INFO] [stdout] test test_unistd::test_sysconf_limited ... ok
[INFO] [stdout] test test_unistd::test_truncate ... ok
[INFO] [stdout] test test_unistd::test_ttyname ... ok
[INFO] [stdout] test test_unistd::test_setfsuid ... ok
[INFO] [stdout] test test_unistd::test_ttyname_not_pty ... ok
[INFO] [stdout] test test_unistd::test_ttyname_invalid_fd ... ok
[INFO] [stdout] test test_unistd::test_unlinkat_dir_noremovedir ... ok
[INFO] [stdout] test test_unistd::test_unlinkat_dir_removedir ... ok
[INFO] [stdout] test test_unistd::test_user_into_passwd ... ok
[INFO] [stdout] test test_unistd::test_unlinkat_file ... ok
[INFO] [stdout] test test_unistd::test_wait ... ok
[INFO] [stdout] test test_poll::test_poll ... ok
[INFO] [stdout] test test_timer::alarm_fires ... ok
[INFO] [stdout] test test_unistd::test_canceling_alarm ... ok
[INFO] [stdout] test sys::test_timerfd::test_timerfd_oneshot ... ok
[INFO] [stdout] test test_unistd::test_alarm ... ok
[INFO] [stdout] test sys::test_timerfd::test_timerfd_interval ... ok
[INFO] [stdout] 
[INFO] [stdout] failures:
[INFO] [stdout] 
[INFO] [stdout] ---- sys::test_signal::test_killpg_none stdout ----
[INFO] [stdout] thread 'sys::test_signal::test_killpg_none' panicked at test/sys/test_signal.rs:17:10:
[INFO] [stdout] Should be able to send signal to my process group.: ESRCH
[INFO] [stdout] stack backtrace:
[INFO] [stdout]    0:     0x55cb082e86c6 - std::backtrace_rs::backtrace::libunwind::trace::h261606ad26a499c1
[INFO] [stdout]                                at /rustc/0e09125c6c3c2fd70d7de961bcf0e51575235fad/library/std/src/../../backtrace/src/backtrace/libunwind.rs:104:5
[INFO] [stdout]    1:     0x55cb082e86c6 - std::backtrace_rs::backtrace::trace_unsynchronized::hd183f0625477fb28
[INFO] [stdout]                                at /rustc/0e09125c6c3c2fd70d7de961bcf0e51575235fad/library/std/src/../../backtrace/src/backtrace/mod.rs:66:5
[INFO] [stdout]    2:     0x55cb082e86c6 - std::sys_common::backtrace::_print_fmt::hd7f8fef21b4eda67
[INFO] [stdout]                                at /rustc/0e09125c6c3c2fd70d7de961bcf0e51575235fad/library/std/src/sys_common/backtrace.rs:68:5
[INFO] [stdout]    3:     0x55cb082e86c6 - <std::sys_common::backtrace::_print::DisplayBacktrace as core::fmt::Display>::fmt::h623d9b51f2f453f1
[INFO] [stdout]                                at /rustc/0e09125c6c3c2fd70d7de961bcf0e51575235fad/library/std/src/sys_common/backtrace.rs:44:22
[INFO] [stdout]    4:     0x55cb08315d00 - core::fmt::rt::Argument::fmt::h9f417ac76a86f368
[INFO] [stdout]                                at /rustc/0e09125c6c3c2fd70d7de961bcf0e51575235fad/library/core/src/fmt/rt.rs:142:9
[INFO] [stdout]    5:     0x55cb08315d00 - core::fmt::write::hc9b6faf4ac2aeff7
[INFO] [stdout]                                at /rustc/0e09125c6c3c2fd70d7de961bcf0e51575235fad/library/core/src/fmt/mod.rs:1120:17
[INFO] [stdout]    6:     0x55cb082e5bef - std::io::Write::write_fmt::he04625a3a989fec3
[INFO] [stdout]                                at /rustc/0e09125c6c3c2fd70d7de961bcf0e51575235fad/library/std/src/io/mod.rs:1810:15
[INFO] [stdout]    7:     0x55cb082e84a4 - std::sys_common::backtrace::_print::hd5d66399c7df88a2
[INFO] [stdout]                                at /rustc/0e09125c6c3c2fd70d7de961bcf0e51575235fad/library/std/src/sys_common/backtrace.rs:47:5
[INFO] [stdout]    8:     0x55cb082e84a4 - std::sys_common::backtrace::print::he81ed2da642d37e5
[INFO] [stdout]                                at /rustc/0e09125c6c3c2fd70d7de961bcf0e51575235fad/library/std/src/sys_common/backtrace.rs:34:9
[INFO] [stdout]    9:     0x55cb082ea217 - std::panicking::default_hook::{{closure}}::h85773f4fa117163d
[INFO] [stdout]   10:     0x55cb082e9efd - std::panicking::default_hook::h6a1694a91d09b278
[INFO] [stdout]                                at /rustc/0e09125c6c3c2fd70d7de961bcf0e51575235fad/library/std/src/panicking.rs:289:9
[INFO] [stdout]   11:     0x55cb0822ad67 - <alloc::boxed::Box<F,A> as core::ops::function::Fn<Args>>::call::h616ac37fa3cd6c8f
[INFO] [stdout]                                at /rustc/0e09125c6c3c2fd70d7de961bcf0e51575235fad/library/alloc/src/boxed.rs:2029:9
[INFO] [stdout]   12:     0x55cb0822ad67 - test::test_main::{{closure}}::h00d84697cefdcbb6
[INFO] [stdout]                                at /rustc/0e09125c6c3c2fd70d7de961bcf0e51575235fad/library/test/src/lib.rs:138:21
[INFO] [stdout]   13:     0x55cb082ea836 - <alloc::boxed::Box<F,A> as core::ops::function::Fn<Args>>::call::hcb3fe3b9bb537ba8
[INFO] [stdout]                                at /rustc/0e09125c6c3c2fd70d7de961bcf0e51575235fad/library/alloc/src/boxed.rs:2029:9
[INFO] [stdout]   14:     0x55cb082ea836 - std::panicking::rust_panic_with_hook::h0a7ad96e90f7145b
[INFO] [stdout]                                at /rustc/0e09125c6c3c2fd70d7de961bcf0e51575235fad/library/std/src/panicking.rs:783:13
[INFO] [stdout]   15:     0x55cb082ea582 - std::panicking::begin_panic_handler::{{closure}}::h7919090525c6485e
[INFO] [stdout]                                at /rustc/0e09125c6c3c2fd70d7de961bcf0e51575235fad/library/std/src/panicking.rs:657:13
[INFO] [stdout]   16:     0x55cb082e8bc6 - std::sys_common::backtrace::__rust_end_short_backtrace::hf3289479464f7dfe
[INFO] [stdout]                                at /rustc/0e09125c6c3c2fd70d7de961bcf0e51575235fad/library/std/src/sys_common/backtrace.rs:171:18
[INFO] [stdout]   17:     0x55cb082ea2e0 - rust_begin_unwind
[INFO] [stdout]                                at /rustc/0e09125c6c3c2fd70d7de961bcf0e51575235fad/library/std/src/panicking.rs:645:5
[INFO] [stdout]   18:     0x55cb081029e5 - core::panicking::panic_fmt::hcc9f77c5c132af55
[INFO] [stdout]                                at /rustc/0e09125c6c3c2fd70d7de961bcf0e51575235fad/library/core/src/panicking.rs:72:14
[INFO] [stdout]   19:     0x55cb08102fc3 - core::result::unwrap_failed::hbe14f498be1452f9
[INFO] [stdout]                                at /rustc/0e09125c6c3c2fd70d7de961bcf0e51575235fad/library/core/src/result.rs:1649:5
[INFO] [stdout]   20:     0x55cb08184359 - core::result::Result<T,E>::expect::hc9c35baa7db3d3c8
[INFO] [stdout]                                at /rustc/0e09125c6c3c2fd70d7de961bcf0e51575235fad/library/core/src/result.rs:1030:23
[INFO] [stdout]   21:     0x55cb08133f13 - test::sys::test_signal::test_killpg_none::hf7cc93a19b53eded
[INFO] [stdout]                                at /opt/rustwide/workdir/test/sys/test_signal.rs:16:5
[INFO] [stdout]   22:     0x55cb08133ec7 - test::sys::test_signal::test_killpg_none::{{closure}}::h8a01df746f9e0563
[INFO] [stdout]                                at /opt/rustwide/workdir/test/sys/test_signal.rs:15:22
[INFO] [stdout]   23:     0x55cb0814f936 - core::ops::function::FnOnce::call_once::hb5a254ff6dad936d
[INFO] [stdout]                                at /rustc/0e09125c6c3c2fd70d7de961bcf0e51575235fad/library/core/src/ops/function.rs:250:5
[INFO] [stdout]   24:     0x55cb0823063f - core::ops::function::FnOnce::call_once::hd64d26f405258157
[INFO] [stdout]                                at /rustc/0e09125c6c3c2fd70d7de961bcf0e51575235fad/library/core/src/ops/function.rs:250:5
[INFO] [stdout]   25:     0x55cb0823063f - test::__rust_begin_short_backtrace::he21b0b7a6d731bf9
[INFO] [stdout]                                at /rustc/0e09125c6c3c2fd70d7de961bcf0e51575235fad/library/test/src/lib.rs:627:18
[INFO] [stdout]   26:     0x55cb0822f3c1 - test::run_test_in_process::{{closure}}::hf5c73986d7bdfde2
[INFO] [stdout]                                at /rustc/0e09125c6c3c2fd70d7de961bcf0e51575235fad/library/test/src/lib.rs:650:60
[INFO] [stdout]   27:     0x55cb0822f3c1 - <core::panic::unwind_safe::AssertUnwindSafe<F> as core::ops::function::FnOnce<()>>::call_once::h330011ad032aadc0
[INFO] [stdout]                                at /rustc/0e09125c6c3c2fd70d7de961bcf0e51575235fad/library/core/src/panic/unwind_safe.rs:272:9
[INFO] [stdout]   28:     0x55cb0822f3c1 - std::panicking::try::do_call::he61b0a958b795a41
[INFO] [stdout]                                at /rustc/0e09125c6c3c2fd70d7de961bcf0e51575235fad/library/std/src/panicking.rs:552:40
[INFO] [stdout]   29:     0x55cb0822f3c1 - std::panicking::try::h7309da130f906eb7
[INFO] [stdout]                                at /rustc/0e09125c6c3c2fd70d7de961bcf0e51575235fad/library/std/src/panicking.rs:516:19
[INFO] [stdout]   30:     0x55cb0822f3c1 - std::panic::catch_unwind::hc5c3a06fdaf0a92a
[INFO] [stdout]                                at /rustc/0e09125c6c3c2fd70d7de961bcf0e51575235fad/library/std/src/panic.rs:142:14
[INFO] [stdout]   31:     0x55cb0822f3c1 - test::run_test_in_process::h7e7b7c71c3324e0f
[INFO] [stdout]                                at /rustc/0e09125c6c3c2fd70d7de961bcf0e51575235fad/library/test/src/lib.rs:650:27
[INFO] [stdout]   32:     0x55cb0822f3c1 - test::run_test::{{closure}}::h1f509f28f5cf20b1
[INFO] [stdout]                                at /rustc/0e09125c6c3c2fd70d7de961bcf0e51575235fad/library/test/src/lib.rs:573:43
[INFO] [stdout]   33:     0x55cb081f66f6 - test::run_test::{{closure}}::h1754218abf443f6d
[INFO] [stdout]                                at /rustc/0e09125c6c3c2fd70d7de961bcf0e51575235fad/library/test/src/lib.rs:601:41
[INFO] [stdout]   34:     0x55cb081f66f6 - std::sys_common::backtrace::__rust_begin_short_backtrace::h2ee174b9d5954948
[INFO] [stdout]                                at /rustc/0e09125c6c3c2fd70d7de961bcf0e51575235fad/library/std/src/sys_common/backtrace.rs:155:18
[INFO] [stdout]   35:     0x55cb081fb757 - std::thread::Builder::spawn_unchecked_::{{closure}}::{{closure}}::hf60bee9c1a17ef09
[INFO] [stdout]                                at /rustc/0e09125c6c3c2fd70d7de961bcf0e51575235fad/library/std/src/thread/mod.rs:529:17
[INFO] [stdout]   36:     0x55cb081fb757 - <core::panic::unwind_safe::AssertUnwindSafe<F> as core::ops::function::FnOnce<()>>::call_once::h33d0dddec5216160
[INFO] [stdout]                                at /rustc/0e09125c6c3c2fd70d7de961bcf0e51575235fad/library/core/src/panic/unwind_safe.rs:272:9
[INFO] [stdout]   37:     0x55cb081fb757 - std::panicking::try::do_call::h144b3048b546f835
[INFO] [stdout]                                at /rustc/0e09125c6c3c2fd70d7de961bcf0e51575235fad/library/std/src/panicking.rs:552:40
[INFO] [stdout]   38:     0x55cb081fb757 - std::panicking::try::h978244d04646189f
[INFO] [stdout]                                at /rustc/0e09125c6c3c2fd70d7de961bcf0e51575235fad/library/std/src/panicking.rs:516:19
[INFO] [stdout]   39:     0x55cb081fb757 - std::panic::catch_unwind::hdf436369d188fe86
[INFO] [stdout]                                at /rustc/0e09125c6c3c2fd70d7de961bcf0e51575235fad/library/std/src/panic.rs:142:14
[INFO] [stdout]   40:     0x55cb081fb757 - std::thread::Builder::spawn_unchecked_::{{closure}}::h87329cbdd33c79ec
[INFO] [stdout]                                at /rustc/0e09125c6c3c2fd70d7de961bcf0e51575235fad/library/std/src/thread/mod.rs:528:30
[INFO] [stdout]   41:     0x55cb081fb757 - core::ops::function::FnOnce::call_once{{vtable.shim}}::h401abbe67897d450
[INFO] [stdout]                                at /rustc/0e09125c6c3c2fd70d7de961bcf0e51575235fad/library/core/src/ops/function.rs:250:5
[INFO] [stdout]   42:     0x55cb082f0ec5 - <alloc::boxed::Box<F,A> as core::ops::function::FnOnce<Args>>::call_once::h5d7c8f150ab9c84c
[INFO] [stdout]                                at /rustc/0e09125c6c3c2fd70d7de961bcf0e51575235fad/library/alloc/src/boxed.rs:2015:9
[INFO] [stdout]   43:     0x55cb082f0ec5 - <alloc::boxed::Box<F,A> as core::ops::function::FnOnce<Args>>::call_once::h570d5b005c242c15
[INFO] [stdout]                                at /rustc/0e09125c6c3c2fd70d7de961bcf0e51575235fad/library/alloc/src/boxed.rs:2015:9
[INFO] [stdout]   44:     0x55cb082f0ec5 - std::sys::unix::thread::Thread::new::thread_start::h36b0a20c0b2361ad
[INFO] [stdout]                                at /rustc/0e09125c6c3c2fd70d7de961bcf0e51575235fad/library/std/src/sys/unix/thread.rs:108:17
[INFO] [stdout]   45:     0x7fddde3eaac3 - <unknown>
[INFO] [stdout]   46:     0x7fddde47bbf4 - __clone
[INFO] [stdout]   47:                0x0 - <unknown>
[INFO] [stdout] 
[INFO] [stdout] 
[INFO] [stdout] failures:
[INFO] [stdout]     sys::test_signal::test_killpg_none
[INFO] [stdout] 
[INFO] [stdout] test result: FAILED. 288 passed; 1 failed; 1 ignored; 0 measured; 0 filtered out; finished in 3.06s
[INFO] [stdout] 
[INFO] [stderr] error: test failed, to rerun pass `--test test`
[INFO] running `Command { std: "docker" "inspect" "12e3188c4f3bc3754a77c25474d9be17577baf4ae7aae99526edd5c0fa1da767", kill_on_drop: false }`
[INFO] running `Command { std: "docker" "rm" "-f" "12e3188c4f3bc3754a77c25474d9be17577baf4ae7aae99526edd5c0fa1da767", kill_on_drop: false }`
[INFO] [stdout] 12e3188c4f3bc3754a77c25474d9be17577baf4ae7aae99526edd5c0fa1da767
